Jul 27 02:56:43.901445 np0000005861 devstack@c-api.service[97036]: /opt/stack/data/venv/lib/python3.12/site-packages/oslo_context/context.py:102: DeprecationWarning: Policy enforcement is depending on the value of is_admin. This key is deprecated. Please update your policy file to use the standard policy values.
Jul 27 02:56:43.901445 np0000005861 devstack@c-api.service[97036]: warnings.warn(
Jul 27 02:56:43.922132 np0000005861 devstack@c-api.service[97034]: INFO cinder.api.openstack.wsgi [req-c654d1e7-cd55-40a1-bea3-44987719b1c1 req-2a607ad6-cc82-4bf2-a09d-4c8dfc0dc0e1 tempest-AttachSCSIVolumeTestJSON-840171566 tempest-AttachSCSIVolumeTestJSON-840171566-project-member] https://10.4.3.73/volume/v3/attachments/746d4f4b-e640-4a9c-98e0-a604a1e7daf4/action returned with HTTP 204
Jul 27 02:56:43.922919 np0000005861 devstack@c-api.service[97034]: [pid: 97034|app: 0|req: 113/351] 10.4.3.73 () {74 vars in 1718 bytes} [Mon Jul 27 02:56:43 2026] POST /volume/v3/attachments/746d4f4b-e640-4a9c-98e0-a604a1e7daf4/action => generated 0 bytes in 118 msecs (HTTP/1.1 204) 7 headers in 292 bytes (1 switches on core 0)
Jul 27 02:56:43.925496 np0000005861 devstack@c-api.service[97034]: DEBUG cinder.api.middleware.request_id [None req-81ffde39-e4de-44f6-b379-c92a9945349d None None] RequestId filter calling following filter/app {{(pid=97034) _context_setter /opt/stack/cinder/cinder/api/middleware/request_id.py:62}}
Jul 27 02:56:43.932905 np0000005861 devstack@c-api.service[97034]: INFO cinder.api.openstack.wsgi [None req-81ffde39-e4de-44f6-b379-c92a9945349d tempest-AttachSCSIVolumeTestJSON-840171566 tempest-AttachSCSIVolumeTestJSON-840171566-project-member] GET https://10.4.3.73/volume/v3/volumes/44966ff6-40ad-4156-aa73-e0445b1a791e
Jul 27 02:56:43.933757 np0000005861 devstack@c-api.service[97034]: DEBUG cinder.api.openstack.wsgi [None req-81ffde39-e4de-44f6-b379-c92a9945349d tempest-AttachSCSIVolumeTestJSON-840171566 tempest-AttachSCSIVolumeTestJSON-840171566-project-member] Empty body provided in request {{(pid=97034) get_body /opt/stack/cinder/cinder/api/openstack/wsgi.py:725}}
Jul 27 02:56:43.936175 np0000005861 devstack@c-api.service[97034]: DEBUG cinder.api.openstack.wsgi [None req-81ffde39-e4de-44f6-b379-c92a9945349d tempest-AttachSCSIVolumeTestJSON-840171566 tempest-AttachSCSIVolumeTestJSON-840171566-project-member] Calling method 'show' {{(pid=97034) _process_stack /opt/stack/cinder/cinder/api/openstack/wsgi.py:878}}
Jul 27 02:56:43.960705 np0000005861 devstack@c-api.service[97034]: /opt/stack/data/venv/lib/python3.12/site-packages/oslo_context/context.py:102: DeprecationWarning: Policy enforcement is depending on the value of is_admin. This key is deprecated. Please update your policy file to use the standard policy values.
Jul 27 02:56:43.960705 np0000005861 devstack@c-api.service[97034]: warnings.warn(
Jul 27 02:56:43.969785 np0000005861 devstack@c-api.service[97034]: INFO cinder.volume.api [None req-81ffde39-e4de-44f6-b379-c92a9945349d tempest-AttachSCSIVolumeTestJSON-840171566 tempest-AttachSCSIVolumeTestJSON-840171566-project-member] Volume info retrieved successfully.
Jul 27 02:56:43.987590 np0000005861 devstack@c-api.service[97034]: INFO cinder.api.openstack.wsgi [None req-81ffde39-e4de-44f6-b379-c92a9945349d tempest-AttachSCSIVolumeTestJSON-840171566 tempest-AttachSCSIVolumeTestJSON-840171566-project-member] https://10.4.3.73/volume/v3/volumes/44966ff6-40ad-4156-aa73-e0445b1a791e returned with HTTP 200
Jul 27 02:56:43.988079 np0000005861 devstack@c-api.service[97034]: [pid: 97034|app: 0|req: 114/352] 10.4.3.73 () {66 vars in 1341 bytes} [Mon Jul 27 02:56:43 2026] GET /volume/v3/volumes/44966ff6-40ad-4156-aa73-e0445b1a791e => generated 1138 bytes in 65 msecs (HTTP/1.1 200) 7 headers in 286 bytes (1 switches on core 0)
Jul 27 02:56:44.010339 np0000005861 devstack@c-api.service[97034]: DEBUG cinder.api.middleware.request_id [None req-6c7bb6ff-2cb1-439e-858c-572cbca1cbbe None None] RequestId filter calling following filter/app {{(pid=97034) _context_setter /opt/stack/cinder/cinder/api/middleware/request_id.py:62}}
Jul 27 02:56:44.016830 np0000005861 devstack@c-api.service[97034]: INFO cinder.api.openstack.wsgi [None req-6c7bb6ff-2cb1-439e-858c-572cbca1cbbe tempest-AttachSCSIVolumeTestJSON-840171566 tempest-AttachSCSIVolumeTestJSON-840171566-project-member] GET https://10.4.3.73/volume/v3/volumes/44966ff6-40ad-4156-aa73-e0445b1a791e
Jul 27 02:56:44.016830 np0000005861 devstack@c-api.service[97034]: DEBUG cinder.api.openstack.wsgi [None req-6c7bb6ff-2cb1-439e-858c-572cbca1cbbe tempest-AttachSCSIVolumeTestJSON-840171566 tempest-AttachSCSIVolumeTestJSON-840171566-project-member] Empty body provided in request {{(pid=97034) get_body /opt/stack/cinder/cinder/api/openstack/wsgi.py:725}}
Jul 27 02:56:44.016830 np0000005861 devstack@c-api.service[97034]: DEBUG cinder.api.openstack.wsgi [None req-6c7bb6ff-2cb1-439e-858c-572cbca1cbbe tempest-AttachSCSIVolumeTestJSON-840171566 tempest-AttachSCSIVolumeTestJSON-840171566-project-member] Calling method 'show' {{(pid=97034) _process_stack /opt/stack/cinder/cinder/api/openstack/wsgi.py:878}}
Jul 27 02:56:44.036435 np0000005861 devstack@c-api.service[97036]: INFO cinder.api.openstack.wsgi [req-bf223936-a365-48ed-8ca5-cbd4d36f84bc req-39830045-bcaf-41db-a49f-9875ade110bd tempest-VolumesAssistedSnapshotsTest-370286495 tempest-VolumesAssistedSnapshotsTest-370286495-project-admin] https://10.4.3.73/volume/v3/attachments/b4b4742a-6cd7-4b8e-bafb-42a3d43af95b returned with HTTP 200
Jul 27 02:56:44.037116 np0000005861 devstack@c-api.service[97036]: [pid: 97036|app: 0|req: 123/353] 10.4.3.73 () {72 vars in 1666 bytes} [Mon Jul 27 02:56:43 2026] DELETE /volume/v3/attachments/b4b4742a-6cd7-4b8e-bafb-42a3d43af95b => generated 19 bytes in 154 msecs (HTTP/1.1 200) 7 headers in 285 bytes (1 switches on core 0)
Jul 27 02:56:44.038953 np0000005861 devstack@c-api.service[97034]: /opt/stack/data/venv/lib/python3.12/site-packages/oslo_context/context.py:102: DeprecationWarning: Policy enforcement is depending on the value of is_admin. This key is deprecated. Please update your policy file to use the standard policy values.
Jul 27 02:56:44.038953 np0000005861 devstack@c-api.service[97034]: warnings.warn(
Jul 27 02:56:44.045754 np0000005861 devstack@c-api.service[97034]: INFO cinder.volume.api [None req-6c7bb6ff-2cb1-439e-858c-572cbca1cbbe tempest-AttachSCSIVolumeTestJSON-840171566 tempest-AttachSCSIVolumeTestJSON-840171566-project-member] Volume info retrieved successfully.
Jul 27 02:56:44.058105 np0000005861 devstack@c-api.service[97034]: INFO cinder.api.openstack.wsgi [None req-6c7bb6ff-2cb1-439e-858c-572cbca1cbbe tempest-AttachSCSIVolumeTestJSON-840171566 tempest-AttachSCSIVolumeTestJSON-840171566-project-member] https://10.4.3.73/volume/v3/volumes/44966ff6-40ad-4156-aa73-e0445b1a791e returned with HTTP 200
Jul 27 02:56:44.059010 np0000005861 devstack@c-api.service[97034]: [pid: 97034|app: 0|req: 115/354] 10.4.3.73 () {66 vars in 1341 bytes} [Mon Jul 27 02:56:44 2026] GET /volume/v3/volumes/44966ff6-40ad-4156-aa73-e0445b1a791e => generated 1138 bytes in 50 msecs (HTTP/1.1 200) 7 headers in 286 bytes (1 switches on core 0)
Jul 27 02:56:44.084351 np0000005861 devstack@c-api.service[97036]: DEBUG cinder.api.middleware.request_id [None req-19010960-d0ed-4b7d-b8c0-aea137473042 None None] RequestId filter calling following filter/app {{(pid=97036) _context_setter /opt/stack/cinder/cinder/api/middleware/request_id.py:62}}
Jul 27 02:56:44.086247 np0000005861 devstack@c-api.service[97036]: INFO cinder.api.openstack.wsgi [None req-19010960-d0ed-4b7d-b8c0-aea137473042 tempest-AttachSCSIVolumeTestJSON-840171566 tempest-AttachSCSIVolumeTestJSON-840171566-project-reader] GET https://10.4.3.73/volume/v3/volumes/44966ff6-40ad-4156-aa73-e0445b1a791e
Jul 27 02:56:44.086537 np0000005861 devstack@c-api.service[97036]: DEBUG cinder.api.openstack.wsgi [None req-19010960-d0ed-4b7d-b8c0-aea137473042 tempest-AttachSCSIVolumeTestJSON-840171566 tempest-AttachSCSIVolumeTestJSON-840171566-project-reader] Empty body provided in request {{(pid=97036) get_body /opt/stack/cinder/cinder/api/openstack/wsgi.py:725}}
Jul 27 02:56:44.087671 np0000005861 devstack@c-api.service[97036]: DEBUG cinder.api.openstack.wsgi [None req-19010960-d0ed-4b7d-b8c0-aea137473042 tempest-AttachSCSIVolumeTestJSON-840171566 tempest-AttachSCSIVolumeTestJSON-840171566-project-reader] Calling method 'show' {{(pid=97036) _process_stack /opt/stack/cinder/cinder/api/openstack/wsgi.py:878}}
Jul 27 02:56:44.109056 np0000005861 devstack@c-api.service[97036]: /opt/stack/data/venv/lib/python3.12/site-packages/oslo_context/context.py:102: DeprecationWarning: Policy enforcement is depending on the value of is_admin. This key is deprecated. Please update your policy file to use the standard policy values.
Jul 27 02:56:44.109056 np0000005861 devstack@c-api.service[97036]: warnings.warn(
Jul 27 02:56:44.115147 np0000005861 devstack@c-api.service[97036]: INFO cinder.volume.api [None req-19010960-d0ed-4b7d-b8c0-aea137473042 tempest-AttachSCSIVolumeTestJSON-840171566 tempest-AttachSCSIVolumeTestJSON-840171566-project-reader] Volume info retrieved successfully.
Jul 27 02:56:44.120602 np0000005861 devstack@c-api.service[97035]: INFO cinder.api.openstack.wsgi [None req-06022889-c7ea-4fe8-a5ad-ddeb4fc7dc2a tempest-VolumeTypesNegativeTest-940617938 tempest-VolumeTypesNegativeTest-940617938-project-admin] POST https://10.4.3.73/volume/v3/types/137a6131-5d51-470a-88cb-14c14e5f8db8/encryption
Jul 27 02:56:44.124671 np0000005861 devstack@c-api.service[97035]: DEBUG cinder.api.openstack.wsgi [None req-06022889-c7ea-4fe8-a5ad-ddeb4fc7dc2a tempest-VolumeTypesNegativeTest-940617938 tempest-VolumeTypesNegativeTest-940617938-project-admin] Action: 'create', calling method: create, body: {"encryption": {"provider": "LuksEncryptor", "key_size": 256, "cipher": "aes-xts-plain64", "control_location": "front-end"}} {{(pid=97035) _process_stack /opt/stack/cinder/cinder/api/openstack/wsgi.py:876}}
Jul 27 02:56:44.124849 np0000005861 devstack@c-api.service[97036]: INFO cinder.api.openstack.wsgi [None req-19010960-d0ed-4b7d-b8c0-aea137473042 tempest-AttachSCSIVolumeTestJSON-840171566 tempest-AttachSCSIVolumeTestJSON-840171566-project-reader] https://10.4.3.73/volume/v3/volumes/44966ff6-40ad-4156-aa73-e0445b1a791e returned with HTTP 200
Jul 27 02:56:44.124908 np0000005861 devstack@c-api.service[97035]: /opt/stack/data/venv/lib/python3.12/site-packages/oslo_context/context.py:102: DeprecationWarning: Policy enforcement is depending on the value of is_admin. This key is deprecated. Please update your policy file to use the standard policy values.
Jul 27 02:56:44.124908 np0000005861 devstack@c-api.service[97035]: warnings.warn(
Jul 27 02:56:44.124976 np0000005861 devstack@c-api.service[97036]: [pid: 97036|app: 0|req: 124/355] 10.4.3.73 () {66 vars in 1341 bytes} [Mon Jul 27 02:56:44 2026] GET /volume/v3/volumes/44966ff6-40ad-4156-aa73-e0445b1a791e => generated 1138 bytes in 41 msecs (HTTP/1.1 200) 7 headers in 286 bytes (1 switches on core 0)
Jul 27 02:56:44.158410 np0000005861 devstack@c-api.service[97035]: INFO cinder.api.openstack.wsgi [None req-06022889-c7ea-4fe8-a5ad-ddeb4fc7dc2a tempest-VolumeTypesNegativeTest-940617938 tempest-VolumeTypesNegativeTest-940617938-project-admin] https://10.4.3.73/volume/v3/types/137a6131-5d51-470a-88cb-14c14e5f8db8/encryption returned with HTTP 404
Jul 27 02:56:44.160870 np0000005861 devstack@c-api.service[97034]: DEBUG cinder.api.middleware.request_id [None req-8c4dddd6-91b3-46c2-8b5e-c46d834c9335 None None] RequestId filter calling following filter/app {{(pid=97034) _context_setter /opt/stack/cinder/cinder/api/middleware/request_id.py:62}}
Jul 27 02:56:44.161005 np0000005861 devstack@c-api.service[97035]: [pid: 97035|app: 0|req: 117/356] 10.4.3.73 () {68 vars in 1390 bytes} [Mon Jul 27 02:56:43 2026] POST /volume/v3/types/137a6131-5d51-470a-88cb-14c14e5f8db8/encryption => generated 114 bytes in 508 msecs (HTTP/1.1 404) 7 headers in 292 bytes (1 switches on core 0)
Jul 27 02:56:44.161048 np0000005861 devstack@c-api.service[97034]: INFO cinder.api.openstack.wsgi [None req-8c4dddd6-91b3-46c2-8b5e-c46d834c9335 tempest-VolumesAssistedSnapshotsTest-370286495 tempest-VolumesAssistedSnapshotsTest-370286495-project-admin] GET https://10.4.3.73/volume/v3/volumes/ab640a9d-5cc1-4fa1-a0d3-d3336ecb28e1
Jul 27 02:56:44.161196 np0000005861 devstack@c-api.service[97034]: DEBUG cinder.api.openstack.wsgi [None req-8c4dddd6-91b3-46c2-8b5e-c46d834c9335 tempest-VolumesAssistedSnapshotsTest-370286495 tempest-VolumesAssistedSnapshotsTest-370286495-project-admin] Empty body provided in request {{(pid=97034) get_body /opt/stack/cinder/cinder/api/openstack/wsgi.py:725}}
Jul 27 02:56:44.161450 np0000005861 devstack@c-api.service[97034]: DEBUG cinder.api.openstack.wsgi [None req-8c4dddd6-91b3-46c2-8b5e-c46d834c9335 tempest-VolumesAssistedSnapshotsTest-370286495 tempest-VolumesAssistedSnapshotsTest-370286495-project-admin] Calling method 'show' {{(pid=97034) _process_stack /opt/stack/cinder/cinder/api/openstack/wsgi.py:878}}
Jul 27 02:56:44.171746 np0000005861 devstack@c-api.service[97034]: /opt/stack/data/venv/lib/python3.12/site-packages/oslo_context/context.py:102: DeprecationWarning: Policy enforcement is depending on the value of is_admin. This key is deprecated. Please update your policy file to use the standard policy values.
Jul 27 02:56:44.171746 np0000005861 devstack@c-api.service[97034]: warnings.warn(
Jul 27 02:56:44.176250 np0000005861 devstack@c-api.service[97034]: INFO cinder.volume.api [None req-8c4dddd6-91b3-46c2-8b5e-c46d834c9335 tempest-VolumesAssistedSnapshotsTest-370286495 tempest-VolumesAssistedSnapshotsTest-370286495-project-admin] Volume info retrieved successfully.
Jul 27 02:56:44.177206 np0000005861 devstack@c-api.service[97036]: DEBUG cinder.api.middleware.request_id [None req-15583cfe-e2af-4a1e-bfd7-354d1a1fe8e7 None None] RequestId filter calling following filter/app {{(pid=97036) _context_setter /opt/stack/cinder/cinder/api/middleware/request_id.py:62}}
Jul 27 02:56:44.187760 np0000005861 devstack@c-api.service[97036]: INFO cinder.api.openstack.wsgi [None req-15583cfe-e2af-4a1e-bfd7-354d1a1fe8e7 tempest-VolumeTypesNegativeTest-940617938 tempest-VolumeTypesNegativeTest-940617938-project-admin] POST https://10.4.3.73/volume/v3/types
Jul 27 02:56:44.187760 np0000005861 devstack@c-api.service[97036]: DEBUG cinder.api.openstack.wsgi [None req-15583cfe-e2af-4a1e-bfd7-354d1a1fe8e7 tempest-VolumeTypesNegativeTest-940617938 tempest-VolumeTypesNegativeTest-940617938-project-admin] Action: 'create', calling method: _create, body: {"volume_type": {"name": "tempest-VolumeTypesNegativeTest-volume-type-75970372", "os-volume-type-access:is_public": false}} {{(pid=97036) _process_stack /opt/stack/cinder/cinder/api/openstack/wsgi.py:876}}
Jul 27 02:56:44.188065 np0000005861 devstack@c-api.service[97034]: INFO cinder.api.openstack.wsgi [None req-8c4dddd6-91b3-46c2-8b5e-c46d834c9335 tempest-VolumesAssistedSnapshotsTest-370286495 tempest-VolumesAssistedSnapshotsTest-370286495-project-admin] https://10.4.3.73/volume/v3/volumes/ab640a9d-5cc1-4fa1-a0d3-d3336ecb28e1 returned with HTTP 200
Jul 27 02:56:44.188065 np0000005861 devstack@c-api.service[97034]: [pid: 97034|app: 0|req: 116/357] 10.4.3.73 () {66 vars in 1341 bytes} [Mon Jul 27 02:56:44 2026] GET /volume/v3/volumes/ab640a9d-5cc1-4fa1-a0d3-d3336ecb28e1 => generated 1013 bytes in 24 msecs (HTTP/1.1 200) 7 headers in 286 bytes (1 switches on core 0)
Jul 27 02:56:44.206836 np0000005861 devstack@c-api.service[97035]: DEBUG cinder.api.middleware.request_id [None req-22c45d62-b38e-4203-85f2-4a2d0a2c6055 None None] RequestId filter calling following filter/app {{(pid=97035) _context_setter /opt/stack/cinder/cinder/api/middleware/request_id.py:62}}
Jul 27 02:56:44.214159 np0000005861 devstack@c-api.service[97036]: INFO cinder.api.openstack.wsgi [None req-15583cfe-e2af-4a1e-bfd7-354d1a1fe8e7 tempest-VolumeTypesNegativeTest-940617938 tempest-VolumeTypesNegativeTest-940617938-project-admin] https://10.4.3.73/volume/v3/types returned with HTTP 200
Jul 27 02:56:44.214658 np0000005861 devstack@c-api.service[97035]: INFO cinder.api.openstack.wsgi [None req-22c45d62-b38e-4203-85f2-4a2d0a2c6055 tempest-VolumesAssistedSnapshotsTest-370286495 tempest-VolumesAssistedSnapshotsTest-370286495-project-admin] DELETE https://10.4.3.73/volume/v3/volumes/ab640a9d-5cc1-4fa1-a0d3-d3336ecb28e1
Jul 27 02:56:44.214788 np0000005861 devstack@c-api.service[97036]: [pid: 97036|app: 0|req: 125/358] 10.4.3.73 () {68 vars in 1246 bytes} [Mon Jul 27 02:56:44 2026] POST /volume/v3/types => generated 229 bytes in 38 msecs (HTTP/1.1 200) 7 headers in 285 bytes (1 switches on core 0)
Jul 27 02:56:44.214969 np0000005861 devstack@c-api.service[97035]: DEBUG cinder.api.openstack.wsgi [None req-22c45d62-b38e-4203-85f2-4a2d0a2c6055 tempest-VolumesAssistedSnapshotsTest-370286495 tempest-VolumesAssistedSnapshotsTest-370286495-project-admin] Empty body provided in request {{(pid=97035) get_body /opt/stack/cinder/cinder/api/openstack/wsgi.py:725}}
Jul 27 02:56:44.215212 np0000005861 devstack@c-api.service[97035]: DEBUG cinder.api.openstack.wsgi [None req-22c45d62-b38e-4203-85f2-4a2d0a2c6055 tempest-VolumesAssistedSnapshotsTest-370286495 tempest-VolumesAssistedSnapshotsTest-370286495-project-admin] Calling method 'delete' {{(pid=97035) _process_stack /opt/stack/cinder/cinder/api/openstack/wsgi.py:878}}
Jul 27 02:56:44.215414 np0000005861 devstack@c-api.service[97035]: INFO cinder.api.v3.volumes [None req-22c45d62-b38e-4203-85f2-4a2d0a2c6055 tempest-VolumesAssistedSnapshotsTest-370286495 tempest-VolumesAssistedSnapshotsTest-370286495-project-admin] Delete volume with id: ab640a9d-5cc1-4fa1-a0d3-d3336ecb28e1
Jul 27 02:56:44.225710 np0000005861 devstack@c-api.service[97035]: /opt/stack/data/venv/lib/python3.12/site-packages/oslo_context/context.py:102: DeprecationWarning: Policy enforcement is depending on the value of is_admin. This key is deprecated. Please update your policy file to use the standard policy values.
Jul 27 02:56:44.225710 np0000005861 devstack@c-api.service[97035]: warnings.warn(
Jul 27 02:56:44.225901 np0000005861 devstack@c-api.service[97035]: INFO cinder.volume.api [None req-22c45d62-b38e-4203-85f2-4a2d0a2c6055 tempest-VolumesAssistedSnapshotsTest-370286495 tempest-VolumesAssistedSnapshotsTest-370286495-project-admin] Volume info retrieved successfully.
Jul 27 02:56:44.227401 np0000005861 devstack@c-api.service[97034]: DEBUG cinder.api.middleware.request_id [None req-57ffd0c6-8b3c-4cdb-b224-6a8dfaa7b680 None None] RequestId filter calling following filter/app {{(pid=97034) _context_setter /opt/stack/cinder/cinder/api/middleware/request_id.py:62}}
Jul 27 02:56:44.269106 np0000005861 devstack@c-api.service[97036]: DEBUG cinder.api.middleware.request_id [req-549a3b56-9ded-4695-afb7-70561f1652e3 req-f1e31ff7-5e75-4c9b-9f37-9712be56f2dc None None] RequestId filter calling following filter/app {{(pid=97036) _context_setter /opt/stack/cinder/cinder/api/middleware/request_id.py:62}}
Jul 27 02:56:44.273413 np0000005861 devstack@c-api.service[97036]: INFO cinder.api.openstack.wsgi [req-549a3b56-9ded-4695-afb7-70561f1652e3 req-f1e31ff7-5e75-4c9b-9f37-9712be56f2dc tempest-AttachSCSIVolumeTestJSON-840171566 tempest-AttachSCSIVolumeTestJSON-840171566-project-member] GET https://10.4.3.73/volume/v3/volumes/44966ff6-40ad-4156-aa73-e0445b1a791e
Jul 27 02:56:44.273738 np0000005861 devstack@c-api.service[97036]: DEBUG cinder.api.openstack.wsgi [req-549a3b56-9ded-4695-afb7-70561f1652e3 req-f1e31ff7-5e75-4c9b-9f37-9712be56f2dc tempest-AttachSCSIVolumeTestJSON-840171566 tempest-AttachSCSIVolumeTestJSON-840171566-project-member] Empty body provided in request {{(pid=97036) get_body /opt/stack/cinder/cinder/api/openstack/wsgi.py:725}}
Jul 27 02:56:44.274635 np0000005861 devstack@c-api.service[97036]: DEBUG cinder.api.openstack.wsgi [req-549a3b56-9ded-4695-afb7-70561f1652e3 req-f1e31ff7-5e75-4c9b-9f37-9712be56f2dc tempest-AttachSCSIVolumeTestJSON-840171566 tempest-AttachSCSIVolumeTestJSON-840171566-project-member] Calling method 'show' {{(pid=97036) _process_stack /opt/stack/cinder/cinder/api/openstack/wsgi.py:878}}
Jul 27 02:56:44.278577 np0000005861 devstack@c-api.service[97035]: INFO cinder.volume.api [None req-22c45d62-b38e-4203-85f2-4a2d0a2c6055 tempest-VolumesAssistedSnapshotsTest-370286495 tempest-VolumesAssistedSnapshotsTest-370286495-project-admin] Delete volume request issued successfully.
Jul 27 02:56:44.278861 np0000005861 devstack@c-api.service[97035]: INFO cinder.api.openstack.wsgi [None req-22c45d62-b38e-4203-85f2-4a2d0a2c6055 tempest-VolumesAssistedSnapshotsTest-370286495 tempest-VolumesAssistedSnapshotsTest-370286495-project-admin] https://10.4.3.73/volume/v3/volumes/ab640a9d-5cc1-4fa1-a0d3-d3336ecb28e1 returned with HTTP 202
Jul 27 02:56:44.279404 np0000005861 devstack@c-api.service[97035]: [pid: 97035|app: 0|req: 118/359] 10.4.3.73 () {66 vars in 1344 bytes} [Mon Jul 27 02:56:44 2026] DELETE /volume/v3/volumes/ab640a9d-5cc1-4fa1-a0d3-d3336ecb28e1 => generated 0 bytes in 73 msecs (HTTP/1.1 202) 6 headers in 233 bytes (1 switches on core 0)
Jul 27 02:56:44.289793 np0000005861 devstack@c-api.service[97035]: DEBUG cinder.api.middleware.request_id [None req-edecc4a4-237f-4f86-9074-6768d072097a None None] RequestId filter calling following filter/app {{(pid=97035) _context_setter /opt/stack/cinder/cinder/api/middleware/request_id.py:62}}
Jul 27 02:56:44.292814 np0000005861 devstack@c-api.service[97035]: INFO cinder.api.openstack.wsgi [None req-edecc4a4-237f-4f86-9074-6768d072097a tempest-VolumesAssistedSnapshotsTest-370286495 tempest-VolumesAssistedSnapshotsTest-370286495-project-admin] GET https://10.4.3.73/volume/v3/volumes/ab640a9d-5cc1-4fa1-a0d3-d3336ecb28e1
Jul 27 02:56:44.293755 np0000005861 devstack@c-api.service[97035]: DEBUG cinder.api.openstack.wsgi [None req-edecc4a4-237f-4f86-9074-6768d072097a tempest-VolumesAssistedSnapshotsTest-370286495 tempest-VolumesAssistedSnapshotsTest-370286495-project-admin] Empty body provided in request {{(pid=97035) get_body /opt/stack/cinder/cinder/api/openstack/wsgi.py:725}}
Jul 27 02:56:44.293755 np0000005861 devstack@c-api.service[97035]: DEBUG cinder.api.openstack.wsgi [None req-edecc4a4-237f-4f86-9074-6768d072097a tempest-VolumesAssistedSnapshotsTest-370286495 tempest-VolumesAssistedSnapshotsTest-370286495-project-admin] Calling method 'show' {{(pid=97035) _process_stack /opt/stack/cinder/cinder/api/openstack/wsgi.py:878}}
Jul 27 02:56:44.300390 np0000005861 devstack@c-api.service[97036]: /opt/stack/data/venv/lib/python3.12/site-packages/oslo_context/context.py:102: DeprecationWarning: Policy enforcement is depending on the value of is_admin. This key is deprecated. Please update your policy file to use the standard policy values.
Jul 27 02:56:44.300390 np0000005861 devstack@c-api.service[97036]: warnings.warn(
Jul 27 02:56:44.310173 np0000005861 devstack@c-api.service[97035]: /opt/stack/data/venv/lib/python3.12/site-packages/oslo_context/context.py:102: DeprecationWarning: Policy enforcement is depending on the value of is_admin. This key is deprecated. Please update your policy file to use the standard policy values.
Jul 27 02:56:44.310173 np0000005861 devstack@c-api.service[97035]: warnings.warn(
Jul 27 02:56:44.310359 np0000005861 devstack@c-api.service[97036]: INFO cinder.volume.api [req-549a3b56-9ded-4695-afb7-70561f1652e3 req-f1e31ff7-5e75-4c9b-9f37-9712be56f2dc tempest-AttachSCSIVolumeTestJSON-840171566 tempest-AttachSCSIVolumeTestJSON-840171566-project-member] Volume info retrieved successfully.
Jul 27 02:56:44.315842 np0000005861 devstack@c-api.service[97035]: INFO cinder.volume.api [None req-edecc4a4-237f-4f86-9074-6768d072097a tempest-VolumesAssistedSnapshotsTest-370286495 tempest-VolumesAssistedSnapshotsTest-370286495-project-admin] Volume info retrieved successfully.
Jul 27 02:56:44.318619 np0000005861 devstack@c-api.service[97036]: INFO cinder.api.openstack.wsgi [req-549a3b56-9ded-4695-afb7-70561f1652e3 req-f1e31ff7-5e75-4c9b-9f37-9712be56f2dc tempest-AttachSCSIVolumeTestJSON-840171566 tempest-AttachSCSIVolumeTestJSON-840171566-project-member] https://10.4.3.73/volume/v3/volumes/44966ff6-40ad-4156-aa73-e0445b1a791e returned with HTTP 200
Jul 27 02:56:44.319094 np0000005861 devstack@c-api.service[97036]: [pid: 97036|app: 0|req: 126/360] 10.4.3.73 () {68 vars in 1591 bytes} [Mon Jul 27 02:56:44 2026] GET /volume/v3/volumes/44966ff6-40ad-4156-aa73-e0445b1a791e => generated 1138 bytes in 51 msecs (HTTP/1.1 200) 7 headers in 286 bytes (1 switches on core 0)
Jul 27 02:56:44.321419 np0000005861 devstack@c-api.service[97035]: INFO cinder.api.openstack.wsgi [None req-edecc4a4-237f-4f86-9074-6768d072097a tempest-VolumesAssistedSnapshotsTest-370286495 tempest-VolumesAssistedSnapshotsTest-370286495-project-admin] https://10.4.3.73/volume/v3/volumes/ab640a9d-5cc1-4fa1-a0d3-d3336ecb28e1 returned with HTTP 200
Jul 27 02:56:44.333770 np0000005861 devstack@c-api.service[97035]: [pid: 97035|app: 0|req: 119/361] 10.4.3.73 () {66 vars in 1341 bytes} [Mon Jul 27 02:56:44 2026] GET /volume/v3/volumes/ab640a9d-5cc1-4fa1-a0d3-d3336ecb28e1 => generated 1012 bytes in 34 msecs (HTTP/1.1 200) 7 headers in 286 bytes (1 switches on core 0)
Jul 27 02:56:44.382732 np0000005861 devstack@c-api.service[97036]: DEBUG cinder.api.middleware.request_id [req-549a3b56-9ded-4695-afb7-70561f1652e3 req-122c7014-6324-41b6-9779-a402cd83cffa None None] RequestId filter calling following filter/app {{(pid=97036) _context_setter /opt/stack/cinder/cinder/api/middleware/request_id.py:62}}
Jul 27 02:56:44.388283 np0000005861 devstack@c-api.service[97036]: INFO cinder.api.openstack.wsgi [req-549a3b56-9ded-4695-afb7-70561f1652e3 req-122c7014-6324-41b6-9779-a402cd83cffa tempest-AttachSCSIVolumeTestJSON-840171566 tempest-AttachSCSIVolumeTestJSON-840171566-project-member] POST https://10.4.3.73/volume/v3/volumes/44966ff6-40ad-4156-aa73-e0445b1a791e/action
Jul 27 02:56:44.389002 np0000005861 devstack@c-api.service[97036]: DEBUG cinder.api.openstack.wsgi [req-549a3b56-9ded-4695-afb7-70561f1652e3 req-122c7014-6324-41b6-9779-a402cd83cffa tempest-AttachSCSIVolumeTestJSON-840171566 tempest-AttachSCSIVolumeTestJSON-840171566-project-member] Action body: b'{"os-begin_detaching": null}' {{(pid=97036) get_method /opt/stack/cinder/cinder/api/openstack/wsgi.py:993}}
Jul 27 02:56:44.389148 np0000005861 devstack@c-api.service[97036]: DEBUG cinder.api.openstack.wsgi [req-549a3b56-9ded-4695-afb7-70561f1652e3 req-122c7014-6324-41b6-9779-a402cd83cffa tempest-AttachSCSIVolumeTestJSON-840171566 tempest-AttachSCSIVolumeTestJSON-840171566-project-member] Action: 'action', calling method: _begin_detaching, body: {"os-begin_detaching": null} {{(pid=97036) _process_stack /opt/stack/cinder/cinder/api/openstack/wsgi.py:876}}
Jul 27 02:56:44.414386 np0000005861 devstack@c-api.service[97036]: /opt/stack/data/venv/lib/python3.12/site-packages/oslo_context/context.py:102: DeprecationWarning: Policy enforcement is depending on the value of is_admin. This key is deprecated. Please update your policy file to use the standard policy values.
Jul 27 02:56:44.414386 np0000005861 devstack@c-api.service[97036]: warnings.warn(
Jul 27 02:56:44.415127 np0000005861 devstack@c-api.service[97036]: INFO cinder.volume.api [req-549a3b56-9ded-4695-afb7-70561f1652e3 req-122c7014-6324-41b6-9779-a402cd83cffa tempest-AttachSCSIVolumeTestJSON-840171566 tempest-AttachSCSIVolumeTestJSON-840171566-project-member] Volume info retrieved successfully.
Jul 27 02:56:44.430922 np0000005861 devstack@c-api.service[97036]: INFO cinder.volume.api [req-549a3b56-9ded-4695-afb7-70561f1652e3 req-122c7014-6324-41b6-9779-a402cd83cffa tempest-AttachSCSIVolumeTestJSON-840171566 tempest-AttachSCSIVolumeTestJSON-840171566-project-member] Begin detaching volume completed successfully.
Jul 27 02:56:44.430922 np0000005861 devstack@c-api.service[97036]: INFO cinder.api.openstack.wsgi [req-549a3b56-9ded-4695-afb7-70561f1652e3 req-122c7014-6324-41b6-9779-a402cd83cffa tempest-AttachSCSIVolumeTestJSON-840171566 tempest-AttachSCSIVolumeTestJSON-840171566-project-member] https://10.4.3.73/volume/v3/volumes/44966ff6-40ad-4156-aa73-e0445b1a791e/action returned with HTTP 202
Jul 27 02:56:44.432291 np0000005861 devstack@c-api.service[97036]: [pid: 97036|app: 0|req: 127/362] 10.4.3.73 () {72 vars in 1665 bytes} [Mon Jul 27 02:56:44 2026] POST /volume/v3/volumes/44966ff6-40ad-4156-aa73-e0445b1a791e/action => generated 0 bytes in 50 msecs (HTTP/1.1 202) 7 headers in 289 bytes (1 switches on core 0)
Jul 27 02:56:44.478480 np0000005861 devstack@c-api.service[97035]: DEBUG cinder.api.middleware.request_id [None req-7f27f2a3-88b6-4b6d-af53-941ac4aefd92 None None] RequestId filter calling following filter/app {{(pid=97035) _context_setter /opt/stack/cinder/cinder/api/middleware/request_id.py:62}}
Jul 27 02:56:44.480963 np0000005861 devstack@c-api.service[97035]: INFO cinder.api.openstack.wsgi [None req-7f27f2a3-88b6-4b6d-af53-941ac4aefd92 tempest-AttachSCSIVolumeTestJSON-840171566 tempest-AttachSCSIVolumeTestJSON-840171566-project-reader] GET https://10.4.3.73/volume/v3/volumes/44966ff6-40ad-4156-aa73-e0445b1a791e
Jul 27 02:56:44.482205 np0000005861 devstack@c-api.service[97035]: DEBUG cinder.api.openstack.wsgi [None req-7f27f2a3-88b6-4b6d-af53-941ac4aefd92 tempest-AttachSCSIVolumeTestJSON-840171566 tempest-AttachSCSIVolumeTestJSON-840171566-project-reader] Empty body provided in request {{(pid=97035) get_body /opt/stack/cinder/cinder/api/openstack/wsgi.py:725}}
Jul 27 02:56:44.482205 np0000005861 devstack@c-api.service[97035]: DEBUG cinder.api.openstack.wsgi [None req-7f27f2a3-88b6-4b6d-af53-941ac4aefd92 tempest-AttachSCSIVolumeTestJSON-840171566 tempest-AttachSCSIVolumeTestJSON-840171566-project-reader] Calling method 'show' {{(pid=97035) _process_stack /opt/stack/cinder/cinder/api/openstack/wsgi.py:878}}
Jul 27 02:56:44.496562 np0000005861 devstack@c-api.service[97035]: /opt/stack/data/venv/lib/python3.12/site-packages/oslo_context/context.py:102: DeprecationWarning: Policy enforcement is depending on the value of is_admin. This key is deprecated. Please update your policy file to use the standard policy values.
Jul 27 02:56:44.496562 np0000005861 devstack@c-api.service[97035]: warnings.warn(
Jul 27 02:56:44.504750 np0000005861 devstack@c-api.service[97035]: INFO cinder.volume.api [None req-7f27f2a3-88b6-4b6d-af53-941ac4aefd92 tempest-AttachSCSIVolumeTestJSON-840171566 tempest-AttachSCSIVolumeTestJSON-840171566-project-reader] Volume info retrieved successfully.
Jul 27 02:56:44.512504 np0000005861 devstack@c-api.service[97036]: DEBUG cinder.api.middleware.request_id [None req-dca96020-a434-47c9-b4f7-2df16e7ee248 None None] RequestId filter calling following filter/app {{(pid=97036) _context_setter /opt/stack/cinder/cinder/api/middleware/request_id.py:62}}
Jul 27 02:56:44.515460 np0000005861 devstack@c-api.service[97035]: INFO cinder.api.openstack.wsgi [None req-7f27f2a3-88b6-4b6d-af53-941ac4aefd92 tempest-AttachSCSIVolumeTestJSON-840171566 tempest-AttachSCSIVolumeTestJSON-840171566-project-reader] https://10.4.3.73/volume/v3/volumes/44966ff6-40ad-4156-aa73-e0445b1a791e returned with HTTP 200
Jul 27 02:56:44.516081 np0000005861 devstack@c-api.service[97035]: [pid: 97035|app: 0|req: 120/363] 10.4.3.73 () {66 vars in 1341 bytes} [Mon Jul 27 02:56:44 2026] GET /volume/v3/volumes/44966ff6-40ad-4156-aa73-e0445b1a791e => generated 1141 bytes in 39 msecs (HTTP/1.1 200) 7 headers in 286 bytes (1 switches on core 0)
Jul 27 02:56:44.523481 np0000005861 devstack@c-api.service[97036]: INFO cinder.api.openstack.wsgi [None req-dca96020-a434-47c9-b4f7-2df16e7ee248 tempest-VolumesBackupsV39Test-74017044 tempest-VolumesBackupsV39Test-74017044-project-member] GET https://10.4.3.73/volume/v3/volumes/06c34a00-2aa7-43cd-826b-9855edb119f4
Jul 27 02:56:44.524483 np0000005861 devstack@c-api.service[97036]: DEBUG cinder.api.openstack.wsgi [None req-dca96020-a434-47c9-b4f7-2df16e7ee248 tempest-VolumesBackupsV39Test-74017044 tempest-VolumesBackupsV39Test-74017044-project-member] Empty body provided in request {{(pid=97036) get_body /opt/stack/cinder/cinder/api/openstack/wsgi.py:725}}
Jul 27 02:56:44.524483 np0000005861 devstack@c-api.service[97036]: DEBUG cinder.api.openstack.wsgi [None req-dca96020-a434-47c9-b4f7-2df16e7ee248 tempest-VolumesBackupsV39Test-74017044 tempest-VolumesBackupsV39Test-74017044-project-member] Calling method 'show' {{(pid=97036) _process_stack /opt/stack/cinder/cinder/api/openstack/wsgi.py:878}}
Jul 27 02:56:44.535060 np0000005861 devstack@c-api.service[97036]: INFO cinder.api.openstack.wsgi [None req-dca96020-a434-47c9-b4f7-2df16e7ee248 tempest-VolumesBackupsV39Test-74017044 tempest-VolumesBackupsV39Test-74017044-project-member] https://10.4.3.73/volume/v3/volumes/06c34a00-2aa7-43cd-826b-9855edb119f4 returned with HTTP 404
Jul 27 02:56:44.535889 np0000005861 devstack@c-api.service[97036]: [pid: 97036|app: 0|req: 128/364] 10.4.3.73 () {68 vars in 1381 bytes} [Mon Jul 27 02:56:44 2026] GET /volume/v3/volumes/06c34a00-2aa7-43cd-826b-9855edb119f4 => generated 109 bytes in 24 msecs (HTTP/1.1 404) 7 headers in 292 bytes (1 switches on core 0)
Jul 27 02:56:44.543901 np0000005861 devstack@c-api.service[97035]: DEBUG cinder.api.middleware.request_id [None req-ad0a19c0-fcbd-405b-90f4-fa7ae6a1756a None None] RequestId filter calling following filter/app {{(pid=97035) _context_setter /opt/stack/cinder/cinder/api/middleware/request_id.py:62}}
Jul 27 02:56:44.544316 np0000005861 devstack@c-api.service[97035]: INFO cinder.api.openstack.wsgi [None req-ad0a19c0-fcbd-405b-90f4-fa7ae6a1756a None None] GET https://10.4.3.73/volume//
Jul 27 02:56:44.544530 np0000005861 devstack@c-api.service[97035]: DEBUG cinder.api.openstack.wsgi [None req-ad0a19c0-fcbd-405b-90f4-fa7ae6a1756a None None] Empty body provided in request {{(pid=97035) get_body /opt/stack/cinder/cinder/api/openstack/wsgi.py:725}}
Jul 27 02:56:44.544872 np0000005861 devstack@c-api.service[97035]: DEBUG cinder.api.openstack.wsgi [None req-ad0a19c0-fcbd-405b-90f4-fa7ae6a1756a None None] Calling method 'all' {{(pid=97035) _process_stack /opt/stack/cinder/cinder/api/openstack/wsgi.py:878}}
Jul 27 02:56:44.545322 np0000005861 devstack@c-api.service[97034]: INFO cinder.api.openstack.wsgi [None req-57ffd0c6-8b3c-4cdb-b224-6a8dfaa7b680 tempest-VolumeTypesNegativeTest-1554746605 tempest-VolumeTypesNegativeTest-1554746605-project-member] POST https://10.4.3.73/volume/v3/volumes
Jul 27 02:56:44.545922 np0000005861 devstack@c-api.service[97035]: INFO cinder.api.openstack.wsgi [None req-ad0a19c0-fcbd-405b-90f4-fa7ae6a1756a None None] https://10.4.3.73/volume// returned with HTTP 300
Jul 27 02:56:44.545922 np0000005861 devstack@c-api.service[97035]: [pid: 97035|app: 0|req: 121/365] 10.4.3.73 () {66 vars in 1419 bytes} [Mon Jul 27 02:56:44 2026] GET /volume/ => generated 385 bytes in 2 msecs (HTTP/1.1 300) 7 headers in 299 bytes (1 switches on core 0)
Jul 27 02:56:44.545994 np0000005861 devstack@c-api.service[97034]: DEBUG cinder.api.openstack.wsgi [None req-57ffd0c6-8b3c-4cdb-b224-6a8dfaa7b680 tempest-VolumeTypesNegativeTest-1554746605 tempest-VolumeTypesNegativeTest-1554746605-project-member] Action: 'create', calling method: create, body: {"volume": {"volume_type": "46e3b940-d923-46a9-a5a7-093b7b9ba903", "size": 1, "name": "tempest-VolumeTypesNegativeTest-Volume-1700323629"}} {{(pid=97034) _process_stack /opt/stack/cinder/cinder/api/openstack/wsgi.py:876}}
Jul 27 02:56:44.548125 np0000005861 devstack@c-api.service[97034]: DEBUG cinder.api.v3.volumes [None req-57ffd0c6-8b3c-4cdb-b224-6a8dfaa7b680 tempest-VolumeTypesNegativeTest-1554746605 tempest-VolumeTypesNegativeTest-1554746605-project-member] Create volume request body: {'volume': {'volume_type': '46e3b940-d923-46a9-a5a7-093b7b9ba903', 'size': 1, 'name': 'tempest-VolumeTypesNegativeTest-Volume-1700323629'}} {{(pid=97034) create /opt/stack/cinder/cinder/api/v3/volumes.py:368}}
Jul 27 02:56:44.558150 np0000005861 devstack@c-api.service[97034]: INFO cinder.api.openstack.wsgi [None req-57ffd0c6-8b3c-4cdb-b224-6a8dfaa7b680 tempest-VolumeTypesNegativeTest-1554746605 tempest-VolumeTypesNegativeTest-1554746605-project-member] https://10.4.3.73/volume/v3/volumes returned with HTTP 404
Jul 27 02:56:44.558877 np0000005861 devstack@c-api.service[97034]: [pid: 97034|app: 0|req: 117/366] 10.4.3.73 () {68 vars in 1252 bytes} [Mon Jul 27 02:56:44 2026] POST /volume/v3/volumes => generated 114 bytes in 333 msecs (HTTP/1.1 404) 7 headers in 292 bytes (1 switches on core 0)
Jul 27 02:56:44.572975 np0000005861 devstack@c-api.service[97036]: DEBUG cinder.api.middleware.request_id [None req-c4421fff-3642-4be5-ab68-13fc70431ad6 None None] RequestId filter calling following filter/app {{(pid=97036) _context_setter /opt/stack/cinder/cinder/api/middleware/request_id.py:62}}
Jul 27 02:56:44.573590 np0000005861 devstack@c-api.service[97035]: DEBUG cinder.api.middleware.request_id [req-549a3b56-9ded-4695-afb7-70561f1652e3 req-ed3b294b-6ffb-4f5a-8258-3414c1927f90 None None] RequestId filter calling following filter/app {{(pid=97035) _context_setter /opt/stack/cinder/cinder/api/middleware/request_id.py:62}}
Jul 27 02:56:44.574976 np0000005861 devstack@c-api.service[97036]: INFO cinder.api.openstack.wsgi [None req-c4421fff-3642-4be5-ab68-13fc70431ad6 tempest-VolumeTypesNegativeTest-940617938 tempest-VolumeTypesNegativeTest-940617938-project-admin] DELETE https://10.4.3.73/volume/v3/types/46e3b940-d923-46a9-a5a7-093b7b9ba903
Jul 27 02:56:44.575371 np0000005861 devstack@c-api.service[97036]: DEBUG cinder.api.openstack.wsgi [None req-c4421fff-3642-4be5-ab68-13fc70431ad6 tempest-VolumeTypesNegativeTest-940617938 tempest-VolumeTypesNegativeTest-940617938-project-admin] Empty body provided in request {{(pid=97036) get_body /opt/stack/cinder/cinder/api/openstack/wsgi.py:725}}
Jul 27 02:56:44.576488 np0000005861 devstack@c-api.service[97036]: DEBUG cinder.api.openstack.wsgi [None req-c4421fff-3642-4be5-ab68-13fc70431ad6 tempest-VolumeTypesNegativeTest-940617938 tempest-VolumeTypesNegativeTest-940617938-project-admin] Calling method '_delete' {{(pid=97036) _process_stack /opt/stack/cinder/cinder/api/openstack/wsgi.py:878}}
Jul 27 02:56:44.576661 np0000005861 devstack@c-api.service[97035]: INFO cinder.api.openstack.wsgi [req-549a3b56-9ded-4695-afb7-70561f1652e3 req-ed3b294b-6ffb-4f5a-8258-3414c1927f90 tempest-AttachSCSIVolumeTestJSON-840171566 tempest-AttachSCSIVolumeTestJSON-840171566-project-member] GET https://10.4.3.73/volume/v3/volumes/44966ff6-40ad-4156-aa73-e0445b1a791e
Jul 27 02:56:44.576889 np0000005861 devstack@c-api.service[97035]: DEBUG cinder.api.openstack.wsgi [req-549a3b56-9ded-4695-afb7-70561f1652e3 req-ed3b294b-6ffb-4f5a-8258-3414c1927f90 tempest-AttachSCSIVolumeTestJSON-840171566 tempest-AttachSCSIVolumeTestJSON-840171566-project-member] Empty body provided in request {{(pid=97035) get_body /opt/stack/cinder/cinder/api/openstack/wsgi.py:725}}
Jul 27 02:56:44.577337 np0000005861 devstack@c-api.service[97035]: DEBUG cinder.api.openstack.wsgi [req-549a3b56-9ded-4695-afb7-70561f1652e3 req-ed3b294b-6ffb-4f5a-8258-3414c1927f90 tempest-AttachSCSIVolumeTestJSON-840171566 tempest-AttachSCSIVolumeTestJSON-840171566-project-member] Calling method 'show' {{(pid=97035) _process_stack /opt/stack/cinder/cinder/api/openstack/wsgi.py:878}}
Jul 27 02:56:44.590607 np0000005861 devstack@c-api.service[97035]: /opt/stack/data/venv/lib/python3.12/site-packages/oslo_context/context.py:102: DeprecationWarning: Policy enforcement is depending on the value of is_admin. This key is deprecated. Please update your policy file to use the standard policy values.
Jul 27 02:56:44.590607 np0000005861 devstack@c-api.service[97035]: warnings.warn(
Jul 27 02:56:44.596866 np0000005861 devstack@c-api.service[97035]: INFO cinder.volume.api [req-549a3b56-9ded-4695-afb7-70561f1652e3 req-ed3b294b-6ffb-4f5a-8258-3414c1927f90 tempest-AttachSCSIVolumeTestJSON-840171566 tempest-AttachSCSIVolumeTestJSON-840171566-project-member] Volume info retrieved successfully.
Jul 27 02:56:44.606170 np0000005861 devstack@c-api.service[97035]: INFO cinder.api.openstack.wsgi [req-549a3b56-9ded-4695-afb7-70561f1652e3 req-ed3b294b-6ffb-4f5a-8258-3414c1927f90 tempest-AttachSCSIVolumeTestJSON-840171566 tempest-AttachSCSIVolumeTestJSON-840171566-project-member] https://10.4.3.73/volume/v3/volumes/44966ff6-40ad-4156-aa73-e0445b1a791e returned with HTTP 200
Jul 27 02:56:44.607270 np0000005861 devstack@c-api.service[97035]: [pid: 97035|app: 0|req: 122/367] 10.4.3.73 () {70 vars in 1632 bytes} [Mon Jul 27 02:56:44 2026] GET /volume/v3/volumes/44966ff6-40ad-4156-aa73-e0445b1a791e => generated 1322 bytes in 34 msecs (HTTP/1.1 200) 7 headers in 287 bytes (1 switches on core 0)
Jul 27 02:56:44.638411 np0000005861 devstack@c-api.service[97036]: INFO cinder.api.openstack.wsgi [None req-c4421fff-3642-4be5-ab68-13fc70431ad6 tempest-VolumeTypesNegativeTest-940617938 tempest-VolumeTypesNegativeTest-940617938-project-admin] https://10.4.3.73/volume/v3/types/46e3b940-d923-46a9-a5a7-093b7b9ba903 returned with HTTP 202
Jul 27 02:56:44.639744 np0000005861 devstack@c-api.service[97036]: [pid: 97036|app: 0|req: 129/368] 10.4.3.73 () {66 vars in 1338 bytes} [Mon Jul 27 02:56:44 2026] DELETE /volume/v3/types/46e3b940-d923-46a9-a5a7-093b7b9ba903 => generated 0 bytes in 68 msecs (HTTP/1.1 202) 6 headers in 233 bytes (1 switches on core 0)
Jul 27 02:56:44.656735 np0000005861 devstack@c-api.service[97034]: DEBUG cinder.api.middleware.request_id [None req-e3177620-b561-4195-a005-e5949719b787 None None] RequestId filter calling following filter/app {{(pid=97034) _context_setter /opt/stack/cinder/cinder/api/middleware/request_id.py:62}}
Jul 27 02:56:44.663303 np0000005861 devstack@c-api.service[97034]: INFO cinder.api.openstack.wsgi [None req-e3177620-b561-4195-a005-e5949719b787 tempest-VolumeTypesNegativeTest-940617938 tempest-VolumeTypesNegativeTest-940617938-project-admin] GET https://10.4.3.73/volume/v3/types/46e3b940-d923-46a9-a5a7-093b7b9ba903
Jul 27 02:56:44.663617 np0000005861 devstack@c-api.service[97034]: DEBUG cinder.api.openstack.wsgi [None req-e3177620-b561-4195-a005-e5949719b787 tempest-VolumeTypesNegativeTest-940617938 tempest-VolumeTypesNegativeTest-940617938-project-admin] Empty body provided in request {{(pid=97034) get_body /opt/stack/cinder/cinder/api/openstack/wsgi.py:725}}
Jul 27 02:56:44.663929 np0000005861 devstack@c-api.service[97034]: DEBUG cinder.api.openstack.wsgi [None req-e3177620-b561-4195-a005-e5949719b787 tempest-VolumeTypesNegativeTest-940617938 tempest-VolumeTypesNegativeTest-940617938-project-admin] Calling method 'show' {{(pid=97034) _process_stack /opt/stack/cinder/cinder/api/openstack/wsgi.py:878}}
Jul 27 02:56:44.670723 np0000005861 devstack@c-api.service[97034]: INFO cinder.api.openstack.wsgi [None req-e3177620-b561-4195-a005-e5949719b787 tempest-VolumeTypesNegativeTest-940617938 tempest-VolumeTypesNegativeTest-940617938-project-admin] https://10.4.3.73/volume/v3/types/46e3b940-d923-46a9-a5a7-093b7b9ba903 returned with HTTP 404
Jul 27 02:56:44.671811 np0000005861 devstack@c-api.service[97034]: [pid: 97034|app: 0|req: 118/369] 10.4.3.73 () {66 vars in 1335 bytes} [Mon Jul 27 02:56:44 2026] GET /volume/v3/types/46e3b940-d923-46a9-a5a7-093b7b9ba903 => generated 114 bytes in 16 msecs (HTTP/1.1 404) 7 headers in 292 bytes (1 switches on core 0)
Jul 27 02:56:44.685956 np0000005861 devstack@c-api.service[97035]: DEBUG cinder.api.middleware.request_id [None req-14180d77-db16-4520-b783-359bd893ffd7 None None] RequestId filter calling following filter/app {{(pid=97035) _context_setter /opt/stack/cinder/cinder/api/middleware/request_id.py:62}}
Jul 27 02:56:44.688983 np0000005861 devstack@c-api.service[97035]: INFO cinder.api.openstack.wsgi [None req-14180d77-db16-4520-b783-359bd893ffd7 tempest-VolumeTypesNegativeTest-940617938 tempest-VolumeTypesNegativeTest-940617938-project-admin] POST https://10.4.3.73/volume/v3/types
Jul 27 02:56:44.689601 np0000005861 devstack@c-api.service[97035]: DEBUG cinder.api.openstack.wsgi [None req-14180d77-db16-4520-b783-359bd893ffd7 tempest-VolumeTypesNegativeTest-940617938 tempest-VolumeTypesNegativeTest-940617938-project-admin] Action: 'create', calling method: _create, body: {"volume_type": {"name": ""}} {{(pid=97035) _process_stack /opt/stack/cinder/cinder/api/openstack/wsgi.py:876}}
Jul 27 02:56:44.692240 np0000005861 devstack@c-api.service[97035]: INFO cinder.api.openstack.wsgi [None req-14180d77-db16-4520-b783-359bd893ffd7 tempest-VolumeTypesNegativeTest-940617938 tempest-VolumeTypesNegativeTest-940617938-project-admin] https://10.4.3.73/volume/v3/types returned with HTTP 400
Jul 27 02:56:44.693125 np0000005861 devstack@c-api.service[97035]: [pid: 97035|app: 0|req: 123/370] 10.4.3.73 () {68 vars in 1245 bytes} [Mon Jul 27 02:56:44 2026] POST /volume/v3/types => generated 115 bytes in 8 msecs (HTTP/1.1 400) 7 headers in 294 bytes (1 switches on core 0)
Jul 27 02:56:44.704918 np0000005861 devstack@c-api.service[97036]: DEBUG cinder.api.middleware.request_id [None req-b3f9924c-8222-4ba8-a205-8803a6a1c9c2 None None] RequestId filter calling following filter/app {{(pid=97036) _context_setter /opt/stack/cinder/cinder/api/middleware/request_id.py:62}}
Jul 27 02:56:44.708133 np0000005861 devstack@c-api.service[97036]: INFO cinder.api.openstack.wsgi [None req-b3f9924c-8222-4ba8-a205-8803a6a1c9c2 tempest-VolumeTypesNegativeTest-940617938 tempest-VolumeTypesNegativeTest-940617938-project-admin] POST https://10.4.3.73/volume/v3/types
Jul 27 02:56:44.708673 np0000005861 devstack@c-api.service[97036]: DEBUG cinder.api.openstack.wsgi [None req-b3f9924c-8222-4ba8-a205-8803a6a1c9c2 tempest-VolumeTypesNegativeTest-940617938 tempest-VolumeTypesNegativeTest-940617938-project-admin] Action: 'create', calling method: _create, body: {"volume_type": {"name": "tempest-VolumeTypesNegativeTest-volume-type-709541444"}} {{(pid=97036) _process_stack /opt/stack/cinder/cinder/api/openstack/wsgi.py:876}}
Jul 27 02:56:44.746418 np0000005861 devstack@c-api.service[97036]: INFO cinder.api.openstack.wsgi [None req-b3f9924c-8222-4ba8-a205-8803a6a1c9c2 tempest-VolumeTypesNegativeTest-940617938 tempest-VolumeTypesNegativeTest-940617938-project-admin] https://10.4.3.73/volume/v3/types returned with HTTP 200
Jul 27 02:56:44.746418 np0000005861 devstack@c-api.service[97036]: [pid: 97036|app: 0|req: 130/371] 10.4.3.73 () {68 vars in 1245 bytes} [Mon Jul 27 02:56:44 2026] POST /volume/v3/types => generated 228 bytes in 42 msecs (HTTP/1.1 200) 7 headers in 285 bytes (1 switches on core 0)
Jul 27 02:56:44.765868 np0000005861 devstack@c-api.service[97034]: DEBUG cinder.api.middleware.request_id [None req-f888e962-d5e9-4f3d-ad66-6df1e63782a8 None None] RequestId filter calling following filter/app {{(pid=97034) _context_setter /opt/stack/cinder/cinder/api/middleware/request_id.py:62}}
Jul 27 02:56:44.769394 np0000005861 devstack@c-api.service[97034]: INFO cinder.api.openstack.wsgi [None req-f888e962-d5e9-4f3d-ad66-6df1e63782a8 tempest-VolumeTypesNegativeTest-940617938 tempest-VolumeTypesNegativeTest-940617938-project-admin] POST https://10.4.3.73/volume/v3/types
Jul 27 02:56:44.770244 np0000005861 devstack@c-api.service[97034]: DEBUG cinder.api.openstack.wsgi [None req-f888e962-d5e9-4f3d-ad66-6df1e63782a8 tempest-VolumeTypesNegativeTest-940617938 tempest-VolumeTypesNegativeTest-940617938-project-admin] Action: 'create', calling method: _create, body: {"volume_type": {"name": "tempest-VolumeTypesNegativeTest-volume-type-709541444"}} {{(pid=97034) _process_stack /opt/stack/cinder/cinder/api/openstack/wsgi.py:876}}
Jul 27 02:56:44.783233 np0000005861 devstack@c-api.service[97034]: INFO cinder.api.openstack.wsgi [None req-f888e962-d5e9-4f3d-ad66-6df1e63782a8 tempest-VolumeTypesNegativeTest-940617938 tempest-VolumeTypesNegativeTest-940617938-project-admin] HTTP exception thrown: Volume Type tempest-VolumeTypesNegativeTest-volume-type-709541444 already exists.
Jul 27 02:56:44.783564 np0000005861 devstack@c-api.service[97034]: INFO cinder.api.openstack.wsgi [None req-f888e962-d5e9-4f3d-ad66-6df1e63782a8 tempest-VolumeTypesNegativeTest-940617938 tempest-VolumeTypesNegativeTest-940617938-project-admin] https://10.4.3.73/volume/v3/types returned with HTTP 409
Jul 27 02:56:44.784407 np0000005861 devstack@c-api.service[97034]: [pid: 97034|app: 0|req: 119/372] 10.4.3.73 () {68 vars in 1245 bytes} [Mon Jul 27 02:56:44 2026] POST /volume/v3/types => generated 133 bytes in 19 msecs (HTTP/1.1 409) 7 headers in 291 bytes (1 switches on core 0)
Jul 27 02:56:44.798832 np0000005861 devstack@c-api.service[97035]: DEBUG cinder.api.middleware.request_id [None req-ac561fc8-dbff-4f49-b2a3-e54523797d69 None None] RequestId filter calling following filter/app {{(pid=97035) _context_setter /opt/stack/cinder/cinder/api/middleware/request_id.py:62}}
Jul 27 02:56:44.805386 np0000005861 devstack@c-api.service[97035]: INFO cinder.api.openstack.wsgi [None req-ac561fc8-dbff-4f49-b2a3-e54523797d69 tempest-VolumeTypesNegativeTest-940617938 tempest-VolumeTypesNegativeTest-940617938-project-admin] DELETE https://10.4.3.73/volume/v3/types/ae01e856-65dd-4c0a-a215-2f48abdaae9d
Jul 27 02:56:44.805638 np0000005861 devstack@c-api.service[97035]: DEBUG cinder.api.openstack.wsgi [None req-ac561fc8-dbff-4f49-b2a3-e54523797d69 tempest-VolumeTypesNegativeTest-940617938 tempest-VolumeTypesNegativeTest-940617938-project-admin] Empty body provided in request {{(pid=97035) get_body /opt/stack/cinder/cinder/api/openstack/wsgi.py:725}}
Jul 27 02:56:44.807225 np0000005861 devstack@c-api.service[97035]: DEBUG cinder.api.openstack.wsgi [None req-ac561fc8-dbff-4f49-b2a3-e54523797d69 tempest-VolumeTypesNegativeTest-940617938 tempest-VolumeTypesNegativeTest-940617938-project-admin] Calling method '_delete' {{(pid=97035) _process_stack /opt/stack/cinder/cinder/api/openstack/wsgi.py:878}}
