Jul 27 02:53:15.258795 np0000005861 nova-conductor[95894]: DEBUG cotyledon.oslo_config_glue [-] oslo_messaging_rabbit.rabbit_interval_max = 30 {{(pid=95894) log_opt_values /opt/stack/data/venv/lib/python3.12/site-packages/oslo_config/cfg.py:3253}}
Jul 27 02:53:15.258795 np0000005861 nova-conductor[95894]: DEBUG cotyledon.oslo_config_glue [-] oslo_messaging_rabbit.rabbit_login_method = AMQPLAIN {{(pid=95894) log_opt_values /opt/stack/data/venv/lib/python3.12/site-packages/oslo_config/cfg.py:3253}}
Jul 27 02:53:15.258795 np0000005861 nova-conductor[95894]: DEBUG cotyledon.oslo_config_glue [-] oslo_messaging_rabbit.rabbit_qos_prefetch_count = 0 {{(pid=95894) log_opt_values /opt/stack/data/venv/lib/python3.12/site-packages/oslo_config/cfg.py:3253}}
Jul 27 02:53:15.258795 np0000005861 nova-conductor[95894]: DEBUG cotyledon.oslo_config_glue [-] oslo_messaging_rabbit.rabbit_quorum_delivery_limit = 0 {{(pid=95894) log_opt_values /opt/stack/data/venv/lib/python3.12/site-packages/oslo_config/cfg.py:3253}}
Jul 27 02:53:15.258795 np0000005861 nova-conductor[95894]: DEBUG cotyledon.oslo_config_glue [-] oslo_messaging_rabbit.rabbit_quorum_max_memory_bytes = 0 {{(pid=95894) log_opt_values /opt/stack/data/venv/lib/python3.12/site-packages/oslo_config/cfg.py:3253}}
Jul 27 02:53:15.258795 np0000005861 nova-conductor[95894]: DEBUG cotyledon.oslo_config_glue [-] oslo_messaging_rabbit.rabbit_quorum_max_memory_length = 0 {{(pid=95894) log_opt_values /opt/stack/data/venv/lib/python3.12/site-packages/oslo_config/cfg.py:3253}}
Jul 27 02:53:15.258978 np0000005861 nova-conductor[95894]: DEBUG cotyledon.oslo_config_glue [-] oslo_messaging_rabbit.rabbit_quorum_queue = False {{(pid=95894) log_opt_values /opt/stack/data/venv/lib/python3.12/site-packages/oslo_config/cfg.py:3253}}
Jul 27 02:53:15.258978 np0000005861 nova-conductor[95894]: DEBUG cotyledon.oslo_config_glue [-] oslo_messaging_rabbit.rabbit_retry_backoff = 2 {{(pid=95894) log_opt_values /opt/stack/data/venv/lib/python3.12/site-packages/oslo_config/cfg.py:3253}}
Jul 27 02:53:15.258978 np0000005861 nova-conductor[95894]: DEBUG cotyledon.oslo_config_glue [-] oslo_messaging_rabbit.rabbit_retry_interval = 1 {{(pid=95894) log_opt_values /opt/stack/data/venv/lib/python3.12/site-packages/oslo_config/cfg.py:3253}}
Jul 27 02:53:15.258978 np0000005861 nova-conductor[95894]: DEBUG cotyledon.oslo_config_glue [-] oslo_messaging_rabbit.rabbit_stream_fanout = False {{(pid=95894) log_opt_values /opt/stack/data/venv/lib/python3.12/site-packages/oslo_config/cfg.py:3253}}
Jul 27 02:53:15.258978 np0000005861 nova-conductor[95894]: DEBUG cotyledon.oslo_config_glue [-] oslo_messaging_rabbit.rabbit_transient_queues_ttl = 1800 {{(pid=95894) log_opt_values /opt/stack/data/venv/lib/python3.12/site-packages/oslo_config/cfg.py:3253}}
Jul 27 02:53:15.258978 np0000005861 nova-conductor[95894]: DEBUG cotyledon.oslo_config_glue [-] oslo_messaging_rabbit.rabbit_transient_quorum_queue = False {{(pid=95894) log_opt_values /opt/stack/data/venv/lib/python3.12/site-packages/oslo_config/cfg.py:3253}}
Jul 27 02:53:15.258978 np0000005861 nova-conductor[95894]: DEBUG cotyledon.oslo_config_glue [-] oslo_messaging_rabbit.rpc_conn_pool_size = 30 {{(pid=95894) log_opt_values /opt/stack/data/venv/lib/python3.12/site-packages/oslo_config/cfg.py:3253}}
Jul 27 02:53:15.258978 np0000005861 nova-conductor[95894]: DEBUG cotyledon.oslo_config_glue [-] oslo_messaging_rabbit.ssl = False {{(pid=95894) log_opt_values /opt/stack/data/venv/lib/python3.12/site-packages/oslo_config/cfg.py:3253}}
Jul 27 02:53:15.258978 np0000005861 nova-conductor[95894]: DEBUG cotyledon.oslo_config_glue [-] oslo_messaging_rabbit.ssl_ca_file = {{(pid=95894) log_opt_values /opt/stack/data/venv/lib/python3.12/site-packages/oslo_config/cfg.py:3253}}
Jul 27 02:53:15.259172 np0000005861 nova-conductor[95894]: DEBUG cotyledon.oslo_config_glue [-] oslo_messaging_rabbit.ssl_cert_file = {{(pid=95894) log_opt_values /opt/stack/data/venv/lib/python3.12/site-packages/oslo_config/cfg.py:3253}}
Jul 27 02:53:15.259172 np0000005861 nova-conductor[95894]: DEBUG cotyledon.oslo_config_glue [-] oslo_messaging_rabbit.ssl_enforce_fips_mode = False {{(pid=95894) log_opt_values /opt/stack/data/venv/lib/python3.12/site-packages/oslo_config/cfg.py:3253}}
Jul 27 02:53:15.259172 np0000005861 nova-conductor[95894]: DEBUG cotyledon.oslo_config_glue [-] oslo_messaging_rabbit.ssl_enforce_hostname_verification = True {{(pid=95894) log_opt_values /opt/stack/data/venv/lib/python3.12/site-packages/oslo_config/cfg.py:3253}}
Jul 27 02:53:15.259172 np0000005861 nova-conductor[95894]: DEBUG cotyledon.oslo_config_glue [-] oslo_messaging_rabbit.ssl_key_file = {{(pid=95894) log_opt_values /opt/stack/data/venv/lib/python3.12/site-packages/oslo_config/cfg.py:3253}}
Jul 27 02:53:15.259172 np0000005861 nova-conductor[95894]: DEBUG cotyledon.oslo_config_glue [-] oslo_messaging_rabbit.ssl_version = {{(pid=95894) log_opt_values /opt/stack/data/venv/lib/python3.12/site-packages/oslo_config/cfg.py:3253}}
Jul 27 02:53:15.259172 np0000005861 nova-conductor[95894]: DEBUG cotyledon.oslo_config_glue [-] oslo_messaging_rabbit.use_queue_manager = False {{(pid=95894) log_opt_values /opt/stack/data/venv/lib/python3.12/site-packages/oslo_config/cfg.py:3253}}
Jul 27 02:53:15.259172 np0000005861 nova-conductor[95894]: DEBUG cotyledon.oslo_config_glue [-] oslo_messaging_notifications.driver = ['messagingv2'] {{(pid=95894) log_opt_values /opt/stack/data/venv/lib/python3.12/site-packages/oslo_config/cfg.py:3253}}
Jul 27 02:53:15.259172 np0000005861 nova-conductor[95894]: DEBUG cotyledon.oslo_config_glue [-] oslo_messaging_notifications.retry = -1 {{(pid=95894) log_opt_values /opt/stack/data/venv/lib/python3.12/site-packages/oslo_config/cfg.py:3253}}
Jul 27 02:53:15.259172 np0000005861 nova-conductor[95894]: DEBUG cotyledon.oslo_config_glue [-] oslo_messaging_notifications.topics = ['notifications'] {{(pid=95894) log_opt_values /opt/stack/data/venv/lib/python3.12/site-packages/oslo_config/cfg.py:3253}}
Jul 27 02:53:15.259358 np0000005861 nova-conductor[95894]: DEBUG cotyledon.oslo_config_glue [-] oslo_messaging_notifications.transport_url = **** {{(pid=95894) log_opt_values /opt/stack/data/venv/lib/python3.12/site-packages/oslo_config/cfg.py:3253}}
Jul 27 02:53:15.259358 np0000005861 nova-conductor[95894]: DEBUG cotyledon.oslo_config_glue [-] oslo_limit.auth_section = None {{(pid=95894) log_opt_values /opt/stack/data/venv/lib/python3.12/site-packages/oslo_config/cfg.py:3253}}
Jul 27 02:53:15.259358 np0000005861 nova-conductor[95894]: DEBUG cotyledon.oslo_config_glue [-] oslo_limit.auth_type = None {{(pid=95894) log_opt_values /opt/stack/data/venv/lib/python3.12/site-packages/oslo_config/cfg.py:3253}}
Jul 27 02:53:15.259358 np0000005861 nova-conductor[95894]: DEBUG cotyledon.oslo_config_glue [-] oslo_limit.cafile = None {{(pid=95894) log_opt_values /opt/stack/data/venv/lib/python3.12/site-packages/oslo_config/cfg.py:3253}}
Jul 27 02:53:15.259358 np0000005861 nova-conductor[95894]: DEBUG cotyledon.oslo_config_glue [-] oslo_limit.certfile = None {{(pid=95894) log_opt_values /opt/stack/data/venv/lib/python3.12/site-packages/oslo_config/cfg.py:3253}}
Jul 27 02:53:15.259358 np0000005861 nova-conductor[95894]: DEBUG cotyledon.oslo_config_glue [-] oslo_limit.collect_timing = False {{(pid=95894) log_opt_values /opt/stack/data/venv/lib/python3.12/site-packages/oslo_config/cfg.py:3253}}
Jul 27 02:53:15.259358 np0000005861 nova-conductor[95894]: DEBUG cotyledon.oslo_config_glue [-] oslo_limit.connect_retries = None {{(pid=95894) log_opt_values /opt/stack/data/venv/lib/python3.12/site-packages/oslo_config/cfg.py:3253}}
Jul 27 02:53:15.259358 np0000005861 nova-conductor[95894]: DEBUG cotyledon.oslo_config_glue [-] oslo_limit.connect_retry_delay = None {{(pid=95894) log_opt_values /opt/stack/data/venv/lib/python3.12/site-packages/oslo_config/cfg.py:3253}}
Jul 27 02:53:15.259358 np0000005861 nova-conductor[95894]: DEBUG cotyledon.oslo_config_glue [-] oslo_limit.endpoint_id = None {{(pid=95894) log_opt_values /opt/stack/data/venv/lib/python3.12/site-packages/oslo_config/cfg.py:3253}}
Jul 27 02:53:15.259538 np0000005861 nova-conductor[95894]: DEBUG cotyledon.oslo_config_glue [-] oslo_limit.endpoint_interface = public {{(pid=95894) log_opt_values /opt/stack/data/venv/lib/python3.12/site-packages/oslo_config/cfg.py:3253}}
Jul 27 02:53:15.259538 np0000005861 nova-conductor[95894]: DEBUG cotyledon.oslo_config_glue [-] oslo_limit.endpoint_override = None {{(pid=95894) log_opt_values /opt/stack/data/venv/lib/python3.12/site-packages/oslo_config/cfg.py:3253}}
Jul 27 02:53:15.259538 np0000005861 nova-conductor[95894]: DEBUG cotyledon.oslo_config_glue [-] oslo_limit.endpoint_region_name = None {{(pid=95894) log_opt_values /opt/stack/data/venv/lib/python3.12/site-packages/oslo_config/cfg.py:3253}}
Jul 27 02:53:15.259538 np0000005861 nova-conductor[95894]: DEBUG cotyledon.oslo_config_glue [-] oslo_limit.endpoint_service_name = None {{(pid=95894) log_opt_values /opt/stack/data/venv/lib/python3.12/site-packages/oslo_config/cfg.py:3253}}
Jul 27 02:53:15.259538 np0000005861 nova-conductor[95894]: DEBUG cotyledon.oslo_config_glue [-] oslo_limit.endpoint_service_type = None {{(pid=95894) log_opt_values /opt/stack/data/venv/lib/python3.12/site-packages/oslo_config/cfg.py:3253}}
Jul 27 02:53:15.259538 np0000005861 nova-conductor[95894]: DEBUG cotyledon.oslo_config_glue [-] oslo_limit.insecure = False {{(pid=95894) log_opt_values /opt/stack/data/venv/lib/python3.12/site-packages/oslo_config/cfg.py:3253}}
Jul 27 02:53:15.259538 np0000005861 nova-conductor[95894]: DEBUG cotyledon.oslo_config_glue [-] oslo_limit.keyfile = None {{(pid=95894) log_opt_values /opt/stack/data/venv/lib/python3.12/site-packages/oslo_config/cfg.py:3253}}
Jul 27 02:53:15.259538 np0000005861 nova-conductor[95894]: DEBUG cotyledon.oslo_config_glue [-] oslo_limit.max_version = None {{(pid=95894) log_opt_values /opt/stack/data/venv/lib/python3.12/site-packages/oslo_config/cfg.py:3253}}
Jul 27 02:53:15.259538 np0000005861 nova-conductor[95894]: DEBUG cotyledon.oslo_config_glue [-] oslo_limit.min_version = None {{(pid=95894) log_opt_values /opt/stack/data/venv/lib/python3.12/site-packages/oslo_config/cfg.py:3253}}
Jul 27 02:53:15.259733 np0000005861 nova-conductor[95894]: DEBUG cotyledon.oslo_config_glue [-] oslo_limit.region_name = None {{(pid=95894) log_opt_values /opt/stack/data/venv/lib/python3.12/site-packages/oslo_config/cfg.py:3253}}
Jul 27 02:53:15.259733 np0000005861 nova-conductor[95894]: DEBUG cotyledon.oslo_config_glue [-] oslo_limit.retriable_status_codes = None {{(pid=95894) log_opt_values /opt/stack/data/venv/lib/python3.12/site-packages/oslo_config/cfg.py:3253}}
Jul 27 02:53:15.259733 np0000005861 nova-conductor[95894]: DEBUG cotyledon.oslo_config_glue [-] oslo_limit.service_name = None {{(pid=95894) log_opt_values /opt/stack/data/venv/lib/python3.12/site-packages/oslo_config/cfg.py:3253}}
Jul 27 02:53:15.259733 np0000005861 nova-conductor[95894]: DEBUG cotyledon.oslo_config_glue [-] oslo_limit.service_type = None {{(pid=95894) log_opt_values /opt/stack/data/venv/lib/python3.12/site-packages/oslo_config/cfg.py:3253}}
Jul 27 02:53:15.259733 np0000005861 nova-conductor[95894]: DEBUG cotyledon.oslo_config_glue [-] oslo_limit.split_loggers = False {{(pid=95894) log_opt_values /opt/stack/data/venv/lib/python3.12/site-packages/oslo_config/cfg.py:3253}}
Jul 27 02:53:15.259733 np0000005861 nova-conductor[95894]: DEBUG cotyledon.oslo_config_glue [-] oslo_limit.status_code_retries = None {{(pid=95894) log_opt_values /opt/stack/data/venv/lib/python3.12/site-packages/oslo_config/cfg.py:3253}}
Jul 27 02:53:15.259733 np0000005861 nova-conductor[95894]: DEBUG cotyledon.oslo_config_glue [-] oslo_limit.status_code_retry_delay = None {{(pid=95894) log_opt_values /opt/stack/data/venv/lib/python3.12/site-packages/oslo_config/cfg.py:3253}}
Jul 27 02:53:15.259733 np0000005861 nova-conductor[95894]: DEBUG cotyledon.oslo_config_glue [-] oslo_limit.timeout = None {{(pid=95894) log_opt_values /opt/stack/data/venv/lib/python3.12/site-packages/oslo_config/cfg.py:3253}}
Jul 27 02:53:15.259733 np0000005861 nova-conductor[95894]: DEBUG cotyledon.oslo_config_glue [-] oslo_limit.valid_interfaces = None {{(pid=95894) log_opt_values /opt/stack/data/venv/lib/python3.12/site-packages/oslo_config/cfg.py:3253}}
Jul 27 02:53:15.259933 np0000005861 nova-conductor[95894]: DEBUG cotyledon.oslo_config_glue [-] oslo_limit.version = None {{(pid=95894) log_opt_values /opt/stack/data/venv/lib/python3.12/site-packages/oslo_config/cfg.py:3253}}
Jul 27 02:53:15.259933 np0000005861 nova-conductor[95894]: DEBUG cotyledon.oslo_config_glue [-] oslo_reports.file_event_handler = None {{(pid=95894) log_opt_values /opt/stack/data/venv/lib/python3.12/site-packages/oslo_config/cfg.py:3253}}
Jul 27 02:53:15.259933 np0000005861 nova-conductor[95894]: DEBUG cotyledon.oslo_config_glue [-] oslo_reports.file_event_handler_interval = 1 {{(pid=95894) log_opt_values /opt/stack/data/venv/lib/python3.12/site-packages/oslo_config/cfg.py:3253}}
Jul 27 02:53:15.259933 np0000005861 nova-conductor[95894]: DEBUG cotyledon.oslo_config_glue [-] oslo_reports.log_dir = None {{(pid=95894) log_opt_values /opt/stack/data/venv/lib/python3.12/site-packages/oslo_config/cfg.py:3253}}
Jul 27 02:53:15.259933 np0000005861 nova-conductor[95894]: DEBUG cotyledon.oslo_config_glue [-] ******************************************************************************** {{(pid=95894) log_opt_values /opt/stack/data/venv/lib/python3.12/site-packages/oslo_config/cfg.py:3260}}
Jul 27 02:53:15.259933 np0000005861 nova-conductor[95894]: DEBUG cotyledon._service_worker [-] Run service ServiceWrapper(2) [95894] {{(pid=95894) wait_forever /opt/stack/data/venv/lib/python3.12/site-packages/cotyledon/_service_worker.py:218}}
Jul 27 02:53:15.259933 np0000005861 nova-conductor[95894]: INFO nova.service [-] Starting conductor node (version 33.1.0)
Jul 27 02:53:15.259933 np0000005861 nova-conductor[95894]: INFO dbcounter [None req-5401527e-a698-4a3a-91aa-08d01739444f None None] Registered counter for database nova_cell0
Jul 27 02:53:15.264355 np0000005861 nova-conductor[95883]: DEBUG oslo_db.sqlalchemy.engines [None req-3a74fe4c-d1fa-475e-969f-09ba51a486b5 None None] MySQL server mode set to STRICT_TRANS_TABLES,STRICT_ALL_TABLES,NO_ZERO_IN_DATE,NO_ZERO_DATE,ERROR_FOR_DIVISION_BY_ZERO,TRADITIONAL,NO_ENGINE_SUBSTITUTION {{(pid=95883) _check_effective_sql_mode /opt/stack/data/venv/lib/python3.12/site-packages/oslo_db/sqlalchemy/engines.py:325}}
Jul 27 02:53:15.274544 np0000005861 nova-conductor[95883]: DEBUG dbcounter [-] [95883] Writer thread running {{(pid=95883) stat_writer /opt/stack/data/venv/lib/python3.12/site-packages/dbcounter.py:102}}
Jul 27 02:53:15.292877 np0000005861 nova-conductor[95894]: DEBUG oslo_db.sqlalchemy.engines [None req-5401527e-a698-4a3a-91aa-08d01739444f None None] MySQL server mode set to STRICT_TRANS_TABLES,STRICT_ALL_TABLES,NO_ZERO_IN_DATE,NO_ZERO_DATE,ERROR_FOR_DIVISION_BY_ZERO,TRADITIONAL,NO_ENGINE_SUBSTITUTION {{(pid=95894) _check_effective_sql_mode /opt/stack/data/venv/lib/python3.12/site-packages/oslo_db/sqlalchemy/engines.py:325}}
Jul 27 02:53:15.294777 np0000005861 nova-conductor[95890]: DEBUG oslo_db.sqlalchemy.engines [None req-61c57b2d-ab43-43c7-98ec-cb9744bf0f74 None None] MySQL server mode set to STRICT_TRANS_TABLES,STRICT_ALL_TABLES,NO_ZERO_IN_DATE,NO_ZERO_DATE,ERROR_FOR_DIVISION_BY_ZERO,TRADITIONAL,NO_ENGINE_SUBSTITUTION {{(pid=95890) _check_effective_sql_mode /opt/stack/data/venv/lib/python3.12/site-packages/oslo_db/sqlalchemy/engines.py:325}}
Jul 27 02:53:15.295479 np0000005861 nova-conductor[95883]: DEBUG nova.service [None req-3a74fe4c-d1fa-475e-969f-09ba51a486b5 None None] Creating RPC server for service: nova-conductor on topic: conductor {{(pid=95883) start /opt/stack/nova/nova/service.py:196}}
Jul 27 02:53:15.306486 np0000005861 nova-conductor[95890]: DEBUG dbcounter [-] [95890] Writer thread running {{(pid=95890) stat_writer /opt/stack/data/venv/lib/python3.12/site-packages/dbcounter.py:102}}
Jul 27 02:53:15.308085 np0000005861 nova-conductor[95894]: DEBUG dbcounter [-] [95894] Writer thread running {{(pid=95894) stat_writer /opt/stack/data/venv/lib/python3.12/site-packages/dbcounter.py:102}}
Jul 27 02:53:15.309845 np0000005861 nova-conductor[95890]: DEBUG nova.service [None req-61c57b2d-ab43-43c7-98ec-cb9744bf0f74 None None] Creating RPC server for service: nova-conductor on topic: conductor {{(pid=95890) start /opt/stack/nova/nova/service.py:196}}
Jul 27 02:53:15.310628 np0000005861 nova-conductor[95894]: DEBUG nova.service [None req-5401527e-a698-4a3a-91aa-08d01739444f None None] Creating RPC server for service: nova-conductor on topic: conductor {{(pid=95894) start /opt/stack/nova/nova/service.py:196}}
Jul 27 02:53:15.320545 np0000005861 nova-conductor[95883]: DEBUG nova.service [None req-3a74fe4c-d1fa-475e-969f-09ba51a486b5 None None] Join ServiceGroup membership for this service conductor {{(pid=95883) start /opt/stack/nova/nova/service.py:222}}
Jul 27 02:53:15.320545 np0000005861 nova-conductor[95883]: DEBUG nova.servicegroup.drivers.db [None req-3a74fe4c-d1fa-475e-969f-09ba51a486b5 None None] DB_Driver: join new ServiceGroup member np0000005861 to the conductor group, service = {{(pid=95883) join /opt/stack/nova/nova/servicegroup/drivers/db.py:44}}
Jul 27 02:53:15.330000 np0000005861 nova-conductor[95894]: DEBUG nova.service [None req-5401527e-a698-4a3a-91aa-08d01739444f None None] Join ServiceGroup membership for this service conductor {{(pid=95894) start /opt/stack/nova/nova/service.py:222}}
Jul 27 02:53:15.330155 np0000005861 nova-conductor[95894]: DEBUG nova.servicegroup.drivers.db [None req-5401527e-a698-4a3a-91aa-08d01739444f None None] DB_Driver: join new ServiceGroup member np0000005861 to the conductor group, service = {{(pid=95894) join /opt/stack/nova/nova/servicegroup/drivers/db.py:44}}
Jul 27 02:53:15.332016 np0000005861 nova-conductor[95890]: DEBUG nova.service [None req-61c57b2d-ab43-43c7-98ec-cb9744bf0f74 None None] Join ServiceGroup membership for this service conductor {{(pid=95890) start /opt/stack/nova/nova/service.py:222}}
Jul 27 02:53:15.332176 np0000005861 nova-conductor[95890]: DEBUG nova.servicegroup.drivers.db [None req-61c57b2d-ab43-43c7-98ec-cb9744bf0f74 None None] DB_Driver: join new ServiceGroup member np0000005861 to the conductor group, service = {{(pid=95890) join /opt/stack/nova/nova/servicegroup/drivers/db.py:44}}
Jul 27 02:53:17.324876 np0000005861 nova-conductor[95883]: DEBUG oslo.service.backend._threading.loopingcall [None req-eb85367c-cff3-478d-aaff-fc4de2e0d7dd None None] Dynamic interval looping call 'nova.service.Service.periodic_tasks' sleeping for 60.00 seconds {{(pid=95883) _run_loop /opt/stack/data/venv/lib/python3.12/site-packages/oslo_service/backend/_threading/loopingcall.py:125}}
Jul 27 02:53:20.348317 np0000005861 nova-conductor[95883]: DEBUG oslo.service.backend._threading.loopingcall [-] Fixed interval looping call 'nova.servicegroup.drivers.db.DbDriver._report_state' sleeping for 119.98 seconds {{(pid=95883) _run_loop /opt/stack/data/venv/lib/python3.12/site-packages/oslo_service/backend/_threading/loopingcall.py:125}}
Jul 27 02:53:20.348941 np0000005861 nova-conductor[95890]: DEBUG oslo.service.backend._threading.loopingcall [-] Fixed interval looping call 'nova.servicegroup.drivers.db.DbDriver._report_state' sleeping for 119.99 seconds {{(pid=95890) _run_loop /opt/stack/data/venv/lib/python3.12/site-packages/oslo_service/backend/_threading/loopingcall.py:125}}
Jul 27 02:53:20.349315 np0000005861 nova-conductor[95894]: DEBUG oslo.service.backend._threading.loopingcall [-] Fixed interval looping call 'nova.servicegroup.drivers.db.DbDriver._report_state' sleeping for 119.98 seconds {{(pid=95894) _run_loop /opt/stack/data/venv/lib/python3.12/site-packages/oslo_service/backend/_threading/loopingcall.py:125}}
Jul 27 02:53:23.907749 np0000005861 nova-conductor[94382]: DEBUG dbcounter [-] [94382] Writing DB stats nova_api:SELECT=1 {{(pid=94382) stat_writer /opt/stack/data/venv/lib/python3.12/site-packages/dbcounter.py:115}}
Jul 27 02:53:24.034084 np0000005861 nova-conductor[94382]: DEBUG dbcounter [-] [94382] Writing DB stats nova_cell1:SELECT=1 {{(pid=94382) stat_writer /opt/stack/data/venv/lib/python3.12/site-packages/dbcounter.py:115}}
Jul 27 02:53:24.038327 np0000005861 nova-conductor[94382]: DEBUG dbcounter [-] [94382] Writing DB stats nova_cell0:SELECT=1 {{(pid=94382) stat_writer /opt/stack/data/venv/lib/python3.12/site-packages/dbcounter.py:115}}
Jul 27 02:53:30.335740 np0000005861 nova-conductor[95883]: DEBUG dbcounter [-] [95883] Writing DB stats nova_cell0:SELECT=4,nova_cell0:INSERT=1,nova_cell0:UPDATE=1 {{(pid=95883) stat_writer /opt/stack/data/venv/lib/python3.12/site-packages/dbcounter.py:115}}
Jul 27 02:53:30.346793 np0000005861 nova-conductor[95890]: DEBUG dbcounter [-] [95890] Writing DB stats nova_cell0:SELECT=3,nova_cell0:UPDATE=1 {{(pid=95890) stat_writer /opt/stack/data/venv/lib/python3.12/site-packages/dbcounter.py:115}}
Jul 27 02:53:30.349941 np0000005861 nova-conductor[95894]: DEBUG dbcounter [-] [95894] Writing DB stats nova_cell0:SELECT=3,nova_cell0:UPDATE=1 {{(pid=95894) stat_writer /opt/stack/data/venv/lib/python3.12/site-packages/dbcounter.py:115}}
Jul 27 02:53:53.334339 np0000005861 nova-conductor[95890]: DEBUG oslo.service.backend._threading.loopingcall [None req-c5a444fe-d6cd-4019-a9f7-762c068745de None None] Dynamic interval looping call 'nova.service.Service.periodic_tasks' sleeping for 60.00 seconds {{(pid=95890) _run_loop /opt/stack/data/venv/lib/python3.12/site-packages/oslo_service/backend/_threading/loopingcall.py:125}}
Jul 27 02:54:11.332579 np0000005861 nova-conductor[95894]: DEBUG oslo.service.backend._threading.loopingcall [None req-3acd959e-b870-402e-ba98-b4cf14a75eb3 None None] Dynamic interval looping call 'nova.service.Service.periodic_tasks' sleeping for 60.00 seconds {{(pid=95894) _run_loop /opt/stack/data/venv/lib/python3.12/site-packages/oslo_service/backend/_threading/loopingcall.py:125}}
Jul 27 02:54:17.325378 np0000005861 nova-conductor[95883]: DEBUG oslo.service.backend._threading.loopingcall [None req-eb85367c-cff3-478d-aaff-fc4de2e0d7dd None None] Dynamic interval looping call 'nova.service.Service.periodic_tasks' sleeping for 60.00 seconds {{(pid=95883) _run_loop /opt/stack/data/venv/lib/python3.12/site-packages/oslo_service/backend/_threading/loopingcall.py:125}}
Jul 27 02:54:53.334855 np0000005861 nova-conductor[95890]: DEBUG oslo.service.backend._threading.loopingcall [None req-c5a444fe-d6cd-4019-a9f7-762c068745de None None] Dynamic interval looping call 'nova.service.Service.periodic_tasks' sleeping for 60.00 seconds {{(pid=95890) _run_loop /opt/stack/data/venv/lib/python3.12/site-packages/oslo_service/backend/_threading/loopingcall.py:125}}
Jul 27 02:55:11.333109 np0000005861 nova-conductor[95894]: DEBUG oslo.service.backend._threading.loopingcall [None req-3acd959e-b870-402e-ba98-b4cf14a75eb3 None None] Dynamic interval looping call 'nova.service.Service.periodic_tasks' sleeping for 60.00 seconds {{(pid=95894) _run_loop /opt/stack/data/venv/lib/python3.12/site-packages/oslo_service/backend/_threading/loopingcall.py:125}}
Jul 27 02:55:17.325877 np0000005861 nova-conductor[95883]: DEBUG oslo.service.backend._threading.loopingcall [None req-eb85367c-cff3-478d-aaff-fc4de2e0d7dd None None] Dynamic interval looping call 'nova.service.Service.periodic_tasks' sleeping for 60.00 seconds {{(pid=95883) _run_loop /opt/stack/data/venv/lib/python3.12/site-packages/oslo_service/backend/_threading/loopingcall.py:125}}
Jul 27 02:55:20.337426 np0000005861 nova-conductor[95894]: DEBUG oslo.service.backend._threading.loopingcall [-] Fixed interval looping call 'nova.servicegroup.drivers.db.DbDriver._report_state' sleeping for 119.99 seconds {{(pid=95894) _run_loop /opt/stack/data/venv/lib/python3.12/site-packages/oslo_service/backend/_threading/loopingcall.py:125}}
Jul 27 02:55:20.337861 np0000005861 nova-conductor[95883]: DEBUG oslo.service.backend._threading.loopingcall [-] Fixed interval looping call 'nova.servicegroup.drivers.db.DbDriver._report_state' sleeping for 119.99 seconds {{(pid=95883) _run_loop /opt/stack/data/venv/lib/python3.12/site-packages/oslo_service/backend/_threading/loopingcall.py:125}}
Jul 27 02:55:20.343840 np0000005861 nova-conductor[95890]: DEBUG oslo.service.backend._threading.loopingcall [-] Fixed interval looping call 'nova.servicegroup.drivers.db.DbDriver._report_state' sleeping for 120.00 seconds {{(pid=95890) _run_loop /opt/stack/data/venv/lib/python3.12/site-packages/oslo_service/backend/_threading/loopingcall.py:125}}
Jul 27 02:55:30.332315 np0000005861 nova-conductor[95894]: DEBUG dbcounter [-] [95894] Writing DB stats nova_cell0:SELECT=1,nova_cell0:UPDATE=1 {{(pid=95894) stat_writer /opt/stack/data/venv/lib/python3.12/site-packages/dbcounter.py:115}}
Jul 27 02:55:30.335796 np0000005861 nova-conductor[95883]: DEBUG dbcounter [-] [95883] Writing DB stats nova_cell0:SELECT=1,nova_cell0:UPDATE=1 {{(pid=95883) stat_writer /opt/stack/data/venv/lib/python3.12/site-packages/dbcounter.py:115}}
Jul 27 02:55:30.341476 np0000005861 nova-conductor[95890]: DEBUG dbcounter [-] [95890] Writing DB stats nova_cell0:SELECT=1 {{(pid=95890) stat_writer /opt/stack/data/venv/lib/python3.12/site-packages/dbcounter.py:115}}
Jul 27 02:55:39.059715 np0000005861 nova-conductor[95883]: DEBUG oslo_db.sqlalchemy.engines [None req-9019eeec-a3a7-42ae-a48e-61a437317512 tempest-DeleteServersTestJSON-831880296 tempest-DeleteServersTestJSON-831880296-project-member] Parent process 94382 forked (95883) with an open database connection, which is being discarded and recreated. {{(pid=95883) checkout /opt/stack/data/venv/lib/python3.12/site-packages/oslo_db/sqlalchemy/engines.py:402}}
Jul 27 02:55:39.103155 np0000005861 nova-conductor[95883]: DEBUG dbcounter [-] [95883] Writer thread running {{(pid=95883) stat_writer /opt/stack/data/venv/lib/python3.12/site-packages/dbcounter.py:102}}
Jul 27 02:55:40.511255 np0000005861 nova-conductor[95883]: DEBUG nova.conductor.manager [None req-9019eeec-a3a7-42ae-a48e-61a437317512 tempest-DeleteServersTestJSON-831880296 tempest-DeleteServersTestJSON-831880296-project-member] Took 1.40 seconds to select destinations for 1 instance(s). {{(pid=95883) _schedule_instances /opt/stack/nova/nova/conductor/manager.py:968}}
Jul 27 02:55:40.541223 np0000005861 nova-conductor[95883]: DEBUG oslo_concurrency.lockutils [None req-9019eeec-a3a7-42ae-a48e-61a437317512 tempest-DeleteServersTestJSON-831880296 tempest-DeleteServersTestJSON-831880296-project-member] Acquiring lock "b61b47d9-f5ce-4e2a-8cbe-7f0399da6986" by "nova.context.set_target_cell..get_or_set_cached_cell_and_set_connections" {{(pid=95883) inner /opt/stack/data/venv/lib/python3.12/site-packages/oslo_concurrency/lockutils.py:512}}
Jul 27 02:55:40.541438 np0000005861 nova-conductor[95883]: DEBUG oslo_concurrency.lockutils [None req-9019eeec-a3a7-42ae-a48e-61a437317512 tempest-DeleteServersTestJSON-831880296 tempest-DeleteServersTestJSON-831880296-project-member] Lock "b61b47d9-f5ce-4e2a-8cbe-7f0399da6986" acquired by "nova.context.set_target_cell..get_or_set_cached_cell_and_set_connections" :: waited 0.000s {{(pid=95883) inner /opt/stack/data/venv/lib/python3.12/site-packages/oslo_concurrency/lockutils.py:525}}
Jul 27 02:55:40.542800 np0000005861 nova-conductor[95883]: DEBUG oslo_concurrency.lockutils [None req-9019eeec-a3a7-42ae-a48e-61a437317512 tempest-DeleteServersTestJSON-831880296 tempest-DeleteServersTestJSON-831880296-project-member] Lock "b61b47d9-f5ce-4e2a-8cbe-7f0399da6986" "released" by "nova.context.set_target_cell..get_or_set_cached_cell_and_set_connections" :: held 0.001s {{(pid=95883) inner /opt/stack/data/venv/lib/python3.12/site-packages/oslo_concurrency/lockutils.py:544}}
Jul 27 02:55:40.545762 np0000005861 nova-conductor[95883]: INFO dbcounter [None req-9019eeec-a3a7-42ae-a48e-61a437317512 tempest-DeleteServersTestJSON-831880296 tempest-DeleteServersTestJSON-831880296-project-member] Registered counter for database nova_cell1
Jul 27 02:55:40.586625 np0000005861 nova-conductor[95883]: DEBUG oslo_db.sqlalchemy.engines [None req-9019eeec-a3a7-42ae-a48e-61a437317512 tempest-DeleteServersTestJSON-831880296 tempest-DeleteServersTestJSON-831880296-project-member] MySQL server mode set to STRICT_TRANS_TABLES,STRICT_ALL_TABLES,NO_ZERO_IN_DATE,NO_ZERO_DATE,ERROR_FOR_DIVISION_BY_ZERO,TRADITIONAL,NO_ENGINE_SUBSTITUTION {{(pid=95883) _check_effective_sql_mode /opt/stack/data/venv/lib/python3.12/site-packages/oslo_db/sqlalchemy/engines.py:325}}
Jul 27 02:55:40.592179 np0000005861 nova-conductor[95883]: DEBUG dbcounter [-] [95883] Writer thread running {{(pid=95883) stat_writer /opt/stack/data/venv/lib/python3.12/site-packages/dbcounter.py:102}}
Jul 27 02:55:40.681302 np0000005861 nova-conductor[95883]: INFO nova.utils [None req-9019eeec-a3a7-42ae-a48e-61a437317512 tempest-DeleteServersTestJSON-831880296 tempest-DeleteServersTestJSON-831880296-project-member] The cell worker thread pool ForkProcess-1.cell_worker is initialized
Jul 27 02:55:40.681663 np0000005861 nova-conductor[95883]: DEBUG oslo_concurrency.lockutils [None req-9019eeec-a3a7-42ae-a48e-61a437317512 tempest-DeleteServersTestJSON-831880296 tempest-DeleteServersTestJSON-831880296-project-member] Acquiring lock "00000000-0000-0000-0000-000000000000" by "nova.context.set_target_cell..get_or_set_cached_cell_and_set_connections" {{(pid=95883) inner /opt/stack/data/venv/lib/python3.12/site-packages/oslo_concurrency/lockutils.py:512}}
Jul 27 02:55:40.681868 np0000005861 nova-conductor[95883]: DEBUG oslo_concurrency.lockutils [None req-9019eeec-a3a7-42ae-a48e-61a437317512 tempest-DeleteServersTestJSON-831880296 tempest-DeleteServersTestJSON-831880296-project-member] Lock "00000000-0000-0000-0000-000000000000" acquired by "nova.context.set_target_cell..get_or_set_cached_cell_and_set_connections" :: waited 0.000s {{(pid=95883) inner /opt/stack/data/venv/lib/python3.12/site-packages/oslo_concurrency/lockutils.py:525}}
Jul 27 02:55:40.682228 np0000005861 nova-conductor[95883]: DEBUG oslo_concurrency.lockutils [None req-9019eeec-a3a7-42ae-a48e-61a437317512 tempest-DeleteServersTestJSON-831880296 tempest-DeleteServersTestJSON-831880296-project-member] Lock "00000000-0000-0000-0000-000000000000" "released" by "nova.context.set_target_cell..get_or_set_cached_cell_and_set_connections" :: held 0.000s {{(pid=95883) inner /opt/stack/data/venv/lib/python3.12/site-packages/oslo_concurrency/lockutils.py:544}}
Jul 27 02:55:40.682881 np0000005861 nova-conductor[95883]: DEBUG oslo_concurrency.lockutils [None req-9019eeec-a3a7-42ae-a48e-61a437317512 tempest-DeleteServersTestJSON-831880296 tempest-DeleteServersTestJSON-831880296-project-member] Acquiring lock "b61b47d9-f5ce-4e2a-8cbe-7f0399da6986" by "nova.context.set_target_cell..get_or_set_cached_cell_and_set_connections" {{(pid=95883) inner /opt/stack/data/venv/lib/python3.12/site-packages/oslo_concurrency/lockutils.py:512}}
Jul 27 02:55:40.685146 np0000005861 nova-conductor[95883]: DEBUG oslo_concurrency.lockutils [None req-9019eeec-a3a7-42ae-a48e-61a437317512 tempest-DeleteServersTestJSON-831880296 tempest-DeleteServersTestJSON-831880296-project-member] Lock "b61b47d9-f5ce-4e2a-8cbe-7f0399da6986" acquired by "nova.context.set_target_cell..get_or_set_cached_cell_and_set_connections" :: waited 0.001s {{(pid=95883) inner /opt/stack/data/venv/lib/python3.12/site-packages/oslo_concurrency/lockutils.py:525}}
Jul 27 02:55:40.685146 np0000005861 nova-conductor[95883]: INFO dbcounter [None req-9019eeec-a3a7-42ae-a48e-61a437317512 tempest-DeleteServersTestJSON-831880296 tempest-DeleteServersTestJSON-831880296-project-member] Registered counter for database nova_cell0
Jul 27 02:55:40.685915 np0000005861 nova-conductor[95883]: DEBUG oslo_concurrency.lockutils [None req-9019eeec-a3a7-42ae-a48e-61a437317512 tempest-DeleteServersTestJSON-831880296 tempest-DeleteServersTestJSON-831880296-project-member] Lock "b61b47d9-f5ce-4e2a-8cbe-7f0399da6986" "released" by "nova.context.set_target_cell..get_or_set_cached_cell_and_set_connections" :: held 0.000s {{(pid=95883) inner /opt/stack/data/venv/lib/python3.12/site-packages/oslo_concurrency/lockutils.py:544}}
Jul 27 02:55:40.712350 np0000005861 nova-conductor[95894]: DEBUG dbcounter [-] [95894] Writer thread running {{(pid=95894) stat_writer /opt/stack/data/venv/lib/python3.12/site-packages/dbcounter.py:102}}
Jul 27 02:55:40.733403 np0000005861 nova-conductor[95883]: DEBUG oslo_db.sqlalchemy.engines [None req-9019eeec-a3a7-42ae-a48e-61a437317512 tempest-DeleteServersTestJSON-831880296 tempest-DeleteServersTestJSON-831880296-project-member] MySQL server mode set to STRICT_TRANS_TABLES,STRICT_ALL_TABLES,NO_ZERO_IN_DATE,NO_ZERO_DATE,ERROR_FOR_DIVISION_BY_ZERO,TRADITIONAL,NO_ENGINE_SUBSTITUTION {{(pid=95883) _check_effective_sql_mode /opt/stack/data/venv/lib/python3.12/site-packages/oslo_db/sqlalchemy/engines.py:325}}
Jul 27 02:55:40.742735 np0000005861 nova-conductor[95883]: DEBUG dbcounter [-] [95883] Writer thread running {{(pid=95883) stat_writer /opt/stack/data/venv/lib/python3.12/site-packages/dbcounter.py:102}}
Jul 27 02:55:40.754795 np0000005861 nova-conductor[95883]: DEBUG nova.quota [None req-9019eeec-a3a7-42ae-a48e-61a437317512 tempest-DeleteServersTestJSON-831880296 tempest-DeleteServersTestJSON-831880296-project-member] Getting quotas for project 6255cf094c924282b42f915a854d4a6a. Resources: {'ram', 'cores', 'instances'} {{(pid=95883) _get_quotas /opt/stack/nova/nova/quota.py:389}}
Jul 27 02:55:40.762327 np0000005861 nova-conductor[95883]: DEBUG nova.quota [None req-9019eeec-a3a7-42ae-a48e-61a437317512 tempest-DeleteServersTestJSON-831880296 tempest-DeleteServersTestJSON-831880296-project-member] Getting quotas for user e60fd3907cb9434e8e6f4a3ade3fba7b and project 6255cf094c924282b42f915a854d4a6a. Resources: {'ram', 'cores', 'instances'} {{(pid=95883) _get_quotas /opt/stack/nova/nova/quota.py:379}}
Jul 27 02:55:40.775309 np0000005861 nova-conductor[95883]: DEBUG nova.conductor.manager [None req-9019eeec-a3a7-42ae-a48e-61a437317512 tempest-DeleteServersTestJSON-831880296 tempest-DeleteServersTestJSON-831880296-project-member] [instance: 840f215e-2ea0-4b7b-8e17-90c0516e0f5e] Selected host: np0000005861; Selected node: np0000005861; Alternates: [] {{(pid=95883) schedule_and_build_instances /opt/stack/nova/nova/conductor/manager.py:1784}}
Jul 27 02:55:40.775309 np0000005861 nova-conductor[95883]: DEBUG oslo_concurrency.lockutils [None req-9019eeec-a3a7-42ae-a48e-61a437317512 tempest-DeleteServersTestJSON-831880296 tempest-DeleteServersTestJSON-831880296-project-member] Acquiring lock "b61b47d9-f5ce-4e2a-8cbe-7f0399da6986" by "nova.context.set_target_cell..get_or_set_cached_cell_and_set_connections" {{(pid=95883) inner /opt/stack/data/venv/lib/python3.12/site-packages/oslo_concurrency/lockutils.py:512}}
Jul 27 02:55:40.775309 np0000005861 nova-conductor[95883]: DEBUG oslo_concurrency.lockutils [None req-9019eeec-a3a7-42ae-a48e-61a437317512 tempest-DeleteServersTestJSON-831880296 tempest-DeleteServersTestJSON-831880296-project-member] Lock "b61b47d9-f5ce-4e2a-8cbe-7f0399da6986" acquired by "nova.context.set_target_cell..get_or_set_cached_cell_and_set_connections" :: waited 0.000s {{(pid=95883) inner /opt/stack/data/venv/lib/python3.12/site-packages/oslo_concurrency/lockutils.py:525}}
Jul 27 02:55:40.775309 np0000005861 nova-conductor[95883]: DEBUG oslo_concurrency.lockutils [None req-9019eeec-a3a7-42ae-a48e-61a437317512 tempest-DeleteServersTestJSON-831880296 tempest-DeleteServersTestJSON-831880296-project-member] Lock "b61b47d9-f5ce-4e2a-8cbe-7f0399da6986" "released" by "nova.context.set_target_cell..get_or_set_cached_cell_and_set_connections" :: held 0.000s {{(pid=95883) inner /opt/stack/data/venv/lib/python3.12/site-packages/oslo_concurrency/lockutils.py:544}}
Jul 27 02:55:40.801516 np0000005861 nova-conductor[95883]: DEBUG nova.conductor.manager [None req-9019eeec-a3a7-42ae-a48e-61a437317512 tempest-DeleteServersTestJSON-831880296 tempest-DeleteServersTestJSON-831880296-project-member] [instance: 840f215e-2ea0-4b7b-8e17-90c0516e0f5e] block_device_mapping [BlockDeviceMapping(attachment_id=,boot_index=0,connection_info=None,created_at=,delete_on_termination=True,deleted=,deleted_at=,destination_type='local',device_name=None,device_type='disk',disk_bus=None,encrypted=False,encryption_format=None,encryption_options=None,encryption_secret_uuid=None,guest_format=None,id=,image_id='c3d144f6-20cb-4d98-89e1-5b47dcfe53c9',instance=,instance_uuid=,no_device=False,snapshot_id=None,source_type='image',tag=None,updated_at=,uuid=,volume_id=None,volume_size=None,volume_type=None)] {{(pid=95883) _create_block_device_mapping /opt/stack/nova/nova/conductor/manager.py:1529}}
Jul 27 02:55:40.804091 np0000005861 nova-conductor[95883]: DEBUG oslo_concurrency.lockutils [None req-9019eeec-a3a7-42ae-a48e-61a437317512 tempest-DeleteServersTestJSON-831880296 tempest-DeleteServersTestJSON-831880296-project-member] Acquiring lock "b61b47d9-f5ce-4e2a-8cbe-7f0399da6986" by "nova.context.set_target_cell..get_or_set_cached_cell_and_set_connections" {{(pid=95883) inner /opt/stack/data/venv/lib/python3.12/site-packages/oslo_concurrency/lockutils.py:512}}
Jul 27 02:55:40.805185 np0000005861 nova-conductor[95883]: DEBUG oslo_concurrency.lockutils [None req-9019eeec-a3a7-42ae-a48e-61a437317512 tempest-DeleteServersTestJSON-831880296 tempest-DeleteServersTestJSON-831880296-project-member] Lock "b61b47d9-f5ce-4e2a-8cbe-7f0399da6986" acquired by "nova.context.set_target_cell..get_or_set_cached_cell_and_set_connections" :: waited 0.001s {{(pid=95883) inner /opt/stack/data/venv/lib/python3.12/site-packages/oslo_concurrency/lockutils.py:525}}
Jul 27 02:55:40.805477 np0000005861 nova-conductor[95883]: DEBUG oslo_concurrency.lockutils [None req-9019eeec-a3a7-42ae-a48e-61a437317512 tempest-DeleteServersTestJSON-831880296 tempest-DeleteServersTestJSON-831880296-project-member] Lock "b61b47d9-f5ce-4e2a-8cbe-7f0399da6986" "released" by "nova.context.set_target_cell..get_or_set_cached_cell_and_set_connections" :: held 0.000s {{(pid=95883) inner /opt/stack/data/venv/lib/python3.12/site-packages/oslo_concurrency/lockutils.py:544}}
Jul 27 02:55:40.882564 np0000005861 nova-conductor[95883]: DEBUG oslo_concurrency.lockutils [None req-9019eeec-a3a7-42ae-a48e-61a437317512 tempest-DeleteServersTestJSON-831880296 tempest-DeleteServersTestJSON-831880296-project-member] Acquiring lock "b61b47d9-f5ce-4e2a-8cbe-7f0399da6986" by "nova.context.set_target_cell..get_or_set_cached_cell_and_set_connections" {{(pid=95883) inner /opt/stack/data/venv/lib/python3.12/site-packages/oslo_concurrency/lockutils.py:512}}
Jul 27 02:55:40.882710 np0000005861 nova-conductor[95883]: DEBUG oslo_concurrency.lockutils [None req-9019eeec-a3a7-42ae-a48e-61a437317512 tempest-DeleteServersTestJSON-831880296 tempest-DeleteServersTestJSON-831880296-project-member] Lock "b61b47d9-f5ce-4e2a-8cbe-7f0399da6986" acquired by "nova.context.set_target_cell..get_or_set_cached_cell_and_set_connections" :: waited 0.000s {{(pid=95883) inner /opt/stack/data/venv/lib/python3.12/site-packages/oslo_concurrency/lockutils.py:525}}
Jul 27 02:55:40.882818 np0000005861 nova-conductor[95883]: DEBUG oslo_concurrency.lockutils [None req-9019eeec-a3a7-42ae-a48e-61a437317512 tempest-DeleteServersTestJSON-831880296 tempest-DeleteServersTestJSON-831880296-project-member] Lock "b61b47d9-f5ce-4e2a-8cbe-7f0399da6986" "released" by "nova.context.set_target_cell..get_or_set_cached_cell_and_set_connections" :: held 0.000s {{(pid=95883) inner /opt/stack/data/venv/lib/python3.12/site-packages/oslo_concurrency/lockutils.py:544}}
Jul 27 02:55:40.882990 np0000005861 nova-conductor[95883]: DEBUG oslo_concurrency.lockutils [None req-9019eeec-a3a7-42ae-a48e-61a437317512 tempest-DeleteServersTestJSON-831880296 tempest-DeleteServersTestJSON-831880296-project-member] Acquiring lock "compute-rpcapi-router" {{(pid=95883) lock /opt/stack/data/venv/lib/python3.12/site-packages/oslo_concurrency/lockutils.py:396}}
Jul 27 02:55:40.883072 np0000005861 nova-conductor[95883]: DEBUG oslo_concurrency.lockutils [None req-9019eeec-a3a7-42ae-a48e-61a437317512 tempest-DeleteServersTestJSON-831880296 tempest-DeleteServersTestJSON-831880296-project-member] Acquired lock "compute-rpcapi-router" {{(pid=95883) lock /opt/stack/data/venv/lib/python3.12/site-packages/oslo_concurrency/lockutils.py:399}}
Jul 27 02:55:40.883366 np0000005861 nova-conductor[95883]: DEBUG oslo_concurrency.lockutils [None req-694340fc-824f-4c90-a36a-494eaa96185f None None] Acquiring lock "00000000-0000-0000-0000-000000000000" by "nova.context.set_target_cell..get_or_set_cached_cell_and_set_connections" {{(pid=95883) inner /opt/stack/data/venv/lib/python3.12/site-packages/oslo_concurrency/lockutils.py:512}}
Jul 27 02:55:40.883509 np0000005861 nova-conductor[95883]: DEBUG oslo_concurrency.lockutils [None req-694340fc-824f-4c90-a36a-494eaa96185f None None] Lock "00000000-0000-0000-0000-000000000000" acquired by "nova.context.set_target_cell..get_or_set_cached_cell_and_set_connections" :: waited 0.000s {{(pid=95883) inner /opt/stack/data/venv/lib/python3.12/site-packages/oslo_concurrency/lockutils.py:525}}
Jul 27 02:55:40.883601 np0000005861 nova-conductor[95883]: DEBUG oslo_concurrency.lockutils [None req-694340fc-824f-4c90-a36a-494eaa96185f None None] Lock "00000000-0000-0000-0000-000000000000" "released" by "nova.context.set_target_cell..get_or_set_cached_cell_and_set_connections" :: held 0.000s {{(pid=95883) inner /opt/stack/data/venv/lib/python3.12/site-packages/oslo_concurrency/lockutils.py:544}}
Jul 27 02:55:40.884180 np0000005861 nova-conductor[95883]: DEBUG oslo_concurrency.lockutils [None req-694340fc-824f-4c90-a36a-494eaa96185f None None] Acquiring lock "b61b47d9-f5ce-4e2a-8cbe-7f0399da6986" by "nova.context.set_target_cell..get_or_set_cached_cell_and_set_connections" {{(pid=95883) inner /opt/stack/data/venv/lib/python3.12/site-packages/oslo_concurrency/lockutils.py:512}}
Jul 27 02:55:40.884286 np0000005861 nova-conductor[95883]: DEBUG oslo_concurrency.lockutils [None req-694340fc-824f-4c90-a36a-494eaa96185f None None] Lock "b61b47d9-f5ce-4e2a-8cbe-7f0399da6986" acquired by "nova.context.set_target_cell..get_or_set_cached_cell_and_set_connections" :: waited 0.000s {{(pid=95883) inner /opt/stack/data/venv/lib/python3.12/site-packages/oslo_concurrency/lockutils.py:525}}
Jul 27 02:55:40.884380 np0000005861 nova-conductor[95883]: DEBUG oslo_concurrency.lockutils [None req-694340fc-824f-4c90-a36a-494eaa96185f None None] Lock "b61b47d9-f5ce-4e2a-8cbe-7f0399da6986" "released" by "nova.context.set_target_cell..get_or_set_cached_cell_and_set_connections" :: held 0.000s {{(pid=95883) inner /opt/stack/data/venv/lib/python3.12/site-packages/oslo_concurrency/lockutils.py:544}}
Jul 27 02:55:40.896336 np0000005861 nova-conductor[95883]: INFO nova.compute.rpcapi [None req-694340fc-824f-4c90-a36a-494eaa96185f None None] Automatically selected compute RPC version 6.5 from minimum service version 72
Jul 27 02:55:40.896788 np0000005861 nova-conductor[95883]: DEBUG oslo_concurrency.lockutils [None req-694340fc-824f-4c90-a36a-494eaa96185f None None] Releasing lock "compute-rpcapi-router" {{(pid=95883) lock /opt/stack/data/venv/lib/python3.12/site-packages/oslo_concurrency/lockutils.py:419}}
Jul 27 02:55:41.300367 np0000005861 nova-conductor[95894]: DEBUG nova.conductor.manager [None req-8e737bfe-65c7-4844-a340-1a373a1ff49b tempest-AttachVolumeTestJSON-202871512 tempest-AttachVolumeTestJSON-202871512-project-member] Took 0.59 seconds to select destinations for 1 instance(s). {{(pid=95894) _schedule_instances /opt/stack/nova/nova/conductor/manager.py:968}}
Jul 27 02:55:41.361583 np0000005861 nova-conductor[95894]: DEBUG oslo_concurrency.lockutils [None req-8e737bfe-65c7-4844-a340-1a373a1ff49b tempest-AttachVolumeTestJSON-202871512 tempest-AttachVolumeTestJSON-202871512-project-member] Acquiring lock "b61b47d9-f5ce-4e2a-8cbe-7f0399da6986" by "nova.context.set_target_cell..get_or_set_cached_cell_and_set_connections" {{(pid=95894) inner /opt/stack/data/venv/lib/python3.12/site-packages/oslo_concurrency/lockutils.py:512}}
Jul 27 02:55:41.361815 np0000005861 nova-conductor[95894]: DEBUG oslo_concurrency.lockutils [None req-8e737bfe-65c7-4844-a340-1a373a1ff49b tempest-AttachVolumeTestJSON-202871512 tempest-AttachVolumeTestJSON-202871512-project-member] Lock "b61b47d9-f5ce-4e2a-8cbe-7f0399da6986" acquired by "nova.context.set_target_cell..get_or_set_cached_cell_and_set_connections" :: waited 0.000s {{(pid=95894) inner /opt/stack/data/venv/lib/python3.12/site-packages/oslo_concurrency/lockutils.py:525}}
Jul 27 02:55:41.363489 np0000005861 nova-conductor[95894]: DEBUG oslo_concurrency.lockutils [None req-8e737bfe-65c7-4844-a340-1a373a1ff49b tempest-AttachVolumeTestJSON-202871512 tempest-AttachVolumeTestJSON-202871512-project-member] Lock "b61b47d9-f5ce-4e2a-8cbe-7f0399da6986" "released" by "nova.context.set_target_cell..get_or_set_cached_cell_and_set_connections" :: held 0.001s {{(pid=95894) inner /opt/stack/data/venv/lib/python3.12/site-packages/oslo_concurrency/lockutils.py:544}}
Jul 27 02:55:41.366088 np0000005861 nova-conductor[95894]: INFO dbcounter [None req-8e737bfe-65c7-4844-a340-1a373a1ff49b tempest-AttachVolumeTestJSON-202871512 tempest-AttachVolumeTestJSON-202871512-project-member] Registered counter for database nova_cell1
Jul 27 02:55:41.409606 np0000005861 nova-conductor[95894]: DEBUG oslo_db.sqlalchemy.engines [None req-8e737bfe-65c7-4844-a340-1a373a1ff49b tempest-AttachVolumeTestJSON-202871512 tempest-AttachVolumeTestJSON-202871512-project-member] MySQL server mode set to STRICT_TRANS_TABLES,STRICT_ALL_TABLES,NO_ZERO_IN_DATE,NO_ZERO_DATE,ERROR_FOR_DIVISION_BY_ZERO,TRADITIONAL,NO_ENGINE_SUBSTITUTION {{(pid=95894) _check_effective_sql_mode /opt/stack/data/venv/lib/python3.12/site-packages/oslo_db/sqlalchemy/engines.py:325}}
Jul 27 02:55:41.414989 np0000005861 nova-conductor[95894]: DEBUG dbcounter [-] [95894] Writer thread running {{(pid=95894) stat_writer /opt/stack/data/venv/lib/python3.12/site-packages/dbcounter.py:102}}
Jul 27 02:55:41.506618 np0000005861 nova-conductor[95894]: INFO nova.utils [None req-8e737bfe-65c7-4844-a340-1a373a1ff49b tempest-AttachVolumeTestJSON-202871512 tempest-AttachVolumeTestJSON-202871512-project-member] The cell worker thread pool ForkProcess-3.cell_worker is initialized
Jul 27 02:55:41.506951 np0000005861 nova-conductor[95894]: DEBUG oslo_concurrency.lockutils [None req-8e737bfe-65c7-4844-a340-1a373a1ff49b tempest-AttachVolumeTestJSON-202871512 tempest-AttachVolumeTestJSON-202871512-project-member] Acquiring lock "00000000-0000-0000-0000-000000000000" by "nova.context.set_target_cell..get_or_set_cached_cell_and_set_connections" {{(pid=95894) inner /opt/stack/data/venv/lib/python3.12/site-packages/oslo_concurrency/lockutils.py:512}}
Jul 27 02:55:41.507102 np0000005861 nova-conductor[95894]: DEBUG oslo_concurrency.lockutils [None req-8e737bfe-65c7-4844-a340-1a373a1ff49b tempest-AttachVolumeTestJSON-202871512 tempest-AttachVolumeTestJSON-202871512-project-member] Lock "00000000-0000-0000-0000-000000000000" acquired by "nova.context.set_target_cell..get_or_set_cached_cell_and_set_connections" :: waited 0.000s {{(pid=95894) inner /opt/stack/data/venv/lib/python3.12/site-packages/oslo_concurrency/lockutils.py:525}}
Jul 27 02:55:41.507450 np0000005861 nova-conductor[95894]: DEBUG oslo_concurrency.lockutils [None req-8e737bfe-65c7-4844-a340-1a373a1ff49b tempest-AttachVolumeTestJSON-202871512 tempest-AttachVolumeTestJSON-202871512-project-member] Lock "00000000-0000-0000-0000-000000000000" "released" by "nova.context.set_target_cell..get_or_set_cached_cell_and_set_connections" :: held 0.000s {{(pid=95894) inner /opt/stack/data/venv/lib/python3.12/site-packages/oslo_concurrency/lockutils.py:544}}
Jul 27 02:55:41.508210 np0000005861 nova-conductor[95894]: DEBUG oslo_concurrency.lockutils [None req-8e737bfe-65c7-4844-a340-1a373a1ff49b tempest-AttachVolumeTestJSON-202871512 tempest-AttachVolumeTestJSON-202871512-project-member] Acquiring lock "b61b47d9-f5ce-4e2a-8cbe-7f0399da6986" by "nova.context.set_target_cell..get_or_set_cached_cell_and_set_connections" {{(pid=95894) inner /opt/stack/data/venv/lib/python3.12/site-packages/oslo_concurrency/lockutils.py:512}}
Jul 27 02:55:41.508446 np0000005861 nova-conductor[95894]: DEBUG oslo_concurrency.lockutils [None req-8e737bfe-65c7-4844-a340-1a373a1ff49b tempest-AttachVolumeTestJSON-202871512 tempest-AttachVolumeTestJSON-202871512-project-member] Lock "b61b47d9-f5ce-4e2a-8cbe-7f0399da6986" acquired by "nova.context.set_target_cell..get_or_set_cached_cell_and_set_connections" :: waited 0.000s {{(pid=95894) inner /opt/stack/data/venv/lib/python3.12/site-packages/oslo_concurrency/lockutils.py:525}}
Jul 27 02:55:41.508611 np0000005861 nova-conductor[95894]: DEBUG oslo_concurrency.lockutils [None req-8e737bfe-65c7-4844-a340-1a373a1ff49b tempest-AttachVolumeTestJSON-202871512 tempest-AttachVolumeTestJSON-202871512-project-member] Lock "b61b47d9-f5ce-4e2a-8cbe-7f0399da6986" "released" by "nova.context.set_target_cell..get_or_set_cached_cell_and_set_connections" :: held 0.000s {{(pid=95894) inner /opt/stack/data/venv/lib/python3.12/site-packages/oslo_concurrency/lockutils.py:544}}
Jul 27 02:55:41.511529 np0000005861 nova-conductor[95894]: INFO dbcounter [None req-8e737bfe-65c7-4844-a340-1a373a1ff49b tempest-AttachVolumeTestJSON-202871512 tempest-AttachVolumeTestJSON-202871512-project-member] Registered counter for database nova_cell0
