Jul 27 02:54:08.343256 np0000005861 devstack@neutron-api.service[87671]: DEBUG neutron.api.v2.base [None req-8163e784-afba-4de9-adc1-5ca651bca7eb admin admin] Request body: {'network': {'admin_state_up': True, 'name': 'shared', 'shared': True}} {{(pid=87671) prepare_request_body /opt/stack/neutron/neutron/api/v2/base.py:727}}
Jul 27 02:54:08.354961 np0000005861 devstack@neutron-api.service[87671]: DEBUG neutron.pecan_wsgi.hooks.quota_enforcement [None req-8163e784-afba-4de9-adc1-5ca651bca7eb admin admin] Made reservation on behalf of f1552b33b66043d79c6a8b97173a15e4 for: {'network': 1} {{(pid=87671) before /opt/stack/neutron/neutron/pecan_wsgi/hooks/quota_enforcement.py:66}}
Jul 27 02:54:08.357370 np0000005861 devstack@neutron-api.service[87671]: DEBUG neutron_lib.callbacks.manager [None req-8163e784-afba-4de9-adc1-5ca651bca7eb admin admin] Publish callbacks ['neutron.plugins.ml2.plugin.SecurityGroupDbMixin._ensure_default_security_group_handler-1125081'] for network (None), before_create {{(pid=87671) _notify_loop /opt/stack/data/venv/lib/python3.12/site-packages/neutron_lib/callbacks/manager.py:184}}
Jul 27 02:54:08.382823 np0000005861 devstack@neutron-api.service[87671]: WARNING neutron.services.revisions.revision_plugin [None req-8163e784-afba-4de9-adc1-5ca651bca7eb admin admin] Could not find related network for resource to bump revision.
Jul 27 02:54:08.408866 np0000005861 devstack@neutron-api.service[87671]: DEBUG neutron.plugins.ml2.drivers.helpers [None req-8163e784-afba-4de9-adc1-5ca651bca7eb admin admin] geneve segment allocate from pool success with {'geneve_vni': 54738} {{(pid=87671) allocate_partially_specified_segment /opt/stack/neutron/neutron/plugins/ml2/drivers/helpers.py:142}}
Jul 27 02:54:08.415075 np0000005861 devstack@neutron-api.service[87671]: DEBUG neutron_lib.callbacks.manager [None req-8163e784-afba-4de9-adc1-5ca651bca7eb admin admin] Publish callbacks ['neutron.plugins.ml2.plugin.Ml2Plugin._handle_segment_change-1775159'] for segment (aa6d1347-0803-41d3-9911-60ed7847ada6), precommit_create {{(pid=87671) _notify_loop /opt/stack/data/venv/lib/python3.12/site-packages/neutron_lib/callbacks/manager.py:184}}
Jul 27 02:54:08.415192 np0000005861 devstack@neutron-api.service[87671]: INFO neutron.db.segments_db [None req-8163e784-afba-4de9-adc1-5ca651bca7eb admin admin] Added segment aa6d1347-0803-41d3-9911-60ed7847ada6 of type geneve for network 7d665799-ecd1-4222-9fa5-37a92e2ee363
Jul 27 02:54:08.426633 np0000005861 devstack@neutron-api.service[87671]: DEBUG neutron_lib.callbacks.manager [None req-8163e784-afba-4de9-adc1-5ca651bca7eb admin admin] Publish callbacks ['neutron.services.auto_allocate.db._ensure_external_network_default_value_callback-8582157718902'] for network (7d665799-ecd1-4222-9fa5-37a92e2ee363), precommit_create {{(pid=87671) _notify_loop /opt/stack/data/venv/lib/python3.12/site-packages/neutron_lib/callbacks/manager.py:184}}
Jul 27 02:54:08.437127 np0000005861 devstack@neutron-api.service[87671]: DEBUG neutron.plugins.ml2.drivers.ovn.mech_driver.mech_driver [None req-8163e784-afba-4de9-adc1-5ca651bca7eb admin admin] Validating network segment with type geneve, segmentation ID 54738, physical network None {{(pid=87671) _validate_network_segments /opt/stack/neutron/neutron/plugins/ml2/drivers/ovn/mech_driver/mech_driver.py:646}}
Jul 27 02:54:08.437273 np0000005861 devstack@neutron-api.service[87671]: DEBUG neutron.db.ovn_revision_numbers_db [None req-8163e784-afba-4de9-adc1-5ca651bca7eb admin admin] create_initial_revision uuid=7d665799-ecd1-4222-9fa5-37a92e2ee363, type=networks, rev=-1 {{(pid=87671) create_initial_revision /opt/stack/neutron/neutron/db/ovn_revision_numbers_db.py:98}}
Jul 27 02:54:08.443641 np0000005861 devstack@neutron-api.service[87671]: DEBUG neutron_lib.callbacks.manager [None req-8163e784-afba-4de9-adc1-5ca651bca7eb admin admin] Publish callbacks ['neutron.plugins.ml2.ovo_rpc._ObjectChangeHandler.handle_event-15049104'] for network (7d665799-ecd1-4222-9fa5-37a92e2ee363), after_create {{(pid=87671) _notify_loop /opt/stack/data/venv/lib/python3.12/site-packages/neutron_lib/callbacks/manager.py:184}}
Jul 27 02:54:08.455526 np0000005861 devstack@neutron-api.service[87671]: DEBUG neutron.api.rpc.handlers.resources_rpc [None req-8163e784-afba-4de9-adc1-5ca651bca7eb admin admin] Pushing event updated for resources: {'Network': ['ID=7d665799-ecd1-4222-9fa5-37a92e2ee363,revision_number=1']} {{(pid=87671) push /opt/stack/neutron/neutron/api/rpc/handlers/resources_rpc.py:237}}
Jul 27 02:54:08.459300 np0000005861 devstack@neutron-api.service[87671]: DEBUG ovsdbapp.backend.ovs_idl.transaction [None req-09c30f5a-8496-4ecf-964c-345ffcb17f8d None None] Running txn n=1 command(idx=0): CheckLivenessCommand(_result=None) {{(pid=87671) do_commit /opt/stack/data/venv/lib/python3.12/site-packages/ovsdbapp/backend/ovs_idl/transaction.py:89}}
Jul 27 02:54:08.473554 np0000005861 devstack@neutron-api.service[87669]: DEBUG ovsdbapp.backend.ovs_idl.event [None req-b6a3319f-6119-4e8c-87f5-da6bd9cc04f1 None None] Matched UPDATE: ChassisAgentWriteEvent(events=('create', 'update'), table='Chassis_Private', conditions=None, old_conditions=None), priority=20 to row=Chassis_Private(uuid=1cfafb9b-7ad4-49af-9f8c-4755cf3915a8, chassis=f93d4c48-700b-4dea-8f83-f06f49c97d16, external_ids={'neutron:ovn-bridge': 'br-int', 'neutron:ovn-neutron-agent-id': 'c7ee488d-7b6a-589f-8036-f5c14ad50c50', 'neutron:ovn-neutron-agent-sb-cfg': '1'}, name='e4f6ace0-360a-4bcd-b959-fb7b598b6c80', nb_cfg=2, nb_cfg_timestamp=1785120848469) old=Chassis_Private(uuid=1cfafb9b-7ad4-49af-9f8c-4755cf3915a8, nb_cfg=1, nb_cfg_timestamp=1785120771149) {{(pid=87669) matches /opt/stack/data/venv/lib/python3.12/site-packages/ovsdbapp/backend/ovs_idl/event.py:55}}
Jul 27 02:54:08.473949 np0000005861 devstack@neutron-api.service[87671]: DEBUG ovsdbapp.backend.ovs_idl.event [None req-4237cdf3-727a-4e70-b3b9-d18127bbca1c None None] Matched UPDATE: ChassisAgentWriteEvent(events=('create', 'update'), table='Chassis_Private', conditions=None, old_conditions=None), priority=20 to row=Chassis_Private(uuid=1cfafb9b-7ad4-49af-9f8c-4755cf3915a8, chassis=f93d4c48-700b-4dea-8f83-f06f49c97d16, external_ids={'neutron:ovn-bridge': 'br-int', 'neutron:ovn-neutron-agent-id': 'c7ee488d-7b6a-589f-8036-f5c14ad50c50', 'neutron:ovn-neutron-agent-sb-cfg': '1'}, name='e4f6ace0-360a-4bcd-b959-fb7b598b6c80', nb_cfg=2, nb_cfg_timestamp=1785120848469) old=Chassis_Private(uuid=1cfafb9b-7ad4-49af-9f8c-4755cf3915a8, nb_cfg=1, nb_cfg_timestamp=1785120771149) {{(pid=87671) matches /opt/stack/data/venv/lib/python3.12/site-packages/ovsdbapp/backend/ovs_idl/event.py:55}}
Jul 27 02:54:08.476453 np0000005861 devstack@neutron-api.service[87670]: DEBUG ovsdbapp.backend.ovs_idl.event [None req-e08de2bc-bf0f-46d1-9633-7f7e29878aef None None] Matched UPDATE: ChassisAgentWriteEvent(events=('create', 'update'), table='Chassis_Private', conditions=None, old_conditions=None), priority=20 to row=Chassis_Private(uuid=1cfafb9b-7ad4-49af-9f8c-4755cf3915a8, chassis=f93d4c48-700b-4dea-8f83-f06f49c97d16, external_ids={'neutron:ovn-bridge': 'br-int', 'neutron:ovn-neutron-agent-id': 'c7ee488d-7b6a-589f-8036-f5c14ad50c50', 'neutron:ovn-neutron-agent-sb-cfg': '1'}, name='e4f6ace0-360a-4bcd-b959-fb7b598b6c80', nb_cfg=2, nb_cfg_timestamp=1785120848469) old=Chassis_Private(uuid=1cfafb9b-7ad4-49af-9f8c-4755cf3915a8, nb_cfg=1, nb_cfg_timestamp=1785120771149) {{(pid=87670) matches /opt/stack/data/venv/lib/python3.12/site-packages/ovsdbapp/backend/ovs_idl/event.py:55}}
Jul 27 02:54:08.479178 np0000005861 devstack@neutron-api.service[87671]: DEBUG neutron.common.ovn.hash_ring_manager [None req-09c30f5a-8496-4ecf-964c-345ffcb17f8d None None] Hash Ring loaded. 3 active nodes. 0 offline nodes {{(pid=87671) _load_hash_ring /opt/stack/neutron/neutron/common/ovn/hash_ring_manager.py:110}}
Jul 27 02:54:08.480650 np0000005861 devstack@neutron-api.service[87671]: DEBUG neutron.common.ovn.hash_ring_manager [None req-4237cdf3-727a-4e70-b3b9-d18127bbca1c None None] Hash Ring loaded. 3 active nodes. 0 offline nodes {{(pid=87671) _load_hash_ring /opt/stack/neutron/neutron/common/ovn/hash_ring_manager.py:110}}
Jul 27 02:54:08.480819 np0000005861 devstack@neutron-api.service[87671]: DEBUG neutron.plugins.ml2.drivers.ovn.mech_driver.ovsdb.ovsdb_monitor [None req-4237cdf3-727a-4e70-b3b9-d18127bbca1c None None] Hash Ring: Node 3a9242f683b45f17b7a04f44ec855dd0 (host: np0000005861) handling event "update" for row 1cfafb9b-7ad4-49af-9f8c-4755cf3915a8 (table: Chassis_Private) {{(pid=87671) notify /opt/stack/neutron/neutron/plugins/ml2/drivers/ovn/mech_driver/ovsdb/ovsdb_monitor.py:1013}}
Jul 27 02:54:08.482220 np0000005861 devstack@neutron-api.service[87669]: DEBUG neutron.common.ovn.hash_ring_manager [None req-b6a3319f-6119-4e8c-87f5-da6bd9cc04f1 None None] Hash Ring loaded. 3 active nodes. 0 offline nodes {{(pid=87669) _load_hash_ring /opt/stack/neutron/neutron/common/ovn/hash_ring_manager.py:110}}
Jul 27 02:54:08.482709 np0000005861 devstack@neutron-api.service[87669]: DEBUG neutron.common.ovn.hash_ring_manager [None req-b20f119b-371d-484e-92cd-ce63c5eced74 None None] Hash Ring loaded. 3 active nodes. 0 offline nodes {{(pid=87669) _load_hash_ring /opt/stack/neutron/neutron/common/ovn/hash_ring_manager.py:110}}
Jul 27 02:54:08.482969 np0000005861 devstack@neutron-api.service[87669]: DEBUG neutron.plugins.ml2.drivers.ovn.mech_driver.ovsdb.ovsdb_monitor [None req-b20f119b-371d-484e-92cd-ce63c5eced74 None None] Hash Ring: Node 8f5757568c3e5a549b0edb601a260ca4 (host: np0000005861) handling event "update" for row 2d1e20df-bdec-43d6-9289-ab9fc94a5abd (table: NB_Global) {{(pid=87669) notify /opt/stack/neutron/neutron/plugins/ml2/drivers/ovn/mech_driver/ovsdb/ovsdb_monitor.py:1013}}
Jul 27 02:54:08.483704 np0000005861 devstack@neutron-api.service[87669]: DEBUG neutron.plugins.ml2.drivers.ovn.mech_driver.ovsdb.ovsdb_monitor [None req-b20f119b-371d-484e-92cd-ce63c5eced74 None None] Hash Ring: Node 8f5757568c3e5a549b0edb601a260ca4 (host: np0000005861) handling event "update" for row 2d1e20df-bdec-43d6-9289-ab9fc94a5abd (table: NB_Global) {{(pid=87669) notify /opt/stack/neutron/neutron/plugins/ml2/drivers/ovn/mech_driver/ovsdb/ovsdb_monitor.py:1013}}
Jul 27 02:54:08.484124 np0000005861 devstack@neutron-api.service[87670]: DEBUG neutron.common.ovn.hash_ring_manager [None req-b8b7d100-e11f-4c84-bb98-75dd0aef61ac None None] Hash Ring loaded. 3 active nodes. 0 offline nodes {{(pid=87670) _load_hash_ring /opt/stack/neutron/neutron/common/ovn/hash_ring_manager.py:110}}
Jul 27 02:54:08.484430 np0000005861 devstack@neutron-api.service[87669]: DEBUG neutron.plugins.ml2.drivers.ovn.mech_driver.ovsdb.ovsdb_monitor [None req-b20f119b-371d-484e-92cd-ce63c5eced74 None None] Hash Ring: Node 8f5757568c3e5a549b0edb601a260ca4 (host: np0000005861) handling event "update" for row 2d1e20df-bdec-43d6-9289-ab9fc94a5abd (table: NB_Global) {{(pid=87669) notify /opt/stack/neutron/neutron/plugins/ml2/drivers/ovn/mech_driver/ovsdb/ovsdb_monitor.py:1013}}
Jul 27 02:54:08.484904 np0000005861 devstack@neutron-api.service[87669]: DEBUG neutron.plugins.ml2.drivers.ovn.mech_driver.ovsdb.ovsdb_monitor [None req-b20f119b-371d-484e-92cd-ce63c5eced74 None None] Hash Ring: Node 8f5757568c3e5a549b0edb601a260ca4 (host: np0000005861) handling event "update" for row 2d1e20df-bdec-43d6-9289-ab9fc94a5abd (table: NB_Global) {{(pid=87669) notify /opt/stack/neutron/neutron/plugins/ml2/drivers/ovn/mech_driver/ovsdb/ovsdb_monitor.py:1013}}
Jul 27 02:54:08.486342 np0000005861 devstack@neutron-api.service[87670]: DEBUG neutron.common.ovn.hash_ring_manager [None req-e08de2bc-bf0f-46d1-9633-7f7e29878aef None None] Hash Ring loaded. 3 active nodes. 0 offline nodes {{(pid=87670) _load_hash_ring /opt/stack/neutron/neutron/common/ovn/hash_ring_manager.py:110}}
Jul 27 02:54:08.491247 np0000005861 devstack@neutron-api.service[87671]: DEBUG ovsdbapp.backend.ovs_idl.transaction [None req-09c30f5a-8496-4ecf-964c-345ffcb17f8d None None] Running txn n=1 command(idx=0): AddNetworkCommand(_result=None, network_uuid=7d665799-ecd1-4222-9fa5-37a92e2ee363, may_exist=True, columns={'external_ids': {'neutron:network_name': 'shared', 'neutron:mtu': '1372', 'neutron:revision_number': '1', 'neutron:availability_zone_hints': '', 'neutron:provnet-network-type': 'geneve'}, 'other_config': {'mcast_snoop': 'false', 'mcast_flood_unregistered': 'false', 'vlan-passthru': 'false'}}) {{(pid=87671) do_commit /opt/stack/data/venv/lib/python3.12/site-packages/ovsdbapp/backend/ovs_idl/transaction.py:89}}
Jul 27 02:54:08.493722 np0000005861 devstack@neutron-api.service[87671]: DEBUG neutron.plugins.ml2.drivers.ovn.mech_driver.ovsdb.ovsdb_monitor [None req-09c30f5a-8496-4ecf-964c-345ffcb17f8d None None] Hash Ring: Node 3a9242f683b45f17b7a04f44ec855dd0 (host: np0000005861) handling event "create" for row 7d665799-ecd1-4222-9fa5-37a92e2ee363 (table: Logical_Switch) {{(pid=87671) notify /opt/stack/neutron/neutron/plugins/ml2/drivers/ovn/mech_driver/ovsdb/ovsdb_monitor.py:1013}}
Jul 27 02:54:08.497039 np0000005861 devstack@neutron-api.service[87671]: DEBUG neutron.plugins.ml2.drivers.ovn.mech_driver.ovsdb.ovsdb_monitor [None req-4237cdf3-727a-4e70-b3b9-d18127bbca1c None None] Hash Ring: Node 3a9242f683b45f17b7a04f44ec855dd0 (host: np0000005861) handling event "create" for row 1c3a072c-597c-4d48-a100-fb6c8474f1e8 (table: Datapath_Binding) {{(pid=87671) notify /opt/stack/neutron/neutron/plugins/ml2/drivers/ovn/mech_driver/ovsdb/ovsdb_monitor.py:1013}}
Jul 27 02:54:08.514107 np0000005861 devstack@neutron-api.service[87671]: INFO neutron.db.ovn_revision_numbers_db [None req-8163e784-afba-4de9-adc1-5ca651bca7eb admin admin] Successfully bumped revision number for resource 7d665799-ecd1-4222-9fa5-37a92e2ee363 (type: networks) to 1
Jul 27 02:54:08.524117 np0000005861 devstack@neutron-api.service[87671]: DEBUG neutron_lib.callbacks.manager [None req-8163e784-afba-4de9-adc1-5ca651bca7eb admin admin] Publish callbacks ['neutron.plugins.ml2.plugin.SecurityGroupDbMixin._ensure_default_security_group_handler-1125081'] for port (None), before_create {{(pid=87671) _notify_loop /opt/stack/data/venv/lib/python3.12/site-packages/neutron_lib/callbacks/manager.py:184}}
Jul 27 02:54:08.577134 np0000005861 devstack@neutron-api.service[87671]: DEBUG neutron_lib.callbacks.manager [None req-8163e784-afba-4de9-adc1-5ca651bca7eb admin admin] Publish callbacks ['neutron.plugins.ml2.drivers.ovn.mech_driver.mech_driver.OVNMechanismDriver._validate_allowed_address_pairs-200379'] for allowed_address_pair (e144c181-b5f8-42a6-ac94-a378d0b32da1), before_create {{(pid=87671) _notify_loop /opt/stack/data/venv/lib/python3.12/site-packages/neutron_lib/callbacks/manager.py:184}}
Jul 27 02:54:08.577652 np0000005861 devstack@neutron-api.service[87671]: DEBUG neutron_lib.callbacks.manager [None req-8163e784-afba-4de9-adc1-5ca651bca7eb admin admin] Publish callbacks [] for port (e144c181-b5f8-42a6-ac94-a378d0b32da1), precommit_create {{(pid=87671) _notify_loop /opt/stack/data/venv/lib/python3.12/site-packages/neutron_lib/callbacks/manager.py:184}}
Jul 27 02:54:08.577838 np0000005861 devstack@neutron-api.service[87671]: DEBUG neutron.plugins.ml2.drivers.ovn.mech_driver.mech_driver [None req-8163e784-afba-4de9-adc1-5ca651bca7eb admin admin] No provisioning block for port e144c181-b5f8-42a6-ac94-a378d0b32da1 since it does not have a host {{(pid=87671) _is_port_provisioning_required /opt/stack/neutron/neutron/plugins/ml2/drivers/ovn/mech_driver/mech_driver.py:899}}
Jul 27 02:54:08.577979 np0000005861 devstack@neutron-api.service[87671]: DEBUG neutron.db.ovn_revision_numbers_db [None req-8163e784-afba-4de9-adc1-5ca651bca7eb admin admin] create_initial_revision uuid=e144c181-b5f8-42a6-ac94-a378d0b32da1, type=ports, rev=-1 {{(pid=87671) create_initial_revision /opt/stack/neutron/neutron/db/ovn_revision_numbers_db.py:98}}
Jul 27 02:54:08.603361 np0000005861 devstack@neutron-api.service[87671]: DEBUG neutron_lib.callbacks.manager [None req-8163e784-afba-4de9-adc1-5ca651bca7eb admin admin] Publish callbacks ['neutron.plugins.ml2.ovo_rpc._ObjectChangeHandler.handle_event-15048732'] for port (e144c181-b5f8-42a6-ac94-a378d0b32da1), after_create {{(pid=87671) _notify_loop /opt/stack/data/venv/lib/python3.12/site-packages/neutron_lib/callbacks/manager.py:184}}
Jul 27 02:54:08.628435 np0000005861 devstack@neutron-api.service[87671]: DEBUG neutron.api.rpc.handlers.resources_rpc [None req-8163e784-afba-4de9-adc1-5ca651bca7eb admin admin] Pushing event updated for resources: {'Port': ['ID=e144c181-b5f8-42a6-ac94-a378d0b32da1,revision_number=1']} {{(pid=87671) push /opt/stack/neutron/neutron/api/rpc/handlers/resources_rpc.py:237}}
Jul 27 02:54:08.633366 np0000005861 devstack@neutron-api.service[87671]: DEBUG neutron.plugins.ml2.drivers.ovn.mech_driver.ovsdb.commands [None req-8163e784-afba-4de9-adc1-5ca651bca7eb admin admin] Converting tag [] to a tag_request {{(pid=87671) _tag_column_to_tag_request /opt/stack/neutron/neutron/plugins/ml2/drivers/ovn/mech_driver/ovsdb/commands.py:205}}
Jul 27 02:54:08.633918 np0000005861 devstack@neutron-api.service[87671]: DEBUG ovsdbapp.backend.ovs_idl.transaction [None req-09c30f5a-8496-4ecf-964c-345ffcb17f8d None None] Running txn n=1 command(idx=0): AddLSwitchPortCommand(_result=None, lport=e144c181-b5f8-42a6-ac94-a378d0b32da1, lswitch=neutron-7d665799-ecd1-4222-9fa5-37a92e2ee363, may_exist=True, network_uuid=7d665799-ecd1-4222-9fa5-37a92e2ee363, columns={'addresses': ['fa:16:3e:c3:fa:57'], 'external_ids': {'neutron:port_name': '', 'neutron:device_id': 'ovnmeta-7d665799-ecd1-4222-9fa5-37a92e2ee363', 'neutron:project_id': 'f1552b33b66043d79c6a8b97173a15e4', 'neutron:cidrs': '', 'neutron:device_owner': 'network:distributed', 'neutron:subnet_pool_addr_scope4': '', 'neutron:subnet_pool_addr_scope6': '', 'neutron:network_name': 'neutron-7d665799-ecd1-4222-9fa5-37a92e2ee363', 'neutron:security_group_ids': '', 'neutron:revision_number': '1', 'neutron:vnic_type': 'normal', 'neutron:port_capabilities': '', 'neutron:mtu': '1372'}, 'parent_name': [], 'enabled': True, 'options': {}, 'type': 'localport', 'port_security': [], 'dhcpv4_options': [], 'dhcpv6_options': [], 'tag_request': []}) {{(pid=87671) do_commit /opt/stack/data/venv/lib/python3.12/site-packages/ovsdbapp/backend/ovs_idl/transaction.py:89}}
Jul 27 02:54:08.634427 np0000005861 devstack@neutron-api.service[87671]: DEBUG ovsdbapp.backend.ovs_idl.transaction [None req-09c30f5a-8496-4ecf-964c-345ffcb17f8d None None] Running txn n=1 command(idx=1): QoSDelCommand(_result=None, switch=neutron-7d665799-ecd1-4222-9fa5-37a92e2ee363, conditions=[('direction', '=', 'to-lport'), ('priority', '=', 2002), ('match', '=', 'outport == "e144c181-b5f8-42a6-ac94-a378d0b32da1"')], if_exists=True) {{(pid=87671) do_commit /opt/stack/data/venv/lib/python3.12/site-packages/ovsdbapp/backend/ovs_idl/transaction.py:89}}
Jul 27 02:54:08.634622 np0000005861 devstack@neutron-api.service[87671]: DEBUG ovsdbapp.backend.ovs_idl.transaction [None req-09c30f5a-8496-4ecf-964c-345ffcb17f8d None None] Running txn n=1 command(idx=2): QoSDelCommand(_result=None, switch=neutron-7d665799-ecd1-4222-9fa5-37a92e2ee363, conditions=[('direction', '=', 'from-lport'), ('priority', '=', 2002), ('match', '=', 'inport == "e144c181-b5f8-42a6-ac94-a378d0b32da1"')], if_exists=True) {{(pid=87671) do_commit /opt/stack/data/venv/lib/python3.12/site-packages/ovsdbapp/backend/ovs_idl/transaction.py:89}}
Jul 27 02:54:08.637215 np0000005861 devstack@neutron-api.service[87671]: DEBUG neutron.plugins.ml2.drivers.ovn.mech_driver.ovsdb.ovsdb_monitor [None req-09c30f5a-8496-4ecf-964c-345ffcb17f8d None None] Hash Ring: Node 3a9242f683b45f17b7a04f44ec855dd0 (host: np0000005861) handling event "update" for row 7d665799-ecd1-4222-9fa5-37a92e2ee363 (table: Logical_Switch) {{(pid=87671) notify /opt/stack/neutron/neutron/plugins/ml2/drivers/ovn/mech_driver/ovsdb/ovsdb_monitor.py:1013}}
Jul 27 02:54:08.637467 np0000005861 devstack@neutron-api.service[87671]: DEBUG neutron.plugins.ml2.drivers.ovn.mech_driver.ovsdb.ovsdb_monitor [None req-09c30f5a-8496-4ecf-964c-345ffcb17f8d None None] Hash Ring: Node 3a9242f683b45f17b7a04f44ec855dd0 (host: np0000005861) handling event "create" for row 27c007f5-e750-4998-b004-8d6c20515f6a (table: Logical_Switch_Port) {{(pid=87671) notify /opt/stack/neutron/neutron/plugins/ml2/drivers/ovn/mech_driver/ovsdb/ovsdb_monitor.py:1013}}
Jul 27 02:54:08.638536 np0000005861 devstack@neutron-api.service[87671]: DEBUG ovsdbapp.backend.ovs_idl.event [None req-09c30f5a-8496-4ecf-964c-345ffcb17f8d None None] Matched CREATE: LogicalSwitchPortCreateEvent(events=('create',), table='Logical_Switch_Port', conditions=[], old_conditions=None), priority=20 to row=Logical_Switch_Port(uuid=27c007f5-e750-4998-b004-8d6c20515f6a, addresses=['fa:16:3e:c3:fa:57'], dhcpv4_options=[], dhcpv6_options=[], dynamic_addresses=[], enabled=True, external_ids={'neutron:cidrs': '', 'neutron:device_id': 'ovnmeta-7d665799-ecd1-4222-9fa5-37a92e2ee363', 'neutron:device_owner': 'network:distributed', 'neutron:mtu': '1372', 'neutron:network_name': 'neutron-7d665799-ecd1-4222-9fa5-37a92e2ee363', 'neutron:port_capabilities': '', 'neutron:port_name': '', 'neutron:project_id': 'f1552b33b66043d79c6a8b97173a15e4', 'neutron:revision_number': '1', 'neutron:security_group_ids': '', 'neutron:subnet_pool_addr_scope4': '', 'neutron:subnet_pool_addr_scope6': '', 'neutron:vnic_type': 'normal'}, ha_chassis_group=[], mirror_rules=[], name='e144c181-b5f8-42a6-ac94-a378d0b32da1', options={}, parent_name=[], port_security=[], tag=[], tag_request=[], type='localport', up=[]) old= {{(pid=87671) matches /opt/stack/data/venv/lib/python3.12/site-packages/ovsdbapp/backend/ovs_idl/event.py:55}}
Jul 27 02:54:08.639406 np0000005861 devstack@neutron-api.service[87671]: INFO neutron.plugins.ml2.drivers.ovn.mech_driver.mech_driver [None req-be13a0f9-ceda-4110-9a1c-f3d733208da1 None None] OVN reports status down for port: e144c181-b5f8-42a6-ac94-a378d0b32da1
Jul 27 02:54:08.640341 np0000005861 devstack@neutron-api.service[87671]: DEBUG neutron.plugins.ml2.drivers.ovn.mech_driver.ovsdb.ovsdb_monitor [None req-09c30f5a-8496-4ecf-964c-345ffcb17f8d None None] Hash Ring: Node 3a9242f683b45f17b7a04f44ec855dd0 (host: np0000005861) handling event "update" for row 27c007f5-e750-4998-b004-8d6c20515f6a (table: Logical_Switch_Port) {{(pid=87671) notify /opt/stack/neutron/neutron/plugins/ml2/drivers/ovn/mech_driver/ovsdb/ovsdb_monitor.py:1013}}
Jul 27 02:54:08.641480 np0000005861 devstack@neutron-api.service[87670]: DEBUG neutron.plugins.ml2.drivers.ovn.mech_driver.ovsdb.ovsdb_monitor [None req-e08de2bc-bf0f-46d1-9633-7f7e29878aef None None] Hash Ring: Node 5d6412159db658d69f9d341a83c037cd (host: np0000005861) handling event "create" for row 27877eb5-c84e-4a9f-9936-58828e0f7bf9 (table: Port_Binding) {{(pid=87670) notify /opt/stack/neutron/neutron/plugins/ml2/drivers/ovn/mech_driver/ovsdb/ovsdb_monitor.py:1013}}
Jul 27 02:54:08.689101 np0000005861 devstack@neutron-api.service[87671]: DEBUG neutron.db.provisioning_blocks [None req-be13a0f9-ceda-4110-9a1c-f3d733208da1 None None] Transition to ACTIVE for port object e144c181-b5f8-42a6-ac94-a378d0b32da1 will not be triggered until provisioned by entity L2. {{(pid=87671) add_provisioning_component /opt/stack/neutron/neutron/db/provisioning_blocks.py:74}}
Jul 27 02:54:08.703018 np0000005861 devstack@neutron-api.service[87671]: INFO neutron.db.ovn_revision_numbers_db [None req-8163e784-afba-4de9-adc1-5ca651bca7eb admin admin] Successfully bumped revision number for resource e144c181-b5f8-42a6-ac94-a378d0b32da1 (type: ports) to 1
Jul 27 02:54:08.719966 np0000005861 devstack@neutron-api.service[87671]: DEBUG neutron.plugins.ml2.plugin [None req-be13a0f9-ceda-4110-9a1c-f3d733208da1 None None] Current status of the port e144c181-b5f8-42a6-ac94-a378d0b32da1 is: DOWN; New status is: DOWN {{(pid=87671) _update_individual_port_db_status /opt/stack/neutron/neutron/plugins/ml2/plugin.py:2473}}
Jul 27 02:54:08.721606 np0000005861 devstack@neutron-api.service[87671]: DEBUG ovsdbapp.backend.ovs_idl.transaction [None req-09c30f5a-8496-4ecf-964c-345ffcb17f8d None None] Running txn n=1 command(idx=0): DbRemoveCommand(_result=None, table=Logical_Switch_Port, record=e144c181-b5f8-42a6-ac94-a378d0b32da1, column=external_ids, values=('neutron:host_id',), keyvalues={}, if_exists=True) {{(pid=87671) do_commit /opt/stack/data/venv/lib/python3.12/site-packages/ovsdbapp/backend/ovs_idl/transaction.py:89}}
Jul 27 02:54:08.724496 np0000005861 devstack@neutron-api.service[87671]: DEBUG neutron.pecan_wsgi.hooks.policy_enforcement [None req-8163e784-afba-4de9-adc1-5ca651bca7eb admin admin] Attributes excluded by policy engine: ['standard_attr_id'] {{(pid=87671) _exclude_attributes_by_policy /opt/stack/neutron/neutron/pecan_wsgi/hooks/policy_enforcement.py:259}}
Jul 27 02:54:08.724847 np0000005861 devstack@neutron-api.service[87671]: DEBUG neutron_lib.callbacks.manager [None req-8163e784-afba-4de9-adc1-5ca651bca7eb admin admin] Publish callbacks [] for network (None), before_response {{(pid=87671) _notify_loop /opt/stack/data/venv/lib/python3.12/site-packages/neutron_lib/callbacks/manager.py:184}}
Jul 27 02:54:08.736319 np0000005861 devstack@neutron-api.service[87671]: [pid: 87671|app: 0|req: 12/37] 10.4.3.73 () {68 vars in 1319 bytes} [Mon Jul 27 02:54:08 2026] POST /networking/v2.0/networks => generated 679 bytes in 395 msecs (HTTP/1.1 201) 4 headers in 162 bytes (1 switches on core 0)
Jul 27 02:54:08.926289 np0000005861 devstack@neutron-api.service[87670]: INFO neutron.pecan_wsgi.hooks.translation [None req-498f6bc7-2105-44e7-9628-c7039151aadb admin admin] GET failed (client error): The resource could not be found.
Jul 27 02:54:08.926932 np0000005861 devstack@neutron-api.service[87670]: [pid: 87670|app: 0|req: 14/38] 10.4.3.73 () {64 vars in 1287 bytes} [Mon Jul 27 02:54:08 2026] GET /networking/v2.0/networks/shared => generated 108 bytes in 7 msecs (HTTP/1.1 404) 4 headers in 164 bytes (1 switches on core 0)
Jul 27 02:54:08.957594 np0000005861 devstack@neutron-api.service[87669]: DEBUG neutron.pecan_wsgi.hooks.policy_enforcement [None req-068b75ae-fd40-4462-93da-de5b12b04db7 admin admin] Attributes excluded by policy engine: ['standard_attr_id'] {{(pid=87669) _exclude_attributes_by_policy /opt/stack/neutron/neutron/pecan_wsgi/hooks/policy_enforcement.py:259}}
Jul 27 02:54:08.958712 np0000005861 devstack@neutron-api.service[87669]: [pid: 87669|app: 0|req: 13/39] 10.4.3.73 () {64 vars in 1302 bytes} [Mon Jul 27 02:54:08 2026] GET /networking/v2.0/networks?name=shared => generated 663 bytes in 26 msecs (HTTP/1.1 200) 4 headers in 157 bytes (1 switches on core 0)
Jul 27 02:54:08.969696 np0000005861 devstack@neutron-api.service[87671]: DEBUG neutron.api.v2.base [None req-80b0964a-642f-45b7-9fd2-ebcd242473ef admin admin] Request body: {'subnet': {'name': 'shared-subnet', 'network_id': '7d665799-ecd1-4222-9fa5-37a92e2ee363', 'description': 'shared-subnet', 'cidr': '192.168.233.0/24', 'ip_version': 4}} {{(pid=87671) prepare_request_body /opt/stack/neutron/neutron/api/v2/base.py:727}}
Jul 27 02:54:08.983594 np0000005861 devstack@neutron-api.service[87671]: DEBUG neutron.pecan_wsgi.hooks.quota_enforcement [None req-80b0964a-642f-45b7-9fd2-ebcd242473ef admin admin] Made reservation on behalf of f1552b33b66043d79c6a8b97173a15e4 for: {'subnet': 1} {{(pid=87671) before /opt/stack/neutron/neutron/pecan_wsgi/hooks/quota_enforcement.py:66}}
Jul 27 02:54:08.985918 np0000005861 devstack@neutron-api.service[87671]: DEBUG neutron_lib.callbacks.manager [None req-80b0964a-642f-45b7-9fd2-ebcd242473ef admin admin] Publish callbacks [] for subnet (None), before_create {{(pid=87671) _notify_loop /opt/stack/data/venv/lib/python3.12/site-packages/neutron_lib/callbacks/manager.py:184}}
Jul 27 02:54:09.035950 np0000005861 devstack@neutron-api.service[87671]: DEBUG neutron.db.ovn_revision_numbers_db [None req-80b0964a-642f-45b7-9fd2-ebcd242473ef admin admin] create_initial_revision uuid=70f47fbc-2a88-4a3e-80af-9e364261fb68, type=subnets, rev=-1 {{(pid=87671) create_initial_revision /opt/stack/neutron/neutron/db/ovn_revision_numbers_db.py:98}}
Jul 27 02:54:09.041641 np0000005861 devstack@neutron-api.service[87671]: DEBUG neutron_lib.callbacks.manager [None req-80b0964a-642f-45b7-9fd2-ebcd242473ef admin admin] Publish callbacks ['neutron.plugins.ml2.ovo_rpc._ObjectChangeHandler.handle_event-15049124'] for subnet (70f47fbc-2a88-4a3e-80af-9e364261fb68), after_create {{(pid=87671) _notify_loop /opt/stack/data/venv/lib/python3.12/site-packages/neutron_lib/callbacks/manager.py:184}}
Jul 27 02:54:09.053857 np0000005861 devstack@neutron-api.service[87671]: DEBUG neutron.api.rpc.handlers.resources_rpc [None req-80b0964a-642f-45b7-9fd2-ebcd242473ef admin admin] Pushing event updated for resources: {'Subnet': ['ID=70f47fbc-2a88-4a3e-80af-9e364261fb68,revision_number=0']} {{(pid=87671) push /opt/stack/neutron/neutron/api/rpc/handlers/resources_rpc.py:237}}
Jul 27 02:54:09.098926 np0000005861 devstack@neutron-api.service[87671]: DEBUG neutron_lib.callbacks.manager [None req-80b0964a-642f-45b7-9fd2-ebcd242473ef admin admin] Publish callbacks ['neutron.plugins.ml2.plugin.SecurityGroupDbMixin._ensure_default_security_group_handler-1125081', 'neutron.services.ovn_l3.plugin.OVNL3RouterPlugin._port_update-8582157707014', 'neutron.db.l3_db.L3_NAT_dbonly_mixin._prevent_internal_ip_change_for_fip-8582158947088'] for port (e144c181-b5f8-42a6-ac94-a378d0b32da1), before_update {{(pid=87671) _notify_loop /opt/stack/data/venv/lib/python3.12/site-packages/neutron_lib/callbacks/manager.py:184}}
Jul 27 02:54:09.191218 np0000005861 devstack@neutron-api.service[87671]: DEBUG neutron.db.db_base_plugin_common [None req-80b0964a-642f-45b7-9fd2-ebcd242473ef admin admin] Allocated IP 192.168.233.2 (7d665799-ecd1-4222-9fa5-37a92e2ee363/70f47fbc-2a88-4a3e-80af-9e364261fb68/e144c181-b5f8-42a6-ac94-a378d0b32da1) {{(pid=87671) _store_ip_allocation /opt/stack/neutron/neutron/db/db_base_plugin_common.py:131}}
Jul 27 02:54:09.256267 np0000005861 devstack@neutron-api.service[87671]: DEBUG neutron_lib.callbacks.manager [None req-80b0964a-642f-45b7-9fd2-ebcd242473ef admin admin] Publish callbacks [] for port (e144c181-b5f8-42a6-ac94-a378d0b32da1), precommit_update {{(pid=87671) _notify_loop /opt/stack/data/venv/lib/python3.12/site-packages/neutron_lib/callbacks/manager.py:184}}
Jul 27 02:54:09.256377 np0000005861 devstack@neutron-api.service[87671]: DEBUG neutron.plugins.ml2.drivers.ovn.mech_driver.mech_driver [None req-80b0964a-642f-45b7-9fd2-ebcd242473ef admin admin] No provisioning block for port e144c181-b5f8-42a6-ac94-a378d0b32da1 since it does not have a host {{(pid=87671) _is_port_provisioning_required /opt/stack/neutron/neutron/plugins/ml2/drivers/ovn/mech_driver/mech_driver.py:899}}
Jul 27 02:54:09.266786 np0000005861 devstack@neutron-api.service[87671]: DEBUG neutron_lib.callbacks.manager [None req-80b0964a-642f-45b7-9fd2-ebcd242473ef admin admin] Publish callbacks ['neutron.plugins.ml2.ovo_rpc._ObjectChangeHandler.handle_event-15048732', 'neutron.services.ovn_l3.plugin.OVNL3RouterPlugin._port_update-8582157707014'] for port (e144c181-b5f8-42a6-ac94-a378d0b32da1), after_update {{(pid=87671) _notify_loop /opt/stack/data/venv/lib/python3.12/site-packages/neutron_lib/callbacks/manager.py:184}}
Jul 27 02:54:09.293641 np0000005861 devstack@neutron-api.service[87671]: DEBUG neutron.api.rpc.handlers.resources_rpc [None req-80b0964a-642f-45b7-9fd2-ebcd242473ef admin admin] Pushing event updated for resources: {'Port': ['ID=e144c181-b5f8-42a6-ac94-a378d0b32da1,revision_number=2']} {{(pid=87671) push /opt/stack/neutron/neutron/api/rpc/handlers/resources_rpc.py:237}}
Jul 27 02:54:09.376543 np0000005861 devstack@neutron-api.service[87671]: DEBUG neutron.plugins.ml2.drivers.ovn.mech_driver.ovsdb.commands [None req-80b0964a-642f-45b7-9fd2-ebcd242473ef admin admin] Converting tag [] to a tag_request {{(pid=87671) _tag_column_to_tag_request /opt/stack/neutron/neutron/plugins/ml2/drivers/ovn/mech_driver/ovsdb/commands.py:205}}
Jul 27 02:54:09.377605 np0000005861 devstack@neutron-api.service[87671]: DEBUG ovsdbapp.backend.ovs_idl.transaction [None req-09c30f5a-8496-4ecf-964c-345ffcb17f8d None None] Running txn n=1 command(idx=0): CheckRevisionNumberCommand(_result=None, name=e144c181-b5f8-42a6-ac94-a378d0b32da1, resource={'id': 'e144c181-b5f8-42a6-ac94-a378d0b32da1', 'name': '', 'network_id': '7d665799-ecd1-4222-9fa5-37a92e2ee363', 'project_id': 'f1552b33b66043d79c6a8b97173a15e4', 'mac_address': 'fa:16:3e:c3:fa:57', 'admin_state_up': True, 'status': 'DOWN', 'device_id': 'ovnmeta-7d665799-ecd1-4222-9fa5-37a92e2ee363', 'device_owner': 'network:distributed', 'standard_attr_id': 28, 'fixed_ips': [{'subnet_id': '70f47fbc-2a88-4a3e-80af-9e364261fb68', 'ip_address': '192.168.233.2'}], 'allowed_address_pairs': [], 'extra_dhcp_opts': [], 'security_groups': [], 'description': '', 'binding:vnic_type': 'normal', 'binding:profile': {}, 'binding:host_id': '', 'binding:vif_type': 'unbound', 'binding:vif_details': {}, 'port_security_enabled': False, 'tags': [], 'created_at': '2026-07-27T02:54:08Z', 'updated_at': '2026-07-27T02:54:09Z', 'revision_number': 2, 'tenant_id': 'f1552b33b66043d79c6a8b97173a15e4', 'network': {'id': '7d665799-ecd1-4222-9fa5-37a92e2ee363', 'name': 'shared', 'tenant_id': 'f1552b33b66043d79c6a8b97173a15e4', 'project_id': 'f1552b33b66043d79c6a8b97173a15e4', 'admin_state_up': True, 'mtu': 1372, 'status': 'ACTIVE', 'subnets': ['70f47fbc-2a88-4a3e-80af-9e364261fb68'], 'standard_attr_id': 26, 'shared': True, 'availability_zone_hints': [], 'availability_zones': [], 'ipv4_address_scope': None, 'ipv6_address_scope': None, 'router:external': False, 'qinq': False, 'vlan_transparent': False, 'description': '', 'port_security_enabled': True, 'tags': [], 'created_at': '2026-07-27T02:54:08Z', 'updated_at': '2026-07-27T02:54:09Z', 'revision_number': 2, 'provider:network_type': 'geneve', 'provider:physical_network': None, 'provider:segmentation_id': 54738}}, resource_type=ports, if_exists=True) {{(pid=87671) do_commit /opt/stack/data/venv/lib/python3.12/site-packages/ovsdbapp/backend/ovs_idl/transaction.py:89}}
Jul 27 02:54:09.378060 np0000005861 devstack@neutron-api.service[87671]: DEBUG ovsdbapp.backend.ovs_idl.transaction [None req-09c30f5a-8496-4ecf-964c-345ffcb17f8d None None] Running txn n=1 command(idx=1): AddDHCPOptionsCommand(_result=None, columns={'cidr': '192.168.233.0/24', 'options': {'server_id': '192.168.233.1', 'lease_time': '43200', 'mtu': '1372', 'router': '192.168.233.1', 'server_mac': 'fa:16:3e:95:90:0f', 'dns_server': '{127.0.0.53}', 'classless_static_route': '{169.254.169.254/32,192.168.233.2, 0.0.0.0/0,192.168.233.1}'}, 'external_ids': {'subnet_id': '70f47fbc-2a88-4a3e-80af-9e364261fb68', 'neutron:network_id': '7d665799-ecd1-4222-9fa5-37a92e2ee363', 'neutron:revision_number': '0'}}, may_exist=True, subnet_id=70f47fbc-2a88-4a3e-80af-9e364261fb68, port_id=None, new_insert=False) {{(pid=87671) do_commit /opt/stack/data/venv/lib/python3.12/site-packages/ovsdbapp/backend/ovs_idl/transaction.py:89}}
Jul 27 02:54:09.378432 np0000005861 devstack@neutron-api.service[87671]: DEBUG ovsdbapp.backend.ovs_idl.transaction [None req-09c30f5a-8496-4ecf-964c-345ffcb17f8d None None] Running txn n=1 command(idx=2): SetLSwitchPortCommand(_result=None, lport=e144c181-b5f8-42a6-ac94-a378d0b32da1, external_ids_update=None, columns={'external_ids': {'neutron:port_name': '', 'neutron:device_id': 'ovnmeta-7d665799-ecd1-4222-9fa5-37a92e2ee363', 'neutron:project_id': 'f1552b33b66043d79c6a8b97173a15e4', 'neutron:cidrs': '192.168.233.2/24', 'neutron:device_owner': 'network:distributed', 'neutron:subnet_pool_addr_scope4': '', 'neutron:subnet_pool_addr_scope6': '', 'neutron:network_name': 'neutron-7d665799-ecd1-4222-9fa5-37a92e2ee363', 'neutron:security_group_ids': '', 'neutron:revision_number': '2', 'neutron:vnic_type': 'normal', 'neutron:port_capabilities': '', 'neutron:mtu': '1372'}, 'parent_name': [], 'options': {}, 'enabled': True, 'port_security': [], 'dhcpv4_options': [], 'dhcpv6_options': [], 'type': 'localport', 'addresses': ['fa:16:3e:c3:fa:57 192.168.233.2'], 'ha_chassis_group': [], 'tag_request': []}, if_exists=False) {{(pid=87671) do_commit /opt/stack/data/venv/lib/python3.12/site-packages/ovsdbapp/backend/ovs_idl/transaction.py:89}}
Jul 27 02:54:09.379222 np0000005861 devstack@neutron-api.service[87671]: DEBUG ovsdbapp.backend.ovs_idl.transaction [None req-09c30f5a-8496-4ecf-964c-345ffcb17f8d None None] Running txn n=1 command(idx=3): PgDelPortCommand(_result=None, port_group=neutron_pg_drop, lsp=['e144c181-b5f8-42a6-ac94-a378d0b32da1'], if_exists=False) {{(pid=87671) do_commit /opt/stack/data/venv/lib/python3.12/site-packages/ovsdbapp/backend/ovs_idl/transaction.py:89}}
Jul 27 02:54:09.382258 np0000005861 devstack@neutron-api.service[87671]: DEBUG neutron.plugins.ml2.drivers.ovn.mech_driver.ovsdb.ovsdb_monitor [None req-09c30f5a-8496-4ecf-964c-345ffcb17f8d None None] Hash Ring: Node 3a9242f683b45f17b7a04f44ec855dd0 (host: np0000005861) handling event "update" for row 27c007f5-e750-4998-b004-8d6c20515f6a (table: Logical_Switch_Port) {{(pid=87671) notify /opt/stack/neutron/neutron/plugins/ml2/drivers/ovn/mech_driver/ovsdb/ovsdb_monitor.py:1013}}
Jul 27 02:54:09.386064 np0000005861 devstack@neutron-api.service[87670]: DEBUG neutron.plugins.ml2.drivers.ovn.mech_driver.ovsdb.ovsdb_monitor [None req-e08de2bc-bf0f-46d1-9633-7f7e29878aef None None] Hash Ring: Node 5d6412159db658d69f9d341a83c037cd (host: np0000005861) handling event "update" for row 27877eb5-c84e-4a9f-9936-58828e0f7bf9 (table: Port_Binding) {{(pid=87670) notify /opt/stack/neutron/neutron/plugins/ml2/drivers/ovn/mech_driver/ovsdb/ovsdb_monitor.py:1013}}
Jul 27 02:54:09.386594 np0000005861 devstack@neutron-api.service[87669]: DEBUG neutron.plugins.ml2.drivers.ovn.mech_driver.ovsdb.ovsdb_monitor [None req-b20f119b-371d-484e-92cd-ce63c5eced74 None None] Hash Ring: Node 8f5757568c3e5a549b0edb601a260ca4 (host: np0000005861) handling event "create" for row 5d634e23-b745-4593-a6a2-80c7a3ba57a8 (table: DHCP_Options) {{(pid=87669) notify /opt/stack/neutron/neutron/plugins/ml2/drivers/ovn/mech_driver/ovsdb/ovsdb_monitor.py:1013}}
Jul 27 02:54:09.411746 np0000005861 devstack@neutron-api.service[87671]: INFO neutron.db.ovn_revision_numbers_db [None req-80b0964a-642f-45b7-9fd2-ebcd242473ef admin admin] Successfully bumped revision number for resource e144c181-b5f8-42a6-ac94-a378d0b32da1 (type: ports) to 2
Jul 27 02:54:09.420919 np0000005861 devstack@neutron-api.service[87671]: DEBUG neutron.plugins.ml2.plugin [None req-80b0964a-642f-45b7-9fd2-ebcd242473ef admin admin] In _notify_port_updated(), no bound segment for port e144c181-b5f8-42a6-ac94-a378d0b32da1 on network 7d665799-ecd1-4222-9fa5-37a92e2ee363 {{(pid=87671) _notify_port_updated /opt/stack/neutron/neutron/plugins/ml2/plugin.py:1041}}
Jul 27 02:54:09.436559 np0000005861 devstack@neutron-api.service[87671]: INFO neutron.db.ovn_revision_numbers_db [None req-80b0964a-642f-45b7-9fd2-ebcd242473ef admin admin] Successfully bumped revision number for resource 70f47fbc-2a88-4a3e-80af-9e364261fb68 (type: subnets) to 0
Jul 27 02:54:09.437776 np0000005861 devstack@neutron-api.service[87671]: DEBUG neutron.pecan_wsgi.hooks.policy_enforcement [None req-80b0964a-642f-45b7-9fd2-ebcd242473ef admin admin] Attributes excluded by policy engine: ['standard_attr_id', 'shared', 'network'] {{(pid=87671) _exclude_attributes_by_policy /opt/stack/neutron/neutron/pecan_wsgi/hooks/policy_enforcement.py:259}}
Jul 27 02:54:09.438147 np0000005861 devstack@neutron-api.service[87671]: DEBUG neutron_lib.callbacks.manager [None req-80b0964a-642f-45b7-9fd2-ebcd242473ef admin admin] Publish callbacks [] for subnet (None), before_response {{(pid=87671) _notify_loop /opt/stack/data/venv/lib/python3.12/site-packages/neutron_lib/callbacks/manager.py:184}}
Jul 27 02:54:09.447172 np0000005861 devstack@neutron-api.service[87671]: [pid: 87671|app: 0|req: 13/40] 10.4.3.73 () {68 vars in 1317 bytes} [Mon Jul 27 02:54:08 2026] POST /networking/v2.0/subnets => generated 665 bytes in 480 msecs (HTTP/1.1 201) 4 headers in 162 bytes (1 switches on core 0)
Jul 27 02:54:14.221057 np0000005861 devstack@neutron-api.service[87670]: DEBUG futurist.periodics [-] Submitting periodic callback 'neutron.plugins.ml2.drivers.ovn.mech_driver.ovsdb.maintenance.HashRingHealthCheckPeriodics.touch_hash_ring_node' {{(pid=87670) _process_scheduled /opt/stack/data/venv/lib/python3.12/site-packages/futurist/periodics.py:784}}
Jul 27 02:54:14.221473 np0000005861 devstack@neutron-api.service[87670]: DEBUG neutron.plugins.ml2.drivers.ovn.mech_driver.ovsdb.maintenance [-] Touching Hash Ring node "5d6412159db658d69f9d341a83c037cd" from periodic health check thread {{(pid=87670) touch_hash_ring_node /opt/stack/neutron/neutron/plugins/ml2/drivers/ovn/mech_driver/ovsdb/maintenance.py:1417}}
Jul 27 02:54:15.052318 np0000005861 devstack@neutron-api.service[87669]: DEBUG futurist.periodics [-] Submitting periodic callback 'neutron.plugins.ml2.drivers.ovn.mech_driver.ovsdb.maintenance.HashRingHealthCheckPeriodics.touch_hash_ring_node' {{(pid=87669) _process_scheduled /opt/stack/data/venv/lib/python3.12/site-packages/futurist/periodics.py:784}}
Jul 27 02:54:15.052713 np0000005861 devstack@neutron-api.service[87669]: DEBUG neutron.plugins.ml2.drivers.ovn.mech_driver.ovsdb.maintenance [-] Touching Hash Ring node "8f5757568c3e5a549b0edb601a260ca4" from periodic health check thread {{(pid=87669) touch_hash_ring_node /opt/stack/neutron/neutron/plugins/ml2/drivers/ovn/mech_driver/ovsdb/maintenance.py:1417}}
Jul 27 02:54:15.103698 np0000005861 devstack@neutron-api.service[87671]: DEBUG futurist.periodics [-] Submitting periodic callback 'neutron.plugins.ml2.drivers.ovn.mech_driver.ovsdb.maintenance.HashRingHealthCheckPeriodics.touch_hash_ring_node' {{(pid=87671) _process_scheduled /opt/stack/data/venv/lib/python3.12/site-packages/futurist/periodics.py:784}}
Jul 27 02:54:15.104097 np0000005861 devstack@neutron-api.service[87671]: DEBUG neutron.plugins.ml2.drivers.ovn.mech_driver.ovsdb.maintenance [-] Touching Hash Ring node "3a9242f683b45f17b7a04f44ec855dd0" from periodic health check thread {{(pid=87671) touch_hash_ring_node /opt/stack/neutron/neutron/plugins/ml2/drivers/ovn/mech_driver/ovsdb/maintenance.py:1417}}
Jul 27 02:54:17.487342 np0000005861 devstack@neutron-api.service[87670]: DEBUG ovsdbapp.backend.ovs_idl.event [None req-e08de2bc-bf0f-46d1-9633-7f7e29878aef None None] Matched UPDATE: ChassisOVNAgentWriteEvent(events=('create', 'update'), table='Chassis_Private', conditions=None, old_conditions=None), priority=20 to row=Chassis_Private(uuid=1cfafb9b-7ad4-49af-9f8c-4755cf3915a8, chassis=f93d4c48-700b-4dea-8f83-f06f49c97d16, external_ids={'neutron:ovn-bridge': 'br-int', 'neutron:ovn-neutron-agent-id': 'c7ee488d-7b6a-589f-8036-f5c14ad50c50', 'neutron:ovn-neutron-agent-sb-cfg': '2'}, name='e4f6ace0-360a-4bcd-b959-fb7b598b6c80', nb_cfg=2, nb_cfg_timestamp=1785120848469) old=Chassis_Private(uuid=1cfafb9b-7ad4-49af-9f8c-4755cf3915a8, external_ids={'neutron:ovn-bridge': 'br-int', 'neutron:ovn-neutron-agent-id': 'c7ee488d-7b6a-589f-8036-f5c14ad50c50', 'neutron:ovn-neutron-agent-sb-cfg': '1'}) {{(pid=87670) matches /opt/stack/data/venv/lib/python3.12/site-packages/ovsdbapp/backend/ovs_idl/event.py:55}}
Jul 27 02:54:17.487954 np0000005861 devstack@neutron-api.service[87671]: DEBUG ovsdbapp.backend.ovs_idl.event [None req-4237cdf3-727a-4e70-b3b9-d18127bbca1c None None] Matched UPDATE: ChassisOVNAgentWriteEvent(events=('create', 'update'), table='Chassis_Private', conditions=None, old_conditions=None), priority=20 to row=Chassis_Private(uuid=1cfafb9b-7ad4-49af-9f8c-4755cf3915a8, chassis=f93d4c48-700b-4dea-8f83-f06f49c97d16, external_ids={'neutron:ovn-bridge': 'br-int', 'neutron:ovn-neutron-agent-id': 'c7ee488d-7b6a-589f-8036-f5c14ad50c50', 'neutron:ovn-neutron-agent-sb-cfg': '2'}, name='e4f6ace0-360a-4bcd-b959-fb7b598b6c80', nb_cfg=2, nb_cfg_timestamp=1785120848469) old=Chassis_Private(uuid=1cfafb9b-7ad4-49af-9f8c-4755cf3915a8, external_ids={'neutron:ovn-bridge': 'br-int', 'neutron:ovn-neutron-agent-id': 'c7ee488d-7b6a-589f-8036-f5c14ad50c50', 'neutron:ovn-neutron-agent-sb-cfg': '1'}) {{(pid=87671) matches /opt/stack/data/venv/lib/python3.12/site-packages/ovsdbapp/backend/ovs_idl/event.py:55}}
Jul 27 02:54:17.488750 np0000005861 devstack@neutron-api.service[87669]: DEBUG ovsdbapp.backend.ovs_idl.event [None req-b6a3319f-6119-4e8c-87f5-da6bd9cc04f1 None None] Matched UPDATE: ChassisOVNAgentWriteEvent(events=('create', 'update'), table='Chassis_Private', conditions=None, old_conditions=None), priority=20 to row=Chassis_Private(uuid=1cfafb9b-7ad4-49af-9f8c-4755cf3915a8, chassis=f93d4c48-700b-4dea-8f83-f06f49c97d16, external_ids={'neutron:ovn-bridge': 'br-int', 'neutron:ovn-neutron-agent-id': 'c7ee488d-7b6a-589f-8036-f5c14ad50c50', 'neutron:ovn-neutron-agent-sb-cfg': '2'}, name='e4f6ace0-360a-4bcd-b959-fb7b598b6c80', nb_cfg=2, nb_cfg_timestamp=1785120848469) old=Chassis_Private(uuid=1cfafb9b-7ad4-49af-9f8c-4755cf3915a8, external_ids={'neutron:ovn-bridge': 'br-int', 'neutron:ovn-neutron-agent-id': 'c7ee488d-7b6a-589f-8036-f5c14ad50c50', 'neutron:ovn-neutron-agent-sb-cfg': '1'}) {{(pid=87669) matches /opt/stack/data/venv/lib/python3.12/site-packages/ovsdbapp/backend/ovs_idl/event.py:55}}
Jul 27 02:54:17.489041 np0000005861 devstack@neutron-api.service[87671]: DEBUG neutron.plugins.ml2.drivers.ovn.mech_driver.ovsdb.ovsdb_monitor [None req-4237cdf3-727a-4e70-b3b9-d18127bbca1c None None] Touching Hash Ring node "3a9242f683b45f17b7a04f44ec855dd0" from IDL notify handler {{(pid=87671) notify /opt/stack/neutron/neutron/plugins/ml2/drivers/ovn/mech_driver/ovsdb/ovsdb_monitor.py:1005}}
Jul 27 02:54:17.498325 np0000005861 devstack@neutron-api.service[87671]: DEBUG neutron.plugins.ml2.drivers.ovn.mech_driver.ovsdb.ovsdb_monitor [None req-4237cdf3-727a-4e70-b3b9-d18127bbca1c None None] Hash Ring: Node 3a9242f683b45f17b7a04f44ec855dd0 (host: np0000005861) handling event "update" for row 1cfafb9b-7ad4-49af-9f8c-4755cf3915a8 (table: Chassis_Private) {{(pid=87671) notify /opt/stack/neutron/neutron/plugins/ml2/drivers/ovn/mech_driver/ovsdb/ovsdb_monitor.py:1013}}
Jul 27 02:54:24.231007 np0000005861 devstack@neutron-api.service[87670]: DEBUG dbcounter [-] [87670] Writing DB stats neutron:UPDATE=2,neutron:SELECT=8 {{(pid=87670) stat_writer /opt/stack/data/venv/lib/python3.12/site-packages/dbcounter.py:115}}
Jul 27 02:54:25.060920 np0000005861 devstack@neutron-api.service[87669]: DEBUG dbcounter [-] [87669] Writing DB stats neutron:UPDATE=2,neutron:SELECT=33 {{(pid=87669) stat_writer /opt/stack/data/venv/lib/python3.12/site-packages/dbcounter.py:115}}
Jul 27 02:54:27.490576 np0000005861 devstack@neutron-api.service[87671]: DEBUG dbcounter [-] [87671] Writing DB stats neutron:UPDATE=17,neutron:SELECT=394,neutron:INSERT=26,neutron:DELETE=4 {{(pid=87671) stat_writer /opt/stack/data/venv/lib/python3.12/site-packages/dbcounter.py:115}}
Jul 27 02:54:29.221533 np0000005861 devstack@neutron-api.service[87670]: DEBUG futurist.periodics [-] Submitting periodic callback 'neutron.plugins.ml2.drivers.ovn.mech_driver.ovsdb.maintenance.HashRingHealthCheckPeriodics.touch_hash_ring_node' {{(pid=87670) _process_scheduled /opt/stack/data/venv/lib/python3.12/site-packages/futurist/periodics.py:784}}
Jul 27 02:54:29.222036 np0000005861 devstack@neutron-api.service[87670]: DEBUG neutron.plugins.ml2.drivers.ovn.mech_driver.ovsdb.maintenance [-] Touching Hash Ring node "5d6412159db658d69f9d341a83c037cd" from periodic health check thread {{(pid=87670) touch_hash_ring_node /opt/stack/neutron/neutron/plugins/ml2/drivers/ovn/mech_driver/ovsdb/maintenance.py:1417}}
Jul 27 02:54:30.053772 np0000005861 devstack@neutron-api.service[87669]: DEBUG futurist.periodics [-] Submitting periodic callback 'neutron.plugins.ml2.drivers.ovn.mech_driver.ovsdb.maintenance.HashRingHealthCheckPeriodics.touch_hash_ring_node' {{(pid=87669) _process_scheduled /opt/stack/data/venv/lib/python3.12/site-packages/futurist/periodics.py:784}}
Jul 27 02:54:30.053772 np0000005861 devstack@neutron-api.service[87669]: DEBUG neutron.plugins.ml2.drivers.ovn.mech_driver.ovsdb.maintenance [-] Touching Hash Ring node "8f5757568c3e5a549b0edb601a260ca4" from periodic health check thread {{(pid=87669) touch_hash_ring_node /opt/stack/neutron/neutron/plugins/ml2/drivers/ovn/mech_driver/ovsdb/maintenance.py:1417}}
Jul 27 02:54:30.104234 np0000005861 devstack@neutron-api.service[87671]: DEBUG futurist.periodics [-] Submitting periodic callback 'neutron.plugins.ml2.drivers.ovn.mech_driver.ovsdb.maintenance.HashRingHealthCheckPeriodics.touch_hash_ring_node' {{(pid=87671) _process_scheduled /opt/stack/data/venv/lib/python3.12/site-packages/futurist/periodics.py:784}}
Jul 27 02:54:30.104646 np0000005861 devstack@neutron-api.service[87671]: DEBUG neutron.plugins.ml2.drivers.ovn.mech_driver.ovsdb.maintenance [-] Touching Hash Ring node "3a9242f683b45f17b7a04f44ec855dd0" from periodic health check thread {{(pid=87671) touch_hash_ring_node /opt/stack/neutron/neutron/plugins/ml2/drivers/ovn/mech_driver/ovsdb/maintenance.py:1417}}
Jul 27 02:54:36.936592 np0000005861 devstack@neutron-api.service[87670]: DEBUG neutron.api.wsgi [None req-fadf4179-3c1a-44ef-a03c-2404574f12f0 tempest-verify_tempest_config-42887756 tempest-verify_tempest_config-42887756-project-member] https://10.4.3.73/networking/v2.0/extensions returned with HTTP 200 {{(pid=87670) __call__ /opt/stack/neutron/neutron/api/wsgi.py:540}}
Jul 27 02:54:36.937180 np0000005861 devstack@neutron-api.service[87670]: [pid: 87670|app: 0|req: 15/41] 10.4.3.73 () {66 vars in 1254 bytes} [Mon Jul 27 02:54:36 2026] GET /networking/v2.0/extensions => generated 16171 bytes in 3 msecs (HTTP/1.1 200) 4 headers in 159 bytes (1 switches on core 0)
