Jul 23 20:16:02.204654 np0000005780 devstack@g-api.service[103142]: DEBUG glance.api.middleware.version_negotiation [None req-ec9c4c1b-9058-4538-bdf7-57b737f9c6af tempest-ServerBootFromVolumeStableRescueTest-1156704957 tempest-ServerBootFromVolumeStableRescueTest-1156704957-project-member] Using url versioning {{(pid=103142) process_request /opt/stack/glance/glance/api/middleware/version_negotiation.py:57}}
Jul 23 20:16:02.204886 np0000005780 devstack@g-api.service[103142]: DEBUG glance.api.middleware.version_negotiation [None req-ec9c4c1b-9058-4538-bdf7-57b737f9c6af tempest-ServerBootFromVolumeStableRescueTest-1156704957 tempest-ServerBootFromVolumeStableRescueTest-1156704957-project-member] Matched version: v2 {{(pid=103142) process_request /opt/stack/glance/glance/api/middleware/version_negotiation.py:69}}
Jul 23 20:16:02.205090 np0000005780 devstack@g-api.service[103142]: DEBUG glance.api.middleware.version_negotiation [None req-ec9c4c1b-9058-4538-bdf7-57b737f9c6af tempest-ServerBootFromVolumeStableRescueTest-1156704957 tempest-ServerBootFromVolumeStableRescueTest-1156704957-project-member] new path /v2/images/4c859fbb-d9e7-4cff-a72d-1f28906228f6 {{(pid=103142) process_request /opt/stack/glance/glance/api/middleware/version_negotiation.py:70}}
Jul 23 20:16:02.223490 np0000005780 devstack@g-api.service[103142]: [pid: 103142|app: 0|req: 28/115] 127.0.0.1 () {44 vars in 1115 bytes} [Thu Jul 23 20:16:02 2026] GET /v2/images/4c859fbb-d9e7-4cff-a72d-1f28906228f6 => generated 1471 bytes in 19 msecs (HTTP/1.1 200) 4 headers in 158 bytes (1 switches on core 0)
Jul 23 20:16:02.288016 np0000005780 devstack@g-api.service[103141]: DEBUG glance.api.middleware.version_negotiation [None req-ec9c4c1b-9058-4538-bdf7-57b737f9c6af tempest-ServerBootFromVolumeStableRescueTest-1156704957 tempest-ServerBootFromVolumeStableRescueTest-1156704957-project-member] Determining version of request: PUT /v2/images/4c859fbb-d9e7-4cff-a72d-1f28906228f6/file Accept: */* {{(pid=103141) process_request /opt/stack/glance/glance/api/middleware/version_negotiation.py:44}}
Jul 23 20:16:02.288016 np0000005780 devstack@g-api.service[103141]: DEBUG glance.api.middleware.version_negotiation [None req-ec9c4c1b-9058-4538-bdf7-57b737f9c6af tempest-ServerBootFromVolumeStableRescueTest-1156704957 tempest-ServerBootFromVolumeStableRescueTest-1156704957-project-member] Using url versioning {{(pid=103141) process_request /opt/stack/glance/glance/api/middleware/version_negotiation.py:57}}
Jul 23 20:16:02.288296 np0000005780 devstack@g-api.service[103141]: DEBUG glance.api.middleware.version_negotiation [None req-ec9c4c1b-9058-4538-bdf7-57b737f9c6af tempest-ServerBootFromVolumeStableRescueTest-1156704957 tempest-ServerBootFromVolumeStableRescueTest-1156704957-project-member] Matched version: v2 {{(pid=103141) process_request /opt/stack/glance/glance/api/middleware/version_negotiation.py:69}}
Jul 23 20:16:02.288943 np0000005780 devstack@g-api.service[103141]: DEBUG glance.api.middleware.version_negotiation [None req-ec9c4c1b-9058-4538-bdf7-57b737f9c6af tempest-ServerBootFromVolumeStableRescueTest-1156704957 tempest-ServerBootFromVolumeStableRescueTest-1156704957-project-member] new path /v2/images/4c859fbb-d9e7-4cff-a72d-1f28906228f6/file {{(pid=103141) process_request /opt/stack/glance/glance/api/middleware/version_negotiation.py:70}}
Jul 23 20:16:02.934168 np0000005780 devstack@g-api.service[103139]: DEBUG glance.api.middleware.version_negotiation [None req-ef402a97-6720-452d-b81b-54423b00a45b tempest-ServerBootFromVolumeStableRescueTest-1156704957 tempest-ServerBootFromVolumeStableRescueTest-1156704957-project-member] Determining version of request: POST /v2/images Accept: application/json {{(pid=103139) process_request /opt/stack/glance/glance/api/middleware/version_negotiation.py:44}}
Jul 23 20:16:02.934688 np0000005780 devstack@g-api.service[103139]: DEBUG glance.api.middleware.version_negotiation [None req-ef402a97-6720-452d-b81b-54423b00a45b tempest-ServerBootFromVolumeStableRescueTest-1156704957 tempest-ServerBootFromVolumeStableRescueTest-1156704957-project-member] Using url versioning {{(pid=103139) process_request /opt/stack/glance/glance/api/middleware/version_negotiation.py:57}}
Jul 23 20:16:02.934688 np0000005780 devstack@g-api.service[103139]: DEBUG glance.api.middleware.version_negotiation [None req-ef402a97-6720-452d-b81b-54423b00a45b tempest-ServerBootFromVolumeStableRescueTest-1156704957 tempest-ServerBootFromVolumeStableRescueTest-1156704957-project-member] Matched version: v2 {{(pid=103139) process_request /opt/stack/glance/glance/api/middleware/version_negotiation.py:69}}
Jul 23 20:16:02.934688 np0000005780 devstack@g-api.service[103139]: DEBUG glance.api.middleware.version_negotiation [None req-ef402a97-6720-452d-b81b-54423b00a45b tempest-ServerBootFromVolumeStableRescueTest-1156704957 tempest-ServerBootFromVolumeStableRescueTest-1156704957-project-member] new path /v2/images {{(pid=103139) process_request /opt/stack/glance/glance/api/middleware/version_negotiation.py:70}}
Jul 23 20:16:03.064731 np0000005780 devstack@g-api.service[103140]: DEBUG glance.api.middleware.version_negotiation [None req-ec9c4c1b-9058-4538-bdf7-57b737f9c6af tempest-ServerBootFromVolumeStableRescueTest-1156704957 tempest-ServerBootFromVolumeStableRescueTest-1156704957-project-member] Determining version of request: GET /v2/images/4c859fbb-d9e7-4cff-a72d-1f28906228f6 Accept: application/json {{(pid=103140) process_request /opt/stack/glance/glance/api/middleware/version_negotiation.py:44}}
Jul 23 20:16:03.064966 np0000005780 devstack@g-api.service[103140]: DEBUG glance.api.middleware.version_negotiation [None req-ec9c4c1b-9058-4538-bdf7-57b737f9c6af tempest-ServerBootFromVolumeStableRescueTest-1156704957 tempest-ServerBootFromVolumeStableRescueTest-1156704957-project-member] Using url versioning {{(pid=103140) process_request /opt/stack/glance/glance/api/middleware/version_negotiation.py:57}}
Jul 23 20:16:03.065234 np0000005780 devstack@g-api.service[103140]: DEBUG glance.api.middleware.version_negotiation [None req-ec9c4c1b-9058-4538-bdf7-57b737f9c6af tempest-ServerBootFromVolumeStableRescueTest-1156704957 tempest-ServerBootFromVolumeStableRescueTest-1156704957-project-member] Matched version: v2 {{(pid=103140) process_request /opt/stack/glance/glance/api/middleware/version_negotiation.py:69}}
Jul 23 20:16:03.065344 np0000005780 devstack@g-api.service[103140]: DEBUG glance.api.middleware.version_negotiation [None req-ec9c4c1b-9058-4538-bdf7-57b737f9c6af tempest-ServerBootFromVolumeStableRescueTest-1156704957 tempest-ServerBootFromVolumeStableRescueTest-1156704957-project-member] new path /v2/images/4c859fbb-d9e7-4cff-a72d-1f28906228f6 {{(pid=103140) process_request /opt/stack/glance/glance/api/middleware/version_negotiation.py:70}}
Jul 23 20:16:03.080219 np0000005780 devstack@g-api.service[103140]: [pid: 103140|app: 0|req: 30/116] 127.0.0.1 () {40 vars in 838 bytes} [Thu Jul 23 20:16:03 2026] GET /v2/images/4c859fbb-d9e7-4cff-a72d-1f28906228f6 => generated 1471 bytes in 16 msecs (HTTP/1.1 200) 4 headers in 158 bytes (1 switches on core 0)
Jul 23 20:16:03.346119 np0000005780 devstack@g-api.service[103141]: INFO glance.api.v2.image_data [None req-ec9c4c1b-9058-4538-bdf7-57b737f9c6af tempest-ServerBootFromVolumeStableRescueTest-1156704957 tempest-ServerBootFromVolumeStableRescueTest-1156704957-project-member] Unable to create trust: no such option collect_timing in group [keystone_authtoken] Use the existing user token.
Jul 23 20:16:04.090686 np0000005780 devstack@g-api.service[103142]: DEBUG glance.api.middleware.version_negotiation [None req-ec9c4c1b-9058-4538-bdf7-57b737f9c6af tempest-ServerBootFromVolumeStableRescueTest-1156704957 tempest-ServerBootFromVolumeStableRescueTest-1156704957-project-member] Determining version of request: GET /v2/images/4c859fbb-d9e7-4cff-a72d-1f28906228f6 Accept: application/json {{(pid=103142) process_request /opt/stack/glance/glance/api/middleware/version_negotiation.py:44}}
Jul 23 20:16:04.091881 np0000005780 devstack@g-api.service[103142]: DEBUG glance.api.middleware.version_negotiation [None req-ec9c4c1b-9058-4538-bdf7-57b737f9c6af tempest-ServerBootFromVolumeStableRescueTest-1156704957 tempest-ServerBootFromVolumeStableRescueTest-1156704957-project-member] Using url versioning {{(pid=103142) process_request /opt/stack/glance/glance/api/middleware/version_negotiation.py:57}}
Jul 23 20:16:04.091881 np0000005780 devstack@g-api.service[103142]: DEBUG glance.api.middleware.version_negotiation [None req-ec9c4c1b-9058-4538-bdf7-57b737f9c6af tempest-ServerBootFromVolumeStableRescueTest-1156704957 tempest-ServerBootFromVolumeStableRescueTest-1156704957-project-member] Matched version: v2 {{(pid=103142) process_request /opt/stack/glance/glance/api/middleware/version_negotiation.py:69}}
Jul 23 20:16:04.091881 np0000005780 devstack@g-api.service[103142]: DEBUG glance.api.middleware.version_negotiation [None req-ec9c4c1b-9058-4538-bdf7-57b737f9c6af tempest-ServerBootFromVolumeStableRescueTest-1156704957 tempest-ServerBootFromVolumeStableRescueTest-1156704957-project-member] new path /v2/images/4c859fbb-d9e7-4cff-a72d-1f28906228f6 {{(pid=103142) process_request /opt/stack/glance/glance/api/middleware/version_negotiation.py:70}}
Jul 23 20:16:04.119490 np0000005780 devstack@g-api.service[103142]: [pid: 103142|app: 0|req: 29/117] 127.0.0.1 () {40 vars in 838 bytes} [Thu Jul 23 20:16:04 2026] GET /v2/images/4c859fbb-d9e7-4cff-a72d-1f28906228f6 => generated 1471 bytes in 26 msecs (HTTP/1.1 200) 4 headers in 158 bytes (1 switches on core 0)
Jul 23 20:16:04.330077 np0000005780 devstack@g-api.service[103141]: DEBUG glance.location [None req-ec9c4c1b-9058-4538-bdf7-57b737f9c6af tempest-ServerBootFromVolumeStableRescueTest-1156704957 tempest-ServerBootFromVolumeStableRescueTest-1156704957-project-member] Enabling in-flight format inspection for qcow2 {{(pid=103141) set_data /opt/stack/glance/glance/location.py:596}}
Jul 23 20:16:04.330524 np0000005780 devstack@g-api.service[103141]: DEBUG glance_store.backend [None req-ec9c4c1b-9058-4538-bdf7-57b737f9c6af tempest-ServerBootFromVolumeStableRescueTest-1156704957 tempest-ServerBootFromVolumeStableRescueTest-1156704957-project-member] Attempting to import store swift {{(pid=103141) _load_store /opt/stack/data/venv/lib/python3.12/site-packages/glance_store/backend.py:215}}
Jul 23 20:16:04.332544 np0000005780 devstack@g-api.service[103141]: DEBUG glance_store.capabilities [None req-ec9c4c1b-9058-4538-bdf7-57b737f9c6af tempest-ServerBootFromVolumeStableRescueTest-1156704957 tempest-ServerBootFromVolumeStableRescueTest-1156704957-project-member] Store glance_store._drivers.swift.store.SingleTenantStore doesn't support updating dynamic storage capabilities. Please overwrite 'update_capabilities' method of the store to implement updating logics if needed. {{(pid=103141) update_capabilities /opt/stack/data/venv/lib/python3.12/site-packages/glance_store/capabilities.py:91}}
Jul 23 20:16:04.332544 np0000005780 devstack@g-api.service[103141]: DEBUG glance_store.driver [None req-ec9c4c1b-9058-4538-bdf7-57b737f9c6af tempest-ServerBootFromVolumeStableRescueTest-1156704957 tempest-ServerBootFromVolumeStableRescueTest-1156704957-project-member] Late loading location class glance_store._drivers.swift.store.StoreLocation {{(pid=103141) get_store_location_class /opt/stack/data/venv/lib/python3.12/site-packages/glance_store/driver.py:134}}
Jul 23 20:16:04.332544 np0000005780 devstack@g-api.service[103141]: DEBUG glance_store.location [None req-ec9c4c1b-9058-4538-bdf7-57b737f9c6af tempest-ServerBootFromVolumeStableRescueTest-1156704957 tempest-ServerBootFromVolumeStableRescueTest-1156704957-project-member] Registering scheme swift+https with {'store': , 'location_class': , 'store_entry': 'swift'} {{(pid=103141) register_scheme_map /opt/stack/data/venv/lib/python3.12/site-packages/glance_store/location.py:146}}
Jul 23 20:16:04.332866 np0000005780 devstack@g-api.service[103141]: DEBUG glance_store.location [None req-ec9c4c1b-9058-4538-bdf7-57b737f9c6af tempest-ServerBootFromVolumeStableRescueTest-1156704957 tempest-ServerBootFromVolumeStableRescueTest-1156704957-project-member] Registering scheme swift+https with {'store': , 'location_class': , 'store_entry': 'swift'} {{(pid=103141) register_scheme_map /opt/stack/data/venv/lib/python3.12/site-packages/glance_store/location.py:146}}
Jul 23 20:16:04.332866 np0000005780 devstack@g-api.service[103141]: DEBUG glance_store.location [None req-ec9c4c1b-9058-4538-bdf7-57b737f9c6af tempest-ServerBootFromVolumeStableRescueTest-1156704957 tempest-ServerBootFromVolumeStableRescueTest-1156704957-project-member] Registering scheme swift with {'store': , 'location_class': , 'store_entry': 'swift'} {{(pid=103141) register_scheme_map /opt/stack/data/venv/lib/python3.12/site-packages/glance_store/location.py:146}}
Jul 23 20:16:04.332866 np0000005780 devstack@g-api.service[103141]: DEBUG glance_store.location [None req-ec9c4c1b-9058-4538-bdf7-57b737f9c6af tempest-ServerBootFromVolumeStableRescueTest-1156704957 tempest-ServerBootFromVolumeStableRescueTest-1156704957-project-member] Registering scheme swift+https with {'store': , 'location_class': , 'store_entry': 'swift'} {{(pid=103141) register_scheme_map /opt/stack/data/venv/lib/python3.12/site-packages/glance_store/location.py:146}}
Jul 23 20:16:04.333037 np0000005780 devstack@g-api.service[103141]: DEBUG glance_store.location [None req-ec9c4c1b-9058-4538-bdf7-57b737f9c6af tempest-ServerBootFromVolumeStableRescueTest-1156704957 tempest-ServerBootFromVolumeStableRescueTest-1156704957-project-member] Registering scheme swift with {'store': , 'location_class': , 'store_entry': 'swift'} {{(pid=103141) register_scheme_map /opt/stack/data/venv/lib/python3.12/site-packages/glance_store/location.py:146}}
Jul 23 20:16:04.333037 np0000005780 devstack@g-api.service[103141]: DEBUG glance_store.location [None req-ec9c4c1b-9058-4538-bdf7-57b737f9c6af tempest-ServerBootFromVolumeStableRescueTest-1156704957 tempest-ServerBootFromVolumeStableRescueTest-1156704957-project-member] Registering scheme swift+http with {'store': , 'location_class': , 'store_entry': 'swift'} {{(pid=103141) register_scheme_map /opt/stack/data/venv/lib/python3.12/site-packages/glance_store/location.py:146}}
Jul 23 20:16:04.333037 np0000005780 devstack@g-api.service[103141]: DEBUG glance_store.location [None req-ec9c4c1b-9058-4538-bdf7-57b737f9c6af tempest-ServerBootFromVolumeStableRescueTest-1156704957 tempest-ServerBootFromVolumeStableRescueTest-1156704957-project-member] Registering scheme swift+https with {'store': , 'location_class': , 'store_entry': 'swift'} {{(pid=103141) register_scheme_map /opt/stack/data/venv/lib/python3.12/site-packages/glance_store/location.py:146}}
Jul 23 20:16:04.333205 np0000005780 devstack@g-api.service[103141]: DEBUG glance_store.location [None req-ec9c4c1b-9058-4538-bdf7-57b737f9c6af tempest-ServerBootFromVolumeStableRescueTest-1156704957 tempest-ServerBootFromVolumeStableRescueTest-1156704957-project-member] Registering scheme swift with {'store': , 'location_class': , 'store_entry': 'swift'} {{(pid=103141) register_scheme_map /opt/stack/data/venv/lib/python3.12/site-packages/glance_store/location.py:146}}
Jul 23 20:16:04.333205 np0000005780 devstack@g-api.service[103141]: DEBUG glance_store.location [None req-ec9c4c1b-9058-4538-bdf7-57b737f9c6af tempest-ServerBootFromVolumeStableRescueTest-1156704957 tempest-ServerBootFromVolumeStableRescueTest-1156704957-project-member] Registering scheme swift+http with {'store': , 'location_class': , 'store_entry': 'swift'} {{(pid=103141) register_scheme_map /opt/stack/data/venv/lib/python3.12/site-packages/glance_store/location.py:146}}
Jul 23 20:16:04.333306 np0000005780 devstack@g-api.service[103141]: DEBUG glance_store.location [None req-ec9c4c1b-9058-4538-bdf7-57b737f9c6af tempest-ServerBootFromVolumeStableRescueTest-1156704957 tempest-ServerBootFromVolumeStableRescueTest-1156704957-project-member] Registering scheme swift+config with {'store': , 'location_class': , 'store_entry': 'swift'} {{(pid=103141) register_scheme_map /opt/stack/data/venv/lib/python3.12/site-packages/glance_store/location.py:146}}
Jul 23 20:16:04.438589 np0000005780 devstack@g-api.service[103140]: DEBUG glance.api.middleware.version_negotiation [None req-d76956b0-b6a5-42f8-9efa-bee82cd40998 tempest-ServerBootFromVolumeStableRescueTest-1156704957 tempest-ServerBootFromVolumeStableRescueTest-1156704957-project-member] Determining version of request: GET /v2/images/81bbe34b-8b99-446c-a552-283ad832aa04 Accept: */* {{(pid=103140) process_request /opt/stack/glance/glance/api/middleware/version_negotiation.py:44}}
Jul 23 20:16:04.438589 np0000005780 devstack@g-api.service[103140]: DEBUG glance.api.middleware.version_negotiation [None req-d76956b0-b6a5-42f8-9efa-bee82cd40998 tempest-ServerBootFromVolumeStableRescueTest-1156704957 tempest-ServerBootFromVolumeStableRescueTest-1156704957-project-member] Using url versioning {{(pid=103140) process_request /opt/stack/glance/glance/api/middleware/version_negotiation.py:57}}
Jul 23 20:16:04.438589 np0000005780 devstack@g-api.service[103140]: DEBUG glance.api.middleware.version_negotiation [None req-d76956b0-b6a5-42f8-9efa-bee82cd40998 tempest-ServerBootFromVolumeStableRescueTest-1156704957 tempest-ServerBootFromVolumeStableRescueTest-1156704957-project-member] Matched version: v2 {{(pid=103140) process_request /opt/stack/glance/glance/api/middleware/version_negotiation.py:69}}
Jul 23 20:16:04.438589 np0000005780 devstack@g-api.service[103140]: DEBUG glance.api.middleware.version_negotiation [None req-d76956b0-b6a5-42f8-9efa-bee82cd40998 tempest-ServerBootFromVolumeStableRescueTest-1156704957 tempest-ServerBootFromVolumeStableRescueTest-1156704957-project-member] new path /v2/images/81bbe34b-8b99-446c-a552-283ad832aa04 {{(pid=103140) process_request /opt/stack/glance/glance/api/middleware/version_negotiation.py:70}}
Jul 23 20:16:04.452428 np0000005780 devstack@g-api.service[103140]: [pid: 103140|app: 0|req: 31/118] 127.0.0.1 () {44 vars in 1115 bytes} [Thu Jul 23 20:16:04 2026] GET /v2/images/81bbe34b-8b99-446c-a552-283ad832aa04 => generated 1044 bytes in 15 msecs (HTTP/1.1 200) 4 headers in 158 bytes (1 switches on core 0)
Jul 23 20:16:04.505415 np0000005780 devstack@g-api.service[103142]: DEBUG glance.api.middleware.version_negotiation [None req-ad7545cc-aeb0-4172-bd9e-1d3e85db9c60 tempest-ServerBootFromVolumeStableRescueTest-1156704957 tempest-ServerBootFromVolumeStableRescueTest-1156704957-project-member] Determining version of request: GET /v2/schemas/image Accept: */* {{(pid=103142) process_request /opt/stack/glance/glance/api/middleware/version_negotiation.py:44}}
Jul 23 20:16:04.505530 np0000005780 devstack@g-api.service[103142]: DEBUG glance.api.middleware.version_negotiation [None req-ad7545cc-aeb0-4172-bd9e-1d3e85db9c60 tempest-ServerBootFromVolumeStableRescueTest-1156704957 tempest-ServerBootFromVolumeStableRescueTest-1156704957-project-member] Using url versioning {{(pid=103142) process_request /opt/stack/glance/glance/api/middleware/version_negotiation.py:57}}
Jul 23 20:16:04.505657 np0000005780 devstack@g-api.service[103142]: DEBUG glance.api.middleware.version_negotiation [None req-ad7545cc-aeb0-4172-bd9e-1d3e85db9c60 tempest-ServerBootFromVolumeStableRescueTest-1156704957 tempest-ServerBootFromVolumeStableRescueTest-1156704957-project-member] Matched version: v2 {{(pid=103142) process_request /opt/stack/glance/glance/api/middleware/version_negotiation.py:69}}
Jul 23 20:16:04.505718 np0000005780 devstack@g-api.service[103142]: DEBUG glance.api.middleware.version_negotiation [None req-ad7545cc-aeb0-4172-bd9e-1d3e85db9c60 tempest-ServerBootFromVolumeStableRescueTest-1156704957 tempest-ServerBootFromVolumeStableRescueTest-1156704957-project-member] new path /v2/schemas/image {{(pid=103142) process_request /opt/stack/glance/glance/api/middleware/version_negotiation.py:70}}
Jul 23 20:16:04.508415 np0000005780 devstack@g-api.service[103142]: [pid: 103142|app: 0|req: 30/119] 127.0.0.1 () {44 vars in 1055 bytes} [Thu Jul 23 20:16:04 2026] GET /v2/schemas/image => generated 6083 bytes in 3 msecs (HTTP/1.1 200) 4 headers in 158 bytes (1 switches on core 0)
Jul 23 20:16:04.584930 np0000005780 devstack@g-api.service[103139]: [pid: 103139|app: 0|req: 31/120] 127.0.0.1 () {42 vars in 786 bytes} [Thu Jul 23 20:16:02 2026] POST /v2/images => generated 647 bytes in 1652 msecs (HTTP/1.1 201) 6 headers in 315 bytes (1 switches on core 0)
Jul 23 20:16:04.599840 np0000005780 devstack@g-api.service[103140]: DEBUG glance.api.middleware.version_negotiation [None req-f1ffc363-ce46-4530-81a1-2add99bffe2a tempest-ServerRescueNegativeTestJSON-458841790 tempest-ServerRescueNegativeTestJSON-458841790-project-member] Determining version of request: PUT /v2/images/fab5b468-bc67-46cb-beba-62f7a4006d08/file Accept: {{(pid=103140) process_request /opt/stack/glance/glance/api/middleware/version_negotiation.py:44}}
Jul 23 20:16:04.600035 np0000005780 devstack@g-api.service[103140]: DEBUG glance.api.middleware.version_negotiation [None req-f1ffc363-ce46-4530-81a1-2add99bffe2a tempest-ServerRescueNegativeTestJSON-458841790 tempest-ServerRescueNegativeTestJSON-458841790-project-member] Using url versioning {{(pid=103140) process_request /opt/stack/glance/glance/api/middleware/version_negotiation.py:57}}
Jul 23 20:16:04.600611 np0000005780 devstack@g-api.service[103140]: DEBUG glance.api.middleware.version_negotiation [None req-f1ffc363-ce46-4530-81a1-2add99bffe2a tempest-ServerRescueNegativeTestJSON-458841790 tempest-ServerRescueNegativeTestJSON-458841790-project-member] Matched version: v2 {{(pid=103140) process_request /opt/stack/glance/glance/api/middleware/version_negotiation.py:69}}
Jul 23 20:16:04.600611 np0000005780 devstack@g-api.service[103140]: DEBUG glance.api.middleware.version_negotiation [None req-f1ffc363-ce46-4530-81a1-2add99bffe2a tempest-ServerRescueNegativeTestJSON-458841790 tempest-ServerRescueNegativeTestJSON-458841790-project-member] new path /v2/images/fab5b468-bc67-46cb-beba-62f7a4006d08/file {{(pid=103140) process_request /opt/stack/glance/glance/api/middleware/version_negotiation.py:70}}
Jul 23 20:16:05.077365 np0000005780 devstack@g-api.service[103141]: DEBUG swiftclient [None req-ec9c4c1b-9058-4538-bdf7-57b737f9c6af tempest-ServerBootFromVolumeStableRescueTest-1156704957 tempest-ServerBootFromVolumeStableRescueTest-1156704957-project-member] REQ: curl -i https://10.4.3.200:8080/v1/AUTH_d3aa6eb5402d470aae3a114f7677840e/glance -I -H "X-Auth-Token: gAAAAABqYnaENhXY..." {{(pid=103141) http_log /opt/stack/data/venv/lib/python3.12/site-packages/swiftclient/client.py:160}}
Jul 23 20:16:05.077365 np0000005780 devstack@g-api.service[103141]: DEBUG swiftclient [None req-ec9c4c1b-9058-4538-bdf7-57b737f9c6af tempest-ServerBootFromVolumeStableRescueTest-1156704957 tempest-ServerBootFromVolumeStableRescueTest-1156704957-project-member] RESP STATUS: 204 No Content {{(pid=103141) http_log /opt/stack/data/venv/lib/python3.12/site-packages/swiftclient/client.py:161}}
Jul 23 20:16:05.077365 np0000005780 devstack@g-api.service[103141]: DEBUG swiftclient [None req-ec9c4c1b-9058-4538-bdf7-57b737f9c6af tempest-ServerBootFromVolumeStableRescueTest-1156704957 tempest-ServerBootFromVolumeStableRescueTest-1156704957-project-member] RESP HEADERS: {'Date': 'Thu, 23 Jul 2026 20:16:05 GMT', 'Server': 'Apache/2.4.58 (Ubuntu)', 'Content-Type': 'text/plain; charset=utf-8', 'X-Container-Object-Count': '5', 'X-Container-Bytes-Used': '87883776', 'X-Timestamp': '1784837569.00822', 'Last-Modified': 'Thu, 23 Jul 2026 20:12:49 GMT', 'Accept-Ranges': 'bytes', 'X-Storage-Policy': 'Policy-0', 'X-Container-Sharding': 'False', 'Vary': 'Accept', 'X-Trans-Id': 'txebf5db33c22c47dc94242-006a627684', 'X-Openstack-Request-Id': 'txebf5db33c22c47dc94242-006a627684', 'Connection': 'close'} {{(pid=103141) http_log /opt/stack/data/venv/lib/python3.12/site-packages/swiftclient/client.py:162}}
Jul 23 20:16:05.077947 np0000005780 devstack@g-api.service[103141]: DEBUG glance_store._drivers.swift.store [None req-ec9c4c1b-9058-4538-bdf7-57b737f9c6af tempest-ServerBootFromVolumeStableRescueTest-1156704957 tempest-ServerBootFromVolumeStableRescueTest-1156704957-project-member] Adding image object '4c859fbb-d9e7-4cff-a72d-1f28906228f6' to Swift {{(pid=103141) add /opt/stack/data/venv/lib/python3.12/site-packages/glance_store/_drivers/swift/store.py:970}}
Jul 23 20:16:05.077947 np0000005780 devstack@g-api.service[103141]: DEBUG glance_store._drivers.swift.store [None req-ec9c4c1b-9058-4538-bdf7-57b737f9c6af tempest-ServerBootFromVolumeStableRescueTest-1156704957 tempest-ServerBootFromVolumeStableRescueTest-1156704957-project-member] Cannot determine image size because it is either not provided in the request or chunked-transfer encoding is used. Adding image as a segmented object to Swift. {{(pid=103141) add /opt/stack/data/venv/lib/python3.12/site-packages/glance_store/_drivers/swift/store.py:994}}
Jul 23 20:16:05.089928 np0000005780 devstack@g-api.service[103141]: DEBUG oslo_utils.imageutils.format_inspector [None req-ec9c4c1b-9058-4538-bdf7-57b737f9c6af tempest-ServerBootFromVolumeStableRescueTest-1156704957 tempest-ServerBootFromVolumeStableRescueTest-1156704957-project-member] Format inspector for vmdk does not match, excluding from consideration (Signature KDMV not found: b'QFI\xfb') {{(pid=103141) _process_chunk /opt/stack/data/venv/lib/python3.12/site-packages/oslo_utils/imageutils/format_inspector.py:1758}}
Jul 23 20:16:05.093330 np0000005780 devstack@g-api.service[103141]: DEBUG oslo_utils.imageutils.format_inspector [None req-ec9c4c1b-9058-4538-bdf7-57b737f9c6af tempest-ServerBootFromVolumeStableRescueTest-1156704957 tempest-ServerBootFromVolumeStableRescueTest-1156704957-project-member] Format inspector for vhdx does not match, excluding from consideration (Region signature not found at 30000) {{(pid=103141) _process_chunk /opt/stack/data/venv/lib/python3.12/site-packages/oslo_utils/imageutils/format_inspector.py:1758}}
Jul 23 20:16:05.132034 np0000005780 devstack@g-api.service[103142]: DEBUG glance.api.middleware.version_negotiation [None req-f1ffc363-ce46-4530-81a1-2add99bffe2a tempest-ServerRescueNegativeTestJSON-458841790 tempest-ServerRescueNegativeTestJSON-458841790-project-member] Determining version of request: GET /v2/images/4c859fbb-d9e7-4cff-a72d-1f28906228f6 Accept: application/json {{(pid=103142) process_request /opt/stack/glance/glance/api/middleware/version_negotiation.py:44}}
Jul 23 20:16:05.132405 np0000005780 devstack@g-api.service[103142]: DEBUG glance.api.middleware.version_negotiation [None req-f1ffc363-ce46-4530-81a1-2add99bffe2a tempest-ServerRescueNegativeTestJSON-458841790 tempest-ServerRescueNegativeTestJSON-458841790-project-member] Using url versioning {{(pid=103142) process_request /opt/stack/glance/glance/api/middleware/version_negotiation.py:57}}
Jul 23 20:16:05.132405 np0000005780 devstack@g-api.service[103142]: DEBUG glance.api.middleware.version_negotiation [None req-f1ffc363-ce46-4530-81a1-2add99bffe2a tempest-ServerRescueNegativeTestJSON-458841790 tempest-ServerRescueNegativeTestJSON-458841790-project-member] Matched version: v2 {{(pid=103142) process_request /opt/stack/glance/glance/api/middleware/version_negotiation.py:69}}
Jul 23 20:16:05.132949 np0000005780 devstack@g-api.service[103142]: DEBUG glance.api.middleware.version_negotiation [None req-f1ffc363-ce46-4530-81a1-2add99bffe2a tempest-ServerRescueNegativeTestJSON-458841790 tempest-ServerRescueNegativeTestJSON-458841790-project-member] new path /v2/images/4c859fbb-d9e7-4cff-a72d-1f28906228f6 {{(pid=103142) process_request /opt/stack/glance/glance/api/middleware/version_negotiation.py:70}}
Jul 23 20:16:05.151040 np0000005780 devstack@g-api.service[103142]: [pid: 103142|app: 0|req: 31/121] 127.0.0.1 () {40 vars in 838 bytes} [Thu Jul 23 20:16:05 2026] GET /v2/images/4c859fbb-d9e7-4cff-a72d-1f28906228f6 => generated 1471 bytes in 19 msecs (HTTP/1.1 200) 4 headers in 158 bytes (1 switches on core 0)
Jul 23 20:16:05.443596 np0000005780 devstack@g-api.service[103141]: DEBUG swiftclient [None req-ec9c4c1b-9058-4538-bdf7-57b737f9c6af tempest-ServerBootFromVolumeStableRescueTest-1156704957 tempest-ServerBootFromVolumeStableRescueTest-1156704957-project-member] REQ: curl -i https://10.4.3.200:8080/v1/AUTH_d3aa6eb5402d470aae3a114f7677840e/glance/4c859fbb-d9e7-4cff-a72d-1f28906228f6-00001 -X PUT -H "X-Auth-Token: gAAAAABqYnaENhXY..." {{(pid=103141) http_log /opt/stack/data/venv/lib/python3.12/site-packages/swiftclient/client.py:160}}
Jul 23 20:16:05.443766 np0000005780 devstack@g-api.service[103141]: DEBUG swiftclient [None req-ec9c4c1b-9058-4538-bdf7-57b737f9c6af tempest-ServerBootFromVolumeStableRescueTest-1156704957 tempest-ServerBootFromVolumeStableRescueTest-1156704957-project-member] RESP STATUS: 201 Created {{(pid=103141) http_log /opt/stack/data/venv/lib/python3.12/site-packages/swiftclient/client.py:161}}
Jul 23 20:16:05.443970 np0000005780 devstack@g-api.service[103141]: DEBUG swiftclient [None req-ec9c4c1b-9058-4538-bdf7-57b737f9c6af tempest-ServerBootFromVolumeStableRescueTest-1156704957 tempest-ServerBootFromVolumeStableRescueTest-1156704957-project-member] RESP HEADERS: {'Date': 'Thu, 23 Jul 2026 20:16:05 GMT', 'Server': 'Apache/2.4.58 (Ubuntu)', 'Content-Type': 'text/html; charset=UTF-8', 'Content-Length': '0', 'Etag': '4fa343ee581d8d2e78533191fd1ac3e1', 'Last-Modified': 'Thu, 23 Jul 2026 20:16:06 GMT', 'X-Trans-Id': 'txce862139947c46d0bdce9-006a627685', 'X-Openstack-Request-Id': 'txce862139947c46d0bdce9-006a627685', 'Connection': 'close'} {{(pid=103141) http_log /opt/stack/data/venv/lib/python3.12/site-packages/swiftclient/client.py:162}}
Jul 23 20:16:05.444180 np0000005780 devstack@g-api.service[103141]: DEBUG glance_store._drivers.swift.store [None req-ec9c4c1b-9058-4538-bdf7-57b737f9c6af tempest-ServerBootFromVolumeStableRescueTest-1156704957 tempest-ServerBootFromVolumeStableRescueTest-1156704957-project-member] Wrote chunk 4c859fbb-d9e7-4cff-a72d-1f28906228f6-00001 (1/?) of length 23527424 to Swift returning MD5 of content: 4fa343ee581d8d2e78533191fd1ac3e1 {{(pid=103141) add /opt/stack/data/venv/lib/python3.12/site-packages/glance_store/_drivers/swift/store.py:1059}}
Jul 23 20:16:05.444656 np0000005780 devstack@g-api.service[103141]: DEBUG glance_store._drivers.swift.store [None req-ec9c4c1b-9058-4538-bdf7-57b737f9c6af tempest-ServerBootFromVolumeStableRescueTest-1156704957 tempest-ServerBootFromVolumeStableRescueTest-1156704957-project-member] Not writing zero-length chunk. {{(pid=103141) add /opt/stack/data/venv/lib/python3.12/site-packages/glance_store/_drivers/swift/store.py:1028}}
Jul 23 20:16:05.493583 np0000005780 devstack@g-api.service[103141]: DEBUG swiftclient [None req-ec9c4c1b-9058-4538-bdf7-57b737f9c6af tempest-ServerBootFromVolumeStableRescueTest-1156704957 tempest-ServerBootFromVolumeStableRescueTest-1156704957-project-member] REQ: curl -i https://10.4.3.200:8080/v1/AUTH_d3aa6eb5402d470aae3a114f7677840e/glance/4c859fbb-d9e7-4cff-a72d-1f28906228f6 -X PUT -H "X-Object-Manifest: glance/4c859fbb-d9e7-4cff-a72d-1f28906228f6-" -H "X-Auth-Token: gAAAAABqYnaENhXY..." -H "Content-Length: 0" {{(pid=103141) http_log /opt/stack/data/venv/lib/python3.12/site-packages/swiftclient/client.py:160}}
Jul 23 20:16:05.493725 np0000005780 devstack@g-api.service[103141]: DEBUG swiftclient [None req-ec9c4c1b-9058-4538-bdf7-57b737f9c6af tempest-ServerBootFromVolumeStableRescueTest-1156704957 tempest-ServerBootFromVolumeStableRescueTest-1156704957-project-member] RESP STATUS: 201 Created {{(pid=103141) http_log /opt/stack/data/venv/lib/python3.12/site-packages/swiftclient/client.py:161}}
Jul 23 20:16:05.493911 np0000005780 devstack@g-api.service[103141]: DEBUG swiftclient [None req-ec9c4c1b-9058-4538-bdf7-57b737f9c6af tempest-ServerBootFromVolumeStableRescueTest-1156704957 tempest-ServerBootFromVolumeStableRescueTest-1156704957-project-member] RESP HEADERS: {'Date': 'Thu, 23 Jul 2026 20:16:05 GMT', 'Server': 'Apache/2.4.58 (Ubuntu)', 'Content-Type': 'text/html; charset=UTF-8', 'Content-Length': '0', 'Etag': 'd41d8cd98f00b204e9800998ecf8427e', 'Last-Modified': 'Thu, 23 Jul 2026 20:16:06 GMT', 'X-Trans-Id': 'tx0c15424e86224910a7dac-006a627685', 'X-Openstack-Request-Id': 'tx0c15424e86224910a7dac-006a627685', 'Connection': 'close'} {{(pid=103141) http_log /opt/stack/data/venv/lib/python3.12/site-packages/swiftclient/client.py:162}}
Jul 23 20:16:05.494477 np0000005780 devstack@g-api.service[103141]: INFO glance.location [None req-ec9c4c1b-9058-4538-bdf7-57b737f9c6af tempest-ServerBootFromVolumeStableRescueTest-1156704957 tempest-ServerBootFromVolumeStableRescueTest-1156704957-project-member] Image format matched and virtual size computed: 1073741824
Jul 23 20:16:05.552592 np0000005780 devstack@g-api.service[103141]: DEBUG glance_store.backend [None req-ec9c4c1b-9058-4538-bdf7-57b737f9c6af tempest-ServerBootFromVolumeStableRescueTest-1156704957 tempest-ServerBootFromVolumeStableRescueTest-1156704957-project-member] Attempting to import store swift {{(pid=103141) _load_store /opt/stack/data/venv/lib/python3.12/site-packages/glance_store/backend.py:215}}
Jul 23 20:16:05.555738 np0000005780 devstack@g-api.service[103141]: DEBUG glance_store.capabilities [None req-ec9c4c1b-9058-4538-bdf7-57b737f9c6af tempest-ServerBootFromVolumeStableRescueTest-1156704957 tempest-ServerBootFromVolumeStableRescueTest-1156704957-project-member] Store glance_store._drivers.swift.store.SingleTenantStore doesn't support updating dynamic storage capabilities. Please overwrite 'update_capabilities' method of the store to implement updating logics if needed. {{(pid=103141) update_capabilities /opt/stack/data/venv/lib/python3.12/site-packages/glance_store/capabilities.py:91}}
Jul 23 20:16:05.555738 np0000005780 devstack@g-api.service[103141]: DEBUG glance_store.driver [None req-ec9c4c1b-9058-4538-bdf7-57b737f9c6af tempest-ServerBootFromVolumeStableRescueTest-1156704957 tempest-ServerBootFromVolumeStableRescueTest-1156704957-project-member] Late loading location class glance_store._drivers.swift.store.StoreLocation {{(pid=103141) get_store_location_class /opt/stack/data/venv/lib/python3.12/site-packages/glance_store/driver.py:134}}
Jul 23 20:16:05.555738 np0000005780 devstack@g-api.service[103141]: DEBUG glance_store.location [None req-ec9c4c1b-9058-4538-bdf7-57b737f9c6af tempest-ServerBootFromVolumeStableRescueTest-1156704957 tempest-ServerBootFromVolumeStableRescueTest-1156704957-project-member] Registering scheme swift+https with {'store': , 'location_class': , 'store_entry': 'swift'} {{(pid=103141) register_scheme_map /opt/stack/data/venv/lib/python3.12/site-packages/glance_store/location.py:146}}
Jul 23 20:16:05.555946 np0000005780 devstack@g-api.service[103141]: DEBUG glance_store.location [None req-ec9c4c1b-9058-4538-bdf7-57b737f9c6af tempest-ServerBootFromVolumeStableRescueTest-1156704957 tempest-ServerBootFromVolumeStableRescueTest-1156704957-project-member] Registering scheme swift+https with {'store': , 'location_class': , 'store_entry': 'swift'} {{(pid=103141) register_scheme_map /opt/stack/data/venv/lib/python3.12/site-packages/glance_store/location.py:146}}
Jul 23 20:16:05.555946 np0000005780 devstack@g-api.service[103141]: DEBUG glance_store.location [None req-ec9c4c1b-9058-4538-bdf7-57b737f9c6af tempest-ServerBootFromVolumeStableRescueTest-1156704957 tempest-ServerBootFromVolumeStableRescueTest-1156704957-project-member] Registering scheme swift with {'store': , 'location_class': , 'store_entry': 'swift'} {{(pid=103141) register_scheme_map /opt/stack/data/venv/lib/python3.12/site-packages/glance_store/location.py:146}}
Jul 23 20:16:05.555946 np0000005780 devstack@g-api.service[103141]: DEBUG glance_store.location [None req-ec9c4c1b-9058-4538-bdf7-57b737f9c6af tempest-ServerBootFromVolumeStableRescueTest-1156704957 tempest-ServerBootFromVolumeStableRescueTest-1156704957-project-member] Registering scheme swift+https with {'store': , 'location_class': , 'store_entry': 'swift'} {{(pid=103141) register_scheme_map /opt/stack/data/venv/lib/python3.12/site-packages/glance_store/location.py:146}}
Jul 23 20:16:05.556116 np0000005780 devstack@g-api.service[103141]: DEBUG glance_store.location [None req-ec9c4c1b-9058-4538-bdf7-57b737f9c6af tempest-ServerBootFromVolumeStableRescueTest-1156704957 tempest-ServerBootFromVolumeStableRescueTest-1156704957-project-member] Registering scheme swift with {'store': , 'location_class': , 'store_entry': 'swift'} {{(pid=103141) register_scheme_map /opt/stack/data/venv/lib/python3.12/site-packages/glance_store/location.py:146}}
Jul 23 20:16:05.556116 np0000005780 devstack@g-api.service[103141]: DEBUG glance_store.location [None req-ec9c4c1b-9058-4538-bdf7-57b737f9c6af tempest-ServerBootFromVolumeStableRescueTest-1156704957 tempest-ServerBootFromVolumeStableRescueTest-1156704957-project-member] Registering scheme swift+http with {'store': , 'location_class': , 'store_entry': 'swift'} {{(pid=103141) register_scheme_map /opt/stack/data/venv/lib/python3.12/site-packages/glance_store/location.py:146}}
Jul 23 20:16:05.556116 np0000005780 devstack@g-api.service[103141]: DEBUG glance_store.location [None req-ec9c4c1b-9058-4538-bdf7-57b737f9c6af tempest-ServerBootFromVolumeStableRescueTest-1156704957 tempest-ServerBootFromVolumeStableRescueTest-1156704957-project-member] Registering scheme swift+https with {'store': , 'location_class': , 'store_entry': 'swift'} {{(pid=103141) register_scheme_map /opt/stack/data/venv/lib/python3.12/site-packages/glance_store/location.py:146}}
Jul 23 20:16:05.556260 np0000005780 devstack@g-api.service[103141]: DEBUG glance_store.location [None req-ec9c4c1b-9058-4538-bdf7-57b737f9c6af tempest-ServerBootFromVolumeStableRescueTest-1156704957 tempest-ServerBootFromVolumeStableRescueTest-1156704957-project-member] Registering scheme swift with {'store': , 'location_class': , 'store_entry': 'swift'} {{(pid=103141) register_scheme_map /opt/stack/data/venv/lib/python3.12/site-packages/glance_store/location.py:146}}
Jul 23 20:16:05.556260 np0000005780 devstack@g-api.service[103141]: DEBUG glance_store.location [None req-ec9c4c1b-9058-4538-bdf7-57b737f9c6af tempest-ServerBootFromVolumeStableRescueTest-1156704957 tempest-ServerBootFromVolumeStableRescueTest-1156704957-project-member] Registering scheme swift+http with {'store': , 'location_class': , 'store_entry': 'swift'} {{(pid=103141) register_scheme_map /opt/stack/data/venv/lib/python3.12/site-packages/glance_store/location.py:146}}
Jul 23 20:16:05.556260 np0000005780 devstack@g-api.service[103141]: DEBUG glance_store.location [None req-ec9c4c1b-9058-4538-bdf7-57b737f9c6af tempest-ServerBootFromVolumeStableRescueTest-1156704957 tempest-ServerBootFromVolumeStableRescueTest-1156704957-project-member] Registering scheme swift+config with {'store': , 'location_class': , 'store_entry': 'swift'} {{(pid=103141) register_scheme_map /opt/stack/data/venv/lib/python3.12/site-packages/glance_store/location.py:146}}
Jul 23 20:16:05.556386 np0000005780 devstack@g-api.service[103141]: DEBUG glance_store.backend [None req-ec9c4c1b-9058-4538-bdf7-57b737f9c6af tempest-ServerBootFromVolumeStableRescueTest-1156704957 tempest-ServerBootFromVolumeStableRescueTest-1156704957-project-member] Skipping store.set_acls... not implemented. {{(pid=103141) set_acls /opt/stack/data/venv/lib/python3.12/site-packages/glance_store/backend.py:507}}
Jul 23 20:16:05.557902 np0000005780 devstack@g-api.service[103141]: [pid: 103141|app: 0|req: 29/122] 127.0.0.1 () {46 vars in 1158 bytes} [Thu Jul 23 20:16:02 2026] PUT /v2/images/4c859fbb-d9e7-4cff-a72d-1f28906228f6/file => generated 0 bytes in 3270 msecs (HTTP/1.1 204) 4 headers in 171 bytes (1 switches on core 0)
Jul 23 20:16:05.628085 np0000005780 devstack@g-api.service[103139]: DEBUG glance.api.middleware.version_negotiation [None req-ab1adb77-64f3-4914-9f65-eae49bd3bb64 tempest-ImageDependencyTests-1244595169 tempest-ImageDependencyTests-1244595169-project-member] Determining version of request: GET /v2/images/4c859fbb-d9e7-4cff-a72d-1f28906228f6 Accept: */* {{(pid=103139) process_request /opt/stack/glance/glance/api/middleware/version_negotiation.py:44}}
Jul 23 20:16:05.629671 np0000005780 devstack@g-api.service[103139]: DEBUG glance.api.middleware.version_negotiation [None req-ab1adb77-64f3-4914-9f65-eae49bd3bb64 tempest-ImageDependencyTests-1244595169 tempest-ImageDependencyTests-1244595169-project-member] Using url versioning {{(pid=103139) process_request /opt/stack/glance/glance/api/middleware/version_negotiation.py:57}}
Jul 23 20:16:05.629671 np0000005780 devstack@g-api.service[103139]: DEBUG glance.api.middleware.version_negotiation [None req-ab1adb77-64f3-4914-9f65-eae49bd3bb64 tempest-ImageDependencyTests-1244595169 tempest-ImageDependencyTests-1244595169-project-member] Matched version: v2 {{(pid=103139) process_request /opt/stack/glance/glance/api/middleware/version_negotiation.py:69}}
Jul 23 20:16:05.629671 np0000005780 devstack@g-api.service[103139]: DEBUG glance.api.middleware.version_negotiation [None req-ab1adb77-64f3-4914-9f65-eae49bd3bb64 tempest-ImageDependencyTests-1244595169 tempest-ImageDependencyTests-1244595169-project-member] new path /v2/images/4c859fbb-d9e7-4cff-a72d-1f28906228f6 {{(pid=103139) process_request /opt/stack/glance/glance/api/middleware/version_negotiation.py:70}}
Jul 23 20:16:05.644333 np0000005780 devstack@g-api.service[103140]: INFO glance.api.v2.image_data [None req-e11a825c-ad7a-46f2-94b7-a7bb569f2afd tempest-ImageDependencyTests-1244595169 tempest-ImageDependencyTests-1244595169-project-member] Unable to create trust: no such option collect_timing in group [keystone_authtoken] Use the existing user token.
Jul 23 20:16:05.649808 np0000005780 devstack@g-api.service[103139]: [pid: 103139|app: 0|req: 32/123] 127.0.0.1 () {44 vars in 1115 bytes} [Thu Jul 23 20:16:05 2026] GET /v2/images/4c859fbb-d9e7-4cff-a72d-1f28906228f6 => generated 1641 bytes in 21 msecs (HTTP/1.1 200) 4 headers in 158 bytes (1 switches on core 0)
Jul 23 20:16:05.707145 np0000005780 devstack@g-api.service[103142]: DEBUG glance.api.middleware.version_negotiation [None req-0a607bdb-3ed0-48e2-8fa3-c616f17d6176 tempest-ServerBootFromVolumeStableRescueTest-1156704957 tempest-ServerBootFromVolumeStableRescueTest-1156704957-project-member] Determining version of request: GET /v2/schemas/image Accept: */* {{(pid=103142) process_request /opt/stack/glance/glance/api/middleware/version_negotiation.py:44}}
Jul 23 20:16:05.707392 np0000005780 devstack@g-api.service[103142]: DEBUG glance.api.middleware.version_negotiation [None req-0a607bdb-3ed0-48e2-8fa3-c616f17d6176 tempest-ServerBootFromVolumeStableRescueTest-1156704957 tempest-ServerBootFromVolumeStableRescueTest-1156704957-project-member] Using url versioning {{(pid=103142) process_request /opt/stack/glance/glance/api/middleware/version_negotiation.py:57}}
Jul 23 20:16:05.707616 np0000005780 devstack@g-api.service[103142]: DEBUG glance.api.middleware.version_negotiation [None req-0a607bdb-3ed0-48e2-8fa3-c616f17d6176 tempest-ServerBootFromVolumeStableRescueTest-1156704957 tempest-ServerBootFromVolumeStableRescueTest-1156704957-project-member] Matched version: v2 {{(pid=103142) process_request /opt/stack/glance/glance/api/middleware/version_negotiation.py:69}}
Jul 23 20:16:05.707829 np0000005780 devstack@g-api.service[103142]: DEBUG glance.api.middleware.version_negotiation [None req-0a607bdb-3ed0-48e2-8fa3-c616f17d6176 tempest-ServerBootFromVolumeStableRescueTest-1156704957 tempest-ServerBootFromVolumeStableRescueTest-1156704957-project-member] new path /v2/schemas/image {{(pid=103142) process_request /opt/stack/glance/glance/api/middleware/version_negotiation.py:70}}
Jul 23 20:16:05.711559 np0000005780 devstack@g-api.service[103142]: [pid: 103142|app: 0|req: 32/124] 127.0.0.1 () {44 vars in 1055 bytes} [Thu Jul 23 20:16:05 2026] GET /v2/schemas/image => generated 6083 bytes in 5 msecs (HTTP/1.1 200) 4 headers in 158 bytes (1 switches on core 0)
Jul 23 20:16:06.172396 np0000005780 devstack@g-api.service[103141]: DEBUG glance.api.middleware.version_negotiation [None req-ec9c4c1b-9058-4538-bdf7-57b737f9c6af tempest-ServerBootFromVolumeStableRescueTest-1156704957 tempest-ServerBootFromVolumeStableRescueTest-1156704957-project-member] Determining version of request: GET /v2/images/4c859fbb-d9e7-4cff-a72d-1f28906228f6 Accept: application/json {{(pid=103141) process_request /opt/stack/glance/glance/api/middleware/version_negotiation.py:44}}
Jul 23 20:16:06.173273 np0000005780 devstack@g-api.service[103141]: DEBUG glance.api.middleware.version_negotiation [None req-ec9c4c1b-9058-4538-bdf7-57b737f9c6af tempest-ServerBootFromVolumeStableRescueTest-1156704957 tempest-ServerBootFromVolumeStableRescueTest-1156704957-project-member] Using url versioning {{(pid=103141) process_request /opt/stack/glance/glance/api/middleware/version_negotiation.py:57}}
Jul 23 20:16:06.173273 np0000005780 devstack@g-api.service[103141]: DEBUG glance.api.middleware.version_negotiation [None req-ec9c4c1b-9058-4538-bdf7-57b737f9c6af tempest-ServerBootFromVolumeStableRescueTest-1156704957 tempest-ServerBootFromVolumeStableRescueTest-1156704957-project-member] Matched version: v2 {{(pid=103141) process_request /opt/stack/glance/glance/api/middleware/version_negotiation.py:69}}
Jul 23 20:16:06.173273 np0000005780 devstack@g-api.service[103141]: DEBUG glance.api.middleware.version_negotiation [None req-ec9c4c1b-9058-4538-bdf7-57b737f9c6af tempest-ServerBootFromVolumeStableRescueTest-1156704957 tempest-ServerBootFromVolumeStableRescueTest-1156704957-project-member] new path /v2/images/4c859fbb-d9e7-4cff-a72d-1f28906228f6 {{(pid=103141) process_request /opt/stack/glance/glance/api/middleware/version_negotiation.py:70}}
Jul 23 20:16:06.189841 np0000005780 devstack@g-api.service[103141]: [pid: 103141|app: 0|req: 30/125] 127.0.0.1 () {40 vars in 838 bytes} [Thu Jul 23 20:16:06 2026] GET /v2/images/4c859fbb-d9e7-4cff-a72d-1f28906228f6 => generated 1641 bytes in 17 msecs (HTTP/1.1 200) 4 headers in 158 bytes (1 switches on core 0)
Jul 23 20:16:06.209108 np0000005780 devstack@g-api.service[103139]: DEBUG glance.api.middleware.version_negotiation [None req-ec9c4c1b-9058-4538-bdf7-57b737f9c6af tempest-ServerBootFromVolumeStableRescueTest-1156704957 tempest-ServerBootFromVolumeStableRescueTest-1156704957-project-member] Determining version of request: GET /v2/images/4c859fbb-d9e7-4cff-a72d-1f28906228f6 Accept: application/json {{(pid=103139) process_request /opt/stack/glance/glance/api/middleware/version_negotiation.py:44}}
Jul 23 20:16:06.209108 np0000005780 devstack@g-api.service[103139]: DEBUG glance.api.middleware.version_negotiation [None req-ec9c4c1b-9058-4538-bdf7-57b737f9c6af tempest-ServerBootFromVolumeStableRescueTest-1156704957 tempest-ServerBootFromVolumeStableRescueTest-1156704957-project-member] Using url versioning {{(pid=103139) process_request /opt/stack/glance/glance/api/middleware/version_negotiation.py:57}}
Jul 23 20:16:06.209355 np0000005780 devstack@g-api.service[103139]: DEBUG glance.api.middleware.version_negotiation [None req-ec9c4c1b-9058-4538-bdf7-57b737f9c6af tempest-ServerBootFromVolumeStableRescueTest-1156704957 tempest-ServerBootFromVolumeStableRescueTest-1156704957-project-member] Matched version: v2 {{(pid=103139) process_request /opt/stack/glance/glance/api/middleware/version_negotiation.py:69}}
Jul 23 20:16:06.209406 np0000005780 devstack@g-api.service[103139]: DEBUG glance.api.middleware.version_negotiation [None req-ec9c4c1b-9058-4538-bdf7-57b737f9c6af tempest-ServerBootFromVolumeStableRescueTest-1156704957 tempest-ServerBootFromVolumeStableRescueTest-1156704957-project-member] new path /v2/images/4c859fbb-d9e7-4cff-a72d-1f28906228f6 {{(pid=103139) process_request /opt/stack/glance/glance/api/middleware/version_negotiation.py:70}}
Jul 23 20:16:06.243658 np0000005780 devstack@g-api.service[103139]: [pid: 103139|app: 0|req: 33/126] 127.0.0.1 () {40 vars in 838 bytes} [Thu Jul 23 20:16:06 2026] GET /v2/images/4c859fbb-d9e7-4cff-a72d-1f28906228f6 => generated 1641 bytes in 33 msecs (HTTP/1.1 200) 4 headers in 158 bytes (1 switches on core 0)
Jul 23 20:16:06.764575 np0000005780 devstack@g-api.service[103140]: DEBUG glance.location [None req-e11a825c-ad7a-46f2-94b7-a7bb569f2afd tempest-ImageDependencyTests-1244595169 tempest-ImageDependencyTests-1244595169-project-member] Enabling in-flight format inspection for raw {{(pid=103140) set_data /opt/stack/glance/glance/location.py:596}}
Jul 23 20:16:06.766331 np0000005780 devstack@g-api.service[103140]: DEBUG glance_store.backend [None req-e11a825c-ad7a-46f2-94b7-a7bb569f2afd tempest-ImageDependencyTests-1244595169 tempest-ImageDependencyTests-1244595169-project-member] Attempting to import store swift {{(pid=103140) _load_store /opt/stack/data/venv/lib/python3.12/site-packages/glance_store/backend.py:215}}
Jul 23 20:16:06.767312 np0000005780 devstack@g-api.service[103140]: DEBUG glance_store.capabilities [None req-e11a825c-ad7a-46f2-94b7-a7bb569f2afd tempest-ImageDependencyTests-1244595169 tempest-ImageDependencyTests-1244595169-project-member] Store glance_store._drivers.swift.store.SingleTenantStore doesn't support updating dynamic storage capabilities. Please overwrite 'update_capabilities' method of the store to implement updating logics if needed. {{(pid=103140) update_capabilities /opt/stack/data/venv/lib/python3.12/site-packages/glance_store/capabilities.py:91}}
Jul 23 20:16:06.767528 np0000005780 devstack@g-api.service[103140]: DEBUG glance_store.driver [None req-e11a825c-ad7a-46f2-94b7-a7bb569f2afd tempest-ImageDependencyTests-1244595169 tempest-ImageDependencyTests-1244595169-project-member] Late loading location class glance_store._drivers.swift.store.StoreLocation {{(pid=103140) get_store_location_class /opt/stack/data/venv/lib/python3.12/site-packages/glance_store/driver.py:134}}
