Jul 23 20:12:20.076968 np0000005780 nova-scheduler[96827]: DEBUG cotyledon.oslo_config_glue [-] workarounds.enable_numa_live_migration = False {{(pid=96827) log_opt_values /opt/stack/data/venv/lib/python3.12/site-packages/oslo_config/cfg.py:3253}}
Jul 23 20:12:20.076968 np0000005780 nova-scheduler[96827]: DEBUG cotyledon.oslo_config_glue [-] workarounds.enable_qemu_monitor_announce_self = False {{(pid=96827) log_opt_values /opt/stack/data/venv/lib/python3.12/site-packages/oslo_config/cfg.py:3253}}
Jul 23 20:12:20.076968 np0000005780 nova-scheduler[96827]: DEBUG cotyledon.oslo_config_glue [-] workarounds.ensure_libvirt_rbd_instance_dir_cleanup = False {{(pid=96827) log_opt_values /opt/stack/data/venv/lib/python3.12/site-packages/oslo_config/cfg.py:3253}}
Jul 23 20:12:20.076968 np0000005780 nova-scheduler[96827]: DEBUG cotyledon.oslo_config_glue [-] workarounds.handle_virt_lifecycle_events = True {{(pid=96827) log_opt_values /opt/stack/data/venv/lib/python3.12/site-packages/oslo_config/cfg.py:3253}}
Jul 23 20:12:20.077200 np0000005780 nova-scheduler[96827]: DEBUG cotyledon.oslo_config_glue [-] workarounds.libvirt_disable_apic = False {{(pid=96827) log_opt_values /opt/stack/data/venv/lib/python3.12/site-packages/oslo_config/cfg.py:3253}}
Jul 23 20:12:20.077200 np0000005780 nova-scheduler[96827]: DEBUG cotyledon.oslo_config_glue [-] workarounds.never_download_image_if_on_rbd = False {{(pid=96827) log_opt_values /opt/stack/data/venv/lib/python3.12/site-packages/oslo_config/cfg.py:3253}}
Jul 23 20:12:20.077200 np0000005780 nova-scheduler[96827]: DEBUG cotyledon.oslo_config_glue [-] workarounds.qemu_monitor_announce_self_count = 3 {{(pid=96827) log_opt_values /opt/stack/data/venv/lib/python3.12/site-packages/oslo_config/cfg.py:3253}}
Jul 23 20:12:20.077200 np0000005780 nova-scheduler[96827]: DEBUG cotyledon.oslo_config_glue [-] workarounds.qemu_monitor_announce_self_interval = 1 {{(pid=96827) log_opt_values /opt/stack/data/venv/lib/python3.12/site-packages/oslo_config/cfg.py:3253}}
Jul 23 20:12:20.077200 np0000005780 nova-scheduler[96827]: DEBUG cotyledon.oslo_config_glue [-] workarounds.reserve_disk_resource_for_image_cache = False {{(pid=96827) log_opt_values /opt/stack/data/venv/lib/python3.12/site-packages/oslo_config/cfg.py:3253}}
Jul 23 20:12:20.077200 np0000005780 nova-scheduler[96827]: DEBUG cotyledon.oslo_config_glue [-] workarounds.skip_cpu_compare_at_startup = False {{(pid=96827) log_opt_values /opt/stack/data/venv/lib/python3.12/site-packages/oslo_config/cfg.py:3253}}
Jul 23 20:12:20.077200 np0000005780 nova-scheduler[96827]: DEBUG cotyledon.oslo_config_glue [-] workarounds.skip_cpu_compare_on_dest = False {{(pid=96827) log_opt_values /opt/stack/data/venv/lib/python3.12/site-packages/oslo_config/cfg.py:3253}}
Jul 23 20:12:20.077200 np0000005780 nova-scheduler[96827]: DEBUG cotyledon.oslo_config_glue [-] workarounds.skip_hypervisor_version_check_on_lm = False {{(pid=96827) log_opt_values /opt/stack/data/venv/lib/python3.12/site-packages/oslo_config/cfg.py:3253}}
Jul 23 20:12:20.077200 np0000005780 nova-scheduler[96827]: DEBUG cotyledon.oslo_config_glue [-] workarounds.skip_reserve_in_use_ironic_nodes = False {{(pid=96827) log_opt_values /opt/stack/data/venv/lib/python3.12/site-packages/oslo_config/cfg.py:3253}}
Jul 23 20:12:20.077394 np0000005780 nova-scheduler[96827]: DEBUG cotyledon.oslo_config_glue [-] workarounds.unified_limits_count_pcpu_as_vcpu = False {{(pid=96827) log_opt_values /opt/stack/data/venv/lib/python3.12/site-packages/oslo_config/cfg.py:3253}}
Jul 23 20:12:20.077394 np0000005780 nova-scheduler[96827]: DEBUG cotyledon.oslo_config_glue [-] workarounds.wait_for_vif_plugged_event_during_hard_reboot = [] {{(pid=96827) log_opt_values /opt/stack/data/venv/lib/python3.12/site-packages/oslo_config/cfg.py:3253}}
Jul 23 20:12:20.077394 np0000005780 nova-scheduler[96827]: DEBUG cotyledon.oslo_config_glue [-] wsgi.api_paste_config = /etc/nova/api-paste.ini {{(pid=96827) log_opt_values /opt/stack/data/venv/lib/python3.12/site-packages/oslo_config/cfg.py:3253}}
Jul 23 20:12:20.077394 np0000005780 nova-scheduler[96827]: DEBUG cotyledon.oslo_config_glue [-] wsgi.secure_proxy_ssl_header = None {{(pid=96827) log_opt_values /opt/stack/data/venv/lib/python3.12/site-packages/oslo_config/cfg.py:3253}}
Jul 23 20:12:20.077394 np0000005780 nova-scheduler[96827]: DEBUG cotyledon.oslo_config_glue [-] zvm.ca_file = None {{(pid=96827) log_opt_values /opt/stack/data/venv/lib/python3.12/site-packages/oslo_config/cfg.py:3253}}
Jul 23 20:12:20.077394 np0000005780 nova-scheduler[96827]: DEBUG cotyledon.oslo_config_glue [-] zvm.cloud_connector_url = None {{(pid=96827) log_opt_values /opt/stack/data/venv/lib/python3.12/site-packages/oslo_config/cfg.py:3253}}
Jul 23 20:12:20.077394 np0000005780 nova-scheduler[96827]: DEBUG cotyledon.oslo_config_glue [-] zvm.image_tmp_path = /opt/stack/data/nova/images {{(pid=96827) log_opt_values /opt/stack/data/venv/lib/python3.12/site-packages/oslo_config/cfg.py:3253}}
Jul 23 20:12:20.077394 np0000005780 nova-scheduler[96827]: DEBUG cotyledon.oslo_config_glue [-] zvm.reachable_timeout = 300 {{(pid=96827) log_opt_values /opt/stack/data/venv/lib/python3.12/site-packages/oslo_config/cfg.py:3253}}
Jul 23 20:12:20.077394 np0000005780 nova-scheduler[96827]: DEBUG cotyledon.oslo_config_glue [-] oslo_versionedobjects.fatal_exception_format_errors = False {{(pid=96827) log_opt_values /opt/stack/data/venv/lib/python3.12/site-packages/oslo_config/cfg.py:3253}}
Jul 23 20:12:20.077577 np0000005780 nova-scheduler[96827]: DEBUG cotyledon.oslo_config_glue [-] oslo_middleware.http_basic_auth_user_file = /etc/htpasswd {{(pid=96827) log_opt_values /opt/stack/data/venv/lib/python3.12/site-packages/oslo_config/cfg.py:3253}}
Jul 23 20:12:20.077577 np0000005780 nova-scheduler[96827]: DEBUG cotyledon.oslo_config_glue [-] oslo_messaging_metrics.metrics_buffer_size = 1000 {{(pid=96827) log_opt_values /opt/stack/data/venv/lib/python3.12/site-packages/oslo_config/cfg.py:3253}}
Jul 23 20:12:20.077577 np0000005780 nova-scheduler[96827]: DEBUG cotyledon.oslo_config_glue [-] oslo_messaging_metrics.metrics_enabled = False {{(pid=96827) log_opt_values /opt/stack/data/venv/lib/python3.12/site-packages/oslo_config/cfg.py:3253}}
Jul 23 20:12:20.077577 np0000005780 nova-scheduler[96827]: DEBUG cotyledon.oslo_config_glue [-] oslo_messaging_metrics.metrics_process_name = {{(pid=96827) log_opt_values /opt/stack/data/venv/lib/python3.12/site-packages/oslo_config/cfg.py:3253}}
Jul 23 20:12:20.077577 np0000005780 nova-scheduler[96827]: DEBUG cotyledon.oslo_config_glue [-] oslo_messaging_metrics.metrics_socket_file = /var/tmp/metrics_collector.sock {{(pid=96827) log_opt_values /opt/stack/data/venv/lib/python3.12/site-packages/oslo_config/cfg.py:3253}}
Jul 23 20:12:20.077577 np0000005780 nova-scheduler[96827]: DEBUG cotyledon.oslo_config_glue [-] oslo_messaging_metrics.metrics_thread_stop_timeout = 10 {{(pid=96827) log_opt_values /opt/stack/data/venv/lib/python3.12/site-packages/oslo_config/cfg.py:3253}}
Jul 23 20:12:20.077577 np0000005780 nova-scheduler[96827]: DEBUG cotyledon.oslo_config_glue [-] profiler.connection_string = messaging:// {{(pid=96827) log_opt_values /opt/stack/data/venv/lib/python3.12/site-packages/oslo_config/cfg.py:3253}}
Jul 23 20:12:20.077577 np0000005780 nova-scheduler[96827]: DEBUG cotyledon.oslo_config_glue [-] profiler.enabled = False {{(pid=96827) log_opt_values /opt/stack/data/venv/lib/python3.12/site-packages/oslo_config/cfg.py:3253}}
Jul 23 20:12:20.077577 np0000005780 nova-scheduler[96827]: DEBUG cotyledon.oslo_config_glue [-] profiler.es_doc_type = notification {{(pid=96827) log_opt_values /opt/stack/data/venv/lib/python3.12/site-packages/oslo_config/cfg.py:3253}}
Jul 23 20:12:20.077787 np0000005780 nova-scheduler[96827]: DEBUG cotyledon.oslo_config_glue [-] profiler.es_scroll_size = 10000 {{(pid=96827) log_opt_values /opt/stack/data/venv/lib/python3.12/site-packages/oslo_config/cfg.py:3253}}
Jul 23 20:12:20.077787 np0000005780 nova-scheduler[96827]: DEBUG cotyledon.oslo_config_glue [-] profiler.es_scroll_time = 2m {{(pid=96827) log_opt_values /opt/stack/data/venv/lib/python3.12/site-packages/oslo_config/cfg.py:3253}}
Jul 23 20:12:20.077787 np0000005780 nova-scheduler[96827]: DEBUG cotyledon.oslo_config_glue [-] profiler.filter_error_trace = False {{(pid=96827) log_opt_values /opt/stack/data/venv/lib/python3.12/site-packages/oslo_config/cfg.py:3253}}
Jul 23 20:12:20.077787 np0000005780 nova-scheduler[96827]: DEBUG cotyledon.oslo_config_glue [-] profiler.hmac_keys = **** {{(pid=96827) log_opt_values /opt/stack/data/venv/lib/python3.12/site-packages/oslo_config/cfg.py:3253}}
Jul 23 20:12:20.077787 np0000005780 nova-scheduler[96827]: DEBUG cotyledon.oslo_config_glue [-] profiler.sentinel_service_name = mymaster {{(pid=96827) log_opt_values /opt/stack/data/venv/lib/python3.12/site-packages/oslo_config/cfg.py:3253}}
Jul 23 20:12:20.077787 np0000005780 nova-scheduler[96827]: DEBUG cotyledon.oslo_config_glue [-] profiler.socket_timeout = 0.1 {{(pid=96827) log_opt_values /opt/stack/data/venv/lib/python3.12/site-packages/oslo_config/cfg.py:3253}}
Jul 23 20:12:20.077787 np0000005780 nova-scheduler[96827]: DEBUG cotyledon.oslo_config_glue [-] profiler.trace_requests = False {{(pid=96827) log_opt_values /opt/stack/data/venv/lib/python3.12/site-packages/oslo_config/cfg.py:3253}}
Jul 23 20:12:20.077787 np0000005780 nova-scheduler[96827]: DEBUG cotyledon.oslo_config_glue [-] profiler.trace_sqlalchemy = False {{(pid=96827) log_opt_values /opt/stack/data/venv/lib/python3.12/site-packages/oslo_config/cfg.py:3253}}
Jul 23 20:12:20.077787 np0000005780 nova-scheduler[96827]: DEBUG cotyledon.oslo_config_glue [-] profiler_jaeger.process_tags = {} {{(pid=96827) log_opt_values /opt/stack/data/venv/lib/python3.12/site-packages/oslo_config/cfg.py:3253}}
Jul 23 20:12:20.077959 np0000005780 nova-scheduler[96827]: DEBUG cotyledon.oslo_config_glue [-] profiler_jaeger.service_name_prefix = None {{(pid=96827) log_opt_values /opt/stack/data/venv/lib/python3.12/site-packages/oslo_config/cfg.py:3253}}
Jul 23 20:12:20.077959 np0000005780 nova-scheduler[96827]: DEBUG cotyledon.oslo_config_glue [-] profiler_otlp.service_name_prefix = None {{(pid=96827) log_opt_values /opt/stack/data/venv/lib/python3.12/site-packages/oslo_config/cfg.py:3253}}
Jul 23 20:12:20.077959 np0000005780 nova-scheduler[96827]: DEBUG cotyledon.oslo_config_glue [-] oslo_messaging_rabbit.amqp_auto_delete = False {{(pid=96827) log_opt_values /opt/stack/data/venv/lib/python3.12/site-packages/oslo_config/cfg.py:3253}}
Jul 23 20:12:20.077959 np0000005780 nova-scheduler[96827]: DEBUG cotyledon.oslo_config_glue [-] oslo_messaging_rabbit.amqp_durable_queues = False {{(pid=96827) log_opt_values /opt/stack/data/venv/lib/python3.12/site-packages/oslo_config/cfg.py:3253}}
Jul 23 20:12:20.077959 np0000005780 nova-scheduler[96827]: DEBUG cotyledon.oslo_config_glue [-] oslo_messaging_rabbit.conn_pool_min_size = 2 {{(pid=96827) log_opt_values /opt/stack/data/venv/lib/python3.12/site-packages/oslo_config/cfg.py:3253}}
Jul 23 20:12:20.077959 np0000005780 nova-scheduler[96827]: DEBUG cotyledon.oslo_config_glue [-] oslo_messaging_rabbit.conn_pool_ttl = 1200 {{(pid=96827) log_opt_values /opt/stack/data/venv/lib/python3.12/site-packages/oslo_config/cfg.py:3253}}
Jul 23 20:12:20.077959 np0000005780 nova-scheduler[96827]: DEBUG cotyledon.oslo_config_glue [-] oslo_messaging_rabbit.direct_mandatory_flag = True {{(pid=96827) log_opt_values /opt/stack/data/venv/lib/python3.12/site-packages/oslo_config/cfg.py:3253}}
Jul 23 20:12:20.077959 np0000005780 nova-scheduler[96827]: DEBUG cotyledon.oslo_config_glue [-] oslo_messaging_rabbit.enable_cancel_on_failover = False {{(pid=96827) log_opt_values /opt/stack/data/venv/lib/python3.12/site-packages/oslo_config/cfg.py:3253}}
Jul 23 20:12:20.077959 np0000005780 nova-scheduler[96827]: DEBUG cotyledon.oslo_config_glue [-] oslo_messaging_rabbit.heartbeat_rate = 3 {{(pid=96827) log_opt_values /opt/stack/data/venv/lib/python3.12/site-packages/oslo_config/cfg.py:3253}}
Jul 23 20:12:20.078252 np0000005780 nova-scheduler[96827]: DEBUG cotyledon.oslo_config_glue [-] oslo_messaging_rabbit.heartbeat_timeout_threshold = 60 {{(pid=96827) log_opt_values /opt/stack/data/venv/lib/python3.12/site-packages/oslo_config/cfg.py:3253}}
Jul 23 20:12:20.078252 np0000005780 nova-scheduler[96827]: DEBUG cotyledon.oslo_config_glue [-] oslo_messaging_rabbit.hostname = np0000005780 {{(pid=96827) log_opt_values /opt/stack/data/venv/lib/python3.12/site-packages/oslo_config/cfg.py:3253}}
Jul 23 20:12:20.078252 np0000005780 nova-scheduler[96827]: DEBUG cotyledon.oslo_config_glue [-] oslo_messaging_rabbit.kombu_compression = None {{(pid=96827) log_opt_values /opt/stack/data/venv/lib/python3.12/site-packages/oslo_config/cfg.py:3253}}
Jul 23 20:12:20.078252 np0000005780 nova-scheduler[96827]: DEBUG cotyledon.oslo_config_glue [-] oslo_messaging_rabbit.kombu_failover_strategy = round-robin {{(pid=96827) log_opt_values /opt/stack/data/venv/lib/python3.12/site-packages/oslo_config/cfg.py:3253}}
Jul 23 20:12:20.078252 np0000005780 nova-scheduler[96827]: DEBUG cotyledon.oslo_config_glue [-] oslo_messaging_rabbit.kombu_missing_consumer_retry_timeout = 60 {{(pid=96827) log_opt_values /opt/stack/data/venv/lib/python3.12/site-packages/oslo_config/cfg.py:3253}}
Jul 23 20:12:20.078252 np0000005780 nova-scheduler[96827]: DEBUG cotyledon.oslo_config_glue [-] oslo_messaging_rabbit.kombu_reconnect_delay = 1.0 {{(pid=96827) log_opt_values /opt/stack/data/venv/lib/python3.12/site-packages/oslo_config/cfg.py:3253}}
Jul 23 20:12:20.078252 np0000005780 nova-scheduler[96827]: DEBUG cotyledon.oslo_config_glue [-] oslo_messaging_rabbit.kombu_reconnect_splay = 0.0 {{(pid=96827) log_opt_values /opt/stack/data/venv/lib/python3.12/site-packages/oslo_config/cfg.py:3253}}
Jul 23 20:12:20.078252 np0000005780 nova-scheduler[96827]: DEBUG cotyledon.oslo_config_glue [-] oslo_messaging_rabbit.processname = nova-scheduler {{(pid=96827) log_opt_values /opt/stack/data/venv/lib/python3.12/site-packages/oslo_config/cfg.py:3253}}
Jul 23 20:12:20.078252 np0000005780 nova-scheduler[96827]: DEBUG cotyledon.oslo_config_glue [-] oslo_messaging_rabbit.rabbit_ha_queues = False {{(pid=96827) log_opt_values /opt/stack/data/venv/lib/python3.12/site-packages/oslo_config/cfg.py:3253}}
Jul 23 20:12:20.078533 np0000005780 nova-scheduler[96827]: DEBUG cotyledon.oslo_config_glue [-] oslo_messaging_rabbit.rabbit_interval_max = 30 {{(pid=96827) log_opt_values /opt/stack/data/venv/lib/python3.12/site-packages/oslo_config/cfg.py:3253}}
Jul 23 20:12:20.078533 np0000005780 nova-scheduler[96827]: DEBUG cotyledon.oslo_config_glue [-] oslo_messaging_rabbit.rabbit_login_method = AMQPLAIN {{(pid=96827) log_opt_values /opt/stack/data/venv/lib/python3.12/site-packages/oslo_config/cfg.py:3253}}
Jul 23 20:12:20.078533 np0000005780 nova-scheduler[96827]: DEBUG cotyledon.oslo_config_glue [-] oslo_messaging_rabbit.rabbit_qos_prefetch_count = 0 {{(pid=96827) log_opt_values /opt/stack/data/venv/lib/python3.12/site-packages/oslo_config/cfg.py:3253}}
Jul 23 20:12:20.078533 np0000005780 nova-scheduler[96827]: DEBUG cotyledon.oslo_config_glue [-] oslo_messaging_rabbit.rabbit_quorum_delivery_limit = 0 {{(pid=96827) log_opt_values /opt/stack/data/venv/lib/python3.12/site-packages/oslo_config/cfg.py:3253}}
Jul 23 20:12:20.078533 np0000005780 nova-scheduler[96827]: DEBUG cotyledon.oslo_config_glue [-] oslo_messaging_rabbit.rabbit_quorum_max_memory_bytes = 0 {{(pid=96827) log_opt_values /opt/stack/data/venv/lib/python3.12/site-packages/oslo_config/cfg.py:3253}}
Jul 23 20:12:20.078533 np0000005780 nova-scheduler[96827]: DEBUG cotyledon.oslo_config_glue [-] oslo_messaging_rabbit.rabbit_quorum_max_memory_length = 0 {{(pid=96827) log_opt_values /opt/stack/data/venv/lib/python3.12/site-packages/oslo_config/cfg.py:3253}}
Jul 23 20:12:20.078533 np0000005780 nova-scheduler[96827]: DEBUG cotyledon.oslo_config_glue [-] oslo_messaging_rabbit.rabbit_quorum_queue = False {{(pid=96827) log_opt_values /opt/stack/data/venv/lib/python3.12/site-packages/oslo_config/cfg.py:3253}}
Jul 23 20:12:20.078533 np0000005780 nova-scheduler[96827]: DEBUG cotyledon.oslo_config_glue [-] oslo_messaging_rabbit.rabbit_retry_backoff = 2 {{(pid=96827) log_opt_values /opt/stack/data/venv/lib/python3.12/site-packages/oslo_config/cfg.py:3253}}
Jul 23 20:12:20.078533 np0000005780 nova-scheduler[96827]: DEBUG cotyledon.oslo_config_glue [-] oslo_messaging_rabbit.rabbit_retry_interval = 1 {{(pid=96827) log_opt_values /opt/stack/data/venv/lib/python3.12/site-packages/oslo_config/cfg.py:3253}}
Jul 23 20:12:20.078797 np0000005780 nova-scheduler[96827]: DEBUG cotyledon.oslo_config_glue [-] oslo_messaging_rabbit.rabbit_stream_fanout = False {{(pid=96827) log_opt_values /opt/stack/data/venv/lib/python3.12/site-packages/oslo_config/cfg.py:3253}}
Jul 23 20:12:20.078797 np0000005780 nova-scheduler[96827]: DEBUG cotyledon.oslo_config_glue [-] oslo_messaging_rabbit.rabbit_transient_queues_ttl = 1800 {{(pid=96827) log_opt_values /opt/stack/data/venv/lib/python3.12/site-packages/oslo_config/cfg.py:3253}}
Jul 23 20:12:20.078797 np0000005780 nova-scheduler[96827]: DEBUG cotyledon.oslo_config_glue [-] oslo_messaging_rabbit.rabbit_transient_quorum_queue = False {{(pid=96827) log_opt_values /opt/stack/data/venv/lib/python3.12/site-packages/oslo_config/cfg.py:3253}}
Jul 23 20:12:20.078797 np0000005780 nova-scheduler[96827]: DEBUG cotyledon.oslo_config_glue [-] oslo_messaging_rabbit.rpc_conn_pool_size = 30 {{(pid=96827) log_opt_values /opt/stack/data/venv/lib/python3.12/site-packages/oslo_config/cfg.py:3253}}
Jul 23 20:12:20.078797 np0000005780 nova-scheduler[96827]: DEBUG cotyledon.oslo_config_glue [-] oslo_messaging_rabbit.ssl = False {{(pid=96827) log_opt_values /opt/stack/data/venv/lib/python3.12/site-packages/oslo_config/cfg.py:3253}}
Jul 23 20:12:20.078797 np0000005780 nova-scheduler[96827]: DEBUG cotyledon.oslo_config_glue [-] oslo_messaging_rabbit.ssl_ca_file = {{(pid=96827) log_opt_values /opt/stack/data/venv/lib/python3.12/site-packages/oslo_config/cfg.py:3253}}
Jul 23 20:12:20.078797 np0000005780 nova-scheduler[96827]: DEBUG cotyledon.oslo_config_glue [-] oslo_messaging_rabbit.ssl_cert_file = {{(pid=96827) log_opt_values /opt/stack/data/venv/lib/python3.12/site-packages/oslo_config/cfg.py:3253}}
Jul 23 20:12:20.078797 np0000005780 nova-scheduler[96827]: DEBUG cotyledon.oslo_config_glue [-] oslo_messaging_rabbit.ssl_enforce_fips_mode = False {{(pid=96827) log_opt_values /opt/stack/data/venv/lib/python3.12/site-packages/oslo_config/cfg.py:3253}}
Jul 23 20:12:20.078797 np0000005780 nova-scheduler[96827]: DEBUG cotyledon.oslo_config_glue [-] oslo_messaging_rabbit.ssl_enforce_hostname_verification = True {{(pid=96827) log_opt_values /opt/stack/data/venv/lib/python3.12/site-packages/oslo_config/cfg.py:3253}}
Jul 23 20:12:20.079115 np0000005780 nova-scheduler[96827]: DEBUG cotyledon.oslo_config_glue [-] oslo_messaging_rabbit.ssl_key_file = {{(pid=96827) log_opt_values /opt/stack/data/venv/lib/python3.12/site-packages/oslo_config/cfg.py:3253}}
Jul 23 20:12:20.079115 np0000005780 nova-scheduler[96827]: DEBUG cotyledon.oslo_config_glue [-] oslo_messaging_rabbit.ssl_version = {{(pid=96827) log_opt_values /opt/stack/data/venv/lib/python3.12/site-packages/oslo_config/cfg.py:3253}}
Jul 23 20:12:20.079115 np0000005780 nova-scheduler[96827]: DEBUG cotyledon.oslo_config_glue [-] oslo_messaging_rabbit.use_queue_manager = False {{(pid=96827) log_opt_values /opt/stack/data/venv/lib/python3.12/site-packages/oslo_config/cfg.py:3253}}
Jul 23 20:12:20.079115 np0000005780 nova-scheduler[96827]: DEBUG cotyledon.oslo_config_glue [-] oslo_messaging_notifications.driver = ['messagingv2'] {{(pid=96827) log_opt_values /opt/stack/data/venv/lib/python3.12/site-packages/oslo_config/cfg.py:3253}}
Jul 23 20:12:20.079115 np0000005780 nova-scheduler[96827]: DEBUG cotyledon.oslo_config_glue [-] oslo_messaging_notifications.retry = -1 {{(pid=96827) log_opt_values /opt/stack/data/venv/lib/python3.12/site-packages/oslo_config/cfg.py:3253}}
Jul 23 20:12:20.079115 np0000005780 nova-scheduler[96827]: DEBUG cotyledon.oslo_config_glue [-] oslo_messaging_notifications.topics = ['notifications'] {{(pid=96827) log_opt_values /opt/stack/data/venv/lib/python3.12/site-packages/oslo_config/cfg.py:3253}}
Jul 23 20:12:20.079115 np0000005780 nova-scheduler[96827]: DEBUG cotyledon.oslo_config_glue [-] oslo_messaging_notifications.transport_url = **** {{(pid=96827) log_opt_values /opt/stack/data/venv/lib/python3.12/site-packages/oslo_config/cfg.py:3253}}
Jul 23 20:12:20.079115 np0000005780 nova-scheduler[96827]: DEBUG cotyledon.oslo_config_glue [-] oslo_limit.auth_section = None {{(pid=96827) log_opt_values /opt/stack/data/venv/lib/python3.12/site-packages/oslo_config/cfg.py:3253}}
Jul 23 20:12:20.079115 np0000005780 nova-scheduler[96827]: DEBUG cotyledon.oslo_config_glue [-] oslo_limit.auth_type = None {{(pid=96827) log_opt_values /opt/stack/data/venv/lib/python3.12/site-packages/oslo_config/cfg.py:3253}}
Jul 23 20:12:20.079607 np0000005780 nova-scheduler[96827]: DEBUG cotyledon.oslo_config_glue [-] oslo_limit.cafile = None {{(pid=96827) log_opt_values /opt/stack/data/venv/lib/python3.12/site-packages/oslo_config/cfg.py:3253}}
Jul 23 20:12:20.079607 np0000005780 nova-scheduler[96827]: DEBUG cotyledon.oslo_config_glue [-] oslo_limit.certfile = None {{(pid=96827) log_opt_values /opt/stack/data/venv/lib/python3.12/site-packages/oslo_config/cfg.py:3253}}
Jul 23 20:12:20.079607 np0000005780 nova-scheduler[96827]: DEBUG cotyledon.oslo_config_glue [-] oslo_limit.collect_timing = False {{(pid=96827) log_opt_values /opt/stack/data/venv/lib/python3.12/site-packages/oslo_config/cfg.py:3253}}
Jul 23 20:12:20.079607 np0000005780 nova-scheduler[96827]: DEBUG cotyledon.oslo_config_glue [-] oslo_limit.connect_retries = None {{(pid=96827) log_opt_values /opt/stack/data/venv/lib/python3.12/site-packages/oslo_config/cfg.py:3253}}
Jul 23 20:12:20.079607 np0000005780 nova-scheduler[96827]: DEBUG cotyledon.oslo_config_glue [-] oslo_limit.connect_retry_delay = None {{(pid=96827) log_opt_values /opt/stack/data/venv/lib/python3.12/site-packages/oslo_config/cfg.py:3253}}
Jul 23 20:12:20.079607 np0000005780 nova-scheduler[96827]: DEBUG cotyledon.oslo_config_glue [-] oslo_limit.endpoint_id = None {{(pid=96827) log_opt_values /opt/stack/data/venv/lib/python3.12/site-packages/oslo_config/cfg.py:3253}}
Jul 23 20:12:20.079607 np0000005780 nova-scheduler[96827]: DEBUG cotyledon.oslo_config_glue [-] oslo_limit.endpoint_interface = public {{(pid=96827) log_opt_values /opt/stack/data/venv/lib/python3.12/site-packages/oslo_config/cfg.py:3253}}
Jul 23 20:12:20.079607 np0000005780 nova-scheduler[96827]: DEBUG cotyledon.oslo_config_glue [-] oslo_limit.endpoint_override = None {{(pid=96827) log_opt_values /opt/stack/data/venv/lib/python3.12/site-packages/oslo_config/cfg.py:3253}}
Jul 23 20:12:20.079607 np0000005780 nova-scheduler[96827]: DEBUG cotyledon.oslo_config_glue [-] oslo_limit.endpoint_region_name = None {{(pid=96827) log_opt_values /opt/stack/data/venv/lib/python3.12/site-packages/oslo_config/cfg.py:3253}}
Jul 23 20:12:20.079874 np0000005780 nova-scheduler[96827]: DEBUG cotyledon.oslo_config_glue [-] oslo_limit.endpoint_service_name = None {{(pid=96827) log_opt_values /opt/stack/data/venv/lib/python3.12/site-packages/oslo_config/cfg.py:3253}}
Jul 23 20:12:20.079874 np0000005780 nova-scheduler[96827]: DEBUG cotyledon.oslo_config_glue [-] oslo_limit.endpoint_service_type = None {{(pid=96827) log_opt_values /opt/stack/data/venv/lib/python3.12/site-packages/oslo_config/cfg.py:3253}}
Jul 23 20:12:20.079874 np0000005780 nova-scheduler[96827]: DEBUG cotyledon.oslo_config_glue [-] oslo_limit.insecure = False {{(pid=96827) log_opt_values /opt/stack/data/venv/lib/python3.12/site-packages/oslo_config/cfg.py:3253}}
Jul 23 20:12:20.079874 np0000005780 nova-scheduler[96827]: DEBUG cotyledon.oslo_config_glue [-] oslo_limit.keyfile = None {{(pid=96827) log_opt_values /opt/stack/data/venv/lib/python3.12/site-packages/oslo_config/cfg.py:3253}}
Jul 23 20:12:20.079874 np0000005780 nova-scheduler[96827]: DEBUG cotyledon.oslo_config_glue [-] oslo_limit.max_version = None {{(pid=96827) log_opt_values /opt/stack/data/venv/lib/python3.12/site-packages/oslo_config/cfg.py:3253}}
Jul 23 20:12:20.079874 np0000005780 nova-scheduler[96827]: DEBUG cotyledon.oslo_config_glue [-] oslo_limit.min_version = None {{(pid=96827) log_opt_values /opt/stack/data/venv/lib/python3.12/site-packages/oslo_config/cfg.py:3253}}
Jul 23 20:12:20.079874 np0000005780 nova-scheduler[96827]: DEBUG cotyledon.oslo_config_glue [-] oslo_limit.region_name = None {{(pid=96827) log_opt_values /opt/stack/data/venv/lib/python3.12/site-packages/oslo_config/cfg.py:3253}}
Jul 23 20:12:20.079874 np0000005780 nova-scheduler[96827]: DEBUG cotyledon.oslo_config_glue [-] oslo_limit.retriable_status_codes = None {{(pid=96827) log_opt_values /opt/stack/data/venv/lib/python3.12/site-packages/oslo_config/cfg.py:3253}}
Jul 23 20:12:20.079874 np0000005780 nova-scheduler[96827]: DEBUG cotyledon.oslo_config_glue [-] oslo_limit.service_name = None {{(pid=96827) log_opt_values /opt/stack/data/venv/lib/python3.12/site-packages/oslo_config/cfg.py:3253}}
Jul 23 20:12:20.080279 np0000005780 nova-scheduler[96827]: DEBUG cotyledon.oslo_config_glue [-] oslo_limit.service_type = None {{(pid=96827) log_opt_values /opt/stack/data/venv/lib/python3.12/site-packages/oslo_config/cfg.py:3253}}
Jul 23 20:12:20.080279 np0000005780 nova-scheduler[96827]: DEBUG cotyledon.oslo_config_glue [-] oslo_limit.split_loggers = False {{(pid=96827) log_opt_values /opt/stack/data/venv/lib/python3.12/site-packages/oslo_config/cfg.py:3253}}
Jul 23 20:12:20.080279 np0000005780 nova-scheduler[96827]: DEBUG cotyledon.oslo_config_glue [-] oslo_limit.status_code_retries = None {{(pid=96827) log_opt_values /opt/stack/data/venv/lib/python3.12/site-packages/oslo_config/cfg.py:3253}}
Jul 23 20:12:20.080279 np0000005780 nova-scheduler[96827]: DEBUG cotyledon.oslo_config_glue [-] oslo_limit.status_code_retry_delay = None {{(pid=96827) log_opt_values /opt/stack/data/venv/lib/python3.12/site-packages/oslo_config/cfg.py:3253}}
Jul 23 20:12:20.080279 np0000005780 nova-scheduler[96827]: DEBUG cotyledon.oslo_config_glue [-] oslo_limit.timeout = None {{(pid=96827) log_opt_values /opt/stack/data/venv/lib/python3.12/site-packages/oslo_config/cfg.py:3253}}
Jul 23 20:12:20.080279 np0000005780 nova-scheduler[96827]: DEBUG cotyledon.oslo_config_glue [-] oslo_limit.valid_interfaces = None {{(pid=96827) log_opt_values /opt/stack/data/venv/lib/python3.12/site-packages/oslo_config/cfg.py:3253}}
Jul 23 20:12:20.080279 np0000005780 nova-scheduler[96827]: DEBUG cotyledon.oslo_config_glue [-] oslo_limit.version = None {{(pid=96827) log_opt_values /opt/stack/data/venv/lib/python3.12/site-packages/oslo_config/cfg.py:3253}}
Jul 23 20:12:20.080279 np0000005780 nova-scheduler[96827]: DEBUG cotyledon.oslo_config_glue [-] oslo_reports.file_event_handler = None {{(pid=96827) log_opt_values /opt/stack/data/venv/lib/python3.12/site-packages/oslo_config/cfg.py:3253}}
Jul 23 20:12:20.080279 np0000005780 nova-scheduler[96827]: DEBUG cotyledon.oslo_config_glue [-] oslo_reports.file_event_handler_interval = 1 {{(pid=96827) log_opt_values /opt/stack/data/venv/lib/python3.12/site-packages/oslo_config/cfg.py:3253}}
Jul 23 20:12:20.080554 np0000005780 nova-scheduler[96827]: DEBUG cotyledon.oslo_config_glue [-] oslo_reports.log_dir = None {{(pid=96827) log_opt_values /opt/stack/data/venv/lib/python3.12/site-packages/oslo_config/cfg.py:3253}}
Jul 23 20:12:20.080554 np0000005780 nova-scheduler[96827]: DEBUG cotyledon.oslo_config_glue [-] ******************************************************************************** {{(pid=96827) log_opt_values /opt/stack/data/venv/lib/python3.12/site-packages/oslo_config/cfg.py:3260}}
Jul 23 20:12:20.080554 np0000005780 nova-scheduler[96827]: DEBUG cotyledon._service_worker [-] Run service ServiceWrapper(3) [96827] {{(pid=96827) wait_forever /opt/stack/data/venv/lib/python3.12/site-packages/cotyledon/_service_worker.py:218}}
Jul 23 20:12:20.080642 np0000005780 nova-scheduler[96823]: DEBUG dbcounter [-] [96823] Writer thread running {{(pid=96823) stat_writer /opt/stack/data/venv/lib/python3.12/site-packages/dbcounter.py:102}}
Jul 23 20:12:20.082158 np0000005780 nova-scheduler[96827]: INFO nova.service [-] Starting scheduler node (version 33.1.0)
Jul 23 20:12:20.087635 np0000005780 nova-scheduler[96827]: INFO dbcounter [None req-d7cd09b5-0236-494c-9285-e063fa435f91 None None] Registered counter for database nova_cell0
Jul 23 20:12:20.092985 np0000005780 nova-scheduler[96821]: DEBUG oslo_db.sqlalchemy.engines [None req-1b99b598-222d-4c89-96e4-2cc62897e19f None None] MySQL server mode set to STRICT_TRANS_TABLES,STRICT_ALL_TABLES,NO_ZERO_IN_DATE,NO_ZERO_DATE,ERROR_FOR_DIVISION_BY_ZERO,TRADITIONAL,NO_ENGINE_SUBSTITUTION {{(pid=96821) _check_effective_sql_mode /opt/stack/data/venv/lib/python3.12/site-packages/oslo_db/sqlalchemy/engines.py:325}}
Jul 23 20:12:20.097035 np0000005780 nova-scheduler[96825]: DEBUG oslo_db.sqlalchemy.engines [None req-ec13c3b3-dc1c-44b7-9652-88bb3ba24fba None None] MySQL server mode set to STRICT_TRANS_TABLES,STRICT_ALL_TABLES,NO_ZERO_IN_DATE,NO_ZERO_DATE,ERROR_FOR_DIVISION_BY_ZERO,TRADITIONAL,NO_ENGINE_SUBSTITUTION {{(pid=96825) _check_effective_sql_mode /opt/stack/data/venv/lib/python3.12/site-packages/oslo_db/sqlalchemy/engines.py:325}}
Jul 23 20:12:20.099508 np0000005780 nova-scheduler[96823]: DEBUG nova.service [None req-f3feefc9-c084-4d7d-8530-11d6255d2b8b None None] Creating RPC server for service: nova-scheduler on topic: scheduler {{(pid=96823) start /opt/stack/nova/nova/service.py:196}}
Jul 23 20:12:20.103483 np0000005780 nova-scheduler[96821]: DEBUG dbcounter [-] [96821] Writer thread running {{(pid=96821) stat_writer /opt/stack/data/venv/lib/python3.12/site-packages/dbcounter.py:102}}
Jul 23 20:12:20.106778 np0000005780 nova-scheduler[96821]: DEBUG nova.service [None req-1b99b598-222d-4c89-96e4-2cc62897e19f None None] Creating RPC server for service: nova-scheduler on topic: scheduler {{(pid=96821) start /opt/stack/nova/nova/service.py:196}}
Jul 23 20:12:20.107837 np0000005780 nova-scheduler[96825]: DEBUG dbcounter [-] [96825] Writer thread running {{(pid=96825) stat_writer /opt/stack/data/venv/lib/python3.12/site-packages/dbcounter.py:102}}
Jul 23 20:12:20.110869 np0000005780 nova-scheduler[96825]: DEBUG nova.service [None req-ec13c3b3-dc1c-44b7-9652-88bb3ba24fba None None] Creating RPC server for service: nova-scheduler on topic: scheduler {{(pid=96825) start /opt/stack/nova/nova/service.py:196}}
Jul 23 20:12:20.127788 np0000005780 nova-scheduler[96821]: DEBUG nova.service [None req-1b99b598-222d-4c89-96e4-2cc62897e19f None None] Join ServiceGroup membership for this service scheduler {{(pid=96821) start /opt/stack/nova/nova/service.py:222}}
Jul 23 20:12:20.127984 np0000005780 nova-scheduler[96821]: DEBUG nova.servicegroup.drivers.db [None req-1b99b598-222d-4c89-96e4-2cc62897e19f None None] DB_Driver: join new ServiceGroup member np0000005780 to the scheduler group, service = {{(pid=96821) join /opt/stack/nova/nova/servicegroup/drivers/db.py:44}}
Jul 23 20:12:20.129355 np0000005780 nova-scheduler[96827]: DEBUG oslo_db.sqlalchemy.engines [None req-d7cd09b5-0236-494c-9285-e063fa435f91 None None] MySQL server mode set to STRICT_TRANS_TABLES,STRICT_ALL_TABLES,NO_ZERO_IN_DATE,NO_ZERO_DATE,ERROR_FOR_DIVISION_BY_ZERO,TRADITIONAL,NO_ENGINE_SUBSTITUTION {{(pid=96827) _check_effective_sql_mode /opt/stack/data/venv/lib/python3.12/site-packages/oslo_db/sqlalchemy/engines.py:325}}
Jul 23 20:12:20.130777 np0000005780 nova-scheduler[96823]: DEBUG nova.service [None req-f3feefc9-c084-4d7d-8530-11d6255d2b8b None None] Join ServiceGroup membership for this service scheduler {{(pid=96823) start /opt/stack/nova/nova/service.py:222}}
Jul 23 20:12:20.130976 np0000005780 nova-scheduler[96823]: DEBUG nova.servicegroup.drivers.db [None req-f3feefc9-c084-4d7d-8530-11d6255d2b8b None None] DB_Driver: join new ServiceGroup member np0000005780 to the scheduler group, service = {{(pid=96823) join /opt/stack/nova/nova/servicegroup/drivers/db.py:44}}
Jul 23 20:12:20.132552 np0000005780 nova-scheduler[96825]: DEBUG nova.service [None req-ec13c3b3-dc1c-44b7-9652-88bb3ba24fba None None] Join ServiceGroup membership for this service scheduler {{(pid=96825) start /opt/stack/nova/nova/service.py:222}}
Jul 23 20:12:20.132727 np0000005780 nova-scheduler[96825]: DEBUG nova.servicegroup.drivers.db [None req-ec13c3b3-dc1c-44b7-9652-88bb3ba24fba None None] DB_Driver: join new ServiceGroup member np0000005780 to the scheduler group, service = {{(pid=96825) join /opt/stack/nova/nova/servicegroup/drivers/db.py:44}}
Jul 23 20:12:20.140287 np0000005780 nova-scheduler[96827]: DEBUG dbcounter [-] [96827] Writer thread running {{(pid=96827) stat_writer /opt/stack/data/venv/lib/python3.12/site-packages/dbcounter.py:102}}
Jul 23 20:12:20.143418 np0000005780 nova-scheduler[96827]: DEBUG nova.service [None req-d7cd09b5-0236-494c-9285-e063fa435f91 None None] Creating RPC server for service: nova-scheduler on topic: scheduler {{(pid=96827) start /opt/stack/nova/nova/service.py:196}}
Jul 23 20:12:20.162322 np0000005780 nova-scheduler[96827]: DEBUG nova.service [None req-d7cd09b5-0236-494c-9285-e063fa435f91 None None] Join ServiceGroup membership for this service scheduler {{(pid=96827) start /opt/stack/nova/nova/service.py:222}}
Jul 23 20:12:20.162548 np0000005780 nova-scheduler[96827]: DEBUG nova.servicegroup.drivers.db [None req-d7cd09b5-0236-494c-9285-e063fa435f91 None None] DB_Driver: join new ServiceGroup member np0000005780 to the scheduler group, service = {{(pid=96827) join /opt/stack/nova/nova/servicegroup/drivers/db.py:44}}
Jul 23 20:12:25.146452 np0000005780 nova-scheduler[96821]: DEBUG oslo.service.backend._threading.loopingcall [-] Fixed interval looping call 'nova.servicegroup.drivers.db.DbDriver._report_state' sleeping for 119.98 seconds {{(pid=96821) _run_loop /opt/stack/data/venv/lib/python3.12/site-packages/oslo_service/backend/_threading/loopingcall.py:125}}
Jul 23 20:12:25.146939 np0000005780 nova-scheduler[96823]: DEBUG oslo.service.backend._threading.loopingcall [-] Fixed interval looping call 'nova.servicegroup.drivers.db.DbDriver._report_state' sleeping for 119.99 seconds {{(pid=96823) _run_loop /opt/stack/data/venv/lib/python3.12/site-packages/oslo_service/backend/_threading/loopingcall.py:125}}
Jul 23 20:12:25.151119 np0000005780 nova-scheduler[96825]: DEBUG oslo.service.backend._threading.loopingcall [-] Fixed interval looping call 'nova.servicegroup.drivers.db.DbDriver._report_state' sleeping for 119.98 seconds {{(pid=96825) _run_loop /opt/stack/data/venv/lib/python3.12/site-packages/oslo_service/backend/_threading/loopingcall.py:125}}
Jul 23 20:12:25.173315 np0000005780 nova-scheduler[96827]: DEBUG oslo.service.backend._threading.loopingcall [-] Fixed interval looping call 'nova.servicegroup.drivers.db.DbDriver._report_state' sleeping for 119.99 seconds {{(pid=96827) _run_loop /opt/stack/data/venv/lib/python3.12/site-packages/oslo_service/backend/_threading/loopingcall.py:125}}
Jul 23 20:12:28.666158 np0000005780 nova-scheduler[95546]: DEBUG dbcounter [-] [95546] Writing DB stats nova_api:SELECT=3 {{(pid=95546) stat_writer /opt/stack/data/venv/lib/python3.12/site-packages/dbcounter.py:115}}
Jul 23 20:12:28.799637 np0000005780 nova-scheduler[95546]: DEBUG dbcounter [-] [95546] Writing DB stats nova_cell1:SELECT=1 {{(pid=95546) stat_writer /opt/stack/data/venv/lib/python3.12/site-packages/dbcounter.py:115}}
Jul 23 20:12:28.803886 np0000005780 nova-scheduler[95546]: DEBUG dbcounter [-] [95546] Writing DB stats nova_cell0:SELECT=1 {{(pid=95546) stat_writer /opt/stack/data/venv/lib/python3.12/site-packages/dbcounter.py:115}}
Jul 23 20:12:35.141608 np0000005780 nova-scheduler[96821]: DEBUG dbcounter [-] [96821] Writing DB stats nova_cell0:SELECT=3,nova_cell0:UPDATE=1 {{(pid=96821) stat_writer /opt/stack/data/venv/lib/python3.12/site-packages/dbcounter.py:115}}
Jul 23 20:12:35.143204 np0000005780 nova-scheduler[96823]: DEBUG dbcounter [-] [96823] Writing DB stats nova_cell0:SELECT=4,nova_cell0:INSERT=1,nova_cell0:UPDATE=1 {{(pid=96823) stat_writer /opt/stack/data/venv/lib/python3.12/site-packages/dbcounter.py:115}}
Jul 23 20:12:35.149337 np0000005780 nova-scheduler[96825]: DEBUG dbcounter [-] [96825] Writing DB stats nova_cell0:SELECT=3,nova_cell0:UPDATE=1 {{(pid=96825) stat_writer /opt/stack/data/venv/lib/python3.12/site-packages/dbcounter.py:115}}
Jul 23 20:12:35.170345 np0000005780 nova-scheduler[96827]: DEBUG dbcounter [-] [96827] Writing DB stats nova_cell0:SELECT=3 {{(pid=96827) stat_writer /opt/stack/data/venv/lib/python3.12/site-packages/dbcounter.py:115}}
Jul 23 20:12:36.130368 np0000005780 nova-scheduler[96821]: DEBUG oslo.service.backend._threading.loopingcall [None req-32bb9f6e-dbdf-40ef-afbf-54dba00954c8 None None] Dynamic interval looping call 'nova.service.Service.periodic_tasks' sleeping for 60.00 seconds {{(pid=96821) _run_loop /opt/stack/data/venv/lib/python3.12/site-packages/oslo_service/backend/_threading/loopingcall.py:125}}
Jul 23 20:12:43.136460 np0000005780 nova-scheduler[96825]: DEBUG oslo.service.backend._threading.loopingcall [None req-045c2ed6-905d-4065-9aa3-4cbce065180c None None] Dynamic interval looping call 'nova.service.Service.periodic_tasks' sleeping for 60.00 seconds {{(pid=96825) _run_loop /opt/stack/data/venv/lib/python3.12/site-packages/oslo_service/backend/_threading/loopingcall.py:125}}
Jul 23 20:13:15.164559 np0000005780 nova-scheduler[96827]: DEBUG oslo.service.backend._threading.loopingcall [None req-8338c706-5e61-4b62-9569-360e60e424a1 None None] Dynamic interval looping call 'nova.service.Service.periodic_tasks' sleeping for 60.00 seconds {{(pid=96827) _run_loop /opt/stack/data/venv/lib/python3.12/site-packages/oslo_service/backend/_threading/loopingcall.py:125}}
Jul 23 20:13:18.133033 np0000005780 nova-scheduler[96823]: DEBUG oslo.service.backend._threading.loopingcall [None req-1b0d3d58-92d7-45cf-9cf9-1cef5f8c3bc8 None None] Dynamic interval looping call 'nova.service.Service.periodic_tasks' sleeping for 60.00 seconds {{(pid=96823) _run_loop /opt/stack/data/venv/lib/python3.12/site-packages/oslo_service/backend/_threading/loopingcall.py:125}}
Jul 23 20:13:36.130880 np0000005780 nova-scheduler[96821]: DEBUG oslo.service.backend._threading.loopingcall [None req-32bb9f6e-dbdf-40ef-afbf-54dba00954c8 None None] Dynamic interval looping call 'nova.service.Service.periodic_tasks' sleeping for 60.00 seconds {{(pid=96821) _run_loop /opt/stack/data/venv/lib/python3.12/site-packages/oslo_service/backend/_threading/loopingcall.py:125}}
Jul 23 20:13:43.136895 np0000005780 nova-scheduler[96825]: DEBUG oslo.service.backend._threading.loopingcall [None req-045c2ed6-905d-4065-9aa3-4cbce065180c None None] Dynamic interval looping call 'nova.service.Service.periodic_tasks' sleeping for 60.00 seconds {{(pid=96825) _run_loop /opt/stack/data/venv/lib/python3.12/site-packages/oslo_service/backend/_threading/loopingcall.py:125}}
Jul 23 20:14:15.165032 np0000005780 nova-scheduler[96827]: DEBUG oslo.service.backend._threading.loopingcall [None req-8338c706-5e61-4b62-9569-360e60e424a1 None None] Dynamic interval looping call 'nova.service.Service.periodic_tasks' sleeping for 60.00 seconds {{(pid=96827) _run_loop /opt/stack/data/venv/lib/python3.12/site-packages/oslo_service/backend/_threading/loopingcall.py:125}}
Jul 23 20:14:18.133596 np0000005780 nova-scheduler[96823]: DEBUG oslo.service.backend._threading.loopingcall [None req-1b0d3d58-92d7-45cf-9cf9-1cef5f8c3bc8 None None] Dynamic interval looping call 'nova.service.Service.periodic_tasks' sleeping for 60.00 seconds {{(pid=96823) _run_loop /opt/stack/data/venv/lib/python3.12/site-packages/oslo_service/backend/_threading/loopingcall.py:125}}
Jul 23 20:14:25.134915 np0000005780 nova-scheduler[96821]: DEBUG oslo.service.backend._threading.loopingcall [-] Fixed interval looping call 'nova.servicegroup.drivers.db.DbDriver._report_state' sleeping for 119.99 seconds {{(pid=96821) _run_loop /opt/stack/data/venv/lib/python3.12/site-packages/oslo_service/backend/_threading/loopingcall.py:125}}
Jul 23 20:14:25.136390 np0000005780 nova-scheduler[96825]: DEBUG oslo.service.backend._threading.loopingcall [-] Fixed interval looping call 'nova.servicegroup.drivers.db.DbDriver._report_state' sleeping for 120.00 seconds {{(pid=96825) _run_loop /opt/stack/data/venv/lib/python3.12/site-packages/oslo_service/backend/_threading/loopingcall.py:125}}
Jul 23 20:14:25.141763 np0000005780 nova-scheduler[96823]: DEBUG oslo.service.backend._threading.loopingcall [-] Fixed interval looping call 'nova.servicegroup.drivers.db.DbDriver._report_state' sleeping for 120.00 seconds {{(pid=96823) _run_loop /opt/stack/data/venv/lib/python3.12/site-packages/oslo_service/backend/_threading/loopingcall.py:125}}
Jul 23 20:14:25.168785 np0000005780 nova-scheduler[96827]: DEBUG oslo.service.backend._threading.loopingcall [-] Fixed interval looping call 'nova.servicegroup.drivers.db.DbDriver._report_state' sleeping for 120.00 seconds {{(pid=96827) _run_loop /opt/stack/data/venv/lib/python3.12/site-packages/oslo_service/backend/_threading/loopingcall.py:125}}
Jul 23 20:14:35.130459 np0000005780 nova-scheduler[96821]: DEBUG dbcounter [-] [96821] Writing DB stats nova_cell0:SELECT=1,nova_cell0:UPDATE=1 {{(pid=96821) stat_writer /opt/stack/data/venv/lib/python3.12/site-packages/dbcounter.py:115}}
Jul 23 20:14:35.136345 np0000005780 nova-scheduler[96825]: DEBUG dbcounter [-] [96825] Writing DB stats nova_cell0:SELECT=1,nova_cell0:UPDATE=1 {{(pid=96825) stat_writer /opt/stack/data/venv/lib/python3.12/site-packages/dbcounter.py:115}}
Jul 23 20:14:35.140369 np0000005780 nova-scheduler[96823]: DEBUG dbcounter [-] [96823] Writing DB stats nova_cell0:SELECT=1 {{(pid=96823) stat_writer /opt/stack/data/venv/lib/python3.12/site-packages/dbcounter.py:115}}
Jul 23 20:14:35.166461 np0000005780 nova-scheduler[96827]: DEBUG dbcounter [-] [96827] Writing DB stats nova_cell0:SELECT=1 {{(pid=96827) stat_writer /opt/stack/data/venv/lib/python3.12/site-packages/dbcounter.py:115}}
Jul 23 20:14:36.131467 np0000005780 nova-scheduler[96821]: DEBUG oslo.service.backend._threading.loopingcall [None req-32bb9f6e-dbdf-40ef-afbf-54dba00954c8 None None] Dynamic interval looping call 'nova.service.Service.periodic_tasks' sleeping for 60.00 seconds {{(pid=96821) _run_loop /opt/stack/data/venv/lib/python3.12/site-packages/oslo_service/backend/_threading/loopingcall.py:125}}
Jul 23 20:14:43.137902 np0000005780 nova-scheduler[96825]: DEBUG oslo.service.backend._threading.loopingcall [None req-045c2ed6-905d-4065-9aa3-4cbce065180c None None] Dynamic interval looping call 'nova.service.Service.periodic_tasks' sleeping for 60.00 seconds {{(pid=96825) _run_loop /opt/stack/data/venv/lib/python3.12/site-packages/oslo_service/backend/_threading/loopingcall.py:125}}
Jul 23 20:14:52.017446 np0000005780 nova-scheduler[96821]: DEBUG nova.scheduler.manager [None req-df3d0090-4677-4fff-b27b-69ce88ade67d tempest-ServerBootFromVolumeStableRescueTest-1156704957 tempest-ServerBootFromVolumeStableRescueTest-1156704957-project-member] Starting to schedule for instances: ['05b13c63-c442-41ed-ba23-c6a52e8dae06'] {{(pid=96821) select_destinations /opt/stack/nova/nova/scheduler/manager.py:209}}
Jul 23 20:14:52.017446 np0000005780 nova-scheduler[96821]: DEBUG nova.scheduler.request_filter [None req-df3d0090-4677-4fff-b27b-69ce88ade67d tempest-ServerBootFromVolumeStableRescueTest-1156704957 tempest-ServerBootFromVolumeStableRescueTest-1156704957-project-member] compute_status_filter request filter added forbidden trait COMPUTE_STATUS_DISABLED {{(pid=96821) compute_status_filter /opt/stack/nova/nova/scheduler/request_filter.py:253}}
Jul 23 20:14:52.017446 np0000005780 nova-scheduler[96821]: DEBUG nova.scheduler.request_filter [None req-df3d0090-4677-4fff-b27b-69ce88ade67d tempest-ServerBootFromVolumeStableRescueTest-1156704957 tempest-ServerBootFromVolumeStableRescueTest-1156704957-project-member] Request filter 'compute_status_filter' took 0.0 seconds {{(pid=96821) wrapper /opt/stack/nova/nova/scheduler/request_filter.py:46}}
Jul 23 20:14:52.017938 np0000005780 nova-scheduler[96821]: DEBUG nova.scheduler.request_filter [None req-df3d0090-4677-4fff-b27b-69ce88ade67d tempest-ServerBootFromVolumeStableRescueTest-1156704957 tempest-ServerBootFromVolumeStableRescueTest-1156704957-project-member] Request filter 'accelerators_filter' took 0.0 seconds {{(pid=96821) wrapper /opt/stack/nova/nova/scheduler/request_filter.py:46}}
Jul 23 20:14:52.017938 np0000005780 nova-scheduler[96821]: DEBUG nova.scheduler.request_filter [None req-df3d0090-4677-4fff-b27b-69ce88ade67d tempest-ServerBootFromVolumeStableRescueTest-1156704957 tempest-ServerBootFromVolumeStableRescueTest-1156704957-project-member] Request filter 'packed_virtqueue_filter' took 0.0 seconds {{(pid=96821) wrapper /opt/stack/nova/nova/scheduler/request_filter.py:46}}
Jul 23 20:14:52.018352 np0000005780 nova-scheduler[96821]: DEBUG nova.scheduler.request_filter [None req-df3d0090-4677-4fff-b27b-69ce88ade67d tempest-ServerBootFromVolumeStableRescueTest-1156704957 tempest-ServerBootFromVolumeStableRescueTest-1156704957-project-member] Request filter 'remote_managed_ports_filter' took 0.0 seconds {{(pid=96821) wrapper /opt/stack/nova/nova/scheduler/request_filter.py:46}}
Jul 23 20:14:52.019035 np0000005780 nova-scheduler[96821]: DEBUG nova.scheduler.request_filter [None req-df3d0090-4677-4fff-b27b-69ce88ade67d tempest-ServerBootFromVolumeStableRescueTest-1156704957 tempest-ServerBootFromVolumeStableRescueTest-1156704957-project-member] ephemeral_encryption_filter skipped {{(pid=96821) ephemeral_encryption_filter /opt/stack/nova/nova/scheduler/request_filter.py:426}}
Jul 23 20:14:52.019035 np0000005780 nova-scheduler[96821]: DEBUG nova.scheduler.request_filter [None req-df3d0090-4677-4fff-b27b-69ce88ade67d tempest-ServerBootFromVolumeStableRescueTest-1156704957 tempest-ServerBootFromVolumeStableRescueTest-1156704957-project-member] virtio_sound_filter skipped {{(pid=96821) virtio_sound_filter /opt/stack/nova/nova/scheduler/request_filter.py:460}}
Jul 23 20:14:52.019035 np0000005780 nova-scheduler[96821]: DEBUG nova.scheduler.request_filter [None req-df3d0090-4677-4fff-b27b-69ce88ade67d tempest-ServerBootFromVolumeStableRescueTest-1156704957 tempest-ServerBootFromVolumeStableRescueTest-1156704957-project-member] tpm_secret_security_filter skipped {{(pid=96821) tpm_secret_security_filter /opt/stack/nova/nova/scheduler/request_filter.py:477}}
Jul 23 20:14:52.638676 np0000005780 nova-scheduler[96821]: INFO nova.utils [None req-df3d0090-4677-4fff-b27b-69ce88ade67d tempest-ServerBootFromVolumeStableRescueTest-1156704957 tempest-ServerBootFromVolumeStableRescueTest-1156704957-project-member] The cell worker thread pool ForkProcess-1.cell_worker is initialized
Jul 23 20:14:52.639200 np0000005780 nova-scheduler[96821]: DEBUG oslo_concurrency.lockutils [None req-df3d0090-4677-4fff-b27b-69ce88ade67d tempest-ServerBootFromVolumeStableRescueTest-1156704957 tempest-ServerBootFromVolumeStableRescueTest-1156704957-project-member] Acquiring lock "fb3ed971-94b3-4f3d-b554-83d8c89c720e" by "nova.context.set_target_cell..get_or_set_cached_cell_and_set_connections" {{(pid=96821) inner /opt/stack/data/venv/lib/python3.12/site-packages/oslo_concurrency/lockutils.py:512}}
Jul 23 20:14:52.639468 np0000005780 nova-scheduler[96821]: DEBUG oslo_concurrency.lockutils [None req-df3d0090-4677-4fff-b27b-69ce88ade67d tempest-ServerBootFromVolumeStableRescueTest-1156704957 tempest-ServerBootFromVolumeStableRescueTest-1156704957-project-member] Lock "fb3ed971-94b3-4f3d-b554-83d8c89c720e" acquired by "nova.context.set_target_cell..get_or_set_cached_cell_and_set_connections" :: waited 0.000s {{(pid=96821) inner /opt/stack/data/venv/lib/python3.12/site-packages/oslo_concurrency/lockutils.py:525}}
Jul 23 20:14:52.641987 np0000005780 nova-scheduler[96821]: DEBUG oslo_concurrency.lockutils [None req-df3d0090-4677-4fff-b27b-69ce88ade67d tempest-ServerBootFromVolumeStableRescueTest-1156704957 tempest-ServerBootFromVolumeStableRescueTest-1156704957-project-member] Lock "fb3ed971-94b3-4f3d-b554-83d8c89c720e" "released" by "nova.context.set_target_cell..get_or_set_cached_cell_and_set_connections" :: held 0.002s {{(pid=96821) inner /opt/stack/data/venv/lib/python3.12/site-packages/oslo_concurrency/lockutils.py:544}}
Jul 23 20:14:52.644565 np0000005780 nova-scheduler[96821]: INFO dbcounter [None req-df3d0090-4677-4fff-b27b-69ce88ade67d tempest-ServerBootFromVolumeStableRescueTest-1156704957 tempest-ServerBootFromVolumeStableRescueTest-1156704957-project-member] Registered counter for database nova_cell1
Jul 23 20:14:52.698694 np0000005780 nova-scheduler[96821]: DEBUG oslo_db.sqlalchemy.engines [None req-df3d0090-4677-4fff-b27b-69ce88ade67d tempest-ServerBootFromVolumeStableRescueTest-1156704957 tempest-ServerBootFromVolumeStableRescueTest-1156704957-project-member] MySQL server mode set to STRICT_TRANS_TABLES,STRICT_ALL_TABLES,NO_ZERO_IN_DATE,NO_ZERO_DATE,ERROR_FOR_DIVISION_BY_ZERO,TRADITIONAL,NO_ENGINE_SUBSTITUTION {{(pid=96821) _check_effective_sql_mode /opt/stack/data/venv/lib/python3.12/site-packages/oslo_db/sqlalchemy/engines.py:325}}
Jul 23 20:14:52.710072 np0000005780 nova-scheduler[96821]: DEBUG dbcounter [-] [96821] Writer thread running {{(pid=96821) stat_writer /opt/stack/data/venv/lib/python3.12/site-packages/dbcounter.py:102}}
