Jul 10 19:59:03.660609 np0000005051 devstack@g-api.service[99628]: DEBUG glance.api.middleware.version_negotiation [None req-4ffe40e2-4dc3-40c4-800a-cd6fda5664df tempest-VolumesImageMetadata-1238255387 tempest-VolumesImageMetadata-1238255387-project-member] Using url versioning {{(pid=99628) process_request /opt/stack/glance/glance/api/middleware/version_negotiation.py:57}}
Jul 10 19:59:03.660913 np0000005051 devstack@g-api.service[99628]: DEBUG glance.api.middleware.version_negotiation [None req-4ffe40e2-4dc3-40c4-800a-cd6fda5664df tempest-VolumesImageMetadata-1238255387 tempest-VolumesImageMetadata-1238255387-project-member] Matched version: v2 {{(pid=99628) process_request /opt/stack/glance/glance/api/middleware/version_negotiation.py:69}}
Jul 10 19:59:03.660913 np0000005051 devstack@g-api.service[99628]: DEBUG glance.api.middleware.version_negotiation [None req-4ffe40e2-4dc3-40c4-800a-cd6fda5664df tempest-VolumesImageMetadata-1238255387 tempest-VolumesImageMetadata-1238255387-project-member] new path /v2/schemas/image {{(pid=99628) process_request /opt/stack/glance/glance/api/middleware/version_negotiation.py:70}}
Jul 10 19:59:03.668527 np0000005051 devstack@g-api.service[99628]: [pid: 99628|app: 0|req: 30/90] 127.0.0.1 () {44 vars in 1055 bytes} [Fri Jul 10 19:59:03 2026] GET /v2/schemas/image => generated 6083 bytes in 8 msecs (HTTP/1.1 200) 4 headers in 158 bytes (1 switches on core 0)
Jul 10 19:59:03.705536 np0000005051 devstack@g-api.service[99626]: DEBUG glance.api.middleware.version_negotiation [None req-4ffe40e2-4dc3-40c4-800a-cd6fda5664df tempest-VolumesImageMetadata-1238255387 tempest-VolumesImageMetadata-1238255387-project-member] Determining version of request: GET /v2/schemas/image Accept: */* {{(pid=99626) process_request /opt/stack/glance/glance/api/middleware/version_negotiation.py:44}}
Jul 10 19:59:03.706079 np0000005051 devstack@g-api.service[99626]: DEBUG glance.api.middleware.version_negotiation [None req-4ffe40e2-4dc3-40c4-800a-cd6fda5664df tempest-VolumesImageMetadata-1238255387 tempest-VolumesImageMetadata-1238255387-project-member] Using url versioning {{(pid=99626) process_request /opt/stack/glance/glance/api/middleware/version_negotiation.py:57}}
Jul 10 19:59:03.706079 np0000005051 devstack@g-api.service[99626]: DEBUG glance.api.middleware.version_negotiation [None req-4ffe40e2-4dc3-40c4-800a-cd6fda5664df tempest-VolumesImageMetadata-1238255387 tempest-VolumesImageMetadata-1238255387-project-member] Matched version: v2 {{(pid=99626) process_request /opt/stack/glance/glance/api/middleware/version_negotiation.py:69}}
Jul 10 19:59:03.706079 np0000005051 devstack@g-api.service[99626]: DEBUG glance.api.middleware.version_negotiation [None req-4ffe40e2-4dc3-40c4-800a-cd6fda5664df tempest-VolumesImageMetadata-1238255387 tempest-VolumesImageMetadata-1238255387-project-member] new path /v2/schemas/image {{(pid=99626) process_request /opt/stack/glance/glance/api/middleware/version_negotiation.py:70}}
Jul 10 19:59:03.709273 np0000005051 devstack@g-api.service[99626]: [pid: 99626|app: 0|req: 31/91] 127.0.0.1 () {44 vars in 1055 bytes} [Fri Jul 10 19:59:03 2026] GET /v2/schemas/image => generated 6083 bytes in 4 msecs (HTTP/1.1 200) 4 headers in 158 bytes (1 switches on core 0)
Jul 10 19:59:03.746972 np0000005051 devstack@g-api.service[99627]: DEBUG glance.api.middleware.version_negotiation [None req-14927932-b519-4b8d-95a7-28c9a5038fe9 tempest-ServerBootFromVolumeStableRescueTest-467996819 tempest-ServerBootFromVolumeStableRescueTest-467996819-project-member] Determining version of request: PATCH /v2/images/72b642f1-74ce-4290-bb2f-7b7c77c83fe7 Accept: */* {{(pid=99627) process_request /opt/stack/glance/glance/api/middleware/version_negotiation.py:44}}
Jul 10 19:59:03.748266 np0000005051 devstack@g-api.service[99627]: DEBUG glance.api.middleware.version_negotiation [None req-14927932-b519-4b8d-95a7-28c9a5038fe9 tempest-ServerBootFromVolumeStableRescueTest-467996819 tempest-ServerBootFromVolumeStableRescueTest-467996819-project-member] Using url versioning {{(pid=99627) process_request /opt/stack/glance/glance/api/middleware/version_negotiation.py:57}}
Jul 10 19:59:03.748266 np0000005051 devstack@g-api.service[99627]: DEBUG glance.api.middleware.version_negotiation [None req-14927932-b519-4b8d-95a7-28c9a5038fe9 tempest-ServerBootFromVolumeStableRescueTest-467996819 tempest-ServerBootFromVolumeStableRescueTest-467996819-project-member] Matched version: v2 {{(pid=99627) process_request /opt/stack/glance/glance/api/middleware/version_negotiation.py:69}}
Jul 10 19:59:03.748266 np0000005051 devstack@g-api.service[99627]: DEBUG glance.api.middleware.version_negotiation [None req-14927932-b519-4b8d-95a7-28c9a5038fe9 tempest-ServerBootFromVolumeStableRescueTest-467996819 tempest-ServerBootFromVolumeStableRescueTest-467996819-project-member] new path /v2/images/72b642f1-74ce-4290-bb2f-7b7c77c83fe7 {{(pid=99627) process_request /opt/stack/glance/glance/api/middleware/version_negotiation.py:70}}
Jul 10 19:59:03.858384 np0000005051 devstack@g-api.service[99628]: DEBUG glance.api.middleware.version_negotiation [None req-14927932-b519-4b8d-95a7-28c9a5038fe9 tempest-ServerBootFromVolumeStableRescueTest-467996819 tempest-ServerBootFromVolumeStableRescueTest-467996819-project-member] Determining version of request: GET /versions Accept: */* {{(pid=99628) process_request /opt/stack/glance/glance/api/middleware/version_negotiation.py:44}}
Jul 10 19:59:03.858384 np0000005051 devstack@g-api.service[99628]: [pid: 99628|app: 0|req: 31/92] 127.0.0.1 () {44 vars in 1039 bytes} [Fri Jul 10 19:59:03 2026] GET /versions => generated 1515 bytes in 1 msecs (HTTP/1.1 200) 3 headers in 92 bytes (1 switches on core 0)
Jul 10 19:59:03.881500 np0000005051 devstack@g-api.service[99626]: DEBUG glance.api.middleware.version_negotiation [None req-14927932-b519-4b8d-95a7-28c9a5038fe9 tempest-ServerBootFromVolumeStableRescueTest-467996819 tempest-ServerBootFromVolumeStableRescueTest-467996819-project-member] Determining version of request: GET /v2/images/efb2cb6b-5b08-4aeb-8ae3-79668ce2d8ee/locations Accept: */* {{(pid=99626) process_request /opt/stack/glance/glance/api/middleware/version_negotiation.py:44}}
Jul 10 19:59:03.881797 np0000005051 devstack@g-api.service[99626]: DEBUG glance.api.middleware.version_negotiation [None req-14927932-b519-4b8d-95a7-28c9a5038fe9 tempest-ServerBootFromVolumeStableRescueTest-467996819 tempest-ServerBootFromVolumeStableRescueTest-467996819-project-member] Using url versioning {{(pid=99626) process_request /opt/stack/glance/glance/api/middleware/version_negotiation.py:57}}
Jul 10 19:59:03.882007 np0000005051 devstack@g-api.service[99626]: DEBUG glance.api.middleware.version_negotiation [None req-14927932-b519-4b8d-95a7-28c9a5038fe9 tempest-ServerBootFromVolumeStableRescueTest-467996819 tempest-ServerBootFromVolumeStableRescueTest-467996819-project-member] Matched version: v2 {{(pid=99626) process_request /opt/stack/glance/glance/api/middleware/version_negotiation.py:69}}
Jul 10 19:59:03.882143 np0000005051 devstack@g-api.service[99626]: DEBUG glance.api.middleware.version_negotiation [None req-14927932-b519-4b8d-95a7-28c9a5038fe9 tempest-ServerBootFromVolumeStableRescueTest-467996819 tempest-ServerBootFromVolumeStableRescueTest-467996819-project-member] new path /v2/images/efb2cb6b-5b08-4aeb-8ae3-79668ce2d8ee/locations {{(pid=99626) process_request /opt/stack/glance/glance/api/middleware/version_negotiation.py:70}}
Jul 10 19:59:03.958085 np0000005051 devstack@g-api.service[99627]: [pid: 99627|app: 0|req: 31/93] 127.0.0.1 () {46 vars in 1158 bytes} [Fri Jul 10 19:59:03 2026] PATCH /v2/images/72b642f1-74ce-4290-bb2f-7b7c77c83fe7 => generated 1468 bytes in 211 msecs (HTTP/1.1 200) 4 headers in 158 bytes (1 switches on core 0)
Jul 10 19:59:04.028916 np0000005051 devstack@g-api.service[99628]: DEBUG glance.api.middleware.version_negotiation [None req-14927932-b519-4b8d-95a7-28c9a5038fe9 tempest-ServerBootFromVolumeStableRescueTest-467996819 tempest-ServerBootFromVolumeStableRescueTest-467996819-project-member] Determining version of request: GET /v2/images/72b642f1-74ce-4290-bb2f-7b7c77c83fe7 Accept: */* {{(pid=99628) process_request /opt/stack/glance/glance/api/middleware/version_negotiation.py:44}}
Jul 10 19:59:04.029563 np0000005051 devstack@g-api.service[99628]: DEBUG glance.api.middleware.version_negotiation [None req-14927932-b519-4b8d-95a7-28c9a5038fe9 tempest-ServerBootFromVolumeStableRescueTest-467996819 tempest-ServerBootFromVolumeStableRescueTest-467996819-project-member] Using url versioning {{(pid=99628) process_request /opt/stack/glance/glance/api/middleware/version_negotiation.py:57}}
Jul 10 19:59:04.031480 np0000005051 devstack@g-api.service[99628]: DEBUG glance.api.middleware.version_negotiation [None req-14927932-b519-4b8d-95a7-28c9a5038fe9 tempest-ServerBootFromVolumeStableRescueTest-467996819 tempest-ServerBootFromVolumeStableRescueTest-467996819-project-member] Matched version: v2 {{(pid=99628) process_request /opt/stack/glance/glance/api/middleware/version_negotiation.py:69}}
Jul 10 19:59:04.031480 np0000005051 devstack@g-api.service[99628]: DEBUG glance.api.middleware.version_negotiation [None req-14927932-b519-4b8d-95a7-28c9a5038fe9 tempest-ServerBootFromVolumeStableRescueTest-467996819 tempest-ServerBootFromVolumeStableRescueTest-467996819-project-member] new path /v2/images/72b642f1-74ce-4290-bb2f-7b7c77c83fe7 {{(pid=99628) process_request /opt/stack/glance/glance/api/middleware/version_negotiation.py:70}}
Jul 10 19:59:04.056851 np0000005051 devstack@g-api.service[99628]: [pid: 99628|app: 0|req: 32/94] 127.0.0.1 () {44 vars in 1115 bytes} [Fri Jul 10 19:59:04 2026] GET /v2/images/72b642f1-74ce-4290-bb2f-7b7c77c83fe7 => generated 1468 bytes in 28 msecs (HTTP/1.1 200) 4 headers in 158 bytes (1 switches on core 0)
Jul 10 19:59:04.104819 np0000005051 devstack@g-api.service[99627]: DEBUG glance.api.middleware.version_negotiation [None req-14927932-b519-4b8d-95a7-28c9a5038fe9 tempest-ServerBootFromVolumeStableRescueTest-467996819 tempest-ServerBootFromVolumeStableRescueTest-467996819-project-member] Determining version of request: GET /v2/images/72b642f1-74ce-4290-bb2f-7b7c77c83fe7 Accept: application/json {{(pid=99627) process_request /opt/stack/glance/glance/api/middleware/version_negotiation.py:44}}
Jul 10 19:59:04.104819 np0000005051 devstack@g-api.service[99627]: DEBUG glance.api.middleware.version_negotiation [None req-14927932-b519-4b8d-95a7-28c9a5038fe9 tempest-ServerBootFromVolumeStableRescueTest-467996819 tempest-ServerBootFromVolumeStableRescueTest-467996819-project-member] Using url versioning {{(pid=99627) process_request /opt/stack/glance/glance/api/middleware/version_negotiation.py:57}}
Jul 10 19:59:04.104819 np0000005051 devstack@g-api.service[99627]: DEBUG glance.api.middleware.version_negotiation [None req-14927932-b519-4b8d-95a7-28c9a5038fe9 tempest-ServerBootFromVolumeStableRescueTest-467996819 tempest-ServerBootFromVolumeStableRescueTest-467996819-project-member] Matched version: v2 {{(pid=99627) process_request /opt/stack/glance/glance/api/middleware/version_negotiation.py:69}}
Jul 10 19:59:04.104819 np0000005051 devstack@g-api.service[99627]: DEBUG glance.api.middleware.version_negotiation [None req-14927932-b519-4b8d-95a7-28c9a5038fe9 tempest-ServerBootFromVolumeStableRescueTest-467996819 tempest-ServerBootFromVolumeStableRescueTest-467996819-project-member] new path /v2/images/72b642f1-74ce-4290-bb2f-7b7c77c83fe7 {{(pid=99627) process_request /opt/stack/glance/glance/api/middleware/version_negotiation.py:70}}
Jul 10 19:59:04.119217 np0000005051 devstack@g-api.service[99628]: DEBUG glance.api.middleware.version_negotiation [None req-14927932-b519-4b8d-95a7-28c9a5038fe9 tempest-ServerBootFromVolumeStableRescueTest-467996819 tempest-ServerBootFromVolumeStableRescueTest-467996819-project-member] Determining version of request: PUT /v2/images/72b642f1-74ce-4290-bb2f-7b7c77c83fe7/file Accept: */* {{(pid=99628) process_request /opt/stack/glance/glance/api/middleware/version_negotiation.py:44}}
Jul 10 19:59:04.121060 np0000005051 devstack@g-api.service[99627]: [pid: 99627|app: 0|req: 32/95] 127.0.0.1 () {40 vars in 838 bytes} [Fri Jul 10 19:59:04 2026] GET /v2/images/72b642f1-74ce-4290-bb2f-7b7c77c83fe7 => generated 1468 bytes in 17 msecs (HTTP/1.1 200) 4 headers in 158 bytes (1 switches on core 0)
Jul 10 19:59:04.122061 np0000005051 devstack@g-api.service[99628]: DEBUG glance.api.middleware.version_negotiation [None req-14927932-b519-4b8d-95a7-28c9a5038fe9 tempest-ServerBootFromVolumeStableRescueTest-467996819 tempest-ServerBootFromVolumeStableRescueTest-467996819-project-member] Using url versioning {{(pid=99628) process_request /opt/stack/glance/glance/api/middleware/version_negotiation.py:57}}
Jul 10 19:59:04.122215 np0000005051 devstack@g-api.service[99628]: DEBUG glance.api.middleware.version_negotiation [None req-14927932-b519-4b8d-95a7-28c9a5038fe9 tempest-ServerBootFromVolumeStableRescueTest-467996819 tempest-ServerBootFromVolumeStableRescueTest-467996819-project-member] Matched version: v2 {{(pid=99628) process_request /opt/stack/glance/glance/api/middleware/version_negotiation.py:69}}
Jul 10 19:59:04.122347 np0000005051 devstack@g-api.service[99628]: DEBUG glance.api.middleware.version_negotiation [None req-14927932-b519-4b8d-95a7-28c9a5038fe9 tempest-ServerBootFromVolumeStableRescueTest-467996819 tempest-ServerBootFromVolumeStableRescueTest-467996819-project-member] new path /v2/images/72b642f1-74ce-4290-bb2f-7b7c77c83fe7/file {{(pid=99628) process_request /opt/stack/glance/glance/api/middleware/version_negotiation.py:70}}
Jul 10 19:59:04.249079 np0000005051 devstack@g-api.service[99626]: [pid: 99626|app: 0|req: 32/96] 127.0.0.1 () {44 vars in 1135 bytes} [Fri Jul 10 19:59:03 2026] GET /v2/images/efb2cb6b-5b08-4aeb-8ae3-79668ce2d8ee/locations => generated 92 bytes in 368 msecs (HTTP/1.1 200) 4 headers in 156 bytes (1 switches on core 0)
Jul 10 19:59:04.262441 np0000005051 devstack@g-api.service[99627]: DEBUG glance.api.middleware.version_negotiation [None req-1726d4b6-ea39-401a-8e56-d0881ddb064b tempest-ServerBootFromVolumeStableRescueTest-467996819 tempest-ServerBootFromVolumeStableRescueTest-467996819-project-member] Determining version of request: GET /v2/images/efb2cb6b-5b08-4aeb-8ae3-79668ce2d8ee Accept: */* {{(pid=99627) process_request /opt/stack/glance/glance/api/middleware/version_negotiation.py:44}}
Jul 10 19:59:04.262920 np0000005051 devstack@g-api.service[99627]: DEBUG glance.api.middleware.version_negotiation [None req-1726d4b6-ea39-401a-8e56-d0881ddb064b tempest-ServerBootFromVolumeStableRescueTest-467996819 tempest-ServerBootFromVolumeStableRescueTest-467996819-project-member] Using url versioning {{(pid=99627) process_request /opt/stack/glance/glance/api/middleware/version_negotiation.py:57}}
Jul 10 19:59:04.263100 np0000005051 devstack@g-api.service[99627]: DEBUG glance.api.middleware.version_negotiation [None req-1726d4b6-ea39-401a-8e56-d0881ddb064b tempest-ServerBootFromVolumeStableRescueTest-467996819 tempest-ServerBootFromVolumeStableRescueTest-467996819-project-member] Matched version: v2 {{(pid=99627) process_request /opt/stack/glance/glance/api/middleware/version_negotiation.py:69}}
Jul 10 19:59:04.263379 np0000005051 devstack@g-api.service[99627]: DEBUG glance.api.middleware.version_negotiation [None req-1726d4b6-ea39-401a-8e56-d0881ddb064b tempest-ServerBootFromVolumeStableRescueTest-467996819 tempest-ServerBootFromVolumeStableRescueTest-467996819-project-member] new path /v2/images/efb2cb6b-5b08-4aeb-8ae3-79668ce2d8ee {{(pid=99627) process_request /opt/stack/glance/glance/api/middleware/version_negotiation.py:70}}
Jul 10 19:59:04.277584 np0000005051 devstack@g-api.service[99627]: [pid: 99627|app: 0|req: 33/97] 127.0.0.1 () {44 vars in 1115 bytes} [Fri Jul 10 19:59:04 2026] GET /v2/images/efb2cb6b-5b08-4aeb-8ae3-79668ce2d8ee => generated 1044 bytes in 16 msecs (HTTP/1.1 200) 4 headers in 158 bytes (1 switches on core 0)
Jul 10 19:59:04.291509 np0000005051 devstack@g-api.service[99626]: DEBUG glance.api.middleware.version_negotiation [None req-4ffe40e2-4dc3-40c4-800a-cd6fda5664df service glance] Determining version of request: GET /v2/schemas/image Accept: */* {{(pid=99626) process_request /opt/stack/glance/glance/api/middleware/version_negotiation.py:44}}
Jul 10 19:59:04.295169 np0000005051 devstack@g-api.service[99626]: DEBUG glance.api.middleware.version_negotiation [None req-4ffe40e2-4dc3-40c4-800a-cd6fda5664df service glance] Using url versioning {{(pid=99626) process_request /opt/stack/glance/glance/api/middleware/version_negotiation.py:57}}
Jul 10 19:59:04.295558 np0000005051 devstack@g-api.service[99626]: DEBUG glance.api.middleware.version_negotiation [None req-4ffe40e2-4dc3-40c4-800a-cd6fda5664df service glance] Matched version: v2 {{(pid=99626) process_request /opt/stack/glance/glance/api/middleware/version_negotiation.py:69}}
Jul 10 19:59:04.295834 np0000005051 devstack@g-api.service[99626]: DEBUG glance.api.middleware.version_negotiation [None req-4ffe40e2-4dc3-40c4-800a-cd6fda5664df service glance] new path /v2/schemas/image {{(pid=99626) process_request /opt/stack/glance/glance/api/middleware/version_negotiation.py:70}}
Jul 10 19:59:04.300568 np0000005051 devstack@g-api.service[99626]: [pid: 99626|app: 0|req: 33/98] 127.0.0.1 () {44 vars in 1055 bytes} [Fri Jul 10 19:59:04 2026] GET /v2/schemas/image => generated 6083 bytes in 8 msecs (HTTP/1.1 200) 4 headers in 158 bytes (1 switches on core 0)
Jul 10 19:59:04.315758 np0000005051 devstack@g-api.service[99627]: DEBUG glance.api.middleware.version_negotiation [None req-4ffe40e2-4dc3-40c4-800a-cd6fda5664df tempest-VolumesImageMetadata-1238255387 tempest-VolumesImageMetadata-1238255387-project-member] Determining version of request: GET /v2/schemas/image Accept: */* {{(pid=99627) process_request /opt/stack/glance/glance/api/middleware/version_negotiation.py:44}}
Jul 10 19:59:04.316018 np0000005051 devstack@g-api.service[99627]: DEBUG glance.api.middleware.version_negotiation [None req-4ffe40e2-4dc3-40c4-800a-cd6fda5664df tempest-VolumesImageMetadata-1238255387 tempest-VolumesImageMetadata-1238255387-project-member] Using url versioning {{(pid=99627) process_request /opt/stack/glance/glance/api/middleware/version_negotiation.py:57}}
Jul 10 19:59:04.316196 np0000005051 devstack@g-api.service[99627]: DEBUG glance.api.middleware.version_negotiation [None req-4ffe40e2-4dc3-40c4-800a-cd6fda5664df tempest-VolumesImageMetadata-1238255387 tempest-VolumesImageMetadata-1238255387-project-member] Matched version: v2 {{(pid=99627) process_request /opt/stack/glance/glance/api/middleware/version_negotiation.py:69}}
Jul 10 19:59:04.316359 np0000005051 devstack@g-api.service[99627]: DEBUG glance.api.middleware.version_negotiation [None req-4ffe40e2-4dc3-40c4-800a-cd6fda5664df tempest-VolumesImageMetadata-1238255387 tempest-VolumesImageMetadata-1238255387-project-member] new path /v2/schemas/image {{(pid=99627) process_request /opt/stack/glance/glance/api/middleware/version_negotiation.py:70}}
Jul 10 19:59:04.320621 np0000005051 devstack@g-api.service[99627]: [pid: 99627|app: 0|req: 34/99] 127.0.0.1 () {44 vars in 1055 bytes} [Fri Jul 10 19:59:04 2026] GET /v2/schemas/image => generated 6083 bytes in 5 msecs (HTTP/1.1 200) 4 headers in 158 bytes (1 switches on core 0)
Jul 10 19:59:05.007630 np0000005051 devstack@g-api.service[99628]: INFO glance.api.v2.image_data [None req-14927932-b519-4b8d-95a7-28c9a5038fe9 tempest-ServerBootFromVolumeStableRescueTest-467996819 tempest-ServerBootFromVolumeStableRescueTest-467996819-project-member] Unable to create trust: no such option collect_timing in group [keystone_authtoken] Use the existing user token.
Jul 10 19:59:05.136847 np0000005051 devstack@g-api.service[99626]: DEBUG glance.api.middleware.version_negotiation [None req-4ffe40e2-4dc3-40c4-800a-cd6fda5664df tempest-VolumesImageMetadata-1238255387 tempest-VolumesImageMetadata-1238255387-project-member] Determining version of request: GET /v2/images/72b642f1-74ce-4290-bb2f-7b7c77c83fe7 Accept: application/json {{(pid=99626) process_request /opt/stack/glance/glance/api/middleware/version_negotiation.py:44}}
Jul 10 19:59:05.136847 np0000005051 devstack@g-api.service[99626]: DEBUG glance.api.middleware.version_negotiation [None req-4ffe40e2-4dc3-40c4-800a-cd6fda5664df tempest-VolumesImageMetadata-1238255387 tempest-VolumesImageMetadata-1238255387-project-member] Using url versioning {{(pid=99626) process_request /opt/stack/glance/glance/api/middleware/version_negotiation.py:57}}
Jul 10 19:59:05.137070 np0000005051 devstack@g-api.service[99626]: DEBUG glance.api.middleware.version_negotiation [None req-4ffe40e2-4dc3-40c4-800a-cd6fda5664df tempest-VolumesImageMetadata-1238255387 tempest-VolumesImageMetadata-1238255387-project-member] Matched version: v2 {{(pid=99626) process_request /opt/stack/glance/glance/api/middleware/version_negotiation.py:69}}
Jul 10 19:59:05.137194 np0000005051 devstack@g-api.service[99626]: DEBUG glance.api.middleware.version_negotiation [None req-4ffe40e2-4dc3-40c4-800a-cd6fda5664df tempest-VolumesImageMetadata-1238255387 tempest-VolumesImageMetadata-1238255387-project-member] new path /v2/images/72b642f1-74ce-4290-bb2f-7b7c77c83fe7 {{(pid=99626) process_request /opt/stack/glance/glance/api/middleware/version_negotiation.py:70}}
Jul 10 19:59:05.160859 np0000005051 devstack@g-api.service[99626]: [pid: 99626|app: 0|req: 34/100] 127.0.0.1 () {40 vars in 838 bytes} [Fri Jul 10 19:59:05 2026] GET /v2/images/72b642f1-74ce-4290-bb2f-7b7c77c83fe7 => generated 1468 bytes in 24 msecs (HTTP/1.1 200) 4 headers in 158 bytes (1 switches on core 0)
Jul 10 19:59:05.448472 np0000005051 devstack@g-api.service[99627]: DEBUG glance.api.middleware.version_negotiation [None req-4ffe40e2-4dc3-40c4-800a-cd6fda5664df tempest-VolumesImageMetadata-1238255387 tempest-VolumesImageMetadata-1238255387-project-member] Determining version of request: GET /v2/images/efb2cb6b-5b08-4aeb-8ae3-79668ce2d8ee Accept: */* {{(pid=99627) process_request /opt/stack/glance/glance/api/middleware/version_negotiation.py:44}}
Jul 10 19:59:05.448970 np0000005051 devstack@g-api.service[99627]: DEBUG glance.api.middleware.version_negotiation [None req-4ffe40e2-4dc3-40c4-800a-cd6fda5664df tempest-VolumesImageMetadata-1238255387 tempest-VolumesImageMetadata-1238255387-project-member] Using url versioning {{(pid=99627) process_request /opt/stack/glance/glance/api/middleware/version_negotiation.py:57}}
Jul 10 19:59:05.449019 np0000005051 devstack@g-api.service[99627]: DEBUG glance.api.middleware.version_negotiation [None req-4ffe40e2-4dc3-40c4-800a-cd6fda5664df tempest-VolumesImageMetadata-1238255387 tempest-VolumesImageMetadata-1238255387-project-member] Matched version: v2 {{(pid=99627) process_request /opt/stack/glance/glance/api/middleware/version_negotiation.py:69}}
Jul 10 19:59:05.449209 np0000005051 devstack@g-api.service[99627]: DEBUG glance.api.middleware.version_negotiation [None req-4ffe40e2-4dc3-40c4-800a-cd6fda5664df tempest-VolumesImageMetadata-1238255387 tempest-VolumesImageMetadata-1238255387-project-member] new path /v2/images/efb2cb6b-5b08-4aeb-8ae3-79668ce2d8ee {{(pid=99627) process_request /opt/stack/glance/glance/api/middleware/version_negotiation.py:70}}
Jul 10 19:59:05.463645 np0000005051 devstack@g-api.service[99627]: [pid: 99627|app: 0|req: 35/101] 127.0.0.1 () {44 vars in 1115 bytes} [Fri Jul 10 19:59:05 2026] GET /v2/images/efb2cb6b-5b08-4aeb-8ae3-79668ce2d8ee => generated 1044 bytes in 15 msecs (HTTP/1.1 200) 4 headers in 158 bytes (1 switches on core 0)
Jul 10 19:59:05.504321 np0000005051 devstack@g-api.service[99626]: DEBUG glance.api.middleware.version_negotiation [None req-0bf617f8-027d-44eb-97da-f98a3abab616 tempest-ServerBootFromVolumeStableRescueTest-467996819 tempest-ServerBootFromVolumeStableRescueTest-467996819-project-member] Determining version of request: GET /v2/schemas/image Accept: */* {{(pid=99626) process_request /opt/stack/glance/glance/api/middleware/version_negotiation.py:44}}
Jul 10 19:59:05.504727 np0000005051 devstack@g-api.service[99626]: DEBUG glance.api.middleware.version_negotiation [None req-0bf617f8-027d-44eb-97da-f98a3abab616 tempest-ServerBootFromVolumeStableRescueTest-467996819 tempest-ServerBootFromVolumeStableRescueTest-467996819-project-member] Using url versioning {{(pid=99626) process_request /opt/stack/glance/glance/api/middleware/version_negotiation.py:57}}
Jul 10 19:59:05.504727 np0000005051 devstack@g-api.service[99626]: DEBUG glance.api.middleware.version_negotiation [None req-0bf617f8-027d-44eb-97da-f98a3abab616 tempest-ServerBootFromVolumeStableRescueTest-467996819 tempest-ServerBootFromVolumeStableRescueTest-467996819-project-member] Matched version: v2 {{(pid=99626) process_request /opt/stack/glance/glance/api/middleware/version_negotiation.py:69}}
Jul 10 19:59:05.504727 np0000005051 devstack@g-api.service[99626]: DEBUG glance.api.middleware.version_negotiation [None req-0bf617f8-027d-44eb-97da-f98a3abab616 tempest-ServerBootFromVolumeStableRescueTest-467996819 tempest-ServerBootFromVolumeStableRescueTest-467996819-project-member] new path /v2/schemas/image {{(pid=99626) process_request /opt/stack/glance/glance/api/middleware/version_negotiation.py:70}}
Jul 10 19:59:05.506739 np0000005051 devstack@g-api.service[99626]: [pid: 99626|app: 0|req: 35/102] 127.0.0.1 () {44 vars in 1055 bytes} [Fri Jul 10 19:59:05 2026] GET /v2/schemas/image => generated 6083 bytes in 2 msecs (HTTP/1.1 200) 4 headers in 158 bytes (1 switches on core 0)
Jul 10 19:59:06.038557 np0000005051 devstack@g-api.service[99628]: DEBUG glance.location [None req-14927932-b519-4b8d-95a7-28c9a5038fe9 tempest-ServerBootFromVolumeStableRescueTest-467996819 tempest-ServerBootFromVolumeStableRescueTest-467996819-project-member] Enabling in-flight format inspection for qcow2 {{(pid=99628) set_data /opt/stack/glance/glance/location.py:596}}
Jul 10 19:59:06.038557 np0000005051 devstack@g-api.service[99628]: DEBUG glance_store.backend [None req-14927932-b519-4b8d-95a7-28c9a5038fe9 tempest-ServerBootFromVolumeStableRescueTest-467996819 tempest-ServerBootFromVolumeStableRescueTest-467996819-project-member] Attempting to import store swift {{(pid=99628) _load_store /opt/stack/data/venv/lib/python3.12/site-packages/glance_store/backend.py:215}}
Jul 10 19:59:06.041909 np0000005051 devstack@g-api.service[99628]: DEBUG glance_store.capabilities [None req-14927932-b519-4b8d-95a7-28c9a5038fe9 tempest-ServerBootFromVolumeStableRescueTest-467996819 tempest-ServerBootFromVolumeStableRescueTest-467996819-project-member] Store glance_store._drivers.swift.store.SingleTenantStore doesn't support updating dynamic storage capabilities. Please overwrite 'update_capabilities' method of the store to implement updating logics if needed. {{(pid=99628) update_capabilities /opt/stack/data/venv/lib/python3.12/site-packages/glance_store/capabilities.py:91}}
Jul 10 19:59:06.042146 np0000005051 devstack@g-api.service[99628]: DEBUG glance_store.driver [None req-14927932-b519-4b8d-95a7-28c9a5038fe9 tempest-ServerBootFromVolumeStableRescueTest-467996819 tempest-ServerBootFromVolumeStableRescueTest-467996819-project-member] Late loading location class glance_store._drivers.swift.store.StoreLocation {{(pid=99628) get_store_location_class /opt/stack/data/venv/lib/python3.12/site-packages/glance_store/driver.py:134}}
Jul 10 19:59:06.042146 np0000005051 devstack@g-api.service[99628]: DEBUG glance_store.location [None req-14927932-b519-4b8d-95a7-28c9a5038fe9 tempest-ServerBootFromVolumeStableRescueTest-467996819 tempest-ServerBootFromVolumeStableRescueTest-467996819-project-member] Registering scheme swift+https with {'store': , 'location_class': , 'store_entry': 'swift'} {{(pid=99628) register_scheme_map /opt/stack/data/venv/lib/python3.12/site-packages/glance_store/location.py:146}}
Jul 10 19:59:06.042974 np0000005051 devstack@g-api.service[99628]: DEBUG glance_store.location [None req-14927932-b519-4b8d-95a7-28c9a5038fe9 tempest-ServerBootFromVolumeStableRescueTest-467996819 tempest-ServerBootFromVolumeStableRescueTest-467996819-project-member] Registering scheme swift+https with {'store': , 'location_class': , 'store_entry': 'swift'} {{(pid=99628) register_scheme_map /opt/stack/data/venv/lib/python3.12/site-packages/glance_store/location.py:146}}
Jul 10 19:59:06.042974 np0000005051 devstack@g-api.service[99628]: DEBUG glance_store.location [None req-14927932-b519-4b8d-95a7-28c9a5038fe9 tempest-ServerBootFromVolumeStableRescueTest-467996819 tempest-ServerBootFromVolumeStableRescueTest-467996819-project-member] Registering scheme swift with {'store': , 'location_class': , 'store_entry': 'swift'} {{(pid=99628) register_scheme_map /opt/stack/data/venv/lib/python3.12/site-packages/glance_store/location.py:146}}
Jul 10 19:59:06.042974 np0000005051 devstack@g-api.service[99628]: DEBUG glance_store.location [None req-14927932-b519-4b8d-95a7-28c9a5038fe9 tempest-ServerBootFromVolumeStableRescueTest-467996819 tempest-ServerBootFromVolumeStableRescueTest-467996819-project-member] Registering scheme swift+https with {'store': , 'location_class': , 'store_entry': 'swift'} {{(pid=99628) register_scheme_map /opt/stack/data/venv/lib/python3.12/site-packages/glance_store/location.py:146}}
Jul 10 19:59:06.043545 np0000005051 devstack@g-api.service[99628]: DEBUG glance_store.location [None req-14927932-b519-4b8d-95a7-28c9a5038fe9 tempest-ServerBootFromVolumeStableRescueTest-467996819 tempest-ServerBootFromVolumeStableRescueTest-467996819-project-member] Registering scheme swift with {'store': , 'location_class': , 'store_entry': 'swift'} {{(pid=99628) register_scheme_map /opt/stack/data/venv/lib/python3.12/site-packages/glance_store/location.py:146}}
Jul 10 19:59:06.043545 np0000005051 devstack@g-api.service[99628]: DEBUG glance_store.location [None req-14927932-b519-4b8d-95a7-28c9a5038fe9 tempest-ServerBootFromVolumeStableRescueTest-467996819 tempest-ServerBootFromVolumeStableRescueTest-467996819-project-member] Registering scheme swift+http with {'store': , 'location_class': , 'store_entry': 'swift'} {{(pid=99628) register_scheme_map /opt/stack/data/venv/lib/python3.12/site-packages/glance_store/location.py:146}}
Jul 10 19:59:06.043545 np0000005051 devstack@g-api.service[99628]: DEBUG glance_store.location [None req-14927932-b519-4b8d-95a7-28c9a5038fe9 tempest-ServerBootFromVolumeStableRescueTest-467996819 tempest-ServerBootFromVolumeStableRescueTest-467996819-project-member] Registering scheme swift+https with {'store': , 'location_class': , 'store_entry': 'swift'} {{(pid=99628) register_scheme_map /opt/stack/data/venv/lib/python3.12/site-packages/glance_store/location.py:146}}
Jul 10 19:59:06.043836 np0000005051 devstack@g-api.service[99628]: DEBUG glance_store.location [None req-14927932-b519-4b8d-95a7-28c9a5038fe9 tempest-ServerBootFromVolumeStableRescueTest-467996819 tempest-ServerBootFromVolumeStableRescueTest-467996819-project-member] Registering scheme swift with {'store': , 'location_class': , 'store_entry': 'swift'} {{(pid=99628) register_scheme_map /opt/stack/data/venv/lib/python3.12/site-packages/glance_store/location.py:146}}
Jul 10 19:59:06.043836 np0000005051 devstack@g-api.service[99628]: DEBUG glance_store.location [None req-14927932-b519-4b8d-95a7-28c9a5038fe9 tempest-ServerBootFromVolumeStableRescueTest-467996819 tempest-ServerBootFromVolumeStableRescueTest-467996819-project-member] Registering scheme swift+http with {'store': , 'location_class': , 'store_entry': 'swift'} {{(pid=99628) register_scheme_map /opt/stack/data/venv/lib/python3.12/site-packages/glance_store/location.py:146}}
Jul 10 19:59:06.044084 np0000005051 devstack@g-api.service[99628]: DEBUG glance_store.location [None req-14927932-b519-4b8d-95a7-28c9a5038fe9 tempest-ServerBootFromVolumeStableRescueTest-467996819 tempest-ServerBootFromVolumeStableRescueTest-467996819-project-member] Registering scheme swift+config with {'store': , 'location_class': , 'store_entry': 'swift'} {{(pid=99628) register_scheme_map /opt/stack/data/venv/lib/python3.12/site-packages/glance_store/location.py:146}}
Jul 10 19:59:06.174098 np0000005051 devstack@g-api.service[99627]: DEBUG glance.api.middleware.version_negotiation [None req-a7a82331-acab-489c-b9f9-8921e561830f tempest-ServersNegativeTestJSON-1966071280 tempest-ServersNegativeTestJSON-1966071280-project-member] Determining version of request: GET /v2/images/72b642f1-74ce-4290-bb2f-7b7c77c83fe7 Accept: application/json {{(pid=99627) process_request /opt/stack/glance/glance/api/middleware/version_negotiation.py:44}}
Jul 10 19:59:06.174372 np0000005051 devstack@g-api.service[99627]: DEBUG glance.api.middleware.version_negotiation [None req-a7a82331-acab-489c-b9f9-8921e561830f tempest-ServersNegativeTestJSON-1966071280 tempest-ServersNegativeTestJSON-1966071280-project-member] Using url versioning {{(pid=99627) process_request /opt/stack/glance/glance/api/middleware/version_negotiation.py:57}}
Jul 10 19:59:06.174450 np0000005051 devstack@g-api.service[99627]: DEBUG glance.api.middleware.version_negotiation [None req-a7a82331-acab-489c-b9f9-8921e561830f tempest-ServersNegativeTestJSON-1966071280 tempest-ServersNegativeTestJSON-1966071280-project-member] Matched version: v2 {{(pid=99627) process_request /opt/stack/glance/glance/api/middleware/version_negotiation.py:69}}
Jul 10 19:59:06.174516 np0000005051 devstack@g-api.service[99627]: DEBUG glance.api.middleware.version_negotiation [None req-a7a82331-acab-489c-b9f9-8921e561830f tempest-ServersNegativeTestJSON-1966071280 tempest-ServersNegativeTestJSON-1966071280-project-member] new path /v2/images/72b642f1-74ce-4290-bb2f-7b7c77c83fe7 {{(pid=99627) process_request /opt/stack/glance/glance/api/middleware/version_negotiation.py:70}}
Jul 10 19:59:06.195101 np0000005051 devstack@g-api.service[99627]: [pid: 99627|app: 0|req: 36/103] 127.0.0.1 () {40 vars in 838 bytes} [Fri Jul 10 19:59:06 2026] GET /v2/images/72b642f1-74ce-4290-bb2f-7b7c77c83fe7 => generated 1468 bytes in 21 msecs (HTTP/1.1 200) 4 headers in 158 bytes (1 switches on core 0)
Jul 10 19:59:06.682118 np0000005051 devstack@g-api.service[99628]: DEBUG swiftclient [None req-14927932-b519-4b8d-95a7-28c9a5038fe9 tempest-ServerBootFromVolumeStableRescueTest-467996819 tempest-ServerBootFromVolumeStableRescueTest-467996819-project-member] REQ: curl -i https://10.4.3.106:8080/v1/AUTH_5fcb3923566d4a88a239d16925152463/glance -I -H "X-Auth-Token: gAAAAABqUU8KSga4..." {{(pid=99628) http_log /opt/stack/data/venv/lib/python3.12/site-packages/swiftclient/client.py:160}}
Jul 10 19:59:06.682118 np0000005051 devstack@g-api.service[99628]: DEBUG swiftclient [None req-14927932-b519-4b8d-95a7-28c9a5038fe9 tempest-ServerBootFromVolumeStableRescueTest-467996819 tempest-ServerBootFromVolumeStableRescueTest-467996819-project-member] RESP STATUS: 204 No Content {{(pid=99628) http_log /opt/stack/data/venv/lib/python3.12/site-packages/swiftclient/client.py:161}}
Jul 10 19:59:06.682118 np0000005051 devstack@g-api.service[99628]: DEBUG swiftclient [None req-14927932-b519-4b8d-95a7-28c9a5038fe9 tempest-ServerBootFromVolumeStableRescueTest-467996819 tempest-ServerBootFromVolumeStableRescueTest-467996819-project-member] RESP HEADERS: {'Date': 'Fri, 10 Jul 2026 19:59:06 GMT', 'Server': 'Apache/2.4.58 (Ubuntu)', 'Content-Type': 'text/plain; charset=utf-8', 'X-Container-Object-Count': '5', 'X-Container-Bytes-Used': '86048768', 'X-Timestamp': '1783713348.80488', 'Last-Modified': 'Fri, 10 Jul 2026 19:55:49 GMT', 'Accept-Ranges': 'bytes', 'X-Storage-Policy': 'Policy-0', 'X-Container-Sharding': 'False', 'Vary': 'Accept', 'X-Trans-Id': 'tx1e1d40ff8bf14fd5a74ed-006a514f0a', 'X-Openstack-Request-Id': 'tx1e1d40ff8bf14fd5a74ed-006a514f0a', 'Connection': 'close'} {{(pid=99628) http_log /opt/stack/data/venv/lib/python3.12/site-packages/swiftclient/client.py:162}}
Jul 10 19:59:06.683922 np0000005051 devstack@g-api.service[99628]: DEBUG glance_store._drivers.swift.store [None req-14927932-b519-4b8d-95a7-28c9a5038fe9 tempest-ServerBootFromVolumeStableRescueTest-467996819 tempest-ServerBootFromVolumeStableRescueTest-467996819-project-member] Adding image object '72b642f1-74ce-4290-bb2f-7b7c77c83fe7' to Swift {{(pid=99628) add /opt/stack/data/venv/lib/python3.12/site-packages/glance_store/_drivers/swift/store.py:970}}
Jul 10 19:59:06.683922 np0000005051 devstack@g-api.service[99628]: DEBUG glance_store._drivers.swift.store [None req-14927932-b519-4b8d-95a7-28c9a5038fe9 tempest-ServerBootFromVolumeStableRescueTest-467996819 tempest-ServerBootFromVolumeStableRescueTest-467996819-project-member] Cannot determine image size because it is either not provided in the request or chunked-transfer encoding is used. Adding image as a segmented object to Swift. {{(pid=99628) add /opt/stack/data/venv/lib/python3.12/site-packages/glance_store/_drivers/swift/store.py:994}}
Jul 10 19:59:06.697244 np0000005051 devstack@g-api.service[99628]: DEBUG oslo_utils.imageutils.format_inspector [None req-14927932-b519-4b8d-95a7-28c9a5038fe9 tempest-ServerBootFromVolumeStableRescueTest-467996819 tempest-ServerBootFromVolumeStableRescueTest-467996819-project-member] Format inspector for vmdk does not match, excluding from consideration (Signature KDMV not found: b'QFI\xfb') {{(pid=99628) _process_chunk /opt/stack/data/venv/lib/python3.12/site-packages/oslo_utils/imageutils/format_inspector.py:1758}}
Jul 10 19:59:06.707310 np0000005051 devstack@g-api.service[99628]: DEBUG oslo_utils.imageutils.format_inspector [None req-14927932-b519-4b8d-95a7-28c9a5038fe9 tempest-ServerBootFromVolumeStableRescueTest-467996819 tempest-ServerBootFromVolumeStableRescueTest-467996819-project-member] Format inspector for vhdx does not match, excluding from consideration (Region signature not found at 30000) {{(pid=99628) _process_chunk /opt/stack/data/venv/lib/python3.12/site-packages/oslo_utils/imageutils/format_inspector.py:1758}}
Jul 10 19:59:07.008196 np0000005051 devstack@g-api.service[99626]: DEBUG glance.api.middleware.version_negotiation [None req-a7a82331-acab-489c-b9f9-8921e561830f tempest-ServersNegativeTestJSON-1966071280 tempest-ServersNegativeTestJSON-1966071280-project-member] Determining version of request: GET /v2/images/efb2cb6b-5b08-4aeb-8ae3-79668ce2d8ee Accept: */* {{(pid=99626) process_request /opt/stack/glance/glance/api/middleware/version_negotiation.py:44}}
Jul 10 19:59:07.008630 np0000005051 devstack@g-api.service[99626]: DEBUG glance.api.middleware.version_negotiation [None req-a7a82331-acab-489c-b9f9-8921e561830f tempest-ServersNegativeTestJSON-1966071280 tempest-ServersNegativeTestJSON-1966071280-project-member] Using url versioning {{(pid=99626) process_request /opt/stack/glance/glance/api/middleware/version_negotiation.py:57}}
Jul 10 19:59:07.008630 np0000005051 devstack@g-api.service[99626]: DEBUG glance.api.middleware.version_negotiation [None req-a7a82331-acab-489c-b9f9-8921e561830f tempest-ServersNegativeTestJSON-1966071280 tempest-ServersNegativeTestJSON-1966071280-project-member] Matched version: v2 {{(pid=99626) process_request /opt/stack/glance/glance/api/middleware/version_negotiation.py:69}}
Jul 10 19:59:07.008723 np0000005051 devstack@g-api.service[99626]: DEBUG glance.api.middleware.version_negotiation [None req-a7a82331-acab-489c-b9f9-8921e561830f tempest-ServersNegativeTestJSON-1966071280 tempest-ServersNegativeTestJSON-1966071280-project-member] new path /v2/images/efb2cb6b-5b08-4aeb-8ae3-79668ce2d8ee {{(pid=99626) process_request /opt/stack/glance/glance/api/middleware/version_negotiation.py:70}}
Jul 10 19:59:07.024743 np0000005051 devstack@g-api.service[99626]: [pid: 99626|app: 0|req: 36/104] 127.0.0.1 () {44 vars in 1115 bytes} [Fri Jul 10 19:59:07 2026] GET /v2/images/efb2cb6b-5b08-4aeb-8ae3-79668ce2d8ee => generated 1044 bytes in 17 msecs (HTTP/1.1 200) 4 headers in 158 bytes (1 switches on core 0)
Jul 10 19:59:07.065955 np0000005051 devstack@g-api.service[99627]: DEBUG glance.api.middleware.version_negotiation [None req-afe40845-94c2-47a2-81e3-6ecea8c0d08e tempest-ServerBootFromVolumeStableRescueTest-467996819 tempest-ServerBootFromVolumeStableRescueTest-467996819-project-member] Determining version of request: GET /v2/schemas/image Accept: */* {{(pid=99627) process_request /opt/stack/glance/glance/api/middleware/version_negotiation.py:44}}
Jul 10 19:59:07.066997 np0000005051 devstack@g-api.service[99627]: DEBUG glance.api.middleware.version_negotiation [None req-afe40845-94c2-47a2-81e3-6ecea8c0d08e tempest-ServerBootFromVolumeStableRescueTest-467996819 tempest-ServerBootFromVolumeStableRescueTest-467996819-project-member] Using url versioning {{(pid=99627) process_request /opt/stack/glance/glance/api/middleware/version_negotiation.py:57}}
Jul 10 19:59:07.066997 np0000005051 devstack@g-api.service[99627]: DEBUG glance.api.middleware.version_negotiation [None req-afe40845-94c2-47a2-81e3-6ecea8c0d08e tempest-ServerBootFromVolumeStableRescueTest-467996819 tempest-ServerBootFromVolumeStableRescueTest-467996819-project-member] Matched version: v2 {{(pid=99627) process_request /opt/stack/glance/glance/api/middleware/version_negotiation.py:69}}
Jul 10 19:59:07.066997 np0000005051 devstack@g-api.service[99627]: DEBUG glance.api.middleware.version_negotiation [None req-afe40845-94c2-47a2-81e3-6ecea8c0d08e tempest-ServerBootFromVolumeStableRescueTest-467996819 tempest-ServerBootFromVolumeStableRescueTest-467996819-project-member] new path /v2/schemas/image {{(pid=99627) process_request /opt/stack/glance/glance/api/middleware/version_negotiation.py:70}}
Jul 10 19:59:07.069971 np0000005051 devstack@g-api.service[99627]: [pid: 99627|app: 0|req: 37/105] 127.0.0.1 () {44 vars in 1055 bytes} [Fri Jul 10 19:59:07 2026] GET /v2/schemas/image => generated 6083 bytes in 4 msecs (HTTP/1.1 200) 4 headers in 158 bytes (1 switches on core 0)
Jul 10 19:59:07.211667 np0000005051 devstack@g-api.service[99626]: DEBUG glance.api.middleware.version_negotiation [None req-e4ef5e47-94e4-4489-a23d-7fcfc98b167e tempest-ServerActionsTestOtherA-1354501128 tempest-ServerActionsTestOtherA-1354501128-project-member] Determining version of request: GET /v2/images/72b642f1-74ce-4290-bb2f-7b7c77c83fe7 Accept: application/json {{(pid=99626) process_request /opt/stack/glance/glance/api/middleware/version_negotiation.py:44}}
Jul 10 19:59:07.211868 np0000005051 devstack@g-api.service[99626]: DEBUG glance.api.middleware.version_negotiation [None req-e4ef5e47-94e4-4489-a23d-7fcfc98b167e tempest-ServerActionsTestOtherA-1354501128 tempest-ServerActionsTestOtherA-1354501128-project-member] Using url versioning {{(pid=99626) process_request /opt/stack/glance/glance/api/middleware/version_negotiation.py:57}}
Jul 10 19:59:07.212841 np0000005051 devstack@g-api.service[99626]: DEBUG glance.api.middleware.version_negotiation [None req-e4ef5e47-94e4-4489-a23d-7fcfc98b167e tempest-ServerActionsTestOtherA-1354501128 tempest-ServerActionsTestOtherA-1354501128-project-member] Matched version: v2 {{(pid=99626) process_request /opt/stack/glance/glance/api/middleware/version_negotiation.py:69}}
Jul 10 19:59:07.212841 np0000005051 devstack@g-api.service[99626]: DEBUG glance.api.middleware.version_negotiation [None req-e4ef5e47-94e4-4489-a23d-7fcfc98b167e tempest-ServerActionsTestOtherA-1354501128 tempest-ServerActionsTestOtherA-1354501128-project-member] new path /v2/images/72b642f1-74ce-4290-bb2f-7b7c77c83fe7 {{(pid=99626) process_request /opt/stack/glance/glance/api/middleware/version_negotiation.py:70}}
Jul 10 19:59:07.227509 np0000005051 devstack@g-api.service[99626]: [pid: 99626|app: 0|req: 37/106] 127.0.0.1 () {40 vars in 838 bytes} [Fri Jul 10 19:59:07 2026] GET /v2/images/72b642f1-74ce-4290-bb2f-7b7c77c83fe7 => generated 1468 bytes in 16 msecs (HTTP/1.1 200) 4 headers in 158 bytes (1 switches on core 0)
Jul 10 19:59:07.569655 np0000005051 devstack@g-api.service[99628]: DEBUG swiftclient [None req-14927932-b519-4b8d-95a7-28c9a5038fe9 tempest-ServerBootFromVolumeStableRescueTest-467996819 tempest-ServerBootFromVolumeStableRescueTest-467996819-project-member] REQ: curl -i https://10.4.3.106:8080/v1/AUTH_5fcb3923566d4a88a239d16925152463/glance/72b642f1-74ce-4290-bb2f-7b7c77c83fe7-00001 -X PUT -H "X-Auth-Token: gAAAAABqUU8KSga4..." {{(pid=99628) http_log /opt/stack/data/venv/lib/python3.12/site-packages/swiftclient/client.py:160}}
Jul 10 19:59:07.572372 np0000005051 devstack@g-api.service[99628]: DEBUG swiftclient [None req-14927932-b519-4b8d-95a7-28c9a5038fe9 tempest-ServerBootFromVolumeStableRescueTest-467996819 tempest-ServerBootFromVolumeStableRescueTest-467996819-project-member] RESP STATUS: 201 Created {{(pid=99628) http_log /opt/stack/data/venv/lib/python3.12/site-packages/swiftclient/client.py:161}}
Jul 10 19:59:07.572372 np0000005051 devstack@g-api.service[99628]: DEBUG swiftclient [None req-14927932-b519-4b8d-95a7-28c9a5038fe9 tempest-ServerBootFromVolumeStableRescueTest-467996819 tempest-ServerBootFromVolumeStableRescueTest-467996819-project-member] RESP HEADERS: {'Date': 'Fri, 10 Jul 2026 19:59:07 GMT', 'Server': 'Apache/2.4.58 (Ubuntu)', 'Content-Type': 'text/html; charset=UTF-8', 'Content-Length': '0', 'Etag': '4fa343ee581d8d2e78533191fd1ac3e1', 'Last-Modified': 'Fri, 10 Jul 2026 19:59:07 GMT', 'X-Trans-Id': 'txe7c1af3fa32c40b5a726d-006a514f0a', 'X-Openstack-Request-Id': 'txe7c1af3fa32c40b5a726d-006a514f0a', 'Connection': 'close'} {{(pid=99628) http_log /opt/stack/data/venv/lib/python3.12/site-packages/swiftclient/client.py:162}}
Jul 10 19:59:07.572372 np0000005051 devstack@g-api.service[99628]: DEBUG glance_store._drivers.swift.store [None req-14927932-b519-4b8d-95a7-28c9a5038fe9 tempest-ServerBootFromVolumeStableRescueTest-467996819 tempest-ServerBootFromVolumeStableRescueTest-467996819-project-member] Wrote chunk 72b642f1-74ce-4290-bb2f-7b7c77c83fe7-00001 (1/?) of length 23527424 to Swift returning MD5 of content: 4fa343ee581d8d2e78533191fd1ac3e1 {{(pid=99628) add /opt/stack/data/venv/lib/python3.12/site-packages/glance_store/_drivers/swift/store.py:1059}}
Jul 10 19:59:07.572372 np0000005051 devstack@g-api.service[99628]: DEBUG glance_store._drivers.swift.store [None req-14927932-b519-4b8d-95a7-28c9a5038fe9 tempest-ServerBootFromVolumeStableRescueTest-467996819 tempest-ServerBootFromVolumeStableRescueTest-467996819-project-member] Not writing zero-length chunk. {{(pid=99628) add /opt/stack/data/venv/lib/python3.12/site-packages/glance_store/_drivers/swift/store.py:1028}}
Jul 10 19:59:07.614729 np0000005051 devstack@g-api.service[99628]: DEBUG swiftclient [None req-14927932-b519-4b8d-95a7-28c9a5038fe9 tempest-ServerBootFromVolumeStableRescueTest-467996819 tempest-ServerBootFromVolumeStableRescueTest-467996819-project-member] REQ: curl -i https://10.4.3.106:8080/v1/AUTH_5fcb3923566d4a88a239d16925152463/glance/72b642f1-74ce-4290-bb2f-7b7c77c83fe7 -X PUT -H "X-Object-Manifest: glance/72b642f1-74ce-4290-bb2f-7b7c77c83fe7-" -H "X-Auth-Token: gAAAAABqUU8KSga4..." -H "Content-Length: 0" {{(pid=99628) http_log /opt/stack/data/venv/lib/python3.12/site-packages/swiftclient/client.py:160}}
Jul 10 19:59:07.614873 np0000005051 devstack@g-api.service[99628]: DEBUG swiftclient [None req-14927932-b519-4b8d-95a7-28c9a5038fe9 tempest-ServerBootFromVolumeStableRescueTest-467996819 tempest-ServerBootFromVolumeStableRescueTest-467996819-project-member] RESP STATUS: 201 Created {{(pid=99628) http_log /opt/stack/data/venv/lib/python3.12/site-packages/swiftclient/client.py:161}}
Jul 10 19:59:07.615186 np0000005051 devstack@g-api.service[99628]: DEBUG swiftclient [None req-14927932-b519-4b8d-95a7-28c9a5038fe9 tempest-ServerBootFromVolumeStableRescueTest-467996819 tempest-ServerBootFromVolumeStableRescueTest-467996819-project-member] RESP HEADERS: {'Date': 'Fri, 10 Jul 2026 19:59:07 GMT', 'Server': 'Apache/2.4.58 (Ubuntu)', 'Content-Type': 'text/html; charset=UTF-8', 'Content-Length': '0', 'Etag': 'd41d8cd98f00b204e9800998ecf8427e', 'Last-Modified': 'Fri, 10 Jul 2026 19:59:08 GMT', 'X-Trans-Id': 'tx7581483eea5249728f824-006a514f0b', 'X-Openstack-Request-Id': 'tx7581483eea5249728f824-006a514f0b', 'Connection': 'close'} {{(pid=99628) http_log /opt/stack/data/venv/lib/python3.12/site-packages/swiftclient/client.py:162}}
Jul 10 19:59:07.615864 np0000005051 devstack@g-api.service[99628]: INFO glance.location [None req-14927932-b519-4b8d-95a7-28c9a5038fe9 tempest-ServerBootFromVolumeStableRescueTest-467996819 tempest-ServerBootFromVolumeStableRescueTest-467996819-project-member] Image format matched and virtual size computed: 1073741824
Jul 10 19:59:07.686861 np0000005051 devstack@g-api.service[99628]: DEBUG glance_store.backend [None req-14927932-b519-4b8d-95a7-28c9a5038fe9 tempest-ServerBootFromVolumeStableRescueTest-467996819 tempest-ServerBootFromVolumeStableRescueTest-467996819-project-member] Attempting to import store swift {{(pid=99628) _load_store /opt/stack/data/venv/lib/python3.12/site-packages/glance_store/backend.py:215}}
Jul 10 19:59:07.688347 np0000005051 devstack@g-api.service[99628]: DEBUG glance_store.capabilities [None req-14927932-b519-4b8d-95a7-28c9a5038fe9 tempest-ServerBootFromVolumeStableRescueTest-467996819 tempest-ServerBootFromVolumeStableRescueTest-467996819-project-member] Store glance_store._drivers.swift.store.SingleTenantStore doesn't support updating dynamic storage capabilities. Please overwrite 'update_capabilities' method of the store to implement updating logics if needed. {{(pid=99628) update_capabilities /opt/stack/data/venv/lib/python3.12/site-packages/glance_store/capabilities.py:91}}
Jul 10 19:59:07.688486 np0000005051 devstack@g-api.service[99628]: DEBUG glance_store.driver [None req-14927932-b519-4b8d-95a7-28c9a5038fe9 tempest-ServerBootFromVolumeStableRescueTest-467996819 tempest-ServerBootFromVolumeStableRescueTest-467996819-project-member] Late loading location class glance_store._drivers.swift.store.StoreLocation {{(pid=99628) get_store_location_class /opt/stack/data/venv/lib/python3.12/site-packages/glance_store/driver.py:134}}
