Jul 10 19:55:40.935134 np0000005051 devstack@g-api.service[99627]: DEBUG glance_store.capabilities [-] Store glance_store._drivers.filesystem.Store doesn't support updating dynamic storage capabilities. Please overwrite 'update_capabilities' method of the store to implement updating logics if needed. {{(pid=99627) update_capabilities /opt/stack/data/venv/lib/python3.12/site-packages/glance_store/capabilities.py:91}}
Jul 10 19:55:40.935203 np0000005051 devstack@g-api.service[99627]: DEBUG glance_store.backend [-] Registering store file with schemes ('file', 'filesystem') {{(pid=99627) create_stores /opt/stack/data/venv/lib/python3.12/site-packages/glance_store/backend.py:261}}
Jul 10 19:55:40.935290 np0000005051 devstack@g-api.service[99627]: DEBUG glance_store.driver [-] Late loading location class glance_store._drivers.filesystem.StoreLocation {{(pid=99627) get_store_location_class /opt/stack/data/venv/lib/python3.12/site-packages/glance_store/driver.py:134}}
Jul 10 19:55:40.935355 np0000005051 devstack@g-api.service[99627]: DEBUG glance_store.location [-] Registering scheme file with {'store': , 'location_class': , 'store_entry': 'file'} {{(pid=99627) register_scheme_map /opt/stack/data/venv/lib/python3.12/site-packages/glance_store/location.py:146}}
Jul 10 19:55:40.935410 np0000005051 devstack@g-api.service[99627]: DEBUG glance_store.location [-] Registering scheme filesystem with {'store': , 'location_class': , 'store_entry': 'file'} {{(pid=99627) register_scheme_map /opt/stack/data/venv/lib/python3.12/site-packages/glance_store/location.py:146}}
Jul 10 19:55:40.935450 np0000005051 devstack@g-api.service[99627]: DEBUG glance_store.backend [-] Attempting to import store http {{(pid=99627) _load_store /opt/stack/data/venv/lib/python3.12/site-packages/glance_store/backend.py:215}}
Jul 10 19:55:40.935634 np0000005051 devstack@g-api.service[99627]: DEBUG glance_store.capabilities [-] Store glance_store._drivers.http.Store doesn't support updating dynamic storage capabilities. Please overwrite 'update_capabilities' method of the store to implement updating logics if needed. {{(pid=99627) update_capabilities /opt/stack/data/venv/lib/python3.12/site-packages/glance_store/capabilities.py:91}}
Jul 10 19:55:40.935733 np0000005051 devstack@g-api.service[99627]: DEBUG glance_store.backend [-] Registering store http with schemes ('http', 'https') {{(pid=99627) create_stores /opt/stack/data/venv/lib/python3.12/site-packages/glance_store/backend.py:261}}
Jul 10 19:55:40.935779 np0000005051 devstack@g-api.service[99627]: DEBUG glance_store.driver [-] Late loading location class glance_store._drivers.http.StoreLocation {{(pid=99627) get_store_location_class /opt/stack/data/venv/lib/python3.12/site-packages/glance_store/driver.py:134}}
Jul 10 19:55:40.935812 np0000005051 devstack@g-api.service[99627]: DEBUG glance_store.location [-] Registering scheme http with {'store': , 'location_class': , 'store_entry': 'http'} {{(pid=99627) register_scheme_map /opt/stack/data/venv/lib/python3.12/site-packages/glance_store/location.py:146}}
Jul 10 19:55:40.935856 np0000005051 devstack@g-api.service[99627]: DEBUG glance_store.location [-] Registering scheme https with {'store': , 'location_class': , 'store_entry': 'http'} {{(pid=99627) register_scheme_map /opt/stack/data/venv/lib/python3.12/site-packages/glance_store/location.py:146}}
Jul 10 19:55:40.935964 np0000005051 devstack@g-api.service[99627]: DEBUG glance_store.backend [-] Attempting to import store swift {{(pid=99627) _load_store /opt/stack/data/venv/lib/python3.12/site-packages/glance_store/backend.py:215}}
Jul 10 19:55:40.937041 np0000005051 devstack@g-api.service[99627]: DEBUG glance_store.capabilities [-] Store glance_store._drivers.swift.store.SingleTenantStore doesn't support updating dynamic storage capabilities. Please overwrite 'update_capabilities' method of the store to implement updating logics if needed. {{(pid=99627) update_capabilities /opt/stack/data/venv/lib/python3.12/site-packages/glance_store/capabilities.py:91}}
Jul 10 19:55:40.937098 np0000005051 devstack@g-api.service[99627]: DEBUG glance_store.driver [-] Late loading location class glance_store._drivers.swift.store.StoreLocation {{(pid=99627) get_store_location_class /opt/stack/data/venv/lib/python3.12/site-packages/glance_store/driver.py:134}}
Jul 10 19:55:40.937195 np0000005051 devstack@g-api.service[99627]: DEBUG glance_store.location [-] Registering scheme swift+https with {'store': , 'location_class': , 'store_entry': 'swift'} {{(pid=99627) register_scheme_map /opt/stack/data/venv/lib/python3.12/site-packages/glance_store/location.py:146}}
Jul 10 19:55:40.937259 np0000005051 devstack@g-api.service[99627]: DEBUG glance_store.location [-] Registering scheme swift+https with {'store': , 'location_class': , 'store_entry': 'swift'} {{(pid=99627) register_scheme_map /opt/stack/data/venv/lib/python3.12/site-packages/glance_store/location.py:146}}
Jul 10 19:55:40.937313 np0000005051 devstack@g-api.service[99627]: DEBUG glance_store.location [-] Registering scheme swift with {'store': , 'location_class': , 'store_entry': 'swift'} {{(pid=99627) register_scheme_map /opt/stack/data/venv/lib/python3.12/site-packages/glance_store/location.py:146}}
Jul 10 19:55:40.937364 np0000005051 devstack@g-api.service[99627]: DEBUG glance_store.location [-] Registering scheme swift+https with {'store': , 'location_class': , 'store_entry': 'swift'} {{(pid=99627) register_scheme_map /opt/stack/data/venv/lib/python3.12/site-packages/glance_store/location.py:146}}
Jul 10 19:55:40.937403 np0000005051 devstack@g-api.service[99627]: DEBUG glance_store.location [-] Registering scheme swift with {'store': , 'location_class': , 'store_entry': 'swift'} {{(pid=99627) register_scheme_map /opt/stack/data/venv/lib/python3.12/site-packages/glance_store/location.py:146}}
Jul 10 19:55:40.937457 np0000005051 devstack@g-api.service[99627]: DEBUG glance_store.location [-] Registering scheme swift+http with {'store': , 'location_class': , 'store_entry': 'swift'} {{(pid=99627) register_scheme_map /opt/stack/data/venv/lib/python3.12/site-packages/glance_store/location.py:146}}
Jul 10 19:55:40.937501 np0000005051 devstack@g-api.service[99627]: DEBUG glance_store.location [-] Registering scheme swift+https with {'store': , 'location_class': , 'store_entry': 'swift'} {{(pid=99627) register_scheme_map /opt/stack/data/venv/lib/python3.12/site-packages/glance_store/location.py:146}}
Jul 10 19:55:40.937550 np0000005051 devstack@g-api.service[99627]: DEBUG glance_store.location [-] Registering scheme swift with {'store': , 'location_class': , 'store_entry': 'swift'} {{(pid=99627) register_scheme_map /opt/stack/data/venv/lib/python3.12/site-packages/glance_store/location.py:146}}
Jul 10 19:55:40.937601 np0000005051 devstack@g-api.service[99627]: DEBUG glance_store.location [-] Registering scheme swift+http with {'store': , 'location_class': , 'store_entry': 'swift'} {{(pid=99627) register_scheme_map /opt/stack/data/venv/lib/python3.12/site-packages/glance_store/location.py:146}}
Jul 10 19:55:40.937679 np0000005051 devstack@g-api.service[99627]: DEBUG glance_store.location [-] Registering scheme swift+config with {'store': , 'location_class': , 'store_entry': 'swift'} {{(pid=99627) register_scheme_map /opt/stack/data/venv/lib/python3.12/site-packages/glance_store/location.py:146}}
Jul 10 19:55:40.938119 np0000005051 devstack@g-api.service[99627]: DEBUG glance.sqlite_migration [-] SQLite caching database not located, skipping migration {{(pid=99627) get_db_path /opt/stack/glance/glance/sqlite_migration.py:68}}
Jul 10 19:55:40.938370 np0000005051 devstack@g-api.service[99627]: WARNING glance.common.wsgi_app [-] Import methods are enabled but staging directory /tmp/staging/ does not exist; Imports will fail!
Jul 10 19:55:40.952629 np0000005051 devstack@g-api.service[99626]: DEBUG glance.common.config [None req-91e76e93-0a4f-4cce-8837-adef03dc13cb None None] Loading glance-api-keystone+cachemanagement from /etc/glance/glance-api-paste.ini {{(pid=99626) load_paste_app /opt/stack/glance/glance/common/config.py:765}}
Jul 10 19:55:40.996711 np0000005051 devstack@g-api.service[99628]: DEBUG glance.common.config [None req-e079d0cd-03d8-4450-945f-bebad7fce10b None None] Loading glance-api-keystone+cachemanagement from /etc/glance/glance-api-paste.ini {{(pid=99628) load_paste_app /opt/stack/glance/glance/common/config.py:765}}
Jul 10 19:55:41.123297 np0000005051 devstack@g-api.service[99627]: DEBUG glance.common.config [None req-381fdac5-58fe-42b9-8551-bbe79d370aa3 None None] Loading glance-api-keystone+cachemanagement from /etc/glance/glance-api-paste.ini {{(pid=99627) load_paste_app /opt/stack/glance/glance/common/config.py:765}}
Jul 10 19:55:41.683894 np0000005051 devstack@g-api.service[99628]: INFO glance.image_cache [None req-e079d0cd-03d8-4450-945f-bebad7fce10b None None] Image cache loaded driver 'centralized_db'.
Jul 10 19:55:41.708683 np0000005051 devstack@g-api.service[99626]: INFO glance.image_cache [None req-91e76e93-0a4f-4cce-8837-adef03dc13cb None None] Image cache loaded driver 'centralized_db'.
Jul 10 19:55:41.731230 np0000005051 devstack@g-api.service[99628]: INFO dbcounter [None req-e079d0cd-03d8-4450-945f-bebad7fce10b None None] Registered counter for database glance
Jul 10 19:55:41.732755 np0000005051 devstack@g-api.service[99627]: INFO glance.image_cache [None req-381fdac5-58fe-42b9-8551-bbe79d370aa3 None None] Image cache loaded driver 'centralized_db'.
Jul 10 19:55:41.769994 np0000005051 devstack@g-api.service[99626]: INFO dbcounter [None req-91e76e93-0a4f-4cce-8837-adef03dc13cb None None] Registered counter for database glance
Jul 10 19:55:41.781095 np0000005051 devstack@g-api.service[99628]: DEBUG oslo_db.sqlalchemy.engines [None req-e079d0cd-03d8-4450-945f-bebad7fce10b None None] MySQL server mode set to STRICT_TRANS_TABLES,STRICT_ALL_TABLES,NO_ZERO_IN_DATE,NO_ZERO_DATE,ERROR_FOR_DIVISION_BY_ZERO,TRADITIONAL,NO_ENGINE_SUBSTITUTION {{(pid=99628) _check_effective_sql_mode /opt/stack/data/venv/lib/python3.12/site-packages/oslo_db/sqlalchemy/engines.py:325}}
Jul 10 19:55:41.788293 np0000005051 devstack@g-api.service[99627]: INFO dbcounter [None req-381fdac5-58fe-42b9-8551-bbe79d370aa3 None None] Registered counter for database glance
Jul 10 19:55:41.812289 np0000005051 devstack@g-api.service[99628]: DEBUG dbcounter [-] [99628] Writer thread running {{(pid=99628) stat_writer /opt/stack/data/venv/lib/python3.12/site-packages/dbcounter.py:102}}
Jul 10 19:55:41.814783 np0000005051 devstack@g-api.service[99626]: DEBUG oslo_db.sqlalchemy.engines [None req-91e76e93-0a4f-4cce-8837-adef03dc13cb None None] MySQL server mode set to STRICT_TRANS_TABLES,STRICT_ALL_TABLES,NO_ZERO_IN_DATE,NO_ZERO_DATE,ERROR_FOR_DIVISION_BY_ZERO,TRADITIONAL,NO_ENGINE_SUBSTITUTION {{(pid=99626) _check_effective_sql_mode /opt/stack/data/venv/lib/python3.12/site-packages/oslo_db/sqlalchemy/engines.py:325}}
Jul 10 19:55:41.828367 np0000005051 devstack@g-api.service[99628]: INFO glance.image_cache [None req-e079d0cd-03d8-4450-945f-bebad7fce10b None None] Image cache loaded driver 'centralized_db'.
Jul 10 19:55:41.839279 np0000005051 devstack@g-api.service[99628]: DEBUG glance.image_cache.drivers.centralized_db [None req-e079d0cd-03d8-4450-945f-bebad7fce10b None None] Node reference is already recorded, ignoring it {{(pid=99628) configure /opt/stack/glance/glance/image_cache/drivers/centralized_db.py:71}}
Jul 10 19:55:41.843253 np0000005051 devstack@g-api.service[99626]: DEBUG dbcounter [-] [99626] Writer thread running {{(pid=99626) stat_writer /opt/stack/data/venv/lib/python3.12/site-packages/dbcounter.py:102}}
Jul 10 19:55:41.846578 np0000005051 devstack@g-api.service[99626]: DEBUG glance.image_cache.drivers.centralized_db [None req-91e76e93-0a4f-4cce-8837-adef03dc13cb None None] Node reference is already recorded, ignoring it {{(pid=99626) configure /opt/stack/glance/glance/image_cache/drivers/centralized_db.py:71}}
Jul 10 19:55:41.848233 np0000005051 devstack@g-api.service[99627]: DEBUG oslo_db.sqlalchemy.engines [None req-381fdac5-58fe-42b9-8551-bbe79d370aa3 None None] MySQL server mode set to STRICT_TRANS_TABLES,STRICT_ALL_TABLES,NO_ZERO_IN_DATE,NO_ZERO_DATE,ERROR_FOR_DIVISION_BY_ZERO,TRADITIONAL,NO_ENGINE_SUBSTITUTION {{(pid=99627) _check_effective_sql_mode /opt/stack/data/venv/lib/python3.12/site-packages/oslo_db/sqlalchemy/engines.py:325}}
Jul 10 19:55:41.855511 np0000005051 devstack@g-api.service[99626]: INFO glance.image_cache [None req-91e76e93-0a4f-4cce-8837-adef03dc13cb None None] Image cache loaded driver 'centralized_db'.
Jul 10 19:55:41.875804 np0000005051 devstack@g-api.service[99627]: DEBUG dbcounter [-] [99627] Writer thread running {{(pid=99627) stat_writer /opt/stack/data/venv/lib/python3.12/site-packages/dbcounter.py:102}}
Jul 10 19:55:41.879580 np0000005051 devstack@g-api.service[99627]: DEBUG glance.image_cache.drivers.centralized_db [None req-381fdac5-58fe-42b9-8551-bbe79d370aa3 None None] Node reference is already recorded, ignoring it {{(pid=99627) configure /opt/stack/glance/glance/image_cache/drivers/centralized_db.py:71}}
Jul 10 19:55:41.889426 np0000005051 devstack@g-api.service[99627]: INFO glance.image_cache [None req-381fdac5-58fe-42b9-8551-bbe79d370aa3 None None] Image cache loaded driver 'centralized_db'.
Jul 10 19:55:41.946127 np0000005051 devstack@g-api.service[99628]: DEBUG glance.api.v2.cached_images [None req-e079d0cd-03d8-4450-945f-bebad7fce10b None None] Started cache worker thread {{(pid=99628) __init__ /opt/stack/glance/glance/api/v2/cached_images.py:71}}
Jul 10 19:55:41.946808 np0000005051 devstack@g-api.service[99628]: INFO glance.image_cache [None req-e079d0cd-03d8-4450-945f-bebad7fce10b None None] Image cache loaded driver 'centralized_db'.
Jul 10 19:55:41.955380 np0000005051 devstack@g-api.service[99628]: DEBUG glance.image_cache.drivers.centralized_db [None req-e079d0cd-03d8-4450-945f-bebad7fce10b None None] Node reference is already recorded, ignoring it {{(pid=99628) configure /opt/stack/glance/glance/image_cache/drivers/centralized_db.py:71}}
Jul 10 19:55:41.960457 np0000005051 devstack@g-api.service[99628]: INFO glance.api.middleware.cache_manage [None req-e079d0cd-03d8-4450-945f-bebad7fce10b None None] Initialized image cache management middleware
Jul 10 19:55:41.960617 np0000005051 devstack@g-api.service[99628]: INFO glance.image_cache [None req-e079d0cd-03d8-4450-945f-bebad7fce10b None None] Image cache loaded driver 'centralized_db'.
Jul 10 19:55:41.965534 np0000005051 devstack@g-api.service[99626]: DEBUG glance.image_cache.drivers.centralized_db [None req-91e76e93-0a4f-4cce-8837-adef03dc13cb None None] Node reference is already recorded, ignoring it {{(pid=99626) configure /opt/stack/glance/glance/image_cache/drivers/centralized_db.py:71}}
Jul 10 19:55:41.969221 np0000005051 devstack@g-api.service[99628]: DEBUG glance.image_cache.drivers.centralized_db [None req-e079d0cd-03d8-4450-945f-bebad7fce10b None None] Node reference is already recorded, ignoring it {{(pid=99628) configure /opt/stack/glance/glance/image_cache/drivers/centralized_db.py:71}}
Jul 10 19:55:41.973902 np0000005051 devstack@g-api.service[99626]: DEBUG glance.api.v2.cached_images [None req-91e76e93-0a4f-4cce-8837-adef03dc13cb None None] Started cache worker thread {{(pid=99626) __init__ /opt/stack/glance/glance/api/v2/cached_images.py:71}}
Jul 10 19:55:41.975102 np0000005051 devstack@g-api.service[99626]: INFO glance.image_cache [None req-91e76e93-0a4f-4cce-8837-adef03dc13cb None None] Image cache loaded driver 'centralized_db'.
Jul 10 19:55:41.975319 np0000005051 devstack@g-api.service[99628]: INFO glance.api.middleware.cache [None req-e079d0cd-03d8-4450-945f-bebad7fce10b None None] Initialized image cache middleware
Jul 10 19:55:41.984362 np0000005051 devstack@g-api.service[99626]: DEBUG glance.image_cache.drivers.centralized_db [None req-91e76e93-0a4f-4cce-8837-adef03dc13cb None None] Node reference is already recorded, ignoring it {{(pid=99626) configure /opt/stack/glance/glance/image_cache/drivers/centralized_db.py:71}}
Jul 10 19:55:41.987198 np0000005051 devstack@g-api.service[99628]: DEBUG glance.common.config [None req-e079d0cd-03d8-4450-945f-bebad7fce10b None None] ******************************************************************************** {{(pid=99628) log_opt_values /opt/stack/data/venv/lib/python3.12/site-packages/oslo_config/cfg.py:3226}}
Jul 10 19:55:41.987383 np0000005051 devstack@g-api.service[99628]: DEBUG glance.common.config [None req-e079d0cd-03d8-4450-945f-bebad7fce10b None None] Configuration options gathered from: {{(pid=99628) log_opt_values /opt/stack/data/venv/lib/python3.12/site-packages/oslo_config/cfg.py:3227}}
Jul 10 19:55:41.989167 np0000005051 devstack@g-api.service[99628]: DEBUG glance.common.config [None req-e079d0cd-03d8-4450-945f-bebad7fce10b None None] command line args: [] {{(pid=99628) log_opt_values /opt/stack/data/venv/lib/python3.12/site-packages/oslo_config/cfg.py:3228}}
Jul 10 19:55:41.989329 np0000005051 devstack@g-api.service[99628]: DEBUG glance.common.config [None req-e079d0cd-03d8-4450-945f-bebad7fce10b None None] config files: ['/etc/glance/glance-image-import.conf', '/etc/glance/glance-api.conf'] {{(pid=99628) log_opt_values /opt/stack/data/venv/lib/python3.12/site-packages/oslo_config/cfg.py:3229}}
Jul 10 19:55:41.989453 np0000005051 devstack@g-api.service[99628]: DEBUG glance.common.config [None req-e079d0cd-03d8-4450-945f-bebad7fce10b None None] ================================================================================ {{(pid=99628) log_opt_values /opt/stack/data/venv/lib/python3.12/site-packages/oslo_config/cfg.py:3234}}
Jul 10 19:55:41.989582 np0000005051 devstack@g-api.service[99628]: DEBUG glance.common.config [None req-e079d0cd-03d8-4450-945f-bebad7fce10b None None] allow_anonymous_access = False {{(pid=99628) log_opt_values /opt/stack/data/venv/lib/python3.12/site-packages/oslo_config/cfg.py:3242}}
Jul 10 19:55:41.989709 np0000005051 devstack@g-api.service[99628]: DEBUG glance.common.config [None req-e079d0cd-03d8-4450-945f-bebad7fce10b None None] api_limit_max = 1000 {{(pid=99628) log_opt_values /opt/stack/data/venv/lib/python3.12/site-packages/oslo_config/cfg.py:3242}}
Jul 10 19:55:41.989815 np0000005051 devstack@g-api.service[99628]: DEBUG glance.common.config [None req-e079d0cd-03d8-4450-945f-bebad7fce10b None None] config_dir = [] {{(pid=99628) log_opt_values /opt/stack/data/venv/lib/python3.12/site-packages/oslo_config/cfg.py:3242}}
Jul 10 19:55:41.989915 np0000005051 devstack@g-api.service[99628]: DEBUG glance.common.config [None req-e079d0cd-03d8-4450-945f-bebad7fce10b None None] config_file = ['/etc/glance/glance-image-import.conf', '/etc/glance/glance-api.conf'] {{(pid=99628) log_opt_values /opt/stack/data/venv/lib/python3.12/site-packages/oslo_config/cfg.py:3242}}
Jul 10 19:55:41.990109 np0000005051 devstack@g-api.service[99628]: DEBUG glance.common.config [None req-e079d0cd-03d8-4450-945f-bebad7fce10b None None] config_source = [] {{(pid=99628) log_opt_values /opt/stack/data/venv/lib/python3.12/site-packages/oslo_config/cfg.py:3242}}
Jul 10 19:55:41.990254 np0000005051 devstack@g-api.service[99628]: DEBUG glance.common.config [None req-e079d0cd-03d8-4450-945f-bebad7fce10b None None] control_exchange = glance {{(pid=99628) log_opt_values /opt/stack/data/venv/lib/python3.12/site-packages/oslo_config/cfg.py:3242}}
Jul 10 19:55:41.990351 np0000005051 devstack@g-api.service[99628]: DEBUG glance.common.config [None req-e079d0cd-03d8-4450-945f-bebad7fce10b None None] debug = True {{(pid=99628) log_opt_values /opt/stack/data/venv/lib/python3.12/site-packages/oslo_config/cfg.py:3242}}
Jul 10 19:55:41.990491 np0000005051 devstack@g-api.service[99628]: DEBUG glance.common.config [None req-e079d0cd-03d8-4450-945f-bebad7fce10b None None] default_log_levels = ['amqp=WARN', 'boto=WARN', 'sqlalchemy=WARN', 'suds=INFO', 'oslo.messaging=INFO', 'oslo_messaging=INFO', 'iso8601=WARN', 'requests.packages.urllib3.connectionpool=WARN', 'urllib3.connectionpool=WARN', 'websocket=WARN', 'requests.packages.urllib3.util.retry=WARN', 'urllib3.util.retry=WARN', 'keystonemiddleware=WARN', 'routes.middleware=WARN', 'stevedore=WARN', 'taskflow=WARN', 'keystoneauth=WARN', 'oslo.cache=INFO', 'oslo_policy=INFO', 'dogpile.core.dogpile=INFO'] {{(pid=99628) log_opt_values /opt/stack/data/venv/lib/python3.12/site-packages/oslo_config/cfg.py:3242}}
Jul 10 19:55:41.990652 np0000005051 devstack@g-api.service[99628]: DEBUG glance.common.config [None req-e079d0cd-03d8-4450-945f-bebad7fce10b None None] default_publisher_id = image.localhost {{(pid=99628) log_opt_values /opt/stack/data/venv/lib/python3.12/site-packages/oslo_config/cfg.py:3242}}
Jul 10 19:55:41.990832 np0000005051 devstack@g-api.service[99628]: DEBUG glance.common.config [None req-e079d0cd-03d8-4450-945f-bebad7fce10b None None] delayed_delete = False {{(pid=99628) log_opt_values /opt/stack/data/venv/lib/python3.12/site-packages/oslo_config/cfg.py:3242}}
Jul 10 19:55:41.991021 np0000005051 devstack@g-api.service[99628]: DEBUG glance.common.config [None req-e079d0cd-03d8-4450-945f-bebad7fce10b None None] digest_algorithm = sha256 {{(pid=99628) log_opt_values /opt/stack/data/venv/lib/python3.12/site-packages/oslo_config/cfg.py:3242}}
Jul 10 19:55:41.991182 np0000005051 devstack@g-api.service[99628]: DEBUG glance.common.config [None req-e079d0cd-03d8-4450-945f-bebad7fce10b None None] disabled_notifications = [] {{(pid=99628) log_opt_values /opt/stack/data/venv/lib/python3.12/site-packages/oslo_config/cfg.py:3242}}
Jul 10 19:55:41.991308 np0000005051 devstack@g-api.service[99628]: DEBUG glance.common.config [None req-e079d0cd-03d8-4450-945f-bebad7fce10b None None] do_secure_hash = True {{(pid=99628) log_opt_values /opt/stack/data/venv/lib/python3.12/site-packages/oslo_config/cfg.py:3242}}
Jul 10 19:55:41.991426 np0000005051 devstack@g-api.service[99628]: DEBUG glance.common.config [None req-e079d0cd-03d8-4450-945f-bebad7fce10b None None] enabled_backends = None {{(pid=99628) log_opt_values /opt/stack/data/venv/lib/python3.12/site-packages/oslo_config/cfg.py:3242}}
Jul 10 19:55:41.991558 np0000005051 devstack@g-api.service[99628]: DEBUG glance.common.config [None req-e079d0cd-03d8-4450-945f-bebad7fce10b None None] enabled_import_methods = ['glance-direct', 'web-download', 'copy-image'] {{(pid=99628) log_opt_values /opt/stack/data/venv/lib/python3.12/site-packages/oslo_config/cfg.py:3242}}
Jul 10 19:55:41.991663 np0000005051 devstack@g-api.service[99628]: DEBUG glance.common.config [None req-e079d0cd-03d8-4450-945f-bebad7fce10b None None] fatal_deprecations = False {{(pid=99628) log_opt_values /opt/stack/data/venv/lib/python3.12/site-packages/oslo_config/cfg.py:3242}}
Jul 10 19:55:41.991766 np0000005051 devstack@g-api.service[99628]: DEBUG glance.common.config [None req-e079d0cd-03d8-4450-945f-bebad7fce10b None None] hashing_algorithm = sha512 {{(pid=99628) log_opt_values /opt/stack/data/venv/lib/python3.12/site-packages/oslo_config/cfg.py:3242}}
Jul 10 19:55:41.991882 np0000005051 devstack@g-api.service[99628]: DEBUG glance.common.config [None req-e079d0cd-03d8-4450-945f-bebad7fce10b None None] http_retries = 3 {{(pid=99628) log_opt_values /opt/stack/data/venv/lib/python3.12/site-packages/oslo_config/cfg.py:3242}}
Jul 10 19:55:41.991973 np0000005051 devstack@g-api.service[99628]: DEBUG glance.common.config [None req-e079d0cd-03d8-4450-945f-bebad7fce10b None None] image_cache_dir = /opt/stack/data/glance/cache/ {{(pid=99628) log_opt_values /opt/stack/data/venv/lib/python3.12/site-packages/oslo_config/cfg.py:3242}}
Jul 10 19:55:41.992075 np0000005051 devstack@g-api.service[99628]: DEBUG glance.common.config [None req-e079d0cd-03d8-4450-945f-bebad7fce10b None None] image_cache_driver = centralized_db {{(pid=99628) log_opt_values /opt/stack/data/venv/lib/python3.12/site-packages/oslo_config/cfg.py:3242}}
Jul 10 19:55:41.992157 np0000005051 devstack@g-api.service[99628]: DEBUG glance.common.config [None req-e079d0cd-03d8-4450-945f-bebad7fce10b None None] image_cache_max_size = 10737418240 {{(pid=99628) log_opt_values /opt/stack/data/venv/lib/python3.12/site-packages/oslo_config/cfg.py:3242}}
Jul 10 19:55:41.992256 np0000005051 devstack@g-api.service[99628]: DEBUG glance.common.config [None req-e079d0cd-03d8-4450-945f-bebad7fce10b None None] image_cache_sqlite_db = cache.db {{(pid=99628) log_opt_values /opt/stack/data/venv/lib/python3.12/site-packages/oslo_config/cfg.py:3242}}
Jul 10 19:55:41.992351 np0000005051 devstack@g-api.service[99628]: DEBUG glance.common.config [None req-e079d0cd-03d8-4450-945f-bebad7fce10b None None] image_cache_stall_time = 86400 {{(pid=99628) log_opt_values /opt/stack/data/venv/lib/python3.12/site-packages/oslo_config/cfg.py:3242}}
Jul 10 19:55:41.992445 np0000005051 devstack@g-api.service[99628]: DEBUG glance.common.config [None req-e079d0cd-03d8-4450-945f-bebad7fce10b None None] image_location_quota = 10 {{(pid=99628) log_opt_values /opt/stack/data/venv/lib/python3.12/site-packages/oslo_config/cfg.py:3242}}
Jul 10 19:55:41.992503 np0000005051 devstack@g-api.service[99628]: DEBUG glance.common.config [None req-e079d0cd-03d8-4450-945f-bebad7fce10b None None] image_member_quota = 128 {{(pid=99628) log_opt_values /opt/stack/data/venv/lib/python3.12/site-packages/oslo_config/cfg.py:3242}}
Jul 10 19:55:41.992599 np0000005051 devstack@g-api.service[99626]: INFO glance.api.middleware.cache_manage [None req-91e76e93-0a4f-4cce-8837-adef03dc13cb None None] Initialized image cache management middleware
Jul 10 19:55:41.992703 np0000005051 devstack@g-api.service[99628]: DEBUG glance.common.config [None req-e079d0cd-03d8-4450-945f-bebad7fce10b None None] image_property_quota = 128 {{(pid=99628) log_opt_values /opt/stack/data/venv/lib/python3.12/site-packages/oslo_config/cfg.py:3242}}
Jul 10 19:55:41.992703 np0000005051 devstack@g-api.service[99628]: DEBUG glance.common.config [None req-e079d0cd-03d8-4450-945f-bebad7fce10b None None] image_size_cap = 1099511627776 {{(pid=99628) log_opt_values /opt/stack/data/venv/lib/python3.12/site-packages/oslo_config/cfg.py:3242}}
Jul 10 19:55:41.992830 np0000005051 devstack@g-api.service[99628]: DEBUG glance.common.config [None req-e079d0cd-03d8-4450-945f-bebad7fce10b None None] image_tag_quota = 128 {{(pid=99628) log_opt_values /opt/stack/data/venv/lib/python3.12/site-packages/oslo_config/cfg.py:3242}}
Jul 10 19:55:41.992868 np0000005051 devstack@g-api.service[99626]: INFO glance.image_cache [None req-91e76e93-0a4f-4cce-8837-adef03dc13cb None None] Image cache loaded driver 'centralized_db'.
Jul 10 19:55:41.992915 np0000005051 devstack@g-api.service[99628]: DEBUG glance.common.config [None req-e079d0cd-03d8-4450-945f-bebad7fce10b None None] instance_format = [instance: %(uuid)s] {{(pid=99628) log_opt_values /opt/stack/data/venv/lib/python3.12/site-packages/oslo_config/cfg.py:3242}}
Jul 10 19:55:41.992985 np0000005051 devstack@g-api.service[99628]: DEBUG glance.common.config [None req-e079d0cd-03d8-4450-945f-bebad7fce10b None None] instance_uuid_format = [instance: %(uuid)s] {{(pid=99628) log_opt_values /opt/stack/data/venv/lib/python3.12/site-packages/oslo_config/cfg.py:3242}}
Jul 10 19:55:41.993111 np0000005051 devstack@g-api.service[99628]: DEBUG glance.common.config [None req-e079d0cd-03d8-4450-945f-bebad7fce10b None None] limit_param_default = 25 {{(pid=99628) log_opt_values /opt/stack/data/venv/lib/python3.12/site-packages/oslo_config/cfg.py:3242}}
Jul 10 19:55:41.993200 np0000005051 devstack@g-api.service[99628]: DEBUG glance.common.config [None req-e079d0cd-03d8-4450-945f-bebad7fce10b None None] log_color = False {{(pid=99628) log_opt_values /opt/stack/data/venv/lib/python3.12/site-packages/oslo_config/cfg.py:3242}}
Jul 10 19:55:41.993296 np0000005051 devstack@g-api.service[99628]: DEBUG glance.common.config [None req-e079d0cd-03d8-4450-945f-bebad7fce10b None None] log_config_append = None {{(pid=99628) log_opt_values /opt/stack/data/venv/lib/python3.12/site-packages/oslo_config/cfg.py:3242}}
Jul 10 19:55:41.993377 np0000005051 devstack@g-api.service[99628]: DEBUG glance.common.config [None req-e079d0cd-03d8-4450-945f-bebad7fce10b None None] log_date_format = %Y-%m-%d %H:%M:%S {{(pid=99628) log_opt_values /opt/stack/data/venv/lib/python3.12/site-packages/oslo_config/cfg.py:3242}}
Jul 10 19:55:41.993458 np0000005051 devstack@g-api.service[99628]: DEBUG glance.common.config [None req-e079d0cd-03d8-4450-945f-bebad7fce10b None None] log_dir = None {{(pid=99628) log_opt_values /opt/stack/data/venv/lib/python3.12/site-packages/oslo_config/cfg.py:3242}}
Jul 10 19:55:41.993543 np0000005051 devstack@g-api.service[99628]: DEBUG glance.common.config [None req-e079d0cd-03d8-4450-945f-bebad7fce10b None None] log_file = None {{(pid=99628) log_opt_values /opt/stack/data/venv/lib/python3.12/site-packages/oslo_config/cfg.py:3242}}
Jul 10 19:55:41.993630 np0000005051 devstack@g-api.service[99628]: DEBUG glance.common.config [None req-e079d0cd-03d8-4450-945f-bebad7fce10b None None] log_rotate_interval = 1 {{(pid=99628) log_opt_values /opt/stack/data/venv/lib/python3.12/site-packages/oslo_config/cfg.py:3242}}
Jul 10 19:55:41.993735 np0000005051 devstack@g-api.service[99628]: DEBUG glance.common.config [None req-e079d0cd-03d8-4450-945f-bebad7fce10b None None] log_rotate_interval_type = days {{(pid=99628) log_opt_values /opt/stack/data/venv/lib/python3.12/site-packages/oslo_config/cfg.py:3242}}
Jul 10 19:55:41.993840 np0000005051 devstack@g-api.service[99628]: DEBUG glance.common.config [None req-e079d0cd-03d8-4450-945f-bebad7fce10b None None] log_rotation_type = none {{(pid=99628) log_opt_values /opt/stack/data/venv/lib/python3.12/site-packages/oslo_config/cfg.py:3242}}
Jul 10 19:55:41.993840 np0000005051 devstack@g-api.service[99628]: DEBUG glance.common.config [None req-e079d0cd-03d8-4450-945f-bebad7fce10b None None] logging_context_format_string = %(color)s%(levelname)s %(name)s [%(global_request_id)s %(request_id)s %(project_name)s %(user_name)s%(color)s] %(instance)s%(color)s%(message)s {{(pid=99628) log_opt_values /opt/stack/data/venv/lib/python3.12/site-packages/oslo_config/cfg.py:3242}}
Jul 10 19:55:41.994049 np0000005051 devstack@g-api.service[99628]: DEBUG glance.common.config [None req-e079d0cd-03d8-4450-945f-bebad7fce10b None None] logging_debug_format_suffix = {{(pid=%(process)d) %(funcName)s %(pathname)s:%(lineno)d}} {{(pid=99628) log_opt_values /opt/stack/data/venv/lib/python3.12/site-packages/oslo_config/cfg.py:3242}}
Jul 10 19:55:41.994049 np0000005051 devstack@g-api.service[99628]: DEBUG glance.common.config [None req-e079d0cd-03d8-4450-945f-bebad7fce10b None None] logging_default_format_string = %(color)s%(levelname)s %(name)s [-%(color)s] %(instance)s%(color)s%(message)s {{(pid=99628) log_opt_values /opt/stack/data/venv/lib/python3.12/site-packages/oslo_config/cfg.py:3242}}
Jul 10 19:55:41.994146 np0000005051 devstack@g-api.service[99628]: DEBUG glance.common.config [None req-e079d0cd-03d8-4450-945f-bebad7fce10b None None] logging_exception_prefix = ERROR %(name)s %(instance)s {{(pid=99628) log_opt_values /opt/stack/data/venv/lib/python3.12/site-packages/oslo_config/cfg.py:3242}}
Jul 10 19:55:41.994204 np0000005051 devstack@g-api.service[99628]: DEBUG glance.common.config [None req-e079d0cd-03d8-4450-945f-bebad7fce10b None None] logging_user_identity_format = %(user)s %(project)s %(domain)s %(system_scope)s %(user_domain)s %(project_domain)s {{(pid=99628) log_opt_values /opt/stack/data/venv/lib/python3.12/site-packages/oslo_config/cfg.py:3242}}
Jul 10 19:55:41.994314 np0000005051 devstack@g-api.service[99628]: DEBUG glance.common.config [None req-e079d0cd-03d8-4450-945f-bebad7fce10b None None] max_logfile_count = 30 {{(pid=99628) log_opt_values /opt/stack/data/venv/lib/python3.12/site-packages/oslo_config/cfg.py:3242}}
Jul 10 19:55:41.994405 np0000005051 devstack@g-api.service[99628]: DEBUG glance.common.config [None req-e079d0cd-03d8-4450-945f-bebad7fce10b None None] max_logfile_size_mb = 200 {{(pid=99628) log_opt_values /opt/stack/data/venv/lib/python3.12/site-packages/oslo_config/cfg.py:3242}}
Jul 10 19:55:41.994501 np0000005051 devstack@g-api.service[99628]: DEBUG glance.common.config [None req-e079d0cd-03d8-4450-945f-bebad7fce10b None None] max_request_id_length = 64 {{(pid=99628) log_opt_values /opt/stack/data/venv/lib/python3.12/site-packages/oslo_config/cfg.py:3242}}
Jul 10 19:55:41.994615 np0000005051 devstack@g-api.service[99628]: DEBUG glance.common.config [None req-e079d0cd-03d8-4450-945f-bebad7fce10b None None] metadata_encryption_key = **** {{(pid=99628) log_opt_values /opt/stack/data/venv/lib/python3.12/site-packages/oslo_config/cfg.py:3242}}
Jul 10 19:55:41.994615 np0000005051 devstack@g-api.service[99628]: DEBUG glance.common.config [None req-e079d0cd-03d8-4450-945f-bebad7fce10b None None] node_staging_uri = file:///tmp/staging/ {{(pid=99628) log_opt_values /opt/stack/data/venv/lib/python3.12/site-packages/oslo_config/cfg.py:3242}}
Jul 10 19:55:41.994810 np0000005051 devstack@g-api.service[99628]: DEBUG glance.common.config [None req-e079d0cd-03d8-4450-945f-bebad7fce10b None None] property_protection_file = None {{(pid=99628) log_opt_values /opt/stack/data/venv/lib/python3.12/site-packages/oslo_config/cfg.py:3242}}
Jul 10 19:55:41.994810 np0000005051 devstack@g-api.service[99628]: DEBUG glance.common.config [None req-e079d0cd-03d8-4450-945f-bebad7fce10b None None] property_protection_rule_format = roles {{(pid=99628) log_opt_values /opt/stack/data/venv/lib/python3.12/site-packages/oslo_config/cfg.py:3242}}
Jul 10 19:55:41.995003 np0000005051 devstack@g-api.service[99628]: DEBUG glance.common.config [None req-e079d0cd-03d8-4450-945f-bebad7fce10b None None] public_endpoint = https://10.4.3.106/image {{(pid=99628) log_opt_values /opt/stack/data/venv/lib/python3.12/site-packages/oslo_config/cfg.py:3242}}
Jul 10 19:55:41.995003 np0000005051 devstack@g-api.service[99628]: DEBUG glance.common.config [None req-e079d0cd-03d8-4450-945f-bebad7fce10b None None] publish_errors = False {{(pid=99628) log_opt_values /opt/stack/data/venv/lib/python3.12/site-packages/oslo_config/cfg.py:3242}}
Jul 10 19:55:41.995131 np0000005051 devstack@g-api.service[99628]: DEBUG glance.common.config [None req-e079d0cd-03d8-4450-945f-bebad7fce10b None None] pydev_worker_debug_host = None {{(pid=99628) log_opt_values /opt/stack/data/venv/lib/python3.12/site-packages/oslo_config/cfg.py:3242}}
Jul 10 19:55:41.995264 np0000005051 devstack@g-api.service[99628]: DEBUG glance.common.config [None req-e079d0cd-03d8-4450-945f-bebad7fce10b None None] pydev_worker_debug_port = 5678 {{(pid=99628) log_opt_values /opt/stack/data/venv/lib/python3.12/site-packages/oslo_config/cfg.py:3242}}
Jul 10 19:55:41.995264 np0000005051 devstack@g-api.service[99628]: DEBUG glance.common.config [None req-e079d0cd-03d8-4450-945f-bebad7fce10b None None] rate_limit_burst = 0 {{(pid=99628) log_opt_values /opt/stack/data/venv/lib/python3.12/site-packages/oslo_config/cfg.py:3242}}
Jul 10 19:55:41.995352 np0000005051 devstack@g-api.service[99628]: DEBUG glance.common.config [None req-e079d0cd-03d8-4450-945f-bebad7fce10b None None] rate_limit_except_level = CRITICAL {{(pid=99628) log_opt_values /opt/stack/data/venv/lib/python3.12/site-packages/oslo_config/cfg.py:3242}}
Jul 10 19:55:41.995460 np0000005051 devstack@g-api.service[99628]: DEBUG glance.common.config [None req-e079d0cd-03d8-4450-945f-bebad7fce10b None None] rate_limit_interval = 0 {{(pid=99628) log_opt_values /opt/stack/data/venv/lib/python3.12/site-packages/oslo_config/cfg.py:3242}}
Jul 10 19:55:41.995559 np0000005051 devstack@g-api.service[99628]: DEBUG glance.common.config [None req-e079d0cd-03d8-4450-945f-bebad7fce10b None None] scrub_pool_size = 1 {{(pid=99628) log_opt_values /opt/stack/data/venv/lib/python3.12/site-packages/oslo_config/cfg.py:3242}}
Jul 10 19:55:41.995659 np0000005051 devstack@g-api.service[99628]: DEBUG glance.common.config [None req-e079d0cd-03d8-4450-945f-bebad7fce10b None None] scrub_time = 0 {{(pid=99628) log_opt_values /opt/stack/data/venv/lib/python3.12/site-packages/oslo_config/cfg.py:3242}}
Jul 10 19:55:41.995749 np0000005051 devstack@g-api.service[99628]: DEBUG glance.common.config [None req-e079d0cd-03d8-4450-945f-bebad7fce10b None None] shell_completion = None {{(pid=99628) log_opt_values /opt/stack/data/venv/lib/python3.12/site-packages/oslo_config/cfg.py:3242}}
Jul 10 19:55:41.995835 np0000005051 devstack@g-api.service[99628]: DEBUG glance.common.config [None req-e079d0cd-03d8-4450-945f-bebad7fce10b None None] show_image_direct_url = False {{(pid=99628) log_opt_values /opt/stack/data/venv/lib/python3.12/site-packages/oslo_config/cfg.py:3242}}
Jul 10 19:55:41.996033 np0000005051 devstack@g-api.service[99628]: WARNING oslo_config.cfg [None req-e079d0cd-03d8-4450-945f-bebad7fce10b None None] Deprecated: Option "show_multiple_locations" from group "DEFAULT" is deprecated for removal (Use of this option, deprecated since Newton, is a security risk and will be removed once we figure out a way to satisfy those use cases that currently require it. An earlier announcement that the same functionality can be achieved with greater granularity by using policies is incorrect. You cannot work around this option via policy configuration at the present time, though that is the direction we believe the fix will take. Please keep an eye on the Glance release notes to stay up to date on progress in addressing this issue.). Its value may be silently ignored in the future.
Jul 10 19:55:41.996176 np0000005051 devstack@g-api.service[99628]: DEBUG glance.common.config [None req-e079d0cd-03d8-4450-945f-bebad7fce10b None None] show_multiple_locations = False {{(pid=99628) log_opt_values /opt/stack/data/venv/lib/python3.12/site-packages/oslo_config/cfg.py:3242}}
Jul 10 19:55:41.996269 np0000005051 devstack@g-api.service[99628]: DEBUG glance.common.config [None req-e079d0cd-03d8-4450-945f-bebad7fce10b None None] syslog_log_facility = LOG_USER {{(pid=99628) log_opt_values /opt/stack/data/venv/lib/python3.12/site-packages/oslo_config/cfg.py:3242}}
Jul 10 19:55:41.996315 np0000005051 devstack@g-api.service[99628]: DEBUG glance.common.config [None req-e079d0cd-03d8-4450-945f-bebad7fce10b None None] transport_url = **** {{(pid=99628) log_opt_values /opt/stack/data/venv/lib/python3.12/site-packages/oslo_config/cfg.py:3242}}
Jul 10 19:55:41.996420 np0000005051 devstack@g-api.service[99628]: DEBUG glance.common.config [None req-e079d0cd-03d8-4450-945f-bebad7fce10b None None] use_journal = False {{(pid=99628) log_opt_values /opt/stack/data/venv/lib/python3.12/site-packages/oslo_config/cfg.py:3242}}
Jul 10 19:55:41.996512 np0000005051 devstack@g-api.service[99628]: DEBUG glance.common.config [None req-e079d0cd-03d8-4450-945f-bebad7fce10b None None] use_json = False {{(pid=99628) log_opt_values /opt/stack/data/venv/lib/python3.12/site-packages/oslo_config/cfg.py:3242}}
Jul 10 19:55:41.996605 np0000005051 devstack@g-api.service[99628]: DEBUG glance.common.config [None req-e079d0cd-03d8-4450-945f-bebad7fce10b None None] use_keystone_limits = True {{(pid=99628) log_opt_values /opt/stack/data/venv/lib/python3.12/site-packages/oslo_config/cfg.py:3242}}
Jul 10 19:55:41.996662 np0000005051 devstack@g-api.service[99628]: DEBUG glance.common.config [None req-e079d0cd-03d8-4450-945f-bebad7fce10b None None] use_stderr = False {{(pid=99628) log_opt_values /opt/stack/data/venv/lib/python3.12/site-packages/oslo_config/cfg.py:3242}}
Jul 10 19:55:41.996773 np0000005051 devstack@g-api.service[99628]: DEBUG glance.common.config [None req-e079d0cd-03d8-4450-945f-bebad7fce10b None None] use_syslog = False {{(pid=99628) log_opt_values /opt/stack/data/venv/lib/python3.12/site-packages/oslo_config/cfg.py:3242}}
Jul 10 19:55:41.996862 np0000005051 devstack@g-api.service[99628]: DEBUG glance.common.config [None req-e079d0cd-03d8-4450-945f-bebad7fce10b None None] user_storage_quota = 0 {{(pid=99628) log_opt_values /opt/stack/data/venv/lib/python3.12/site-packages/oslo_config/cfg.py:3242}}
Jul 10 19:55:41.996925 np0000005051 devstack@g-api.service[99628]: DEBUG glance.common.config [None req-e079d0cd-03d8-4450-945f-bebad7fce10b None None] worker_self_reference_url = http://127.0.0.1:60999 {{(pid=99628) log_opt_values /opt/stack/data/venv/lib/python3.12/site-packages/oslo_config/cfg.py:3242}}
Jul 10 19:55:41.997043 np0000005051 devstack@g-api.service[99628]: DEBUG glance.common.config [None req-e079d0cd-03d8-4450-945f-bebad7fce10b None None] oslo_concurrency.disable_process_locking = False {{(pid=99628) log_opt_values /opt/stack/data/venv/lib/python3.12/site-packages/oslo_config/cfg.py:3253}}
Jul 10 19:55:41.997136 np0000005051 devstack@g-api.service[99628]: DEBUG glance.common.config [None req-e079d0cd-03d8-4450-945f-bebad7fce10b None None] oslo_concurrency.lock_path = /opt/stack/data/glance/locks {{(pid=99628) log_opt_values /opt/stack/data/venv/lib/python3.12/site-packages/oslo_config/cfg.py:3253}}
Jul 10 19:55:41.997243 np0000005051 devstack@g-api.service[99628]: DEBUG glance.common.config [None req-e079d0cd-03d8-4450-945f-bebad7fce10b None None] oslo_middleware.enable_proxy_headers_parsing = False {{(pid=99628) log_opt_values /opt/stack/data/venv/lib/python3.12/site-packages/oslo_config/cfg.py:3253}}
Jul 10 19:55:41.997323 np0000005051 devstack@g-api.service[99628]: DEBUG glance.common.config [None req-e079d0cd-03d8-4450-945f-bebad7fce10b None None] oslo_middleware.http_basic_auth_user_file = /etc/htpasswd {{(pid=99628) log_opt_values /opt/stack/data/venv/lib/python3.12/site-packages/oslo_config/cfg.py:3253}}
Jul 10 19:55:41.997440 np0000005051 devstack@g-api.service[99628]: DEBUG glance.common.config [None req-e079d0cd-03d8-4450-945f-bebad7fce10b None None] paste_deploy.config_file = None {{(pid=99628) log_opt_values /opt/stack/data/venv/lib/python3.12/site-packages/oslo_config/cfg.py:3253}}
Jul 10 19:55:41.997547 np0000005051 devstack@g-api.service[99628]: DEBUG glance.common.config [None req-e079d0cd-03d8-4450-945f-bebad7fce10b None None] paste_deploy.flavor = keystone+cachemanagement {{(pid=99628) log_opt_values /opt/stack/data/venv/lib/python3.12/site-packages/oslo_config/cfg.py:3253}}
Jul 10 19:55:41.997679 np0000005051 devstack@g-api.service[99628]: DEBUG glance.common.config [None req-e079d0cd-03d8-4450-945f-bebad7fce10b None None] image_format.container_formats = ['ami', 'ari', 'aki', 'bare', 'ovf', 'ova', 'docker', 'compressed'] {{(pid=99628) log_opt_values /opt/stack/data/venv/lib/python3.12/site-packages/oslo_config/cfg.py:3253}}
Jul 10 19:55:41.997822 np0000005051 devstack@g-api.service[99628]: DEBUG glance.common.config [None req-e079d0cd-03d8-4450-945f-bebad7fce10b None None] image_format.disk_formats = ['ami', 'ari', 'aki', 'vhd', 'vhdx', 'vmdk', 'raw', 'qcow2', 'vdi', 'iso', 'ploop'] {{(pid=99628) log_opt_values /opt/stack/data/venv/lib/python3.12/site-packages/oslo_config/cfg.py:3253}}
Jul 10 19:55:41.997926 np0000005051 devstack@g-api.service[99628]: DEBUG glance.common.config [None req-e079d0cd-03d8-4450-945f-bebad7fce10b None None] image_format.gpt_safety_checks_nonfatal = [] {{(pid=99628) log_opt_values /opt/stack/data/venv/lib/python3.12/site-packages/oslo_config/cfg.py:3253}}
Jul 10 19:55:41.998037 np0000005051 devstack@g-api.service[99628]: DEBUG glance.common.config [None req-e079d0cd-03d8-4450-945f-bebad7fce10b None None] image_format.require_image_format_match = True {{(pid=99628) log_opt_values /opt/stack/data/venv/lib/python3.12/site-packages/oslo_config/cfg.py:3253}}
Jul 10 19:55:41.998494 np0000005051 devstack@g-api.service[99628]: DEBUG glance.common.config [None req-e079d0cd-03d8-4450-945f-bebad7fce10b None None] image_format.vmdk_allowed_types = ['streamOptimized', 'monolithicSparse'] {{(pid=99628) log_opt_values /opt/stack/data/venv/lib/python3.12/site-packages/oslo_config/cfg.py:3253}}
Jul 10 19:55:41.998494 np0000005051 devstack@g-api.service[99628]: DEBUG glance.common.config [None req-e079d0cd-03d8-4450-945f-bebad7fce10b None None] task.task_executor = taskflow {{(pid=99628) log_opt_values /opt/stack/data/venv/lib/python3.12/site-packages/oslo_config/cfg.py:3253}}
Jul 10 19:55:41.998494 np0000005051 devstack@g-api.service[99628]: DEBUG glance.common.config [None req-e079d0cd-03d8-4450-945f-bebad7fce10b None None] task.task_time_to_live = 48 {{(pid=99628) log_opt_values /opt/stack/data/venv/lib/python3.12/site-packages/oslo_config/cfg.py:3253}}
Jul 10 19:55:41.998494 np0000005051 devstack@g-api.service[99628]: DEBUG glance.common.config [None req-e079d0cd-03d8-4450-945f-bebad7fce10b None None] task.work_dir = None {{(pid=99628) log_opt_values /opt/stack/data/venv/lib/python3.12/site-packages/oslo_config/cfg.py:3253}}
Jul 10 19:55:41.998494 np0000005051 devstack@g-api.service[99628]: DEBUG glance.common.config [None req-e079d0cd-03d8-4450-945f-bebad7fce10b None None] wsgi.python_interpreter = /opt/stack/data/venv/bin/python3 {{(pid=99628) log_opt_values /opt/stack/data/venv/lib/python3.12/site-packages/oslo_config/cfg.py:3253}}
Jul 10 19:55:41.998672 np0000005051 devstack@g-api.service[99628]: DEBUG glance.common.config [None req-e079d0cd-03d8-4450-945f-bebad7fce10b None None] wsgi.task_pool_threads = 16 {{(pid=99628) log_opt_values /opt/stack/data/venv/lib/python3.12/site-packages/oslo_config/cfg.py:3253}}
Jul 10 19:55:41.998672 np0000005051 devstack@g-api.service[99628]: DEBUG glance.common.config [None req-e079d0cd-03d8-4450-945f-bebad7fce10b None None] import_filtering_opts.allowed_hosts = [] {{(pid=99628) log_opt_values /opt/stack/data/venv/lib/python3.12/site-packages/oslo_config/cfg.py:3253}}
Jul 10 19:55:41.998738 np0000005051 devstack@g-api.service[99628]: DEBUG glance.common.config [None req-e079d0cd-03d8-4450-945f-bebad7fce10b None None] import_filtering_opts.allowed_ports = [80, 443] {{(pid=99628) log_opt_values /opt/stack/data/venv/lib/python3.12/site-packages/oslo_config/cfg.py:3253}}
Jul 10 19:55:41.998854 np0000005051 devstack@g-api.service[99628]: DEBUG glance.common.config [None req-e079d0cd-03d8-4450-945f-bebad7fce10b None None] import_filtering_opts.allowed_schemes = ['http', 'https'] {{(pid=99628) log_opt_values /opt/stack/data/venv/lib/python3.12/site-packages/oslo_config/cfg.py:3253}}
Jul 10 19:55:41.998967 np0000005051 devstack@g-api.service[99628]: DEBUG glance.common.config [None req-e079d0cd-03d8-4450-945f-bebad7fce10b None None] import_filtering_opts.disallowed_hosts = [] {{(pid=99628) log_opt_values /opt/stack/data/venv/lib/python3.12/site-packages/oslo_config/cfg.py:3253}}
Jul 10 19:55:41.999049 np0000005051 devstack@g-api.service[99628]: DEBUG glance.common.config [None req-e079d0cd-03d8-4450-945f-bebad7fce10b None None] import_filtering_opts.disallowed_ports = [] {{(pid=99628) log_opt_values /opt/stack/data/venv/lib/python3.12/site-packages/oslo_config/cfg.py:3253}}
Jul 10 19:55:41.999138 np0000005051 devstack@g-api.service[99628]: DEBUG glance.common.config [None req-e079d0cd-03d8-4450-945f-bebad7fce10b None None] import_filtering_opts.disallowed_schemes = [] {{(pid=99628) log_opt_values /opt/stack/data/venv/lib/python3.12/site-packages/oslo_config/cfg.py:3253}}
Jul 10 19:55:41.999218 np0000005051 devstack@g-api.service[99628]: DEBUG glance.common.config [None req-e079d0cd-03d8-4450-945f-bebad7fce10b None None] oslo_messaging_metrics.metrics_buffer_size = 1000 {{(pid=99628) log_opt_values /opt/stack/data/venv/lib/python3.12/site-packages/oslo_config/cfg.py:3253}}
Jul 10 19:55:41.999314 np0000005051 devstack@g-api.service[99628]: DEBUG glance.common.config [None req-e079d0cd-03d8-4450-945f-bebad7fce10b None None] oslo_messaging_metrics.metrics_enabled = False {{(pid=99628) log_opt_values /opt/stack/data/venv/lib/python3.12/site-packages/oslo_config/cfg.py:3253}}
Jul 10 19:55:41.999420 np0000005051 devstack@g-api.service[99628]: DEBUG glance.common.config [None req-e079d0cd-03d8-4450-945f-bebad7fce10b None None] oslo_messaging_metrics.metrics_process_name = {{(pid=99628) log_opt_values /opt/stack/data/venv/lib/python3.12/site-packages/oslo_config/cfg.py:3253}}
Jul 10 19:55:41.999525 np0000005051 devstack@g-api.service[99628]: DEBUG glance.common.config [None req-e079d0cd-03d8-4450-945f-bebad7fce10b None None] oslo_messaging_metrics.metrics_socket_file = /var/tmp/metrics_collector.sock {{(pid=99628) log_opt_values /opt/stack/data/venv/lib/python3.12/site-packages/oslo_config/cfg.py:3253}}
Jul 10 19:55:41.999614 np0000005051 devstack@g-api.service[99628]: DEBUG glance.common.config [None req-e079d0cd-03d8-4450-945f-bebad7fce10b None None] oslo_messaging_metrics.metrics_thread_stop_timeout = 10 {{(pid=99628) log_opt_values /opt/stack/data/venv/lib/python3.12/site-packages/oslo_config/cfg.py:3253}}
Jul 10 19:55:41.999732 np0000005051 devstack@g-api.service[99628]: DEBUG glance.common.config [None req-e079d0cd-03d8-4450-945f-bebad7fce10b None None] profiler.connection_string = messaging:// {{(pid=99628) log_opt_values /opt/stack/data/venv/lib/python3.12/site-packages/oslo_config/cfg.py:3253}}
Jul 10 19:55:41.999819 np0000005051 devstack@g-api.service[99628]: DEBUG glance.common.config [None req-e079d0cd-03d8-4450-945f-bebad7fce10b None None] profiler.enabled = False {{(pid=99628) log_opt_values /opt/stack/data/venv/lib/python3.12/site-packages/oslo_config/cfg.py:3253}}
Jul 10 19:55:41.999915 np0000005051 devstack@g-api.service[99628]: DEBUG glance.common.config [None req-e079d0cd-03d8-4450-945f-bebad7fce10b None None] profiler.es_doc_type = notification {{(pid=99628) log_opt_values /opt/stack/data/venv/lib/python3.12/site-packages/oslo_config/cfg.py:3253}}
Jul 10 19:55:42.000018 np0000005051 devstack@g-api.service[99628]: DEBUG glance.common.config [None req-e079d0cd-03d8-4450-945f-bebad7fce10b None None] profiler.es_scroll_size = 10000 {{(pid=99628) log_opt_values /opt/stack/data/venv/lib/python3.12/site-packages/oslo_config/cfg.py:3253}}
