Jul 10 19:55:22.512157 np0000005051 nova-conductor[95860]: DEBUG cotyledon.oslo_config_glue [-] oslo_messaging_rabbit.rabbit_transient_quorum_queue = False {{(pid=95860) log_opt_values /opt/stack/data/venv/lib/python3.12/site-packages/oslo_config/cfg.py:3253}}
Jul 10 19:55:22.512157 np0000005051 nova-conductor[95860]: DEBUG cotyledon.oslo_config_glue [-] oslo_messaging_rabbit.rpc_conn_pool_size = 30 {{(pid=95860) log_opt_values /opt/stack/data/venv/lib/python3.12/site-packages/oslo_config/cfg.py:3253}}
Jul 10 19:55:22.512157 np0000005051 nova-conductor[95860]: DEBUG cotyledon.oslo_config_glue [-] oslo_messaging_rabbit.ssl = False {{(pid=95860) log_opt_values /opt/stack/data/venv/lib/python3.12/site-packages/oslo_config/cfg.py:3253}}
Jul 10 19:55:22.512157 np0000005051 nova-conductor[95860]: DEBUG cotyledon.oslo_config_glue [-] oslo_messaging_rabbit.ssl_ca_file = {{(pid=95860) log_opt_values /opt/stack/data/venv/lib/python3.12/site-packages/oslo_config/cfg.py:3253}}
Jul 10 19:55:22.512157 np0000005051 nova-conductor[95860]: DEBUG cotyledon.oslo_config_glue [-] oslo_messaging_rabbit.ssl_cert_file = {{(pid=95860) log_opt_values /opt/stack/data/venv/lib/python3.12/site-packages/oslo_config/cfg.py:3253}}
Jul 10 19:55:22.512157 np0000005051 nova-conductor[95860]: DEBUG cotyledon.oslo_config_glue [-] oslo_messaging_rabbit.ssl_enforce_fips_mode = False {{(pid=95860) log_opt_values /opt/stack/data/venv/lib/python3.12/site-packages/oslo_config/cfg.py:3253}}
Jul 10 19:55:22.512157 np0000005051 nova-conductor[95860]: DEBUG cotyledon.oslo_config_glue [-] oslo_messaging_rabbit.ssl_enforce_hostname_verification = True {{(pid=95860) log_opt_values /opt/stack/data/venv/lib/python3.12/site-packages/oslo_config/cfg.py:3253}}
Jul 10 19:55:22.512157 np0000005051 nova-conductor[95860]: DEBUG cotyledon.oslo_config_glue [-] oslo_messaging_rabbit.ssl_key_file = {{(pid=95860) log_opt_values /opt/stack/data/venv/lib/python3.12/site-packages/oslo_config/cfg.py:3253}}
Jul 10 19:55:22.512443 np0000005051 nova-conductor[95860]: DEBUG cotyledon.oslo_config_glue [-] oslo_messaging_rabbit.ssl_version = {{(pid=95860) log_opt_values /opt/stack/data/venv/lib/python3.12/site-packages/oslo_config/cfg.py:3253}}
Jul 10 19:55:22.512443 np0000005051 nova-conductor[95860]: DEBUG cotyledon.oslo_config_glue [-] oslo_messaging_rabbit.use_queue_manager = False {{(pid=95860) log_opt_values /opt/stack/data/venv/lib/python3.12/site-packages/oslo_config/cfg.py:3253}}
Jul 10 19:55:22.512443 np0000005051 nova-conductor[95860]: DEBUG cotyledon.oslo_config_glue [-] oslo_messaging_notifications.driver = ['messagingv2'] {{(pid=95860) log_opt_values /opt/stack/data/venv/lib/python3.12/site-packages/oslo_config/cfg.py:3253}}
Jul 10 19:55:22.512443 np0000005051 nova-conductor[95860]: DEBUG cotyledon.oslo_config_glue [-] oslo_messaging_notifications.retry = -1 {{(pid=95860) log_opt_values /opt/stack/data/venv/lib/python3.12/site-packages/oslo_config/cfg.py:3253}}
Jul 10 19:55:22.512443 np0000005051 nova-conductor[95860]: DEBUG cotyledon.oslo_config_glue [-] oslo_messaging_notifications.topics = ['notifications'] {{(pid=95860) log_opt_values /opt/stack/data/venv/lib/python3.12/site-packages/oslo_config/cfg.py:3253}}
Jul 10 19:55:22.512443 np0000005051 nova-conductor[95860]: DEBUG cotyledon.oslo_config_glue [-] oslo_messaging_notifications.transport_url = **** {{(pid=95860) log_opt_values /opt/stack/data/venv/lib/python3.12/site-packages/oslo_config/cfg.py:3253}}
Jul 10 19:55:22.512443 np0000005051 nova-conductor[95860]: DEBUG cotyledon.oslo_config_glue [-] oslo_limit.auth_section = None {{(pid=95860) log_opt_values /opt/stack/data/venv/lib/python3.12/site-packages/oslo_config/cfg.py:3253}}
Jul 10 19:55:22.512443 np0000005051 nova-conductor[95860]: DEBUG cotyledon.oslo_config_glue [-] oslo_limit.auth_type = None {{(pid=95860) log_opt_values /opt/stack/data/venv/lib/python3.12/site-packages/oslo_config/cfg.py:3253}}
Jul 10 19:55:22.512443 np0000005051 nova-conductor[95860]: DEBUG cotyledon.oslo_config_glue [-] oslo_limit.cafile = None {{(pid=95860) log_opt_values /opt/stack/data/venv/lib/python3.12/site-packages/oslo_config/cfg.py:3253}}
Jul 10 19:55:22.512700 np0000005051 nova-conductor[95860]: DEBUG cotyledon.oslo_config_glue [-] oslo_limit.certfile = None {{(pid=95860) log_opt_values /opt/stack/data/venv/lib/python3.12/site-packages/oslo_config/cfg.py:3253}}
Jul 10 19:55:22.512700 np0000005051 nova-conductor[95860]: DEBUG cotyledon.oslo_config_glue [-] oslo_limit.collect_timing = False {{(pid=95860) log_opt_values /opt/stack/data/venv/lib/python3.12/site-packages/oslo_config/cfg.py:3253}}
Jul 10 19:55:22.512700 np0000005051 nova-conductor[95860]: DEBUG cotyledon.oslo_config_glue [-] oslo_limit.connect_retries = None {{(pid=95860) log_opt_values /opt/stack/data/venv/lib/python3.12/site-packages/oslo_config/cfg.py:3253}}
Jul 10 19:55:22.512700 np0000005051 nova-conductor[95860]: DEBUG cotyledon.oslo_config_glue [-] oslo_limit.connect_retry_delay = None {{(pid=95860) log_opt_values /opt/stack/data/venv/lib/python3.12/site-packages/oslo_config/cfg.py:3253}}
Jul 10 19:55:22.512700 np0000005051 nova-conductor[95860]: DEBUG cotyledon.oslo_config_glue [-] oslo_limit.endpoint_id = None {{(pid=95860) log_opt_values /opt/stack/data/venv/lib/python3.12/site-packages/oslo_config/cfg.py:3253}}
Jul 10 19:55:22.512700 np0000005051 nova-conductor[95860]: DEBUG cotyledon.oslo_config_glue [-] oslo_limit.endpoint_interface = public {{(pid=95860) log_opt_values /opt/stack/data/venv/lib/python3.12/site-packages/oslo_config/cfg.py:3253}}
Jul 10 19:55:22.512700 np0000005051 nova-conductor[95860]: DEBUG cotyledon.oslo_config_glue [-] oslo_limit.endpoint_override = None {{(pid=95860) log_opt_values /opt/stack/data/venv/lib/python3.12/site-packages/oslo_config/cfg.py:3253}}
Jul 10 19:55:22.512700 np0000005051 nova-conductor[95860]: DEBUG cotyledon.oslo_config_glue [-] oslo_limit.endpoint_region_name = None {{(pid=95860) log_opt_values /opt/stack/data/venv/lib/python3.12/site-packages/oslo_config/cfg.py:3253}}
Jul 10 19:55:22.512700 np0000005051 nova-conductor[95860]: DEBUG cotyledon.oslo_config_glue [-] oslo_limit.endpoint_service_name = None {{(pid=95860) log_opt_values /opt/stack/data/venv/lib/python3.12/site-packages/oslo_config/cfg.py:3253}}
Jul 10 19:55:22.512970 np0000005051 nova-conductor[95860]: DEBUG cotyledon.oslo_config_glue [-] oslo_limit.endpoint_service_type = None {{(pid=95860) log_opt_values /opt/stack/data/venv/lib/python3.12/site-packages/oslo_config/cfg.py:3253}}
Jul 10 19:55:22.512970 np0000005051 nova-conductor[95860]: DEBUG cotyledon.oslo_config_glue [-] oslo_limit.insecure = False {{(pid=95860) log_opt_values /opt/stack/data/venv/lib/python3.12/site-packages/oslo_config/cfg.py:3253}}
Jul 10 19:55:22.512970 np0000005051 nova-conductor[95860]: DEBUG cotyledon.oslo_config_glue [-] oslo_limit.keyfile = None {{(pid=95860) log_opt_values /opt/stack/data/venv/lib/python3.12/site-packages/oslo_config/cfg.py:3253}}
Jul 10 19:55:22.512970 np0000005051 nova-conductor[95860]: DEBUG cotyledon.oslo_config_glue [-] oslo_limit.max_version = None {{(pid=95860) log_opt_values /opt/stack/data/venv/lib/python3.12/site-packages/oslo_config/cfg.py:3253}}
Jul 10 19:55:22.512970 np0000005051 nova-conductor[95860]: DEBUG cotyledon.oslo_config_glue [-] oslo_limit.min_version = None {{(pid=95860) log_opt_values /opt/stack/data/venv/lib/python3.12/site-packages/oslo_config/cfg.py:3253}}
Jul 10 19:55:22.512970 np0000005051 nova-conductor[95860]: DEBUG cotyledon.oslo_config_glue [-] oslo_limit.region_name = None {{(pid=95860) log_opt_values /opt/stack/data/venv/lib/python3.12/site-packages/oslo_config/cfg.py:3253}}
Jul 10 19:55:22.512970 np0000005051 nova-conductor[95860]: DEBUG cotyledon.oslo_config_glue [-] oslo_limit.retriable_status_codes = None {{(pid=95860) log_opt_values /opt/stack/data/venv/lib/python3.12/site-packages/oslo_config/cfg.py:3253}}
Jul 10 19:55:22.512970 np0000005051 nova-conductor[95860]: DEBUG cotyledon.oslo_config_glue [-] oslo_limit.service_name = None {{(pid=95860) log_opt_values /opt/stack/data/venv/lib/python3.12/site-packages/oslo_config/cfg.py:3253}}
Jul 10 19:55:22.512970 np0000005051 nova-conductor[95860]: DEBUG cotyledon.oslo_config_glue [-] oslo_limit.service_type = None {{(pid=95860) log_opt_values /opt/stack/data/venv/lib/python3.12/site-packages/oslo_config/cfg.py:3253}}
Jul 10 19:55:22.513144 np0000005051 nova-conductor[95860]: DEBUG cotyledon.oslo_config_glue [-] oslo_limit.split_loggers = False {{(pid=95860) log_opt_values /opt/stack/data/venv/lib/python3.12/site-packages/oslo_config/cfg.py:3253}}
Jul 10 19:55:22.513144 np0000005051 nova-conductor[95860]: DEBUG cotyledon.oslo_config_glue [-] oslo_limit.status_code_retries = None {{(pid=95860) log_opt_values /opt/stack/data/venv/lib/python3.12/site-packages/oslo_config/cfg.py:3253}}
Jul 10 19:55:22.513144 np0000005051 nova-conductor[95860]: DEBUG cotyledon.oslo_config_glue [-] oslo_limit.status_code_retry_delay = None {{(pid=95860) log_opt_values /opt/stack/data/venv/lib/python3.12/site-packages/oslo_config/cfg.py:3253}}
Jul 10 19:55:22.513144 np0000005051 nova-conductor[95860]: DEBUG cotyledon.oslo_config_glue [-] oslo_limit.timeout = None {{(pid=95860) log_opt_values /opt/stack/data/venv/lib/python3.12/site-packages/oslo_config/cfg.py:3253}}
Jul 10 19:55:22.513277 np0000005051 nova-conductor[95860]: DEBUG cotyledon.oslo_config_glue [-] oslo_limit.valid_interfaces = None {{(pid=95860) log_opt_values /opt/stack/data/venv/lib/python3.12/site-packages/oslo_config/cfg.py:3253}}
Jul 10 19:55:22.513277 np0000005051 nova-conductor[95860]: DEBUG cotyledon.oslo_config_glue [-] oslo_limit.version = None {{(pid=95860) log_opt_values /opt/stack/data/venv/lib/python3.12/site-packages/oslo_config/cfg.py:3253}}
Jul 10 19:55:22.513369 np0000005051 nova-conductor[95860]: DEBUG cotyledon.oslo_config_glue [-] oslo_reports.file_event_handler = None {{(pid=95860) log_opt_values /opt/stack/data/venv/lib/python3.12/site-packages/oslo_config/cfg.py:3253}}
Jul 10 19:55:22.513369 np0000005051 nova-conductor[95860]: DEBUG cotyledon.oslo_config_glue [-] oslo_reports.file_event_handler_interval = 1 {{(pid=95860) log_opt_values /opt/stack/data/venv/lib/python3.12/site-packages/oslo_config/cfg.py:3253}}
Jul 10 19:55:22.513414 np0000005051 nova-conductor[95860]: DEBUG cotyledon.oslo_config_glue [-] oslo_reports.log_dir = None {{(pid=95860) log_opt_values /opt/stack/data/venv/lib/python3.12/site-packages/oslo_config/cfg.py:3253}}
Jul 10 19:55:22.513464 np0000005051 nova-conductor[95860]: DEBUG cotyledon.oslo_config_glue [-] ******************************************************************************** {{(pid=95860) log_opt_values /opt/stack/data/venv/lib/python3.12/site-packages/oslo_config/cfg.py:3260}}
Jul 10 19:55:22.513636 np0000005051 nova-conductor[95860]: DEBUG cotyledon._service_worker [-] Run service ServiceWrapper(2) [95860] {{(pid=95860) wait_forever /opt/stack/data/venv/lib/python3.12/site-packages/cotyledon/_service_worker.py:218}}
Jul 10 19:55:22.514325 np0000005051 nova-conductor[95836]: DEBUG oslo_db.sqlalchemy.engines [None req-4c854dfd-b348-4317-bafb-161ee9cada64 None None] MySQL server mode set to STRICT_TRANS_TABLES,STRICT_ALL_TABLES,NO_ZERO_IN_DATE,NO_ZERO_DATE,ERROR_FOR_DIVISION_BY_ZERO,TRADITIONAL,NO_ENGINE_SUBSTITUTION {{(pid=95836) _check_effective_sql_mode /opt/stack/data/venv/lib/python3.12/site-packages/oslo_db/sqlalchemy/engines.py:325}}
Jul 10 19:55:22.514849 np0000005051 nova-conductor[95860]: INFO nova.service [-] Starting conductor node (version 33.1.0)
Jul 10 19:55:22.519386 np0000005051 nova-conductor[95860]: INFO dbcounter [None req-630dad6c-bd27-49a1-a7e3-a1902b4125fc None None] Registered counter for database nova_cell0
Jul 10 19:55:22.523781 np0000005051 nova-conductor[95839]: DEBUG dbcounter [-] [95839] Writer thread running {{(pid=95839) stat_writer /opt/stack/data/venv/lib/python3.12/site-packages/dbcounter.py:102}}
Jul 10 19:55:22.526338 np0000005051 nova-conductor[95836]: DEBUG dbcounter [-] [95836] Writer thread running {{(pid=95836) stat_writer /opt/stack/data/venv/lib/python3.12/site-packages/dbcounter.py:102}}
Jul 10 19:55:22.543581 np0000005051 nova-conductor[95839]: DEBUG nova.service [None req-2db1b995-e21e-4e87-a854-fb5db7ac14eb None None] Creating RPC server for service: nova-conductor on topic: conductor {{(pid=95839) start /opt/stack/nova/nova/service.py:196}}
Jul 10 19:55:22.547694 np0000005051 nova-conductor[95836]: DEBUG nova.service [None req-4c854dfd-b348-4317-bafb-161ee9cada64 None None] Creating RPC server for service: nova-conductor on topic: conductor {{(pid=95836) start /opt/stack/nova/nova/service.py:196}}
Jul 10 19:55:22.564545 np0000005051 nova-conductor[95860]: DEBUG oslo_db.sqlalchemy.engines [None req-630dad6c-bd27-49a1-a7e3-a1902b4125fc None None] MySQL server mode set to STRICT_TRANS_TABLES,STRICT_ALL_TABLES,NO_ZERO_IN_DATE,NO_ZERO_DATE,ERROR_FOR_DIVISION_BY_ZERO,TRADITIONAL,NO_ENGINE_SUBSTITUTION {{(pid=95860) _check_effective_sql_mode /opt/stack/data/venv/lib/python3.12/site-packages/oslo_db/sqlalchemy/engines.py:325}}
Jul 10 19:55:22.570284 np0000005051 nova-conductor[95839]: DEBUG nova.service [None req-2db1b995-e21e-4e87-a854-fb5db7ac14eb None None] Join ServiceGroup membership for this service conductor {{(pid=95839) start /opt/stack/nova/nova/service.py:222}}
Jul 10 19:55:22.570483 np0000005051 nova-conductor[95839]: DEBUG nova.servicegroup.drivers.db [None req-2db1b995-e21e-4e87-a854-fb5db7ac14eb None None] DB_Driver: join new ServiceGroup member np0000005051 to the conductor group, service = {{(pid=95839) join /opt/stack/nova/nova/servicegroup/drivers/db.py:44}}
Jul 10 19:55:22.575581 np0000005051 nova-conductor[95836]: DEBUG nova.service [None req-4c854dfd-b348-4317-bafb-161ee9cada64 None None] Join ServiceGroup membership for this service conductor {{(pid=95836) start /opt/stack/nova/nova/service.py:222}}
Jul 10 19:55:22.575868 np0000005051 nova-conductor[95836]: DEBUG nova.servicegroup.drivers.db [None req-4c854dfd-b348-4317-bafb-161ee9cada64 None None] DB_Driver: join new ServiceGroup member np0000005051 to the conductor group, service = {{(pid=95836) join /opt/stack/nova/nova/servicegroup/drivers/db.py:44}}
Jul 10 19:55:22.577030 np0000005051 nova-conductor[95860]: DEBUG dbcounter [-] [95860] Writer thread running {{(pid=95860) stat_writer /opt/stack/data/venv/lib/python3.12/site-packages/dbcounter.py:102}}
Jul 10 19:55:22.580533 np0000005051 nova-conductor[95860]: DEBUG nova.service [None req-630dad6c-bd27-49a1-a7e3-a1902b4125fc None None] Creating RPC server for service: nova-conductor on topic: conductor {{(pid=95860) start /opt/stack/nova/nova/service.py:196}}
Jul 10 19:55:22.599645 np0000005051 nova-conductor[95860]: DEBUG nova.service [None req-630dad6c-bd27-49a1-a7e3-a1902b4125fc None None] Join ServiceGroup membership for this service conductor {{(pid=95860) start /opt/stack/nova/nova/service.py:222}}
Jul 10 19:55:22.599842 np0000005051 nova-conductor[95860]: DEBUG nova.servicegroup.drivers.db [None req-630dad6c-bd27-49a1-a7e3-a1902b4125fc None None] DB_Driver: join new ServiceGroup member np0000005051 to the conductor group, service = {{(pid=95860) join /opt/stack/nova/nova/servicegroup/drivers/db.py:44}}
Jul 10 19:55:27.589066 np0000005051 nova-conductor[95839]: DEBUG oslo.service.backend._threading.loopingcall [-] Fixed interval looping call 'nova.servicegroup.drivers.db.DbDriver._report_state' sleeping for 119.98 seconds {{(pid=95839) _run_loop /opt/stack/data/venv/lib/python3.12/site-packages/oslo_service/backend/_threading/loopingcall.py:125}}
Jul 10 19:55:27.589955 np0000005051 nova-conductor[95836]: DEBUG oslo.service.backend._threading.loopingcall [-] Fixed interval looping call 'nova.servicegroup.drivers.db.DbDriver._report_state' sleeping for 119.99 seconds {{(pid=95836) _run_loop /opt/stack/data/venv/lib/python3.12/site-packages/oslo_service/backend/_threading/loopingcall.py:125}}
Jul 10 19:55:27.612964 np0000005051 nova-conductor[95860]: DEBUG oslo.service.backend._threading.loopingcall [-] Fixed interval looping call 'nova.servicegroup.drivers.db.DbDriver._report_state' sleeping for 119.99 seconds {{(pid=95860) _run_loop /opt/stack/data/venv/lib/python3.12/site-packages/oslo_service/backend/_threading/loopingcall.py:125}}
Jul 10 19:55:31.060575 np0000005051 nova-conductor[94277]: DEBUG dbcounter [-] [94277] Writing DB stats nova_api:SELECT=1 {{(pid=94277) stat_writer /opt/stack/data/venv/lib/python3.12/site-packages/dbcounter.py:115}}
Jul 10 19:55:31.224261 np0000005051 nova-conductor[94277]: DEBUG dbcounter [-] [94277] Writing DB stats nova_cell1:SELECT=1 {{(pid=94277) stat_writer /opt/stack/data/venv/lib/python3.12/site-packages/dbcounter.py:115}}
Jul 10 19:55:31.230070 np0000005051 nova-conductor[94277]: DEBUG dbcounter [-] [94277] Writing DB stats nova_cell0:SELECT=1 {{(pid=94277) stat_writer /opt/stack/data/venv/lib/python3.12/site-packages/dbcounter.py:115}}
Jul 10 19:55:37.584721 np0000005051 nova-conductor[95839]: DEBUG dbcounter [-] [95839] Writing DB stats nova_cell0:SELECT=4,nova_cell0:INSERT=1,nova_cell0:UPDATE=1 {{(pid=95839) stat_writer /opt/stack/data/venv/lib/python3.12/site-packages/dbcounter.py:115}}
Jul 10 19:55:37.587254 np0000005051 nova-conductor[95836]: DEBUG dbcounter [-] [95836] Writing DB stats nova_cell0:SELECT=5,nova_cell0:INSERT=1,nova_cell0:UPDATE=1 {{(pid=95836) stat_writer /opt/stack/data/venv/lib/python3.12/site-packages/dbcounter.py:115}}
Jul 10 19:55:37.609570 np0000005051 nova-conductor[95860]: DEBUG dbcounter [-] [95860] Writing DB stats nova_cell0:SELECT=3 {{(pid=95860) stat_writer /opt/stack/data/venv/lib/python3.12/site-packages/dbcounter.py:115}}
Jul 10 19:55:48.578045 np0000005051 nova-conductor[95836]: DEBUG oslo.service.backend._threading.loopingcall [None req-fb309c95-b66e-49be-9158-99f2c7c038b3 None None] Dynamic interval looping call 'nova.service.Service.periodic_tasks' sleeping for 60.00 seconds {{(pid=95836) _run_loop /opt/stack/data/venv/lib/python3.12/site-packages/oslo_service/backend/_threading/loopingcall.py:125}}
Jul 10 19:55:50.572666 np0000005051 nova-conductor[95839]: DEBUG oslo.service.backend._threading.loopingcall [None req-46f0354d-804e-480a-9320-66733e1cb32f None None] Dynamic interval looping call 'nova.service.Service.periodic_tasks' sleeping for 60.00 seconds {{(pid=95839) _run_loop /opt/stack/data/venv/lib/python3.12/site-packages/oslo_service/backend/_threading/loopingcall.py:125}}
Jul 10 19:56:02.602344 np0000005051 nova-conductor[95860]: DEBUG oslo.service.backend._threading.loopingcall [None req-9f2a9a5b-8ff9-4507-8512-0d303479c21a None None] Dynamic interval looping call 'nova.service.Service.periodic_tasks' sleeping for 60.00 seconds {{(pid=95860) _run_loop /opt/stack/data/venv/lib/python3.12/site-packages/oslo_service/backend/_threading/loopingcall.py:125}}
Jul 10 19:56:48.578569 np0000005051 nova-conductor[95836]: DEBUG oslo.service.backend._threading.loopingcall [None req-fb309c95-b66e-49be-9158-99f2c7c038b3 None None] Dynamic interval looping call 'nova.service.Service.periodic_tasks' sleeping for 60.00 seconds {{(pid=95836) _run_loop /opt/stack/data/venv/lib/python3.12/site-packages/oslo_service/backend/_threading/loopingcall.py:125}}
Jul 10 19:56:50.573280 np0000005051 nova-conductor[95839]: DEBUG oslo.service.backend._threading.loopingcall [None req-46f0354d-804e-480a-9320-66733e1cb32f None None] Dynamic interval looping call 'nova.service.Service.periodic_tasks' sleeping for 60.00 seconds {{(pid=95839) _run_loop /opt/stack/data/venv/lib/python3.12/site-packages/oslo_service/backend/_threading/loopingcall.py:125}}
Jul 10 19:57:02.603047 np0000005051 nova-conductor[95860]: DEBUG oslo.service.backend._threading.loopingcall [None req-9f2a9a5b-8ff9-4507-8512-0d303479c21a None None] Dynamic interval looping call 'nova.service.Service.periodic_tasks' sleeping for 60.00 seconds {{(pid=95860) _run_loop /opt/stack/data/venv/lib/python3.12/site-packages/oslo_service/backend/_threading/loopingcall.py:125}}
Jul 10 19:57:27.577107 np0000005051 nova-conductor[95839]: DEBUG oslo.service.backend._threading.loopingcall [-] Fixed interval looping call 'nova.servicegroup.drivers.db.DbDriver._report_state' sleeping for 119.99 seconds {{(pid=95839) _run_loop /opt/stack/data/venv/lib/python3.12/site-packages/oslo_service/backend/_threading/loopingcall.py:125}}
Jul 10 19:57:27.586229 np0000005051 nova-conductor[95836]: DEBUG oslo.service.backend._threading.loopingcall [-] Fixed interval looping call 'nova.servicegroup.drivers.db.DbDriver._report_state' sleeping for 119.99 seconds {{(pid=95836) _run_loop /opt/stack/data/venv/lib/python3.12/site-packages/oslo_service/backend/_threading/loopingcall.py:125}}
Jul 10 19:57:27.607335 np0000005051 nova-conductor[95860]: DEBUG oslo.service.backend._threading.loopingcall [-] Fixed interval looping call 'nova.servicegroup.drivers.db.DbDriver._report_state' sleeping for 120.00 seconds {{(pid=95860) _run_loop /opt/stack/data/venv/lib/python3.12/site-packages/oslo_service/backend/_threading/loopingcall.py:125}}
Jul 10 19:57:37.572699 np0000005051 nova-conductor[95839]: DEBUG dbcounter [-] [95839] Writing DB stats nova_cell0:SELECT=1,nova_cell0:UPDATE=1 {{(pid=95839) stat_writer /opt/stack/data/venv/lib/python3.12/site-packages/dbcounter.py:115}}
Jul 10 19:57:37.582535 np0000005051 nova-conductor[95836]: DEBUG dbcounter [-] [95836] Writing DB stats nova_cell0:SELECT=1 {{(pid=95836) stat_writer /opt/stack/data/venv/lib/python3.12/site-packages/dbcounter.py:115}}
Jul 10 19:57:37.606106 np0000005051 nova-conductor[95860]: DEBUG dbcounter [-] [95860] Writing DB stats nova_cell0:SELECT=1 {{(pid=95860) stat_writer /opt/stack/data/venv/lib/python3.12/site-packages/dbcounter.py:115}}
Jul 10 19:57:48.579246 np0000005051 nova-conductor[95836]: DEBUG oslo.service.backend._threading.loopingcall [None req-fb309c95-b66e-49be-9158-99f2c7c038b3 None None] Dynamic interval looping call 'nova.service.Service.periodic_tasks' sleeping for 60.00 seconds {{(pid=95836) _run_loop /opt/stack/data/venv/lib/python3.12/site-packages/oslo_service/backend/_threading/loopingcall.py:125}}
Jul 10 19:57:50.573830 np0000005051 nova-conductor[95839]: DEBUG oslo.service.backend._threading.loopingcall [None req-46f0354d-804e-480a-9320-66733e1cb32f None None] Dynamic interval looping call 'nova.service.Service.periodic_tasks' sleeping for 60.00 seconds {{(pid=95839) _run_loop /opt/stack/data/venv/lib/python3.12/site-packages/oslo_service/backend/_threading/loopingcall.py:125}}
Jul 10 19:58:02.603693 np0000005051 nova-conductor[95860]: DEBUG oslo.service.backend._threading.loopingcall [None req-9f2a9a5b-8ff9-4507-8512-0d303479c21a None None] Dynamic interval looping call 'nova.service.Service.periodic_tasks' sleeping for 60.00 seconds {{(pid=95860) _run_loop /opt/stack/data/venv/lib/python3.12/site-packages/oslo_service/backend/_threading/loopingcall.py:125}}
Jul 10 19:58:03.467373 np0000005051 nova-conductor[95839]: DEBUG oslo_db.sqlalchemy.engines [None req-65635552-40ed-4bb9-9a39-68eea7add32e tempest-DeleteServersTestJSON-500499825 tempest-DeleteServersTestJSON-500499825-project-member] Parent process 94277 forked (95839) with an open database connection, which is being discarded and recreated. {{(pid=95839) checkout /opt/stack/data/venv/lib/python3.12/site-packages/oslo_db/sqlalchemy/engines.py:402}}
Jul 10 19:58:03.517471 np0000005051 nova-conductor[95839]: DEBUG dbcounter [-] [95839] Writer thread running {{(pid=95839) stat_writer /opt/stack/data/venv/lib/python3.12/site-packages/dbcounter.py:102}}
Jul 10 19:58:05.058822 np0000005051 nova-conductor[95839]: DEBUG nova.conductor.manager [None req-65635552-40ed-4bb9-9a39-68eea7add32e tempest-DeleteServersTestJSON-500499825 tempest-DeleteServersTestJSON-500499825-project-member] Took 1.54 seconds to select destinations for 1 instance(s). {{(pid=95839) _schedule_instances /opt/stack/nova/nova/conductor/manager.py:968}}
Jul 10 19:58:05.087693 np0000005051 nova-conductor[95839]: DEBUG oslo_concurrency.lockutils [None req-65635552-40ed-4bb9-9a39-68eea7add32e tempest-DeleteServersTestJSON-500499825 tempest-DeleteServersTestJSON-500499825-project-member] Acquiring lock "daf0014a-4b56-4e69-ba67-ec5fca5e0920" by "nova.context.set_target_cell..get_or_set_cached_cell_and_set_connections" {{(pid=95839) inner /opt/stack/data/venv/lib/python3.12/site-packages/oslo_concurrency/lockutils.py:511}}
Jul 10 19:58:05.087821 np0000005051 nova-conductor[95839]: DEBUG oslo_concurrency.lockutils [None req-65635552-40ed-4bb9-9a39-68eea7add32e tempest-DeleteServersTestJSON-500499825 tempest-DeleteServersTestJSON-500499825-project-member] Lock "daf0014a-4b56-4e69-ba67-ec5fca5e0920" acquired by "nova.context.set_target_cell..get_or_set_cached_cell_and_set_connections" :: waited 0.000s {{(pid=95839) inner /opt/stack/data/venv/lib/python3.12/site-packages/oslo_concurrency/lockutils.py:524}}
Jul 10 19:58:05.089152 np0000005051 nova-conductor[95839]: DEBUG oslo_concurrency.lockutils [None req-65635552-40ed-4bb9-9a39-68eea7add32e tempest-DeleteServersTestJSON-500499825 tempest-DeleteServersTestJSON-500499825-project-member] Lock "daf0014a-4b56-4e69-ba67-ec5fca5e0920" "released" by "nova.context.set_target_cell..get_or_set_cached_cell_and_set_connections" :: held 0.001s {{(pid=95839) inner /opt/stack/data/venv/lib/python3.12/site-packages/oslo_concurrency/lockutils.py:543}}
Jul 10 19:58:05.091187 np0000005051 nova-conductor[95839]: INFO dbcounter [None req-65635552-40ed-4bb9-9a39-68eea7add32e tempest-DeleteServersTestJSON-500499825 tempest-DeleteServersTestJSON-500499825-project-member] Registered counter for database nova_cell1
Jul 10 19:58:05.124242 np0000005051 nova-conductor[95839]: DEBUG oslo_db.sqlalchemy.engines [None req-65635552-40ed-4bb9-9a39-68eea7add32e tempest-DeleteServersTestJSON-500499825 tempest-DeleteServersTestJSON-500499825-project-member] MySQL server mode set to STRICT_TRANS_TABLES,STRICT_ALL_TABLES,NO_ZERO_IN_DATE,NO_ZERO_DATE,ERROR_FOR_DIVISION_BY_ZERO,TRADITIONAL,NO_ENGINE_SUBSTITUTION {{(pid=95839) _check_effective_sql_mode /opt/stack/data/venv/lib/python3.12/site-packages/oslo_db/sqlalchemy/engines.py:325}}
Jul 10 19:58:05.132739 np0000005051 nova-conductor[95839]: DEBUG dbcounter [-] [95839] Writer thread running {{(pid=95839) stat_writer /opt/stack/data/venv/lib/python3.12/site-packages/dbcounter.py:102}}
Jul 10 19:58:05.218565 np0000005051 nova-conductor[95839]: INFO nova.utils [None req-65635552-40ed-4bb9-9a39-68eea7add32e tempest-DeleteServersTestJSON-500499825 tempest-DeleteServersTestJSON-500499825-project-member] The cell worker thread pool ForkProcess-2.cell_worker is initialized
Jul 10 19:58:05.219122 np0000005051 nova-conductor[95839]: DEBUG oslo_concurrency.lockutils [None req-65635552-40ed-4bb9-9a39-68eea7add32e tempest-DeleteServersTestJSON-500499825 tempest-DeleteServersTestJSON-500499825-project-member] Acquiring lock "00000000-0000-0000-0000-000000000000" by "nova.context.set_target_cell..get_or_set_cached_cell_and_set_connections" {{(pid=95839) inner /opt/stack/data/venv/lib/python3.12/site-packages/oslo_concurrency/lockutils.py:511}}
Jul 10 19:58:05.219484 np0000005051 nova-conductor[95839]: DEBUG oslo_concurrency.lockutils [None req-65635552-40ed-4bb9-9a39-68eea7add32e tempest-DeleteServersTestJSON-500499825 tempest-DeleteServersTestJSON-500499825-project-member] Lock "00000000-0000-0000-0000-000000000000" acquired by "nova.context.set_target_cell..get_or_set_cached_cell_and_set_connections" :: waited 0.000s {{(pid=95839) inner /opt/stack/data/venv/lib/python3.12/site-packages/oslo_concurrency/lockutils.py:524}}
Jul 10 19:58:05.220049 np0000005051 nova-conductor[95839]: DEBUG oslo_concurrency.lockutils [None req-65635552-40ed-4bb9-9a39-68eea7add32e tempest-DeleteServersTestJSON-500499825 tempest-DeleteServersTestJSON-500499825-project-member] Lock "00000000-0000-0000-0000-000000000000" "released" by "nova.context.set_target_cell..get_or_set_cached_cell_and_set_connections" :: held 0.001s {{(pid=95839) inner /opt/stack/data/venv/lib/python3.12/site-packages/oslo_concurrency/lockutils.py:543}}
Jul 10 19:58:05.221106 np0000005051 nova-conductor[95839]: DEBUG oslo_concurrency.lockutils [None req-65635552-40ed-4bb9-9a39-68eea7add32e tempest-DeleteServersTestJSON-500499825 tempest-DeleteServersTestJSON-500499825-project-member] Acquiring lock "daf0014a-4b56-4e69-ba67-ec5fca5e0920" by "nova.context.set_target_cell..get_or_set_cached_cell_and_set_connections" {{(pid=95839) inner /opt/stack/data/venv/lib/python3.12/site-packages/oslo_concurrency/lockutils.py:511}}
Jul 10 19:58:05.221526 np0000005051 nova-conductor[95839]: DEBUG oslo_concurrency.lockutils [None req-65635552-40ed-4bb9-9a39-68eea7add32e tempest-DeleteServersTestJSON-500499825 tempest-DeleteServersTestJSON-500499825-project-member] Lock "daf0014a-4b56-4e69-ba67-ec5fca5e0920" acquired by "nova.context.set_target_cell..get_or_set_cached_cell_and_set_connections" :: waited 0.000s {{(pid=95839) inner /opt/stack/data/venv/lib/python3.12/site-packages/oslo_concurrency/lockutils.py:524}}
Jul 10 19:58:05.221827 np0000005051 nova-conductor[95839]: DEBUG oslo_concurrency.lockutils [None req-65635552-40ed-4bb9-9a39-68eea7add32e tempest-DeleteServersTestJSON-500499825 tempest-DeleteServersTestJSON-500499825-project-member] Lock "daf0014a-4b56-4e69-ba67-ec5fca5e0920" "released" by "nova.context.set_target_cell..get_or_set_cached_cell_and_set_connections" :: held 0.000s {{(pid=95839) inner /opt/stack/data/venv/lib/python3.12/site-packages/oslo_concurrency/lockutils.py:543}}
Jul 10 19:58:05.223951 np0000005051 nova-conductor[95839]: INFO dbcounter [None req-65635552-40ed-4bb9-9a39-68eea7add32e tempest-DeleteServersTestJSON-500499825 tempest-DeleteServersTestJSON-500499825-project-member] Registered counter for database nova_cell0
Jul 10 19:58:05.265985 np0000005051 nova-conductor[95839]: DEBUG oslo_db.sqlalchemy.engines [None req-65635552-40ed-4bb9-9a39-68eea7add32e tempest-DeleteServersTestJSON-500499825 tempest-DeleteServersTestJSON-500499825-project-member] MySQL server mode set to STRICT_TRANS_TABLES,STRICT_ALL_TABLES,NO_ZERO_IN_DATE,NO_ZERO_DATE,ERROR_FOR_DIVISION_BY_ZERO,TRADITIONAL,NO_ENGINE_SUBSTITUTION {{(pid=95839) _check_effective_sql_mode /opt/stack/data/venv/lib/python3.12/site-packages/oslo_db/sqlalchemy/engines.py:325}}
Jul 10 19:58:05.276584 np0000005051 nova-conductor[95839]: DEBUG dbcounter [-] [95839] Writer thread running {{(pid=95839) stat_writer /opt/stack/data/venv/lib/python3.12/site-packages/dbcounter.py:102}}
Jul 10 19:58:05.288178 np0000005051 nova-conductor[95839]: DEBUG nova.quota [None req-65635552-40ed-4bb9-9a39-68eea7add32e tempest-DeleteServersTestJSON-500499825 tempest-DeleteServersTestJSON-500499825-project-member] Getting quotas for project 166b2303e4c2450e8b7cde020c331bed. Resources: {'instances', 'cores', 'ram'} {{(pid=95839) _get_quotas /opt/stack/nova/nova/quota.py:389}}
Jul 10 19:58:05.292143 np0000005051 nova-conductor[95839]: DEBUG nova.quota [None req-65635552-40ed-4bb9-9a39-68eea7add32e tempest-DeleteServersTestJSON-500499825 tempest-DeleteServersTestJSON-500499825-project-member] Getting quotas for user c73e851d7b0f4d6ea12362a6a39b06af and project 166b2303e4c2450e8b7cde020c331bed. Resources: {'instances', 'cores', 'ram'} {{(pid=95839) _get_quotas /opt/stack/nova/nova/quota.py:379}}
Jul 10 19:58:05.300555 np0000005051 nova-conductor[95839]: DEBUG nova.conductor.manager [None req-65635552-40ed-4bb9-9a39-68eea7add32e tempest-DeleteServersTestJSON-500499825 tempest-DeleteServersTestJSON-500499825-project-member] [instance: 7367f47d-0aad-427c-8831-7525f551a6ce] Selected host: np0000005051; Selected node: np0000005051; Alternates: [] {{(pid=95839) schedule_and_build_instances /opt/stack/nova/nova/conductor/manager.py:1784}}
Jul 10 19:58:05.301630 np0000005051 nova-conductor[95839]: DEBUG oslo_concurrency.lockutils [None req-65635552-40ed-4bb9-9a39-68eea7add32e tempest-DeleteServersTestJSON-500499825 tempest-DeleteServersTestJSON-500499825-project-member] Acquiring lock "daf0014a-4b56-4e69-ba67-ec5fca5e0920" by "nova.context.set_target_cell..get_or_set_cached_cell_and_set_connections" {{(pid=95839) inner /opt/stack/data/venv/lib/python3.12/site-packages/oslo_concurrency/lockutils.py:511}}
Jul 10 19:58:05.302203 np0000005051 nova-conductor[95839]: DEBUG oslo_concurrency.lockutils [None req-65635552-40ed-4bb9-9a39-68eea7add32e tempest-DeleteServersTestJSON-500499825 tempest-DeleteServersTestJSON-500499825-project-member] Lock "daf0014a-4b56-4e69-ba67-ec5fca5e0920" acquired by "nova.context.set_target_cell..get_or_set_cached_cell_and_set_connections" :: waited 0.000s {{(pid=95839) inner /opt/stack/data/venv/lib/python3.12/site-packages/oslo_concurrency/lockutils.py:524}}
Jul 10 19:58:05.302430 np0000005051 nova-conductor[95839]: DEBUG oslo_concurrency.lockutils [None req-65635552-40ed-4bb9-9a39-68eea7add32e tempest-DeleteServersTestJSON-500499825 tempest-DeleteServersTestJSON-500499825-project-member] Lock "daf0014a-4b56-4e69-ba67-ec5fca5e0920" "released" by "nova.context.set_target_cell..get_or_set_cached_cell_and_set_connections" :: held 0.001s {{(pid=95839) inner /opt/stack/data/venv/lib/python3.12/site-packages/oslo_concurrency/lockutils.py:543}}
Jul 10 19:58:05.313208 np0000005051 nova-conductor[95839]: DEBUG nova.conductor.manager [None req-65635552-40ed-4bb9-9a39-68eea7add32e tempest-DeleteServersTestJSON-500499825 tempest-DeleteServersTestJSON-500499825-project-member] [instance: 7367f47d-0aad-427c-8831-7525f551a6ce] block_device_mapping [BlockDeviceMapping(attachment_id=,boot_index=0,connection_info=None,created_at=,delete_on_termination=True,deleted=,deleted_at=,destination_type='local',device_name=None,device_type='disk',disk_bus=None,encrypted=False,encryption_format=None,encryption_options=None,encryption_secret_uuid=None,guest_format=None,id=,image_id='efb2cb6b-5b08-4aeb-8ae3-79668ce2d8ee',instance=,instance_uuid=,no_device=False,snapshot_id=None,source_type='image',tag=None,updated_at=,uuid=,volume_id=None,volume_size=None,volume_type=None)] {{(pid=95839) _create_block_device_mapping /opt/stack/nova/nova/conductor/manager.py:1529}}
Jul 10 19:58:05.314883 np0000005051 nova-conductor[95839]: DEBUG oslo_concurrency.lockutils [None req-65635552-40ed-4bb9-9a39-68eea7add32e tempest-DeleteServersTestJSON-500499825 tempest-DeleteServersTestJSON-500499825-project-member] Acquiring lock "daf0014a-4b56-4e69-ba67-ec5fca5e0920" by "nova.context.set_target_cell..get_or_set_cached_cell_and_set_connections" {{(pid=95839) inner /opt/stack/data/venv/lib/python3.12/site-packages/oslo_concurrency/lockutils.py:511}}
Jul 10 19:58:05.315043 np0000005051 nova-conductor[95839]: DEBUG oslo_concurrency.lockutils [None req-65635552-40ed-4bb9-9a39-68eea7add32e tempest-DeleteServersTestJSON-500499825 tempest-DeleteServersTestJSON-500499825-project-member] Lock "daf0014a-4b56-4e69-ba67-ec5fca5e0920" acquired by "nova.context.set_target_cell..get_or_set_cached_cell_and_set_connections" :: waited 0.000s {{(pid=95839) inner /opt/stack/data/venv/lib/python3.12/site-packages/oslo_concurrency/lockutils.py:524}}
Jul 10 19:58:05.315144 np0000005051 nova-conductor[95839]: DEBUG oslo_concurrency.lockutils [None req-65635552-40ed-4bb9-9a39-68eea7add32e tempest-DeleteServersTestJSON-500499825 tempest-DeleteServersTestJSON-500499825-project-member] Lock "daf0014a-4b56-4e69-ba67-ec5fca5e0920" "released" by "nova.context.set_target_cell..get_or_set_cached_cell_and_set_connections" :: held 0.000s {{(pid=95839) inner /opt/stack/data/venv/lib/python3.12/site-packages/oslo_concurrency/lockutils.py:543}}
Jul 10 19:58:05.365341 np0000005051 nova-conductor[95839]: DEBUG oslo_concurrency.lockutils [None req-65635552-40ed-4bb9-9a39-68eea7add32e tempest-DeleteServersTestJSON-500499825 tempest-DeleteServersTestJSON-500499825-project-member] Acquiring lock "daf0014a-4b56-4e69-ba67-ec5fca5e0920" by "nova.context.set_target_cell..get_or_set_cached_cell_and_set_connections" {{(pid=95839) inner /opt/stack/data/venv/lib/python3.12/site-packages/oslo_concurrency/lockutils.py:511}}
Jul 10 19:58:05.365848 np0000005051 nova-conductor[95839]: DEBUG oslo_concurrency.lockutils [None req-65635552-40ed-4bb9-9a39-68eea7add32e tempest-DeleteServersTestJSON-500499825 tempest-DeleteServersTestJSON-500499825-project-member] Lock "daf0014a-4b56-4e69-ba67-ec5fca5e0920" acquired by "nova.context.set_target_cell..get_or_set_cached_cell_and_set_connections" :: waited 0.000s {{(pid=95839) inner /opt/stack/data/venv/lib/python3.12/site-packages/oslo_concurrency/lockutils.py:524}}
Jul 10 19:58:05.366012 np0000005051 nova-conductor[95839]: DEBUG oslo_concurrency.lockutils [None req-65635552-40ed-4bb9-9a39-68eea7add32e tempest-DeleteServersTestJSON-500499825 tempest-DeleteServersTestJSON-500499825-project-member] Lock "daf0014a-4b56-4e69-ba67-ec5fca5e0920" "released" by "nova.context.set_target_cell..get_or_set_cached_cell_and_set_connections" :: held 0.000s {{(pid=95839) inner /opt/stack/data/venv/lib/python3.12/site-packages/oslo_concurrency/lockutils.py:543}}
Jul 10 19:58:05.366627 np0000005051 nova-conductor[95839]: DEBUG oslo_concurrency.lockutils [None req-65635552-40ed-4bb9-9a39-68eea7add32e tempest-DeleteServersTestJSON-500499825 tempest-DeleteServersTestJSON-500499825-project-member] Acquiring lock "compute-rpcapi-router" {{(pid=95839) lock /opt/stack/data/venv/lib/python3.12/site-packages/oslo_concurrency/lockutils.py:395}}
Jul 10 19:58:05.366627 np0000005051 nova-conductor[95839]: DEBUG oslo_concurrency.lockutils [None req-65635552-40ed-4bb9-9a39-68eea7add32e tempest-DeleteServersTestJSON-500499825 tempest-DeleteServersTestJSON-500499825-project-member] Acquired lock "compute-rpcapi-router" {{(pid=95839) lock /opt/stack/data/venv/lib/python3.12/site-packages/oslo_concurrency/lockutils.py:398}}
Jul 10 19:58:05.367030 np0000005051 nova-conductor[95839]: DEBUG oslo_concurrency.lockutils [None req-0ca62697-a7f9-40a8-b248-3f2a80903dc2 None None] Acquiring lock "00000000-0000-0000-0000-000000000000" by "nova.context.set_target_cell..get_or_set_cached_cell_and_set_connections" {{(pid=95839) inner /opt/stack/data/venv/lib/python3.12/site-packages/oslo_concurrency/lockutils.py:511}}
Jul 10 19:58:05.367453 np0000005051 nova-conductor[95839]: DEBUG oslo_concurrency.lockutils [None req-0ca62697-a7f9-40a8-b248-3f2a80903dc2 None None] Lock "00000000-0000-0000-0000-000000000000" acquired by "nova.context.set_target_cell..get_or_set_cached_cell_and_set_connections" :: waited 0.000s {{(pid=95839) inner /opt/stack/data/venv/lib/python3.12/site-packages/oslo_concurrency/lockutils.py:524}}
Jul 10 19:58:05.367453 np0000005051 nova-conductor[95839]: DEBUG oslo_concurrency.lockutils [None req-0ca62697-a7f9-40a8-b248-3f2a80903dc2 None None] Lock "00000000-0000-0000-0000-000000000000" "released" by "nova.context.set_target_cell..get_or_set_cached_cell_and_set_connections" :: held 0.000s {{(pid=95839) inner /opt/stack/data/venv/lib/python3.12/site-packages/oslo_concurrency/lockutils.py:543}}
Jul 10 19:58:05.368163 np0000005051 nova-conductor[95839]: DEBUG oslo_concurrency.lockutils [None req-0ca62697-a7f9-40a8-b248-3f2a80903dc2 None None] Acquiring lock "daf0014a-4b56-4e69-ba67-ec5fca5e0920" by "nova.context.set_target_cell..get_or_set_cached_cell_and_set_connections" {{(pid=95839) inner /opt/stack/data/venv/lib/python3.12/site-packages/oslo_concurrency/lockutils.py:511}}
Jul 10 19:58:05.369357 np0000005051 nova-conductor[95839]: DEBUG oslo_concurrency.lockutils [None req-0ca62697-a7f9-40a8-b248-3f2a80903dc2 None None] Lock "daf0014a-4b56-4e69-ba67-ec5fca5e0920" acquired by "nova.context.set_target_cell..get_or_set_cached_cell_and_set_connections" :: waited 0.001s {{(pid=95839) inner /opt/stack/data/venv/lib/python3.12/site-packages/oslo_concurrency/lockutils.py:524}}
Jul 10 19:58:05.369569 np0000005051 nova-conductor[95839]: DEBUG oslo_concurrency.lockutils [None req-0ca62697-a7f9-40a8-b248-3f2a80903dc2 None None] Lock "daf0014a-4b56-4e69-ba67-ec5fca5e0920" "released" by "nova.context.set_target_cell..get_or_set_cached_cell_and_set_connections" :: held 0.000s {{(pid=95839) inner /opt/stack/data/venv/lib/python3.12/site-packages/oslo_concurrency/lockutils.py:543}}
Jul 10 19:58:05.376464 np0000005051 nova-conductor[95839]: INFO nova.compute.rpcapi [None req-0ca62697-a7f9-40a8-b248-3f2a80903dc2 None None] Automatically selected compute RPC version 6.5 from minimum service version 72
Jul 10 19:58:05.377121 np0000005051 nova-conductor[95839]: DEBUG oslo_concurrency.lockutils [None req-0ca62697-a7f9-40a8-b248-3f2a80903dc2 None None] Releasing lock "compute-rpcapi-router" {{(pid=95839) lock /opt/stack/data/venv/lib/python3.12/site-packages/oslo_concurrency/lockutils.py:418}}
Jul 10 19:58:06.611779 np0000005051 nova-conductor[95836]: DEBUG dbcounter [-] [95836] Writer thread running {{(pid=95836) stat_writer /opt/stack/data/venv/lib/python3.12/site-packages/dbcounter.py:102}}
Jul 10 19:58:07.646869 np0000005051 nova-conductor[95836]: DEBUG nova.conductor.manager [None req-17a1ecbf-b7b3-4b7d-87f9-fa111f954dd7 tempest-ServerActionsTestOtherA-1354501128 tempest-ServerActionsTestOtherA-1354501128-project-member] Took 1.03 seconds to select destinations for 1 instance(s). {{(pid=95836) _schedule_instances /opt/stack/nova/nova/conductor/manager.py:968}}
Jul 10 19:58:07.707398 np0000005051 nova-conductor[95836]: DEBUG oslo_concurrency.lockutils [None req-17a1ecbf-b7b3-4b7d-87f9-fa111f954dd7 tempest-ServerActionsTestOtherA-1354501128 tempest-ServerActionsTestOtherA-1354501128-project-member] Acquiring lock "daf0014a-4b56-4e69-ba67-ec5fca5e0920" by "nova.context.set_target_cell..get_or_set_cached_cell_and_set_connections" {{(pid=95836) inner /opt/stack/data/venv/lib/python3.12/site-packages/oslo_concurrency/lockutils.py:511}}
Jul 10 19:58:07.707398 np0000005051 nova-conductor[95836]: DEBUG oslo_concurrency.lockutils [None req-17a1ecbf-b7b3-4b7d-87f9-fa111f954dd7 tempest-ServerActionsTestOtherA-1354501128 tempest-ServerActionsTestOtherA-1354501128-project-member] Lock "daf0014a-4b56-4e69-ba67-ec5fca5e0920" acquired by "nova.context.set_target_cell..get_or_set_cached_cell_and_set_connections" :: waited 0.000s {{(pid=95836) inner /opt/stack/data/venv/lib/python3.12/site-packages/oslo_concurrency/lockutils.py:524}}
Jul 10 19:58:07.708884 np0000005051 nova-conductor[95836]: DEBUG oslo_concurrency.lockutils [None req-17a1ecbf-b7b3-4b7d-87f9-fa111f954dd7 tempest-ServerActionsTestOtherA-1354501128 tempest-ServerActionsTestOtherA-1354501128-project-member] Lock "daf0014a-4b56-4e69-ba67-ec5fca5e0920" "released" by "nova.context.set_target_cell..get_or_set_cached_cell_and_set_connections" :: held 0.002s {{(pid=95836) inner /opt/stack/data/venv/lib/python3.12/site-packages/oslo_concurrency/lockutils.py:543}}
Jul 10 19:58:07.712533 np0000005051 nova-conductor[95836]: INFO dbcounter [None req-17a1ecbf-b7b3-4b7d-87f9-fa111f954dd7 tempest-ServerActionsTestOtherA-1354501128 tempest-ServerActionsTestOtherA-1354501128-project-member] Registered counter for database nova_cell1
Jul 10 19:58:07.766795 np0000005051 nova-conductor[95836]: DEBUG oslo_db.sqlalchemy.engines [None req-17a1ecbf-b7b3-4b7d-87f9-fa111f954dd7 tempest-ServerActionsTestOtherA-1354501128 tempest-ServerActionsTestOtherA-1354501128-project-member] MySQL server mode set to STRICT_TRANS_TABLES,STRICT_ALL_TABLES,NO_ZERO_IN_DATE,NO_ZERO_DATE,ERROR_FOR_DIVISION_BY_ZERO,TRADITIONAL,NO_ENGINE_SUBSTITUTION {{(pid=95836) _check_effective_sql_mode /opt/stack/data/venv/lib/python3.12/site-packages/oslo_db/sqlalchemy/engines.py:325}}
Jul 10 19:58:07.777849 np0000005051 nova-conductor[95836]: DEBUG dbcounter [-] [95836] Writer thread running {{(pid=95836) stat_writer /opt/stack/data/venv/lib/python3.12/site-packages/dbcounter.py:102}}
Jul 10 19:58:07.907583 np0000005051 nova-conductor[95836]: INFO nova.utils [None req-17a1ecbf-b7b3-4b7d-87f9-fa111f954dd7 tempest-ServerActionsTestOtherA-1354501128 tempest-ServerActionsTestOtherA-1354501128-project-member] The cell worker thread pool ForkProcess-1.cell_worker is initialized
Jul 10 19:58:07.909965 np0000005051 nova-conductor[95836]: DEBUG oslo_concurrency.lockutils [None req-17a1ecbf-b7b3-4b7d-87f9-fa111f954dd7 tempest-ServerActionsTestOtherA-1354501128 tempest-ServerActionsTestOtherA-1354501128-project-member] Acquiring lock "00000000-0000-0000-0000-000000000000" by "nova.context.set_target_cell..get_or_set_cached_cell_and_set_connections" {{(pid=95836) inner /opt/stack/data/venv/lib/python3.12/site-packages/oslo_concurrency/lockutils.py:511}}
Jul 10 19:58:07.909965 np0000005051 nova-conductor[95836]: DEBUG oslo_concurrency.lockutils [None req-17a1ecbf-b7b3-4b7d-87f9-fa111f954dd7 tempest-ServerActionsTestOtherA-1354501128 tempest-ServerActionsTestOtherA-1354501128-project-member] Lock "00000000-0000-0000-0000-000000000000" acquired by "nova.context.set_target_cell..get_or_set_cached_cell_and_set_connections" :: waited 0.000s {{(pid=95836) inner /opt/stack/data/venv/lib/python3.12/site-packages/oslo_concurrency/lockutils.py:524}}
Jul 10 19:58:07.909965 np0000005051 nova-conductor[95836]: DEBUG oslo_concurrency.lockutils [None req-17a1ecbf-b7b3-4b7d-87f9-fa111f954dd7 tempest-ServerActionsTestOtherA-1354501128 tempest-ServerActionsTestOtherA-1354501128-project-member] Lock "00000000-0000-0000-0000-000000000000" "released" by "nova.context.set_target_cell..get_or_set_cached_cell_and_set_connections" :: held 0.001s {{(pid=95836) inner /opt/stack/data/venv/lib/python3.12/site-packages/oslo_concurrency/lockutils.py:543}}
Jul 10 19:58:07.910492 np0000005051 nova-conductor[95836]: DEBUG oslo_concurrency.lockutils [None req-17a1ecbf-b7b3-4b7d-87f9-fa111f954dd7 tempest-ServerActionsTestOtherA-1354501128 tempest-ServerActionsTestOtherA-1354501128-project-member] Acquiring lock "daf0014a-4b56-4e69-ba67-ec5fca5e0920" by "nova.context.set_target_cell..get_or_set_cached_cell_and_set_connections" {{(pid=95836) inner /opt/stack/data/venv/lib/python3.12/site-packages/oslo_concurrency/lockutils.py:511}}
Jul 10 19:58:07.913050 np0000005051 nova-conductor[95836]: DEBUG oslo_concurrency.lockutils [None req-17a1ecbf-b7b3-4b7d-87f9-fa111f954dd7 tempest-ServerActionsTestOtherA-1354501128 tempest-ServerActionsTestOtherA-1354501128-project-member] Lock "daf0014a-4b56-4e69-ba67-ec5fca5e0920" acquired by "nova.context.set_target_cell..get_or_set_cached_cell_and_set_connections" :: waited 0.003s {{(pid=95836) inner /opt/stack/data/venv/lib/python3.12/site-packages/oslo_concurrency/lockutils.py:524}}
Jul 10 19:58:07.913442 np0000005051 nova-conductor[95836]: INFO dbcounter [None req-17a1ecbf-b7b3-4b7d-87f9-fa111f954dd7 tempest-ServerActionsTestOtherA-1354501128 tempest-ServerActionsTestOtherA-1354501128-project-member] Registered counter for database nova_cell0
Jul 10 19:58:07.915480 np0000005051 nova-conductor[95836]: DEBUG oslo_concurrency.lockutils [None req-17a1ecbf-b7b3-4b7d-87f9-fa111f954dd7 tempest-ServerActionsTestOtherA-1354501128 tempest-ServerActionsTestOtherA-1354501128-project-member] Lock "daf0014a-4b56-4e69-ba67-ec5fca5e0920" "released" by "nova.context.set_target_cell..get_or_set_cached_cell_and_set_connections" :: held 0.001s {{(pid=95836) inner /opt/stack/data/venv/lib/python3.12/site-packages/oslo_concurrency/lockutils.py:543}}
Jul 10 19:58:07.956882 np0000005051 nova-conductor[95836]: DEBUG oslo_db.sqlalchemy.engines [None req-17a1ecbf-b7b3-4b7d-87f9-fa111f954dd7 tempest-ServerActionsTestOtherA-1354501128 tempest-ServerActionsTestOtherA-1354501128-project-member] MySQL server mode set to STRICT_TRANS_TABLES,STRICT_ALL_TABLES,NO_ZERO_IN_DATE,NO_ZERO_DATE,ERROR_FOR_DIVISION_BY_ZERO,TRADITIONAL,NO_ENGINE_SUBSTITUTION {{(pid=95836) _check_effective_sql_mode /opt/stack/data/venv/lib/python3.12/site-packages/oslo_db/sqlalchemy/engines.py:325}}
Jul 10 19:58:07.967248 np0000005051 nova-conductor[95836]: DEBUG dbcounter [-] [95836] Writer thread running {{(pid=95836) stat_writer /opt/stack/data/venv/lib/python3.12/site-packages/dbcounter.py:102}}
Jul 10 19:58:07.980538 np0000005051 nova-conductor[95836]: DEBUG nova.quota [None req-17a1ecbf-b7b3-4b7d-87f9-fa111f954dd7 tempest-ServerActionsTestOtherA-1354501128 tempest-ServerActionsTestOtherA-1354501128-project-member] Getting quotas for project 553c8a72e58c45fb996794547a06cfe4. Resources: {'instances', 'cores', 'ram'} {{(pid=95836) _get_quotas /opt/stack/nova/nova/quota.py:389}}
Jul 10 19:58:07.986896 np0000005051 nova-conductor[95836]: DEBUG nova.quota [None req-17a1ecbf-b7b3-4b7d-87f9-fa111f954dd7 tempest-ServerActionsTestOtherA-1354501128 tempest-ServerActionsTestOtherA-1354501128-project-member] Getting quotas for user 3949c3643fe940398bd8998b4c2e1e44 and project 553c8a72e58c45fb996794547a06cfe4. Resources: {'instances', 'cores', 'ram'} {{(pid=95836) _get_quotas /opt/stack/nova/nova/quota.py:379}}
Jul 10 19:58:08.007657 np0000005051 nova-conductor[95836]: DEBUG nova.conductor.manager [None req-17a1ecbf-b7b3-4b7d-87f9-fa111f954dd7 tempest-ServerActionsTestOtherA-1354501128 tempest-ServerActionsTestOtherA-1354501128-project-member] [instance: 5eaf31db-f537-4736-a48c-8da50f49469c] Selected host: np0000005051; Selected node: np0000005051; Alternates: [] {{(pid=95836) schedule_and_build_instances /opt/stack/nova/nova/conductor/manager.py:1784}}
Jul 10 19:58:08.007657 np0000005051 nova-conductor[95836]: DEBUG oslo_concurrency.lockutils [None req-17a1ecbf-b7b3-4b7d-87f9-fa111f954dd7 tempest-ServerActionsTestOtherA-1354501128 tempest-ServerActionsTestOtherA-1354501128-project-member] Acquiring lock "daf0014a-4b56-4e69-ba67-ec5fca5e0920" by "nova.context.set_target_cell..get_or_set_cached_cell_and_set_connections" {{(pid=95836) inner /opt/stack/data/venv/lib/python3.12/site-packages/oslo_concurrency/lockutils.py:511}}
