Aug 16 20:33:35.656699 np0000007406 devstack@n-api.service[84307]: DEBUG nova.api.openstack.wsgi [None req-62bf34bd-6def-4068-bb12-ddfa16766892 tempest-TaggedBootDevicesTest_v242-798203096 tempest-TaggedBootDevicesTest_v242-798203096-project-member] Calling method '>' {{(pid=84307) _process_stack /opt/stack/nova/nova/api/openstack/wsgi.py:551}}
Aug 16 20:33:35.660598 np0000007406 devstack@n-api.service[84309]: DEBUG oslo_concurrency.lockutils [req-270a6fdf-a391-45d0-a14c-c2a233454ac8 req-7992391d-a385-40c1-9fb2-2e9ef5916e55 service nova] Acquiring lock "b54367d8-76d5-474d-8ffd-f18eac0139ef" by "nova.context.set_target_cell..get_or_set_cached_cell_and_set_connections" {{(pid=84309) inner /opt/stack/data/venv/lib/python3.12/site-packages/oslo_concurrency/lockutils.py:512}}
Aug 16 20:33:35.660794 np0000007406 devstack@n-api.service[84309]: DEBUG oslo_concurrency.lockutils [req-270a6fdf-a391-45d0-a14c-c2a233454ac8 req-7992391d-a385-40c1-9fb2-2e9ef5916e55 service nova] Lock "b54367d8-76d5-474d-8ffd-f18eac0139ef" acquired by "nova.context.set_target_cell..get_or_set_cached_cell_and_set_connections" :: waited 0.000s {{(pid=84309) inner /opt/stack/data/venv/lib/python3.12/site-packages/oslo_concurrency/lockutils.py:525}}
Aug 16 20:33:35.660929 np0000007406 devstack@n-api.service[84309]: DEBUG oslo_concurrency.lockutils [req-270a6fdf-a391-45d0-a14c-c2a233454ac8 req-7992391d-a385-40c1-9fb2-2e9ef5916e55 service nova] Lock "b54367d8-76d5-474d-8ffd-f18eac0139ef" "released" by "nova.context.set_target_cell..get_or_set_cached_cell_and_set_connections" :: held 0.000s {{(pid=84309) inner /opt/stack/data/venv/lib/python3.12/site-packages/oslo_concurrency/lockutils.py:544}}
Aug 16 20:33:35.661320 np0000007406 devstack@n-api.service[84307]: DEBUG nova.compute.api [None req-62bf34bd-6def-4068-bb12-ddfa16766892 tempest-TaggedBootDevicesTest_v242-798203096 tempest-TaggedBootDevicesTest_v242-798203096-project-member] [instance: 90cc68d8-7839-4bfd-a810-e94fdefa8d30] Fetching instance by UUID {{(pid=84307) get /opt/stack/nova/nova/compute/api.py:3068}}
Aug 16 20:33:35.666482 np0000007406 devstack@n-api.service[84307]: DEBUG oslo_concurrency.lockutils [None req-62bf34bd-6def-4068-bb12-ddfa16766892 tempest-TaggedBootDevicesTest_v242-798203096 tempest-TaggedBootDevicesTest_v242-798203096-project-member] Acquiring lock "b54367d8-76d5-474d-8ffd-f18eac0139ef" by "nova.context.set_target_cell..get_or_set_cached_cell_and_set_connections" {{(pid=84307) inner /opt/stack/data/venv/lib/python3.12/site-packages/oslo_concurrency/lockutils.py:512}}
Aug 16 20:33:35.667392 np0000007406 devstack@n-api.service[84307]: DEBUG oslo_concurrency.lockutils [None req-62bf34bd-6def-4068-bb12-ddfa16766892 tempest-TaggedBootDevicesTest_v242-798203096 tempest-TaggedBootDevicesTest_v242-798203096-project-member] Lock "b54367d8-76d5-474d-8ffd-f18eac0139ef" acquired by "nova.context.set_target_cell..get_or_set_cached_cell_and_set_connections" :: waited 0.001s {{(pid=84307) inner /opt/stack/data/venv/lib/python3.12/site-packages/oslo_concurrency/lockutils.py:525}}
Aug 16 20:33:35.667732 np0000007406 devstack@n-api.service[84307]: DEBUG oslo_concurrency.lockutils [None req-62bf34bd-6def-4068-bb12-ddfa16766892 tempest-TaggedBootDevicesTest_v242-798203096 tempest-TaggedBootDevicesTest_v242-798203096-project-member] Lock "b54367d8-76d5-474d-8ffd-f18eac0139ef" "released" by "nova.context.set_target_cell..get_or_set_cached_cell_and_set_connections" :: held 0.000s {{(pid=84307) inner /opt/stack/data/venv/lib/python3.12/site-packages/oslo_concurrency/lockutils.py:544}}
Aug 16 20:33:35.668625 np0000007406 devstack@n-api.service[84307]: DEBUG oslo_concurrency.lockutils [None req-62bf34bd-6def-4068-bb12-ddfa16766892 tempest-TaggedBootDevicesTest_v242-798203096 tempest-TaggedBootDevicesTest_v242-798203096-project-member] Acquiring lock "b54367d8-76d5-474d-8ffd-f18eac0139ef" by "nova.context.set_target_cell..get_or_set_cached_cell_and_set_connections" {{(pid=84307) inner /opt/stack/data/venv/lib/python3.12/site-packages/oslo_concurrency/lockutils.py:512}}
Aug 16 20:33:35.669773 np0000007406 devstack@n-api.service[84307]: DEBUG oslo_concurrency.lockutils [None req-62bf34bd-6def-4068-bb12-ddfa16766892 tempest-TaggedBootDevicesTest_v242-798203096 tempest-TaggedBootDevicesTest_v242-798203096-project-member] Lock "b54367d8-76d5-474d-8ffd-f18eac0139ef" acquired by "nova.context.set_target_cell..get_or_set_cached_cell_and_set_connections" :: waited 0.001s {{(pid=84307) inner /opt/stack/data/venv/lib/python3.12/site-packages/oslo_concurrency/lockutils.py:525}}
Aug 16 20:33:35.670953 np0000007406 devstack@n-api.service[84307]: DEBUG oslo_concurrency.lockutils [None req-62bf34bd-6def-4068-bb12-ddfa16766892 tempest-TaggedBootDevicesTest_v242-798203096 tempest-TaggedBootDevicesTest_v242-798203096-project-member] Lock "b54367d8-76d5-474d-8ffd-f18eac0139ef" "released" by "nova.context.set_target_cell..get_or_set_cached_cell_and_set_connections" :: held 0.001s {{(pid=84307) inner /opt/stack/data/venv/lib/python3.12/site-packages/oslo_concurrency/lockutils.py:544}}
Aug 16 20:33:35.685608 np0000007406 devstack@n-api.service[84309]: INFO nova.api.openstack.compute.server_external_events [req-270a6fdf-a391-45d0-a14c-c2a233454ac8 req-7992391d-a385-40c1-9fb2-2e9ef5916e55 service nova] Creating event network-vif-plugged:4e1cc285-71c3-4c10-804d-eb304c837592 for instance b52c75b9-1683-4cb1-a2e0-79df075eef65 on np0000007406
Aug 16 20:33:35.686028 np0000007406 devstack@n-api.service[84309]: INFO nova.api.openstack.compute.server_external_events [req-270a6fdf-a391-45d0-a14c-c2a233454ac8 req-7992391d-a385-40c1-9fb2-2e9ef5916e55 service nova] Creating event network-vif-plugged:f4eb0c52-e423-465d-9bf2-a9e6f7081f22 for instance 90cc68d8-7839-4bfd-a810-e94fdefa8d30 on np0000007406
Aug 16 20:33:35.686945 np0000007406 devstack@n-api.service[84309]: DEBUG nova.compute.rpcapi [req-270a6fdf-a391-45d0-a14c-c2a233454ac8 req-7992391d-a385-40c1-9fb2-2e9ef5916e55 service nova] RPC: Sending the message to topic: compute-alt {{(pid=84309) prepare_for_alt_rpcserver /opt/stack/nova/nova/compute/rpcapi.py:595}}
Aug 16 20:33:35.698567 np0000007406 devstack@n-api.service[84309]: INFO nova.api.openstack.requestlog [req-270a6fdf-a391-45d0-a14c-c2a233454ac8 req-7992391d-a385-40c1-9fb2-2e9ef5916e55 service nova] 10.4.3.150 "POST /compute/v2.1/os-server-external-events" status: 200 len: 354 microversion: 2.1 time: 0.063468
Aug 16 20:33:35.699002 np0000007406 devstack@n-api.service[84309]: [pid: 84309|app: 0|req: 47/147] 10.4.3.150 () {72 vars in 1432 bytes} [Sun Aug 16 20:33:35 2026] POST /compute/v2.1/os-server-external-events => generated 354 bytes in 64 msecs (HTTP/1.1 200) 9 headers in 357 bytes (1 switches on core 0)
Aug 16 20:33:35.704768 np0000007406 devstack@n-api.service[84307]: WARNING neutronclient.v2_0.client [None req-62bf34bd-6def-4068-bb12-ddfa16766892 tempest-TaggedBootDevicesTest_v242-798203096 tempest-TaggedBootDevicesTest_v242-798203096-project-member] The python binding code in neutronclient is deprecated in favor of OpenstackSDK, please use that as this will be removed in a future release.
Aug 16 20:33:35.953980 np0000007406 devstack@n-api.service[84308]: DEBUG nova.policy [None req-c1e201c6-7a62-48d7-9de4-e36aeaf202b5 tempest-TaggedBootDevicesTest-1763504658 tempest-TaggedBootDevicesTest-1763504658-project-member] Policy check for os_compute_api:os-extended-server-attributes failed with credentials {'is_admin': False, 'user_id': '30808f3ac37548e0ab200bf4f0b5ab52', 'user_domain_id': 'default', 'system_scope': None, 'domain_id': None, 'project_id': '6f47c8f2a507400ca8a9ef33ded69f95', 'project_domain_id': 'default', 'roles': ['reader', 'member'], 'is_admin_project': True, 'service_user_id': None, 'service_user_domain_id': None, 'service_project_id': None, 'service_project_domain_id': None, 'service_roles': []} {{(pid=84308) authorize /opt/stack/nova/nova/policy.py:202}}
Aug 16 20:33:35.968510 np0000007406 devstack@n-api.service[84309]: DEBUG nova.api.openstack.wsgi [req-ecb4b9a4-ba1c-45e0-a9f2-c60760827836 req-367206fa-e170-4f6c-8d1c-e3adbad93b2f service nova] Action: 'create', calling method: >, body: {"events": [{"server_uuid": "b52c75b9-1683-4cb1-a2e0-79df075eef65", "name": "network-vif-plugged", "status": "completed", "tag": "8c832fa4-2c9b-408e-b5a4-745509c2b185"}, {"server_uuid": "90cc68d8-7839-4bfd-a810-e94fdefa8d30", "name": "network-vif-plugged", "status": "completed", "tag": "bfee5e4c-7237-4aae-bcd6-96bb896f003c"}]} {{(pid=84309) _process_stack /opt/stack/nova/nova/api/openstack/wsgi.py:549}}
Aug 16 20:33:35.968911 np0000007406 devstack@n-api.service[84308]: DEBUG nova.policy [None req-c1e201c6-7a62-48d7-9de4-e36aeaf202b5 tempest-TaggedBootDevicesTest-1763504658 tempest-TaggedBootDevicesTest-1763504658-project-member] Policy check for os_compute_api:servers:show:host_status failed with credentials {'is_admin': False, 'user_id': '30808f3ac37548e0ab200bf4f0b5ab52', 'user_domain_id': 'default', 'system_scope': None, 'domain_id': None, 'project_id': '6f47c8f2a507400ca8a9ef33ded69f95', 'project_domain_id': 'default', 'roles': ['reader', 'member'], 'is_admin_project': True, 'service_user_id': None, 'service_user_domain_id': None, 'service_project_id': None, 'service_project_domain_id': None, 'service_roles': []} {{(pid=84308) authorize /opt/stack/nova/nova/policy.py:202}}
Aug 16 20:33:35.971355 np0000007406 devstack@n-api.service[84308]: DEBUG nova.policy [None req-c1e201c6-7a62-48d7-9de4-e36aeaf202b5 tempest-TaggedBootDevicesTest-1763504658 tempest-TaggedBootDevicesTest-1763504658-project-member] Policy check for os_compute_api:servers:show:host_status:unknown-only failed with credentials {'is_admin': False, 'user_id': '30808f3ac37548e0ab200bf4f0b5ab52', 'user_domain_id': 'default', 'system_scope': None, 'domain_id': None, 'project_id': '6f47c8f2a507400ca8a9ef33ded69f95', 'project_domain_id': 'default', 'roles': ['reader', 'member'], 'is_admin_project': True, 'service_user_id': None, 'service_user_domain_id': None, 'service_project_id': None, 'service_project_domain_id': None, 'service_roles': []} {{(pid=84308) authorize /opt/stack/nova/nova/policy.py:202}}
Aug 16 20:33:35.981965 np0000007406 devstack@n-api.service[84308]: INFO nova.api.openstack.requestlog [None req-c1e201c6-7a62-48d7-9de4-e36aeaf202b5 tempest-TaggedBootDevicesTest-1763504658 tempest-TaggedBootDevicesTest-1763504658-project-member] 10.4.3.150 "GET /compute/v2.1/servers/b52c75b9-1683-4cb1-a2e0-79df075eef65" status: 200 len: 1877 microversion: 2.32 time: 0.567984
Aug 16 20:33:35.983739 np0000007406 devstack@n-api.service[84308]: [pid: 84308|app: 0|req: 56/148] 10.4.3.150 () {68 vars in 1395 bytes} [Sun Aug 16 20:33:35 2026] GET /compute/v2.1/servers/b52c75b9-1683-4cb1-a2e0-79df075eef65 => generated 1877 bytes in 570 msecs (HTTP/1.1 200) 9 headers in 360 bytes (1 switches on core 0)
Aug 16 20:33:35.988669 np0000007406 devstack@n-api.service[84309]: DEBUG oslo_concurrency.lockutils [req-ecb4b9a4-ba1c-45e0-a9f2-c60760827836 req-367206fa-e170-4f6c-8d1c-e3adbad93b2f service nova] Acquiring lock "b54367d8-76d5-474d-8ffd-f18eac0139ef" by "nova.context.set_target_cell..get_or_set_cached_cell_and_set_connections" {{(pid=84309) inner /opt/stack/data/venv/lib/python3.12/site-packages/oslo_concurrency/lockutils.py:512}}
Aug 16 20:33:35.989234 np0000007406 devstack@n-api.service[84309]: DEBUG oslo_concurrency.lockutils [req-ecb4b9a4-ba1c-45e0-a9f2-c60760827836 req-367206fa-e170-4f6c-8d1c-e3adbad93b2f service nova] Lock "b54367d8-76d5-474d-8ffd-f18eac0139ef" acquired by "nova.context.set_target_cell..get_or_set_cached_cell_and_set_connections" :: waited 0.001s {{(pid=84309) inner /opt/stack/data/venv/lib/python3.12/site-packages/oslo_concurrency/lockutils.py:525}}
Aug 16 20:33:35.989652 np0000007406 devstack@n-api.service[84309]: DEBUG oslo_concurrency.lockutils [req-ecb4b9a4-ba1c-45e0-a9f2-c60760827836 req-367206fa-e170-4f6c-8d1c-e3adbad93b2f service nova] Lock "b54367d8-76d5-474d-8ffd-f18eac0139ef" "released" by "nova.context.set_target_cell..get_or_set_cached_cell_and_set_connections" :: held 0.000s {{(pid=84309) inner /opt/stack/data/venv/lib/python3.12/site-packages/oslo_concurrency/lockutils.py:544}}
Aug 16 20:33:36.002266 np0000007406 devstack@n-api.service[84309]: INFO nova.api.openstack.compute.server_external_events [req-ecb4b9a4-ba1c-45e0-a9f2-c60760827836 req-367206fa-e170-4f6c-8d1c-e3adbad93b2f service nova] Creating event network-vif-plugged:8c832fa4-2c9b-408e-b5a4-745509c2b185 for instance b52c75b9-1683-4cb1-a2e0-79df075eef65 on np0000007406
Aug 16 20:33:36.006421 np0000007406 devstack@n-api.service[84309]: INFO nova.api.openstack.compute.server_external_events [req-ecb4b9a4-ba1c-45e0-a9f2-c60760827836 req-367206fa-e170-4f6c-8d1c-e3adbad93b2f service nova] Creating event network-vif-plugged:bfee5e4c-7237-4aae-bcd6-96bb896f003c for instance 90cc68d8-7839-4bfd-a810-e94fdefa8d30 on np0000007406
Aug 16 20:33:36.007272 np0000007406 devstack@n-api.service[84309]: DEBUG nova.compute.rpcapi [req-ecb4b9a4-ba1c-45e0-a9f2-c60760827836 req-367206fa-e170-4f6c-8d1c-e3adbad93b2f service nova] RPC: Sending the message to topic: compute-alt {{(pid=84309) prepare_for_alt_rpcserver /opt/stack/nova/nova/compute/rpcapi.py:595}}
Aug 16 20:33:36.021040 np0000007406 devstack@n-api.service[84309]: INFO nova.api.openstack.requestlog [req-ecb4b9a4-ba1c-45e0-a9f2-c60760827836 req-367206fa-e170-4f6c-8d1c-e3adbad93b2f service nova] 10.4.3.150 "POST /compute/v2.1/os-server-external-events" status: 200 len: 354 microversion: 2.1 time: 0.059263
Aug 16 20:33:36.021628 np0000007406 devstack@n-api.service[84309]: [pid: 84309|app: 0|req: 48/149] 10.4.3.150 () {72 vars in 1432 bytes} [Sun Aug 16 20:33:35 2026] POST /compute/v2.1/os-server-external-events => generated 354 bytes in 60 msecs (HTTP/1.1 200) 9 headers in 357 bytes (1 switches on core 0)
Aug 16 20:33:36.460894 np0000007406 devstack@n-api.service[84307]: DEBUG nova.policy [None req-62bf34bd-6def-4068-bb12-ddfa16766892 tempest-TaggedBootDevicesTest_v242-798203096 tempest-TaggedBootDevicesTest_v242-798203096-project-member] Policy check for os_compute_api:os-extended-server-attributes failed with credentials {'is_admin': False, 'user_id': '4b19e27ddeaf45b7bd4a73a7145d164d', 'user_domain_id': 'default', 'system_scope': None, 'domain_id': None, 'project_id': 'e58edea4ea3d4622981f67099a69314c', 'project_domain_id': 'default', 'roles': ['reader', 'member'], 'is_admin_project': True, 'service_user_id': None, 'service_user_domain_id': None, 'service_project_id': None, 'service_project_domain_id': None, 'service_roles': []} {{(pid=84307) authorize /opt/stack/nova/nova/policy.py:202}}
Aug 16 20:33:36.479428 np0000007406 devstack@n-api.service[84307]: DEBUG nova.policy [None req-62bf34bd-6def-4068-bb12-ddfa16766892 tempest-TaggedBootDevicesTest_v242-798203096 tempest-TaggedBootDevicesTest_v242-798203096-project-member] Policy check for os_compute_api:servers:show:host_status failed with credentials {'is_admin': False, 'user_id': '4b19e27ddeaf45b7bd4a73a7145d164d', 'user_domain_id': 'default', 'system_scope': None, 'domain_id': None, 'project_id': 'e58edea4ea3d4622981f67099a69314c', 'project_domain_id': 'default', 'roles': ['reader', 'member'], 'is_admin_project': True, 'service_user_id': None, 'service_user_domain_id': None, 'service_project_id': None, 'service_project_domain_id': None, 'service_roles': []} {{(pid=84307) authorize /opt/stack/nova/nova/policy.py:202}}
Aug 16 20:33:36.481427 np0000007406 devstack@n-api.service[84307]: DEBUG nova.policy [None req-62bf34bd-6def-4068-bb12-ddfa16766892 tempest-TaggedBootDevicesTest_v242-798203096 tempest-TaggedBootDevicesTest_v242-798203096-project-member] Policy check for os_compute_api:servers:show:host_status:unknown-only failed with credentials {'is_admin': False, 'user_id': '4b19e27ddeaf45b7bd4a73a7145d164d', 'user_domain_id': 'default', 'system_scope': None, 'domain_id': None, 'project_id': 'e58edea4ea3d4622981f67099a69314c', 'project_domain_id': 'default', 'roles': ['reader', 'member'], 'is_admin_project': True, 'service_user_id': None, 'service_user_domain_id': None, 'service_project_id': None, 'service_project_domain_id': None, 'service_roles': []} {{(pid=84307) authorize /opt/stack/nova/nova/policy.py:202}}
Aug 16 20:33:36.492156 np0000007406 devstack@n-api.service[84307]: INFO nova.api.openstack.requestlog [None req-62bf34bd-6def-4068-bb12-ddfa16766892 tempest-TaggedBootDevicesTest_v242-798203096 tempest-TaggedBootDevicesTest_v242-798203096-project-member] 10.4.3.150 "GET /compute/v2.1/servers/90cc68d8-7839-4bfd-a810-e94fdefa8d30" status: 200 len: 1877 microversion: 2.42 time: 0.842361
Aug 16 20:33:36.492462 np0000007406 devstack@n-api.service[84307]: [pid: 84307|app: 0|req: 46/150] 10.4.3.150 () {68 vars in 1395 bytes} [Sun Aug 16 20:33:35 2026] GET /compute/v2.1/servers/90cc68d8-7839-4bfd-a810-e94fdefa8d30 => generated 1877 bytes in 843 msecs (HTTP/1.1 200) 9 headers in 360 bytes (1 switches on core 0)
Aug 16 20:33:37.009569 np0000007406 devstack@n-api.service[84308]: DEBUG nova.api.openstack.wsgi [None req-566b4c62-86e7-48b5-b46e-955752cf1a1c tempest-TaggedBootDevicesTest-1763504658 tempest-TaggedBootDevicesTest-1763504658-project-member] Calling method '>' {{(pid=84308) _process_stack /opt/stack/nova/nova/api/openstack/wsgi.py:551}}
Aug 16 20:33:37.014413 np0000007406 devstack@n-api.service[84308]: DEBUG nova.compute.api [None req-566b4c62-86e7-48b5-b46e-955752cf1a1c tempest-TaggedBootDevicesTest-1763504658 tempest-TaggedBootDevicesTest-1763504658-project-member] [instance: b52c75b9-1683-4cb1-a2e0-79df075eef65] Fetching instance by UUID {{(pid=84308) get /opt/stack/nova/nova/compute/api.py:3068}}
Aug 16 20:33:37.026122 np0000007406 devstack@n-api.service[84308]: DEBUG oslo_concurrency.lockutils [None req-566b4c62-86e7-48b5-b46e-955752cf1a1c tempest-TaggedBootDevicesTest-1763504658 tempest-TaggedBootDevicesTest-1763504658-project-member] Acquiring lock "b54367d8-76d5-474d-8ffd-f18eac0139ef" by "nova.context.set_target_cell..get_or_set_cached_cell_and_set_connections" {{(pid=84308) inner /opt/stack/data/venv/lib/python3.12/site-packages/oslo_concurrency/lockutils.py:512}}
Aug 16 20:33:37.026492 np0000007406 devstack@n-api.service[84308]: DEBUG oslo_concurrency.lockutils [None req-566b4c62-86e7-48b5-b46e-955752cf1a1c tempest-TaggedBootDevicesTest-1763504658 tempest-TaggedBootDevicesTest-1763504658-project-member] Lock "b54367d8-76d5-474d-8ffd-f18eac0139ef" acquired by "nova.context.set_target_cell..get_or_set_cached_cell_and_set_connections" :: waited 0.000s {{(pid=84308) inner /opt/stack/data/venv/lib/python3.12/site-packages/oslo_concurrency/lockutils.py:525}}
Aug 16 20:33:37.026747 np0000007406 devstack@n-api.service[84308]: DEBUG oslo_concurrency.lockutils [None req-566b4c62-86e7-48b5-b46e-955752cf1a1c tempest-TaggedBootDevicesTest-1763504658 tempest-TaggedBootDevicesTest-1763504658-project-member] Lock "b54367d8-76d5-474d-8ffd-f18eac0139ef" "released" by "nova.context.set_target_cell..get_or_set_cached_cell_and_set_connections" :: held 0.000s {{(pid=84308) inner /opt/stack/data/venv/lib/python3.12/site-packages/oslo_concurrency/lockutils.py:544}}
Aug 16 20:33:37.027322 np0000007406 devstack@n-api.service[84308]: DEBUG oslo_concurrency.lockutils [None req-566b4c62-86e7-48b5-b46e-955752cf1a1c tempest-TaggedBootDevicesTest-1763504658 tempest-TaggedBootDevicesTest-1763504658-project-member] Acquiring lock "b54367d8-76d5-474d-8ffd-f18eac0139ef" by "nova.context.set_target_cell..get_or_set_cached_cell_and_set_connections" {{(pid=84308) inner /opt/stack/data/venv/lib/python3.12/site-packages/oslo_concurrency/lockutils.py:512}}
Aug 16 20:33:37.027658 np0000007406 devstack@n-api.service[84308]: DEBUG oslo_concurrency.lockutils [None req-566b4c62-86e7-48b5-b46e-955752cf1a1c tempest-TaggedBootDevicesTest-1763504658 tempest-TaggedBootDevicesTest-1763504658-project-member] Lock "b54367d8-76d5-474d-8ffd-f18eac0139ef" acquired by "nova.context.set_target_cell..get_or_set_cached_cell_and_set_connections" :: waited 0.000s {{(pid=84308) inner /opt/stack/data/venv/lib/python3.12/site-packages/oslo_concurrency/lockutils.py:525}}
Aug 16 20:33:37.027947 np0000007406 devstack@n-api.service[84308]: DEBUG oslo_concurrency.lockutils [None req-566b4c62-86e7-48b5-b46e-955752cf1a1c tempest-TaggedBootDevicesTest-1763504658 tempest-TaggedBootDevicesTest-1763504658-project-member] Lock "b54367d8-76d5-474d-8ffd-f18eac0139ef" "released" by "nova.context.set_target_cell..get_or_set_cached_cell_and_set_connections" :: held 0.000s {{(pid=84308) inner /opt/stack/data/venv/lib/python3.12/site-packages/oslo_concurrency/lockutils.py:544}}
Aug 16 20:33:37.055246 np0000007406 devstack@n-api.service[84308]: WARNING neutronclient.v2_0.client [None req-566b4c62-86e7-48b5-b46e-955752cf1a1c tempest-TaggedBootDevicesTest-1763504658 tempest-TaggedBootDevicesTest-1763504658-project-member] The python binding code in neutronclient is deprecated in favor of OpenstackSDK, please use that as this will be removed in a future release.
Aug 16 20:33:37.329950 np0000007406 devstack@n-api.service[84308]: DEBUG nova.policy [None req-566b4c62-86e7-48b5-b46e-955752cf1a1c tempest-TaggedBootDevicesTest-1763504658 tempest-TaggedBootDevicesTest-1763504658-project-member] Policy check for os_compute_api:os-extended-server-attributes failed with credentials {'is_admin': False, 'user_id': '30808f3ac37548e0ab200bf4f0b5ab52', 'user_domain_id': 'default', 'system_scope': None, 'domain_id': None, 'project_id': '6f47c8f2a507400ca8a9ef33ded69f95', 'project_domain_id': 'default', 'roles': ['reader', 'member'], 'is_admin_project': True, 'service_user_id': None, 'service_user_domain_id': None, 'service_project_id': None, 'service_project_domain_id': None, 'service_roles': []} {{(pid=84308) authorize /opt/stack/nova/nova/policy.py:202}}
Aug 16 20:33:37.335159 np0000007406 devstack@n-api.service[84308]: DEBUG nova.policy [None req-566b4c62-86e7-48b5-b46e-955752cf1a1c tempest-TaggedBootDevicesTest-1763504658 tempest-TaggedBootDevicesTest-1763504658-project-member] Policy check for os_compute_api:servers:show:host_status failed with credentials {'is_admin': False, 'user_id': '30808f3ac37548e0ab200bf4f0b5ab52', 'user_domain_id': 'default', 'system_scope': None, 'domain_id': None, 'project_id': '6f47c8f2a507400ca8a9ef33ded69f95', 'project_domain_id': 'default', 'roles': ['reader', 'member'], 'is_admin_project': True, 'service_user_id': None, 'service_user_domain_id': None, 'service_project_id': None, 'service_project_domain_id': None, 'service_roles': []} {{(pid=84308) authorize /opt/stack/nova/nova/policy.py:202}}
Aug 16 20:33:37.337489 np0000007406 devstack@n-api.service[84308]: DEBUG nova.policy [None req-566b4c62-86e7-48b5-b46e-955752cf1a1c tempest-TaggedBootDevicesTest-1763504658 tempest-TaggedBootDevicesTest-1763504658-project-member] Policy check for os_compute_api:servers:show:host_status:unknown-only failed with credentials {'is_admin': False, 'user_id': '30808f3ac37548e0ab200bf4f0b5ab52', 'user_domain_id': 'default', 'system_scope': None, 'domain_id': None, 'project_id': '6f47c8f2a507400ca8a9ef33ded69f95', 'project_domain_id': 'default', 'roles': ['reader', 'member'], 'is_admin_project': True, 'service_user_id': None, 'service_user_domain_id': None, 'service_project_id': None, 'service_project_domain_id': None, 'service_roles': []} {{(pid=84308) authorize /opt/stack/nova/nova/policy.py:202}}
Aug 16 20:33:37.343259 np0000007406 devstack@n-api.service[84308]: INFO nova.api.openstack.requestlog [None req-566b4c62-86e7-48b5-b46e-955752cf1a1c tempest-TaggedBootDevicesTest-1763504658 tempest-TaggedBootDevicesTest-1763504658-project-member] 10.4.3.150 "GET /compute/v2.1/servers/b52c75b9-1683-4cb1-a2e0-79df075eef65" status: 200 len: 1877 microversion: 2.32 time: 0.343476
Aug 16 20:33:37.343648 np0000007406 devstack@n-api.service[84308]: [pid: 84308|app: 0|req: 57/151] 10.4.3.150 () {68 vars in 1395 bytes} [Sun Aug 16 20:33:36 2026] GET /compute/v2.1/servers/b52c75b9-1683-4cb1-a2e0-79df075eef65 => generated 1877 bytes in 344 msecs (HTTP/1.1 200) 9 headers in 360 bytes (1 switches on core 0)
Aug 16 20:33:37.512356 np0000007406 devstack@n-api.service[84309]: DEBUG nova.api.openstack.wsgi [None req-e2582387-38d2-4dc4-8443-80c79f0fd6f6 tempest-TaggedBootDevicesTest_v242-798203096 tempest-TaggedBootDevicesTest_v242-798203096-project-member] Calling method '>' {{(pid=84309) _process_stack /opt/stack/nova/nova/api/openstack/wsgi.py:551}}
Aug 16 20:33:37.519408 np0000007406 devstack@n-api.service[84309]: DEBUG nova.compute.api [None req-e2582387-38d2-4dc4-8443-80c79f0fd6f6 tempest-TaggedBootDevicesTest_v242-798203096 tempest-TaggedBootDevicesTest_v242-798203096-project-member] [instance: 90cc68d8-7839-4bfd-a810-e94fdefa8d30] Fetching instance by UUID {{(pid=84309) get /opt/stack/nova/nova/compute/api.py:3068}}
Aug 16 20:33:37.524322 np0000007406 devstack@n-api.service[84309]: DEBUG oslo_concurrency.lockutils [None req-e2582387-38d2-4dc4-8443-80c79f0fd6f6 tempest-TaggedBootDevicesTest_v242-798203096 tempest-TaggedBootDevicesTest_v242-798203096-project-member] Acquiring lock "b54367d8-76d5-474d-8ffd-f18eac0139ef" by "nova.context.set_target_cell..get_or_set_cached_cell_and_set_connections" {{(pid=84309) inner /opt/stack/data/venv/lib/python3.12/site-packages/oslo_concurrency/lockutils.py:512}}
Aug 16 20:33:37.524552 np0000007406 devstack@n-api.service[84309]: DEBUG oslo_concurrency.lockutils [None req-e2582387-38d2-4dc4-8443-80c79f0fd6f6 tempest-TaggedBootDevicesTest_v242-798203096 tempest-TaggedBootDevicesTest_v242-798203096-project-member] Lock "b54367d8-76d5-474d-8ffd-f18eac0139ef" acquired by "nova.context.set_target_cell..get_or_set_cached_cell_and_set_connections" :: waited 0.000s {{(pid=84309) inner /opt/stack/data/venv/lib/python3.12/site-packages/oslo_concurrency/lockutils.py:525}}
Aug 16 20:33:37.524735 np0000007406 devstack@n-api.service[84309]: DEBUG oslo_concurrency.lockutils [None req-e2582387-38d2-4dc4-8443-80c79f0fd6f6 tempest-TaggedBootDevicesTest_v242-798203096 tempest-TaggedBootDevicesTest_v242-798203096-project-member] Lock "b54367d8-76d5-474d-8ffd-f18eac0139ef" "released" by "nova.context.set_target_cell..get_or_set_cached_cell_and_set_connections" :: held 0.000s {{(pid=84309) inner /opt/stack/data/venv/lib/python3.12/site-packages/oslo_concurrency/lockutils.py:544}}
Aug 16 20:33:37.525172 np0000007406 devstack@n-api.service[84309]: DEBUG oslo_concurrency.lockutils [None req-e2582387-38d2-4dc4-8443-80c79f0fd6f6 tempest-TaggedBootDevicesTest_v242-798203096 tempest-TaggedBootDevicesTest_v242-798203096-project-member] Acquiring lock "b54367d8-76d5-474d-8ffd-f18eac0139ef" by "nova.context.set_target_cell..get_or_set_cached_cell_and_set_connections" {{(pid=84309) inner /opt/stack/data/venv/lib/python3.12/site-packages/oslo_concurrency/lockutils.py:512}}
Aug 16 20:33:37.525466 np0000007406 devstack@n-api.service[84309]: DEBUG oslo_concurrency.lockutils [None req-e2582387-38d2-4dc4-8443-80c79f0fd6f6 tempest-TaggedBootDevicesTest_v242-798203096 tempest-TaggedBootDevicesTest_v242-798203096-project-member] Lock "b54367d8-76d5-474d-8ffd-f18eac0139ef" acquired by "nova.context.set_target_cell..get_or_set_cached_cell_and_set_connections" :: waited 0.000s {{(pid=84309) inner /opt/stack/data/venv/lib/python3.12/site-packages/oslo_concurrency/lockutils.py:525}}
Aug 16 20:33:37.525733 np0000007406 devstack@n-api.service[84309]: DEBUG oslo_concurrency.lockutils [None req-e2582387-38d2-4dc4-8443-80c79f0fd6f6 tempest-TaggedBootDevicesTest_v242-798203096 tempest-TaggedBootDevicesTest_v242-798203096-project-member] Lock "b54367d8-76d5-474d-8ffd-f18eac0139ef" "released" by "nova.context.set_target_cell..get_or_set_cached_cell_and_set_connections" :: held 0.000s {{(pid=84309) inner /opt/stack/data/venv/lib/python3.12/site-packages/oslo_concurrency/lockutils.py:544}}
Aug 16 20:33:37.546093 np0000007406 devstack@n-api.service[84309]: WARNING neutronclient.v2_0.client [None req-e2582387-38d2-4dc4-8443-80c79f0fd6f6 tempest-TaggedBootDevicesTest_v242-798203096 tempest-TaggedBootDevicesTest_v242-798203096-project-member] The python binding code in neutronclient is deprecated in favor of OpenstackSDK, please use that as this will be removed in a future release.
Aug 16 20:33:37.586887 np0000007406 devstack@n-api.service[84307]: DEBUG nova.api.openstack.wsgi [req-d62a00d9-4781-4598-b7db-214ed1dbcc4f req-2c22b02b-e1b5-4e22-9b8b-09a59bb61fa2 service nova] Action: 'create', calling method: >, body: {"events": [{"server_uuid": "b52c75b9-1683-4cb1-a2e0-79df075eef65", "name": "network-vif-plugged", "status": "completed", "tag": "8c6ea646-cff1-490d-8291-4c04f812d136"}, {"server_uuid": "b52c75b9-1683-4cb1-a2e0-79df075eef65", "name": "network-vif-plugged", "status": "completed", "tag": "5d53120e-4dd8-4313-9471-5438869009e1"}, {"server_uuid": "b52c75b9-1683-4cb1-a2e0-79df075eef65", "name": "network-vif-plugged", "status": "completed", "tag": "5d53120e-4dd8-4313-9471-5438869009e1"}, {"server_uuid": "b52c75b9-1683-4cb1-a2e0-79df075eef65", "name": "network-vif-plugged", "status": "completed", "tag": "3b6891a5-d7b5-4fea-aac4-0875545fdd4d"}, {"server_uuid": "b52c75b9-1683-4cb1-a2e0-79df075eef65", "name": "network-vif-plugged", "status": "completed", "tag": "3b6891a5-d7b5-4fea-aac4-0875545fdd4d"}, {"server_uuid": "90cc68d8-7839-4bfd-a810-e94fdefa8d30", "name": "network-vif-plugged", "status": "completed", "tag": "00ce9258-3c04-4d4a-8372-0f6ca86747fe"}, {"server_uuid": "90cc68d8-7839-4bfd-a810-e94fdefa8d30", "name": "network-vif-plugged", "status": "completed", "tag": "00ce9258-3c04-4d4a-8372-0f6ca86747fe"}]} {{(pid=84307) _process_stack /opt/stack/nova/nova/api/openstack/wsgi.py:549}}
Aug 16 20:33:37.596548 np0000007406 devstack@n-api.service[84307]: DEBUG oslo_concurrency.lockutils [req-d62a00d9-4781-4598-b7db-214ed1dbcc4f req-2c22b02b-e1b5-4e22-9b8b-09a59bb61fa2 service nova] Acquiring lock "b54367d8-76d5-474d-8ffd-f18eac0139ef" by "nova.context.set_target_cell..get_or_set_cached_cell_and_set_connections" {{(pid=84307) inner /opt/stack/data/venv/lib/python3.12/site-packages/oslo_concurrency/lockutils.py:512}}
Aug 16 20:33:37.598378 np0000007406 devstack@n-api.service[84307]: DEBUG oslo_concurrency.lockutils [req-d62a00d9-4781-4598-b7db-214ed1dbcc4f req-2c22b02b-e1b5-4e22-9b8b-09a59bb61fa2 service nova] Lock "b54367d8-76d5-474d-8ffd-f18eac0139ef" acquired by "nova.context.set_target_cell..get_or_set_cached_cell_and_set_connections" :: waited 0.002s {{(pid=84307) inner /opt/stack/data/venv/lib/python3.12/site-packages/oslo_concurrency/lockutils.py:525}}
Aug 16 20:33:37.598601 np0000007406 devstack@n-api.service[84307]: DEBUG oslo_concurrency.lockutils [req-d62a00d9-4781-4598-b7db-214ed1dbcc4f req-2c22b02b-e1b5-4e22-9b8b-09a59bb61fa2 service nova] Lock "b54367d8-76d5-474d-8ffd-f18eac0139ef" "released" by "nova.context.set_target_cell..get_or_set_cached_cell_and_set_connections" :: held 0.000s {{(pid=84307) inner /opt/stack/data/venv/lib/python3.12/site-packages/oslo_concurrency/lockutils.py:544}}
Aug 16 20:33:37.608506 np0000007406 devstack@n-api.service[84307]: INFO nova.api.openstack.compute.server_external_events [req-d62a00d9-4781-4598-b7db-214ed1dbcc4f req-2c22b02b-e1b5-4e22-9b8b-09a59bb61fa2 service nova] Creating event network-vif-plugged:8c6ea646-cff1-490d-8291-4c04f812d136 for instance b52c75b9-1683-4cb1-a2e0-79df075eef65 on np0000007406
Aug 16 20:33:37.608762 np0000007406 devstack@n-api.service[84307]: INFO nova.api.openstack.compute.server_external_events [req-d62a00d9-4781-4598-b7db-214ed1dbcc4f req-2c22b02b-e1b5-4e22-9b8b-09a59bb61fa2 service nova] Creating event network-vif-plugged:5d53120e-4dd8-4313-9471-5438869009e1 for instance b52c75b9-1683-4cb1-a2e0-79df075eef65 on np0000007406
Aug 16 20:33:37.608980 np0000007406 devstack@n-api.service[84307]: INFO nova.api.openstack.compute.server_external_events [req-d62a00d9-4781-4598-b7db-214ed1dbcc4f req-2c22b02b-e1b5-4e22-9b8b-09a59bb61fa2 service nova] Creating event network-vif-plugged:5d53120e-4dd8-4313-9471-5438869009e1 for instance b52c75b9-1683-4cb1-a2e0-79df075eef65 on np0000007406
Aug 16 20:33:37.609270 np0000007406 devstack@n-api.service[84307]: INFO nova.api.openstack.compute.server_external_events [req-d62a00d9-4781-4598-b7db-214ed1dbcc4f req-2c22b02b-e1b5-4e22-9b8b-09a59bb61fa2 service nova] Creating event network-vif-plugged:3b6891a5-d7b5-4fea-aac4-0875545fdd4d for instance b52c75b9-1683-4cb1-a2e0-79df075eef65 on np0000007406
Aug 16 20:33:37.609468 np0000007406 devstack@n-api.service[84307]: INFO nova.api.openstack.compute.server_external_events [req-d62a00d9-4781-4598-b7db-214ed1dbcc4f req-2c22b02b-e1b5-4e22-9b8b-09a59bb61fa2 service nova] Creating event network-vif-plugged:3b6891a5-d7b5-4fea-aac4-0875545fdd4d for instance b52c75b9-1683-4cb1-a2e0-79df075eef65 on np0000007406
Aug 16 20:33:37.609663 np0000007406 devstack@n-api.service[84307]: INFO nova.api.openstack.compute.server_external_events [req-d62a00d9-4781-4598-b7db-214ed1dbcc4f req-2c22b02b-e1b5-4e22-9b8b-09a59bb61fa2 service nova] Creating event network-vif-plugged:00ce9258-3c04-4d4a-8372-0f6ca86747fe for instance 90cc68d8-7839-4bfd-a810-e94fdefa8d30 on np0000007406
Aug 16 20:33:37.610070 np0000007406 devstack@n-api.service[84307]: INFO nova.api.openstack.compute.server_external_events [req-d62a00d9-4781-4598-b7db-214ed1dbcc4f req-2c22b02b-e1b5-4e22-9b8b-09a59bb61fa2 service nova] Creating event network-vif-plugged:00ce9258-3c04-4d4a-8372-0f6ca86747fe for instance 90cc68d8-7839-4bfd-a810-e94fdefa8d30 on np0000007406
Aug 16 20:33:37.611099 np0000007406 devstack@n-api.service[84307]: DEBUG nova.compute.rpcapi [req-d62a00d9-4781-4598-b7db-214ed1dbcc4f req-2c22b02b-e1b5-4e22-9b8b-09a59bb61fa2 service nova] RPC: Sending the message to topic: compute-alt {{(pid=84307) prepare_for_alt_rpcserver /opt/stack/nova/nova/compute/rpcapi.py:595}}
Aug 16 20:33:37.617183 np0000007406 devstack@n-api.service[84307]: INFO nova.api.openstack.requestlog [req-d62a00d9-4781-4598-b7db-214ed1dbcc4f req-2c22b02b-e1b5-4e22-9b8b-09a59bb61fa2 service nova] 10.4.3.150 "POST /compute/v2.1/os-server-external-events" status: 200 len: 1209 microversion: 2.1 time: 0.032882
Aug 16 20:33:37.618125 np0000007406 devstack@n-api.service[84307]: [pid: 84307|app: 0|req: 47/152] 10.4.3.150 () {72 vars in 1433 bytes} [Sun Aug 16 20:33:37 2026] POST /compute/v2.1/os-server-external-events => generated 1209 bytes in 34 msecs (HTTP/1.1 200) 9 headers in 358 bytes (1 switches on core 0)
Aug 16 20:33:37.753783 np0000007406 devstack@n-api.service[84308]: DEBUG nova.api.openstack.wsgi [req-d4c318d7-c803-4bb2-8c52-2201305623bc req-ecde1b77-03bd-484b-b0a4-9a8783ee0683 service nova] Action: 'create', calling method: >, body: {"events": [{"server_uuid": "90cc68d8-7839-4bfd-a810-e94fdefa8d30", "name": "network-vif-plugged", "status": "completed", "tag": "f4eb0c52-e423-465d-9bf2-a9e6f7081f22"}, {"server_uuid": "90cc68d8-7839-4bfd-a810-e94fdefa8d30", "name": "network-vif-plugged", "status": "completed", "tag": "6451a724-ee2d-4f1d-9011-417e6b5bbb52"}, {"server_uuid": "90cc68d8-7839-4bfd-a810-e94fdefa8d30", "name": "network-vif-plugged", "status": "completed", "tag": "6451a724-ee2d-4f1d-9011-417e6b5bbb52"}]} {{(pid=84308) _process_stack /opt/stack/nova/nova/api/openstack/wsgi.py:549}}
Aug 16 20:33:37.763770 np0000007406 devstack@n-api.service[84309]: DEBUG nova.policy [None req-e2582387-38d2-4dc4-8443-80c79f0fd6f6 tempest-TaggedBootDevicesTest_v242-798203096 tempest-TaggedBootDevicesTest_v242-798203096-project-member] Policy check for os_compute_api:os-extended-server-attributes failed with credentials {'is_admin': False, 'user_id': '4b19e27ddeaf45b7bd4a73a7145d164d', 'user_domain_id': 'default', 'system_scope': None, 'domain_id': None, 'project_id': 'e58edea4ea3d4622981f67099a69314c', 'project_domain_id': 'default', 'roles': ['reader', 'member'], 'is_admin_project': True, 'service_user_id': None, 'service_user_domain_id': None, 'service_project_id': None, 'service_project_domain_id': None, 'service_roles': []} {{(pid=84309) authorize /opt/stack/nova/nova/policy.py:202}}
Aug 16 20:33:37.764739 np0000007406 devstack@n-api.service[84308]: DEBUG oslo_concurrency.lockutils [req-d4c318d7-c803-4bb2-8c52-2201305623bc req-ecde1b77-03bd-484b-b0a4-9a8783ee0683 service nova] Acquiring lock "b54367d8-76d5-474d-8ffd-f18eac0139ef" by "nova.context.set_target_cell..get_or_set_cached_cell_and_set_connections" {{(pid=84308) inner /opt/stack/data/venv/lib/python3.12/site-packages/oslo_concurrency/lockutils.py:512}}
Aug 16 20:33:37.765019 np0000007406 devstack@n-api.service[84308]: DEBUG oslo_concurrency.lockutils [req-d4c318d7-c803-4bb2-8c52-2201305623bc req-ecde1b77-03bd-484b-b0a4-9a8783ee0683 service nova] Lock "b54367d8-76d5-474d-8ffd-f18eac0139ef" acquired by "nova.context.set_target_cell..get_or_set_cached_cell_and_set_connections" :: waited 0.000s {{(pid=84308) inner /opt/stack/data/venv/lib/python3.12/site-packages/oslo_concurrency/lockutils.py:525}}
Aug 16 20:33:37.765274 np0000007406 devstack@n-api.service[84308]: DEBUG oslo_concurrency.lockutils [req-d4c318d7-c803-4bb2-8c52-2201305623bc req-ecde1b77-03bd-484b-b0a4-9a8783ee0683 service nova] Lock "b54367d8-76d5-474d-8ffd-f18eac0139ef" "released" by "nova.context.set_target_cell..get_or_set_cached_cell_and_set_connections" :: held 0.000s {{(pid=84308) inner /opt/stack/data/venv/lib/python3.12/site-packages/oslo_concurrency/lockutils.py:544}}
Aug 16 20:33:37.774390 np0000007406 devstack@n-api.service[84309]: DEBUG nova.policy [None req-e2582387-38d2-4dc4-8443-80c79f0fd6f6 tempest-TaggedBootDevicesTest_v242-798203096 tempest-TaggedBootDevicesTest_v242-798203096-project-member] Policy check for os_compute_api:servers:show:host_status failed with credentials {'is_admin': False, 'user_id': '4b19e27ddeaf45b7bd4a73a7145d164d', 'user_domain_id': 'default', 'system_scope': None, 'domain_id': None, 'project_id': 'e58edea4ea3d4622981f67099a69314c', 'project_domain_id': 'default', 'roles': ['reader', 'member'], 'is_admin_project': True, 'service_user_id': None, 'service_user_domain_id': None, 'service_project_id': None, 'service_project_domain_id': None, 'service_roles': []} {{(pid=84309) authorize /opt/stack/nova/nova/policy.py:202}}
Aug 16 20:33:37.774390 np0000007406 devstack@n-api.service[84309]: DEBUG nova.policy [None req-e2582387-38d2-4dc4-8443-80c79f0fd6f6 tempest-TaggedBootDevicesTest_v242-798203096 tempest-TaggedBootDevicesTest_v242-798203096-project-member] Policy check for os_compute_api:servers:show:host_status:unknown-only failed with credentials {'is_admin': False, 'user_id': '4b19e27ddeaf45b7bd4a73a7145d164d', 'user_domain_id': 'default', 'system_scope': None, 'domain_id': None, 'project_id': 'e58edea4ea3d4622981f67099a69314c', 'project_domain_id': 'default', 'roles': ['reader', 'member'], 'is_admin_project': True, 'service_user_id': None, 'service_user_domain_id': None, 'service_project_id': None, 'service_project_domain_id': None, 'service_roles': []} {{(pid=84309) authorize /opt/stack/nova/nova/policy.py:202}}
Aug 16 20:33:37.774612 np0000007406 devstack@n-api.service[84308]: INFO nova.api.openstack.compute.server_external_events [req-d4c318d7-c803-4bb2-8c52-2201305623bc req-ecde1b77-03bd-484b-b0a4-9a8783ee0683 service nova] Creating event network-vif-plugged:f4eb0c52-e423-465d-9bf2-a9e6f7081f22 for instance 90cc68d8-7839-4bfd-a810-e94fdefa8d30 on np0000007406
Aug 16 20:33:37.774612 np0000007406 devstack@n-api.service[84308]: INFO nova.api.openstack.compute.server_external_events [req-d4c318d7-c803-4bb2-8c52-2201305623bc req-ecde1b77-03bd-484b-b0a4-9a8783ee0683 service nova] Creating event network-vif-plugged:6451a724-ee2d-4f1d-9011-417e6b5bbb52 for instance 90cc68d8-7839-4bfd-a810-e94fdefa8d30 on np0000007406
Aug 16 20:33:37.774712 np0000007406 devstack@n-api.service[84308]: INFO nova.api.openstack.compute.server_external_events [req-d4c318d7-c803-4bb2-8c52-2201305623bc req-ecde1b77-03bd-484b-b0a4-9a8783ee0683 service nova] Creating event network-vif-plugged:6451a724-ee2d-4f1d-9011-417e6b5bbb52 for instance 90cc68d8-7839-4bfd-a810-e94fdefa8d30 on np0000007406
Aug 16 20:33:37.775218 np0000007406 devstack@n-api.service[84308]: DEBUG nova.compute.rpcapi [req-d4c318d7-c803-4bb2-8c52-2201305623bc req-ecde1b77-03bd-484b-b0a4-9a8783ee0683 service nova] RPC: Sending the message to topic: compute-alt {{(pid=84308) prepare_for_alt_rpcserver /opt/stack/nova/nova/compute/rpcapi.py:595}}
Aug 16 20:33:37.779084 np0000007406 devstack@n-api.service[84309]: INFO nova.api.openstack.requestlog [None req-e2582387-38d2-4dc4-8443-80c79f0fd6f6 tempest-TaggedBootDevicesTest_v242-798203096 tempest-TaggedBootDevicesTest_v242-798203096-project-member] 10.4.3.150 "GET /compute/v2.1/servers/90cc68d8-7839-4bfd-a810-e94fdefa8d30" status: 200 len: 1877 microversion: 2.42 time: 0.268919
Aug 16 20:33:37.779495 np0000007406 devstack@n-api.service[84309]: [pid: 84309|app: 0|req: 49/153] 10.4.3.150 () {68 vars in 1395 bytes} [Sun Aug 16 20:33:37 2026] GET /compute/v2.1/servers/90cc68d8-7839-4bfd-a810-e94fdefa8d30 => generated 1877 bytes in 270 msecs (HTTP/1.1 200) 9 headers in 360 bytes (1 switches on core 0)
Aug 16 20:33:37.781599 np0000007406 devstack@n-api.service[84308]: INFO nova.api.openstack.requestlog [req-d4c318d7-c803-4bb2-8c52-2201305623bc req-ecde1b77-03bd-484b-b0a4-9a8783ee0683 service nova] 10.4.3.150 "POST /compute/v2.1/os-server-external-events" status: 200 len: 525 microversion: 2.1 time: 0.030541
Aug 16 20:33:37.781930 np0000007406 devstack@n-api.service[84308]: [pid: 84308|app: 0|req: 58/154] 10.4.3.150 () {72 vars in 1432 bytes} [Sun Aug 16 20:33:37 2026] POST /compute/v2.1/os-server-external-events => generated 525 bytes in 31 msecs (HTTP/1.1 200) 9 headers in 357 bytes (1 switches on core 0)
Aug 16 20:33:38.086862 np0000007406 devstack@n-api.service[84307]: DEBUG nova.api.openstack.wsgi [req-842930c1-5b40-40d9-8adf-6999a638d01f req-b70e6eee-0677-4f62-b994-8e8f47a92e65 service nova] Action: 'create', calling method: >, body: {"events": [{"server_uuid": "90cc68d8-7839-4bfd-a810-e94fdefa8d30", "name": "network-vif-plugged", "status": "completed", "tag": "bfee5e4c-7237-4aae-bcd6-96bb896f003c"}, {"server_uuid": "90cc68d8-7839-4bfd-a810-e94fdefa8d30", "name": "network-vif-plugged", "status": "completed", "tag": "650a275a-d2c6-422d-8109-6d4e17b44cc4"}, {"server_uuid": "90cc68d8-7839-4bfd-a810-e94fdefa8d30", "name": "network-vif-plugged", "status": "completed", "tag": "650a275a-d2c6-422d-8109-6d4e17b44cc4"}, {"server_uuid": "90cc68d8-7839-4bfd-a810-e94fdefa8d30", "name": "network-vif-plugged", "status": "completed", "tag": "9787d424-5f84-4d7e-8eb1-04aa64981bf1"}, {"server_uuid": "90cc68d8-7839-4bfd-a810-e94fdefa8d30", "name": "network-vif-plugged", "status": "completed", "tag": "9787d424-5f84-4d7e-8eb1-04aa64981bf1"}, {"server_uuid": "90cc68d8-7839-4bfd-a810-e94fdefa8d30", "name": "network-vif-plugged", "status": "completed", "tag": "ae400e6e-b649-4ff3-947a-a1d19f72e50d"}, {"server_uuid": "90cc68d8-7839-4bfd-a810-e94fdefa8d30", "name": "network-vif-plugged", "status": "completed", "tag": "ae400e6e-b649-4ff3-947a-a1d19f72e50d"}]} {{(pid=84307) _process_stack /opt/stack/nova/nova/api/openstack/wsgi.py:549}}
Aug 16 20:33:38.100485 np0000007406 devstack@n-api.service[84307]: DEBUG oslo_concurrency.lockutils [req-842930c1-5b40-40d9-8adf-6999a638d01f req-b70e6eee-0677-4f62-b994-8e8f47a92e65 service nova] Acquiring lock "b54367d8-76d5-474d-8ffd-f18eac0139ef" by "nova.context.set_target_cell..get_or_set_cached_cell_and_set_connections" {{(pid=84307) inner /opt/stack/data/venv/lib/python3.12/site-packages/oslo_concurrency/lockutils.py:512}}
Aug 16 20:33:38.100759 np0000007406 devstack@n-api.service[84307]: DEBUG oslo_concurrency.lockutils [req-842930c1-5b40-40d9-8adf-6999a638d01f req-b70e6eee-0677-4f62-b994-8e8f47a92e65 service nova] Lock "b54367d8-76d5-474d-8ffd-f18eac0139ef" acquired by "nova.context.set_target_cell..get_or_set_cached_cell_and_set_connections" :: waited 0.000s {{(pid=84307) inner /opt/stack/data/venv/lib/python3.12/site-packages/oslo_concurrency/lockutils.py:525}}
Aug 16 20:33:38.101431 np0000007406 devstack@n-api.service[84307]: DEBUG oslo_concurrency.lockutils [req-842930c1-5b40-40d9-8adf-6999a638d01f req-b70e6eee-0677-4f62-b994-8e8f47a92e65 service nova] Lock "b54367d8-76d5-474d-8ffd-f18eac0139ef" "released" by "nova.context.set_target_cell..get_or_set_cached_cell_and_set_connections" :: held 0.000s {{(pid=84307) inner /opt/stack/data/venv/lib/python3.12/site-packages/oslo_concurrency/lockutils.py:544}}
Aug 16 20:33:38.112299 np0000007406 devstack@n-api.service[84307]: INFO nova.api.openstack.compute.server_external_events [req-842930c1-5b40-40d9-8adf-6999a638d01f req-b70e6eee-0677-4f62-b994-8e8f47a92e65 service nova] Creating event network-vif-plugged:bfee5e4c-7237-4aae-bcd6-96bb896f003c for instance 90cc68d8-7839-4bfd-a810-e94fdefa8d30 on np0000007406
Aug 16 20:33:38.112755 np0000007406 devstack@n-api.service[84307]: INFO nova.api.openstack.compute.server_external_events [req-842930c1-5b40-40d9-8adf-6999a638d01f req-b70e6eee-0677-4f62-b994-8e8f47a92e65 service nova] Creating event network-vif-plugged:650a275a-d2c6-422d-8109-6d4e17b44cc4 for instance 90cc68d8-7839-4bfd-a810-e94fdefa8d30 on np0000007406
Aug 16 20:33:38.113113 np0000007406 devstack@n-api.service[84307]: INFO nova.api.openstack.compute.server_external_events [req-842930c1-5b40-40d9-8adf-6999a638d01f req-b70e6eee-0677-4f62-b994-8e8f47a92e65 service nova] Creating event network-vif-plugged:650a275a-d2c6-422d-8109-6d4e17b44cc4 for instance 90cc68d8-7839-4bfd-a810-e94fdefa8d30 on np0000007406
Aug 16 20:33:38.113406 np0000007406 devstack@n-api.service[84307]: INFO nova.api.openstack.compute.server_external_events [req-842930c1-5b40-40d9-8adf-6999a638d01f req-b70e6eee-0677-4f62-b994-8e8f47a92e65 service nova] Creating event network-vif-plugged:9787d424-5f84-4d7e-8eb1-04aa64981bf1 for instance 90cc68d8-7839-4bfd-a810-e94fdefa8d30 on np0000007406
Aug 16 20:33:38.113685 np0000007406 devstack@n-api.service[84307]: INFO nova.api.openstack.compute.server_external_events [req-842930c1-5b40-40d9-8adf-6999a638d01f req-b70e6eee-0677-4f62-b994-8e8f47a92e65 service nova] Creating event network-vif-plugged:9787d424-5f84-4d7e-8eb1-04aa64981bf1 for instance 90cc68d8-7839-4bfd-a810-e94fdefa8d30 on np0000007406
Aug 16 20:33:38.114034 np0000007406 devstack@n-api.service[84307]: INFO nova.api.openstack.compute.server_external_events [req-842930c1-5b40-40d9-8adf-6999a638d01f req-b70e6eee-0677-4f62-b994-8e8f47a92e65 service nova] Creating event network-vif-plugged:ae400e6e-b649-4ff3-947a-a1d19f72e50d for instance 90cc68d8-7839-4bfd-a810-e94fdefa8d30 on np0000007406
Aug 16 20:33:38.114366 np0000007406 devstack@n-api.service[84307]: INFO nova.api.openstack.compute.server_external_events [req-842930c1-5b40-40d9-8adf-6999a638d01f req-b70e6eee-0677-4f62-b994-8e8f47a92e65 service nova] Creating event network-vif-plugged:ae400e6e-b649-4ff3-947a-a1d19f72e50d for instance 90cc68d8-7839-4bfd-a810-e94fdefa8d30 on np0000007406
Aug 16 20:33:38.115007 np0000007406 devstack@n-api.service[84307]: DEBUG nova.compute.rpcapi [req-842930c1-5b40-40d9-8adf-6999a638d01f req-b70e6eee-0677-4f62-b994-8e8f47a92e65 service nova] RPC: Sending the message to topic: compute-alt {{(pid=84307) prepare_for_alt_rpcserver /opt/stack/nova/nova/compute/rpcapi.py:595}}
Aug 16 20:33:38.122988 np0000007406 devstack@n-api.service[84307]: INFO nova.api.openstack.requestlog [req-842930c1-5b40-40d9-8adf-6999a638d01f req-b70e6eee-0677-4f62-b994-8e8f47a92e65 service nova] 10.4.3.150 "POST /compute/v2.1/os-server-external-events" status: 200 len: 1209 microversion: 2.1 time: 0.041561
Aug 16 20:33:38.123628 np0000007406 devstack@n-api.service[84307]: [pid: 84307|app: 0|req: 48/155] 10.4.3.150 () {72 vars in 1433 bytes} [Sun Aug 16 20:33:38 2026] POST /compute/v2.1/os-server-external-events => generated 1209 bytes in 43 msecs (HTTP/1.1 200) 9 headers in 358 bytes (1 switches on core 0)
Aug 16 20:33:38.363874 np0000007406 devstack@n-api.service[84309]: DEBUG nova.api.openstack.wsgi [None req-2c25bd4f-4f8e-40fe-a998-1ad81cde96e7 tempest-TaggedBootDevicesTest-1763504658 tempest-TaggedBootDevicesTest-1763504658-project-member] Calling method '>' {{(pid=84309) _process_stack /opt/stack/nova/nova/api/openstack/wsgi.py:551}}
Aug 16 20:33:38.366731 np0000007406 devstack@n-api.service[84309]: DEBUG nova.compute.api [None req-2c25bd4f-4f8e-40fe-a998-1ad81cde96e7 tempest-TaggedBootDevicesTest-1763504658 tempest-TaggedBootDevicesTest-1763504658-project-member] [instance: b52c75b9-1683-4cb1-a2e0-79df075eef65] Fetching instance by UUID {{(pid=84309) get /opt/stack/nova/nova/compute/api.py:3068}}
Aug 16 20:33:38.373471 np0000007406 devstack@n-api.service[84309]: DEBUG oslo_concurrency.lockutils [None req-2c25bd4f-4f8e-40fe-a998-1ad81cde96e7 tempest-TaggedBootDevicesTest-1763504658 tempest-TaggedBootDevicesTest-1763504658-project-member] Acquiring lock "b54367d8-76d5-474d-8ffd-f18eac0139ef" by "nova.context.set_target_cell..get_or_set_cached_cell_and_set_connections" {{(pid=84309) inner /opt/stack/data/venv/lib/python3.12/site-packages/oslo_concurrency/lockutils.py:512}}
Aug 16 20:33:38.374864 np0000007406 devstack@n-api.service[84309]: DEBUG oslo_concurrency.lockutils [None req-2c25bd4f-4f8e-40fe-a998-1ad81cde96e7 tempest-TaggedBootDevicesTest-1763504658 tempest-TaggedBootDevicesTest-1763504658-project-member] Lock "b54367d8-76d5-474d-8ffd-f18eac0139ef" acquired by "nova.context.set_target_cell..get_or_set_cached_cell_and_set_connections" :: waited 0.001s {{(pid=84309) inner /opt/stack/data/venv/lib/python3.12/site-packages/oslo_concurrency/lockutils.py:525}}
