Aug 16 20:30:34.082826 np0000007406 nova-scheduler[93469]: DEBUG cotyledon.oslo_config_glue [-] oslo_messaging_rabbit.rabbit_quorum_max_memory_length = 0 {{(pid=93469) log_opt_values /opt/stack/data/venv/lib/python3.12/site-packages/oslo_config/cfg.py:3560}}
Aug 16 20:30:34.083093 np0000007406 nova-scheduler[93469]: DEBUG cotyledon.oslo_config_glue [-] oslo_messaging_rabbit.rabbit_quorum_queue = False {{(pid=93469) log_opt_values /opt/stack/data/venv/lib/python3.12/site-packages/oslo_config/cfg.py:3560}}
Aug 16 20:30:34.083093 np0000007406 nova-scheduler[93469]: DEBUG cotyledon.oslo_config_glue [-] oslo_messaging_rabbit.rabbit_retry_backoff = 2 {{(pid=93469) log_opt_values /opt/stack/data/venv/lib/python3.12/site-packages/oslo_config/cfg.py:3560}}
Aug 16 20:30:34.083093 np0000007406 nova-scheduler[93469]: DEBUG cotyledon.oslo_config_glue [-] oslo_messaging_rabbit.rabbit_retry_interval = 1 {{(pid=93469) log_opt_values /opt/stack/data/venv/lib/python3.12/site-packages/oslo_config/cfg.py:3560}}
Aug 16 20:30:34.083093 np0000007406 nova-scheduler[93469]: DEBUG cotyledon.oslo_config_glue [-] oslo_messaging_rabbit.rabbit_stream_fanout = False {{(pid=93469) log_opt_values /opt/stack/data/venv/lib/python3.12/site-packages/oslo_config/cfg.py:3560}}
Aug 16 20:30:34.083093 np0000007406 nova-scheduler[93469]: DEBUG cotyledon.oslo_config_glue [-] oslo_messaging_rabbit.rabbit_transient_queues_ttl = 1800 {{(pid=93469) log_opt_values /opt/stack/data/venv/lib/python3.12/site-packages/oslo_config/cfg.py:3560}}
Aug 16 20:30:34.083093 np0000007406 nova-scheduler[93469]: DEBUG cotyledon.oslo_config_glue [-] oslo_messaging_rabbit.rabbit_transient_quorum_queue = False {{(pid=93469) log_opt_values /opt/stack/data/venv/lib/python3.12/site-packages/oslo_config/cfg.py:3560}}
Aug 16 20:30:34.083093 np0000007406 nova-scheduler[93469]: DEBUG cotyledon.oslo_config_glue [-] oslo_messaging_rabbit.rpc_conn_pool_size = 30 {{(pid=93469) log_opt_values /opt/stack/data/venv/lib/python3.12/site-packages/oslo_config/cfg.py:3560}}
Aug 16 20:30:34.083093 np0000007406 nova-scheduler[93469]: DEBUG cotyledon.oslo_config_glue [-] oslo_messaging_rabbit.ssl = False {{(pid=93469) log_opt_values /opt/stack/data/venv/lib/python3.12/site-packages/oslo_config/cfg.py:3560}}
Aug 16 20:30:34.083093 np0000007406 nova-scheduler[93469]: DEBUG cotyledon.oslo_config_glue [-] oslo_messaging_rabbit.ssl_ca_file = {{(pid=93469) log_opt_values /opt/stack/data/venv/lib/python3.12/site-packages/oslo_config/cfg.py:3560}}
Aug 16 20:30:34.083318 np0000007406 nova-scheduler[93469]: DEBUG cotyledon.oslo_config_glue [-] oslo_messaging_rabbit.ssl_cert_file = {{(pid=93469) log_opt_values /opt/stack/data/venv/lib/python3.12/site-packages/oslo_config/cfg.py:3560}}
Aug 16 20:30:34.083318 np0000007406 nova-scheduler[93469]: DEBUG cotyledon.oslo_config_glue [-] oslo_messaging_rabbit.ssl_enforce_fips_mode = False {{(pid=93469) log_opt_values /opt/stack/data/venv/lib/python3.12/site-packages/oslo_config/cfg.py:3560}}
Aug 16 20:30:34.083318 np0000007406 nova-scheduler[93469]: DEBUG cotyledon.oslo_config_glue [-] oslo_messaging_rabbit.ssl_enforce_hostname_verification = True {{(pid=93469) log_opt_values /opt/stack/data/venv/lib/python3.12/site-packages/oslo_config/cfg.py:3560}}
Aug 16 20:30:34.083318 np0000007406 nova-scheduler[93469]: DEBUG cotyledon.oslo_config_glue [-] oslo_messaging_rabbit.ssl_key_file = {{(pid=93469) log_opt_values /opt/stack/data/venv/lib/python3.12/site-packages/oslo_config/cfg.py:3560}}
Aug 16 20:30:34.083318 np0000007406 nova-scheduler[93469]: DEBUG cotyledon.oslo_config_glue [-] oslo_messaging_rabbit.ssl_version = {{(pid=93469) log_opt_values /opt/stack/data/venv/lib/python3.12/site-packages/oslo_config/cfg.py:3560}}
Aug 16 20:30:34.083318 np0000007406 nova-scheduler[93469]: DEBUG cotyledon.oslo_config_glue [-] oslo_messaging_rabbit.use_queue_manager = False {{(pid=93469) log_opt_values /opt/stack/data/venv/lib/python3.12/site-packages/oslo_config/cfg.py:3560}}
Aug 16 20:30:34.083318 np0000007406 nova-scheduler[93469]: DEBUG cotyledon.oslo_config_glue [-] oslo_messaging_notifications.driver = ['messagingv2'] {{(pid=93469) log_opt_values /opt/stack/data/venv/lib/python3.12/site-packages/oslo_config/cfg.py:3560}}
Aug 16 20:30:34.083318 np0000007406 nova-scheduler[93469]: DEBUG cotyledon.oslo_config_glue [-] oslo_messaging_notifications.retry = -1 {{(pid=93469) log_opt_values /opt/stack/data/venv/lib/python3.12/site-packages/oslo_config/cfg.py:3560}}
Aug 16 20:30:34.083318 np0000007406 nova-scheduler[93469]: DEBUG cotyledon.oslo_config_glue [-] oslo_messaging_notifications.topics = ['notifications'] {{(pid=93469) log_opt_values /opt/stack/data/venv/lib/python3.12/site-packages/oslo_config/cfg.py:3560}}
Aug 16 20:30:34.083549 np0000007406 nova-scheduler[93469]: DEBUG cotyledon.oslo_config_glue [-] oslo_messaging_notifications.transport_url = **** {{(pid=93469) log_opt_values /opt/stack/data/venv/lib/python3.12/site-packages/oslo_config/cfg.py:3560}}
Aug 16 20:30:34.083549 np0000007406 nova-scheduler[93469]: DEBUG cotyledon.oslo_config_glue [-] oslo_limit.auth_section = None {{(pid=93469) log_opt_values /opt/stack/data/venv/lib/python3.12/site-packages/oslo_config/cfg.py:3560}}
Aug 16 20:30:34.083549 np0000007406 nova-scheduler[93469]: DEBUG cotyledon.oslo_config_glue [-] oslo_limit.auth_type = None {{(pid=93469) log_opt_values /opt/stack/data/venv/lib/python3.12/site-packages/oslo_config/cfg.py:3560}}
Aug 16 20:30:34.083549 np0000007406 nova-scheduler[93469]: DEBUG cotyledon.oslo_config_glue [-] oslo_limit.cafile = None {{(pid=93469) log_opt_values /opt/stack/data/venv/lib/python3.12/site-packages/oslo_config/cfg.py:3560}}
Aug 16 20:30:34.083549 np0000007406 nova-scheduler[93469]: DEBUG cotyledon.oslo_config_glue [-] oslo_limit.certfile = None {{(pid=93469) log_opt_values /opt/stack/data/venv/lib/python3.12/site-packages/oslo_config/cfg.py:3560}}
Aug 16 20:30:34.083688 np0000007406 nova-scheduler[93467]: INFO nova.service [-] Starting scheduler node (version 33.1.0)
Aug 16 20:30:34.083721 np0000007406 nova-scheduler[93469]: DEBUG cotyledon.oslo_config_glue [-] oslo_limit.collect_timing = False {{(pid=93469) log_opt_values /opt/stack/data/venv/lib/python3.12/site-packages/oslo_config/cfg.py:3560}}
Aug 16 20:30:34.083721 np0000007406 nova-scheduler[93469]: DEBUG cotyledon.oslo_config_glue [-] oslo_limit.connect_retries = None {{(pid=93469) log_opt_values /opt/stack/data/venv/lib/python3.12/site-packages/oslo_config/cfg.py:3560}}
Aug 16 20:30:34.083721 np0000007406 nova-scheduler[93469]: DEBUG cotyledon.oslo_config_glue [-] oslo_limit.connect_retry_delay = None {{(pid=93469) log_opt_values /opt/stack/data/venv/lib/python3.12/site-packages/oslo_config/cfg.py:3560}}
Aug 16 20:30:34.083721 np0000007406 nova-scheduler[93469]: DEBUG cotyledon.oslo_config_glue [-] oslo_limit.endpoint_id = None {{(pid=93469) log_opt_values /opt/stack/data/venv/lib/python3.12/site-packages/oslo_config/cfg.py:3560}}
Aug 16 20:30:34.083721 np0000007406 nova-scheduler[93469]: DEBUG cotyledon.oslo_config_glue [-] oslo_limit.endpoint_interface = public {{(pid=93469) log_opt_values /opt/stack/data/venv/lib/python3.12/site-packages/oslo_config/cfg.py:3560}}
Aug 16 20:30:34.083721 np0000007406 nova-scheduler[93469]: DEBUG cotyledon.oslo_config_glue [-] oslo_limit.endpoint_override = None {{(pid=93469) log_opt_values /opt/stack/data/venv/lib/python3.12/site-packages/oslo_config/cfg.py:3560}}
Aug 16 20:30:34.083721 np0000007406 nova-scheduler[93469]: DEBUG cotyledon.oslo_config_glue [-] oslo_limit.endpoint_region_name = None {{(pid=93469) log_opt_values /opt/stack/data/venv/lib/python3.12/site-packages/oslo_config/cfg.py:3560}}
Aug 16 20:30:34.083721 np0000007406 nova-scheduler[93469]: DEBUG cotyledon.oslo_config_glue [-] oslo_limit.endpoint_service_name = None {{(pid=93469) log_opt_values /opt/stack/data/venv/lib/python3.12/site-packages/oslo_config/cfg.py:3560}}
Aug 16 20:30:34.083721 np0000007406 nova-scheduler[93469]: DEBUG cotyledon.oslo_config_glue [-] oslo_limit.endpoint_service_type = None {{(pid=93469) log_opt_values /opt/stack/data/venv/lib/python3.12/site-packages/oslo_config/cfg.py:3560}}
Aug 16 20:30:34.083925 np0000007406 nova-scheduler[93469]: DEBUG cotyledon.oslo_config_glue [-] oslo_limit.insecure = False {{(pid=93469) log_opt_values /opt/stack/data/venv/lib/python3.12/site-packages/oslo_config/cfg.py:3560}}
Aug 16 20:30:34.083925 np0000007406 nova-scheduler[93469]: DEBUG cotyledon.oslo_config_glue [-] oslo_limit.keyfile = None {{(pid=93469) log_opt_values /opt/stack/data/venv/lib/python3.12/site-packages/oslo_config/cfg.py:3560}}
Aug 16 20:30:34.083925 np0000007406 nova-scheduler[93469]: DEBUG cotyledon.oslo_config_glue [-] oslo_limit.max_version = None {{(pid=93469) log_opt_values /opt/stack/data/venv/lib/python3.12/site-packages/oslo_config/cfg.py:3560}}
Aug 16 20:30:34.083925 np0000007406 nova-scheduler[93469]: DEBUG cotyledon.oslo_config_glue [-] oslo_limit.min_version = None {{(pid=93469) log_opt_values /opt/stack/data/venv/lib/python3.12/site-packages/oslo_config/cfg.py:3560}}
Aug 16 20:30:34.083925 np0000007406 nova-scheduler[93469]: DEBUG cotyledon.oslo_config_glue [-] oslo_limit.region_name = None {{(pid=93469) log_opt_values /opt/stack/data/venv/lib/python3.12/site-packages/oslo_config/cfg.py:3560}}
Aug 16 20:30:34.083925 np0000007406 nova-scheduler[93469]: DEBUG cotyledon.oslo_config_glue [-] oslo_limit.retriable_status_codes = None {{(pid=93469) log_opt_values /opt/stack/data/venv/lib/python3.12/site-packages/oslo_config/cfg.py:3560}}
Aug 16 20:30:34.083925 np0000007406 nova-scheduler[93469]: DEBUG cotyledon.oslo_config_glue [-] oslo_limit.service_name = None {{(pid=93469) log_opt_values /opt/stack/data/venv/lib/python3.12/site-packages/oslo_config/cfg.py:3560}}
Aug 16 20:30:34.083925 np0000007406 nova-scheduler[93469]: DEBUG cotyledon.oslo_config_glue [-] oslo_limit.service_type = None {{(pid=93469) log_opt_values /opt/stack/data/venv/lib/python3.12/site-packages/oslo_config/cfg.py:3560}}
Aug 16 20:30:34.083925 np0000007406 nova-scheduler[93469]: DEBUG cotyledon.oslo_config_glue [-] oslo_limit.split_loggers = False {{(pid=93469) log_opt_values /opt/stack/data/venv/lib/python3.12/site-packages/oslo_config/cfg.py:3560}}
Aug 16 20:30:34.084125 np0000007406 nova-scheduler[93469]: DEBUG cotyledon.oslo_config_glue [-] oslo_limit.status_code_retries = None {{(pid=93469) log_opt_values /opt/stack/data/venv/lib/python3.12/site-packages/oslo_config/cfg.py:3560}}
Aug 16 20:30:34.084125 np0000007406 nova-scheduler[93469]: DEBUG cotyledon.oslo_config_glue [-] oslo_limit.status_code_retry_delay = None {{(pid=93469) log_opt_values /opt/stack/data/venv/lib/python3.12/site-packages/oslo_config/cfg.py:3560}}
Aug 16 20:30:34.084125 np0000007406 nova-scheduler[93469]: DEBUG cotyledon.oslo_config_glue [-] oslo_limit.timeout = None {{(pid=93469) log_opt_values /opt/stack/data/venv/lib/python3.12/site-packages/oslo_config/cfg.py:3560}}
Aug 16 20:30:34.084125 np0000007406 nova-scheduler[93469]: DEBUG cotyledon.oslo_config_glue [-] oslo_limit.valid_interfaces = None {{(pid=93469) log_opt_values /opt/stack/data/venv/lib/python3.12/site-packages/oslo_config/cfg.py:3560}}
Aug 16 20:30:34.084125 np0000007406 nova-scheduler[93469]: DEBUG cotyledon.oslo_config_glue [-] oslo_limit.version = None {{(pid=93469) log_opt_values /opt/stack/data/venv/lib/python3.12/site-packages/oslo_config/cfg.py:3560}}
Aug 16 20:30:34.084125 np0000007406 nova-scheduler[93469]: DEBUG cotyledon.oslo_config_glue [-] oslo_reports.file_event_handler = None {{(pid=93469) log_opt_values /opt/stack/data/venv/lib/python3.12/site-packages/oslo_config/cfg.py:3560}}
Aug 16 20:30:34.084125 np0000007406 nova-scheduler[93469]: DEBUG cotyledon.oslo_config_glue [-] oslo_reports.file_event_handler_interval = 1 {{(pid=93469) log_opt_values /opt/stack/data/venv/lib/python3.12/site-packages/oslo_config/cfg.py:3560}}
Aug 16 20:30:34.084125 np0000007406 nova-scheduler[93469]: DEBUG cotyledon.oslo_config_glue [-] oslo_reports.log_dir = None {{(pid=93469) log_opt_values /opt/stack/data/venv/lib/python3.12/site-packages/oslo_config/cfg.py:3560}}
Aug 16 20:30:34.084125 np0000007406 nova-scheduler[93469]: DEBUG cotyledon.oslo_config_glue [-] ******************************************************************************** {{(pid=93469) log_opt_values /opt/stack/data/venv/lib/python3.12/site-packages/oslo_config/cfg.py:3567}}
Aug 16 20:30:34.084338 np0000007406 nova-scheduler[93469]: DEBUG cotyledon._service_worker [-] Run service ServiceWrapper(2) [93469] {{(pid=93469) wait_forever /opt/stack/data/venv/lib/python3.12/site-packages/cotyledon/_service_worker.py:218}}
Aug 16 20:30:34.084338 np0000007406 nova-scheduler[93469]: INFO nova.service [-] Starting scheduler node (version 33.1.0)
Aug 16 20:30:34.084385 np0000007406 nova-scheduler[93467]: INFO dbcounter [None req-41dd2491-2681-490e-9e91-a9aead3b0c67 None None] Registered counter for database nova_cell0
Aug 16 20:30:34.084419 np0000007406 nova-scheduler[93469]: INFO dbcounter [None req-0be77d60-5eaa-444c-a74a-2e5a7b44c669 None None] Registered counter for database nova_cell0
Aug 16 20:30:34.090474 np0000007406 nova-scheduler[93465]: DEBUG oslo_db.sqlalchemy.engines [None req-6e9f8b13-0747-4039-a749-847b5f65dfa7 None None] MySQL server mode set to STRICT_TRANS_TABLES,STRICT_ALL_TABLES,NO_ZERO_IN_DATE,NO_ZERO_DATE,ERROR_FOR_DIVISION_BY_ZERO,TRADITIONAL,NO_ENGINE_SUBSTITUTION {{(pid=93465) _check_effective_sql_mode /opt/stack/data/venv/lib/python3.12/site-packages/oslo_db/sqlalchemy/engines.py:325}}
Aug 16 20:30:34.106099 np0000007406 nova-scheduler[93465]: DEBUG dbcounter [-] [93465] Writer thread running {{(pid=93465) stat_writer /opt/stack/data/venv/lib/python3.12/site-packages/dbcounter.py:102}}
Aug 16 20:30:34.114978 np0000007406 nova-scheduler[93467]: DEBUG oslo_db.sqlalchemy.engines [None req-41dd2491-2681-490e-9e91-a9aead3b0c67 None None] MySQL server mode set to STRICT_TRANS_TABLES,STRICT_ALL_TABLES,NO_ZERO_IN_DATE,NO_ZERO_DATE,ERROR_FOR_DIVISION_BY_ZERO,TRADITIONAL,NO_ENGINE_SUBSTITUTION {{(pid=93467) _check_effective_sql_mode /opt/stack/data/venv/lib/python3.12/site-packages/oslo_db/sqlalchemy/engines.py:325}}
Aug 16 20:30:34.123614 np0000007406 nova-scheduler[93469]: DEBUG oslo_db.sqlalchemy.engines [None req-0be77d60-5eaa-444c-a74a-2e5a7b44c669 None None] MySQL server mode set to STRICT_TRANS_TABLES,STRICT_ALL_TABLES,NO_ZERO_IN_DATE,NO_ZERO_DATE,ERROR_FOR_DIVISION_BY_ZERO,TRADITIONAL,NO_ENGINE_SUBSTITUTION {{(pid=93469) _check_effective_sql_mode /opt/stack/data/venv/lib/python3.12/site-packages/oslo_db/sqlalchemy/engines.py:325}}
Aug 16 20:30:34.125479 np0000007406 nova-scheduler[93465]: DEBUG nova.service [None req-6e9f8b13-0747-4039-a749-847b5f65dfa7 None None] Creating RPC server for service: nova-scheduler on topic: scheduler {{(pid=93465) start /opt/stack/nova/nova/service.py:262}}
Aug 16 20:30:34.125984 np0000007406 nova-scheduler[93467]: DEBUG dbcounter [-] [93467] Writer thread running {{(pid=93467) stat_writer /opt/stack/data/venv/lib/python3.12/site-packages/dbcounter.py:102}}
Aug 16 20:30:34.129787 np0000007406 nova-scheduler[93467]: DEBUG nova.service [None req-41dd2491-2681-490e-9e91-a9aead3b0c67 None None] Creating RPC server for service: nova-scheduler on topic: scheduler {{(pid=93467) start /opt/stack/nova/nova/service.py:262}}
Aug 16 20:30:34.137625 np0000007406 nova-scheduler[93469]: DEBUG dbcounter [-] [93469] Writer thread running {{(pid=93469) stat_writer /opt/stack/data/venv/lib/python3.12/site-packages/dbcounter.py:102}}
Aug 16 20:30:34.142276 np0000007406 nova-scheduler[93469]: DEBUG nova.service [None req-0be77d60-5eaa-444c-a74a-2e5a7b44c669 None None] Creating RPC server for service: nova-scheduler on topic: scheduler {{(pid=93469) start /opt/stack/nova/nova/service.py:262}}
Aug 16 20:30:34.160804 np0000007406 nova-scheduler[93467]: DEBUG nova.service [None req-41dd2491-2681-490e-9e91-a9aead3b0c67 None None] Join ServiceGroup membership for this service scheduler {{(pid=93467) start /opt/stack/nova/nova/service.py:288}}
Aug 16 20:30:34.160987 np0000007406 nova-scheduler[93467]: DEBUG nova.servicegroup.drivers.db [None req-41dd2491-2681-490e-9e91-a9aead3b0c67 None None] DB_Driver: join new ServiceGroup member np0000007406 to the scheduler group, service = {{(pid=93467) join /opt/stack/nova/nova/servicegroup/drivers/db.py:44}}
Aug 16 20:30:34.161279 np0000007406 nova-scheduler[93465]: DEBUG nova.service [None req-6e9f8b13-0747-4039-a749-847b5f65dfa7 None None] Join ServiceGroup membership for this service scheduler {{(pid=93465) start /opt/stack/nova/nova/service.py:288}}
Aug 16 20:30:34.161501 np0000007406 nova-scheduler[93465]: DEBUG nova.servicegroup.drivers.db [None req-6e9f8b13-0747-4039-a749-847b5f65dfa7 None None] DB_Driver: join new ServiceGroup member np0000007406 to the scheduler group, service = {{(pid=93465) join /opt/stack/nova/nova/servicegroup/drivers/db.py:44}}
Aug 16 20:30:34.168849 np0000007406 nova-scheduler[93469]: DEBUG nova.service [None req-0be77d60-5eaa-444c-a74a-2e5a7b44c669 None None] Join ServiceGroup membership for this service scheduler {{(pid=93469) start /opt/stack/nova/nova/service.py:288}}
Aug 16 20:30:34.169364 np0000007406 nova-scheduler[93469]: DEBUG nova.servicegroup.drivers.db [None req-0be77d60-5eaa-444c-a74a-2e5a7b44c669 None None] DB_Driver: join new ServiceGroup member np0000007406 to the scheduler group, service = {{(pid=93469) join /opt/stack/nova/nova/servicegroup/drivers/db.py:44}}
Aug 16 20:30:36.171778 np0000007406 nova-scheduler[93469]: DEBUG oslo.service.backend._threading.loopingcall [None req-9ef3f625-f5fb-43ad-961b-d4f435b3eed7 None None] Dynamic interval looping call 'nova.service.Service.periodic_tasks' sleeping for 60.00 seconds {{(pid=93469) _run_loop /opt/stack/data/venv/lib/python3.12/site-packages/oslo_service/backend/_threading/loopingcall.py:125}}
Aug 16 20:30:37.164679 np0000007406 nova-scheduler[93465]: DEBUG oslo.service.backend._threading.loopingcall [None req-ca08ef32-de8b-47b7-9865-a68c25524def None None] Dynamic interval looping call 'nova.service.Service.periodic_tasks' sleeping for 60.00 seconds {{(pid=93465) _run_loop /opt/stack/data/venv/lib/python3.12/site-packages/oslo_service/backend/_threading/loopingcall.py:125}}
Aug 16 20:30:39.177863 np0000007406 nova-scheduler[93465]: DEBUG oslo.service.backend._threading.loopingcall [-] Fixed interval looping call 'nova.servicegroup.drivers.db.DbDriver._report_state' sleeping for 119.99 seconds {{(pid=93465) _run_loop /opt/stack/data/venv/lib/python3.12/site-packages/oslo_service/backend/_threading/loopingcall.py:125}}
Aug 16 20:30:39.178668 np0000007406 nova-scheduler[93467]: DEBUG oslo.service.backend._threading.loopingcall [-] Fixed interval looping call 'nova.servicegroup.drivers.db.DbDriver._report_state' sleeping for 119.98 seconds {{(pid=93467) _run_loop /opt/stack/data/venv/lib/python3.12/site-packages/oslo_service/backend/_threading/loopingcall.py:125}}
Aug 16 20:30:39.183069 np0000007406 nova-scheduler[93469]: DEBUG oslo.service.backend._threading.loopingcall [-] Fixed interval looping call 'nova.servicegroup.drivers.db.DbDriver._report_state' sleeping for 119.99 seconds {{(pid=93469) _run_loop /opt/stack/data/venv/lib/python3.12/site-packages/oslo_service/backend/_threading/loopingcall.py:125}}
Aug 16 20:30:42.692650 np0000007406 nova-scheduler[92261]: DEBUG dbcounter [-] [92261] Writing DB stats nova_api:SELECT=3 {{(pid=92261) stat_writer /opt/stack/data/venv/lib/python3.12/site-packages/dbcounter.py:115}}
Aug 16 20:30:42.816623 np0000007406 nova-scheduler[92261]: DEBUG dbcounter [-] [92261] Writing DB stats nova_cell0:SELECT=1 {{(pid=92261) stat_writer /opt/stack/data/venv/lib/python3.12/site-packages/dbcounter.py:115}}
Aug 16 20:30:42.820225 np0000007406 nova-scheduler[92261]: DEBUG dbcounter [-] [92261] Writing DB stats nova_cell1:SELECT=1 {{(pid=92261) stat_writer /opt/stack/data/venv/lib/python3.12/site-packages/dbcounter.py:115}}
Aug 16 20:30:44.163463 np0000007406 nova-scheduler[93467]: DEBUG oslo.service.backend._threading.loopingcall [None req-3cb00e27-20b8-4b91-9bcf-f42827dcd8fb None None] Dynamic interval looping call 'nova.service.Service.periodic_tasks' sleeping for 60.00 seconds {{(pid=93467) _run_loop /opt/stack/data/venv/lib/python3.12/site-packages/oslo_service/backend/_threading/loopingcall.py:125}}
Aug 16 20:30:49.174408 np0000007406 nova-scheduler[93465]: DEBUG dbcounter [-] [93465] Writing DB stats nova_cell0:SELECT=4,nova_cell0:INSERT=1,nova_cell0:UPDATE=1 {{(pid=93465) stat_writer /opt/stack/data/venv/lib/python3.12/site-packages/dbcounter.py:115}}
Aug 16 20:30:49.174837 np0000007406 nova-scheduler[93467]: DEBUG dbcounter [-] [93467] Writing DB stats nova_cell0:SELECT=3,nova_cell0:UPDATE=1 {{(pid=93467) stat_writer /opt/stack/data/venv/lib/python3.12/site-packages/dbcounter.py:115}}
Aug 16 20:30:49.180285 np0000007406 nova-scheduler[93469]: DEBUG dbcounter [-] [93469] Writing DB stats nova_cell0:SELECT=3 {{(pid=93469) stat_writer /opt/stack/data/venv/lib/python3.12/site-packages/dbcounter.py:115}}
Aug 16 20:31:36.172276 np0000007406 nova-scheduler[93469]: DEBUG oslo.service.backend._threading.loopingcall [None req-9ef3f625-f5fb-43ad-961b-d4f435b3eed7 None None] Dynamic interval looping call 'nova.service.Service.periodic_tasks' sleeping for 60.00 seconds {{(pid=93469) _run_loop /opt/stack/data/venv/lib/python3.12/site-packages/oslo_service/backend/_threading/loopingcall.py:125}}
Aug 16 20:31:37.164873 np0000007406 nova-scheduler[93465]: DEBUG oslo.service.backend._threading.loopingcall [None req-ca08ef32-de8b-47b7-9865-a68c25524def None None] Dynamic interval looping call 'nova.service.Service.periodic_tasks' sleeping for 60.00 seconds {{(pid=93465) _run_loop /opt/stack/data/venv/lib/python3.12/site-packages/oslo_service/backend/_threading/loopingcall.py:125}}
Aug 16 20:31:44.164019 np0000007406 nova-scheduler[93467]: DEBUG oslo.service.backend._threading.loopingcall [None req-3cb00e27-20b8-4b91-9bcf-f42827dcd8fb None None] Dynamic interval looping call 'nova.service.Service.periodic_tasks' sleeping for 60.00 seconds {{(pid=93467) _run_loop /opt/stack/data/venv/lib/python3.12/site-packages/oslo_service/backend/_threading/loopingcall.py:125}}
Aug 16 20:32:36.172918 np0000007406 nova-scheduler[93469]: DEBUG oslo.service.backend._threading.loopingcall [None req-9ef3f625-f5fb-43ad-961b-d4f435b3eed7 None None] Dynamic interval looping call 'nova.service.Service.periodic_tasks' sleeping for 60.00 seconds {{(pid=93469) _run_loop /opt/stack/data/venv/lib/python3.12/site-packages/oslo_service/backend/_threading/loopingcall.py:125}}
Aug 16 20:32:37.165323 np0000007406 nova-scheduler[93465]: DEBUG oslo.service.backend._threading.loopingcall [None req-ca08ef32-de8b-47b7-9865-a68c25524def None None] Dynamic interval looping call 'nova.service.Service.periodic_tasks' sleeping for 60.00 seconds {{(pid=93465) _run_loop /opt/stack/data/venv/lib/python3.12/site-packages/oslo_service/backend/_threading/loopingcall.py:125}}
Aug 16 20:32:39.165661 np0000007406 nova-scheduler[93467]: DEBUG oslo.service.backend._threading.loopingcall [-] Fixed interval looping call 'nova.servicegroup.drivers.db.DbDriver._report_state' sleeping for 119.99 seconds {{(pid=93467) _run_loop /opt/stack/data/venv/lib/python3.12/site-packages/oslo_service/backend/_threading/loopingcall.py:125}}
Aug 16 20:32:39.170974 np0000007406 nova-scheduler[93465]: DEBUG oslo.service.backend._threading.loopingcall [-] Fixed interval looping call 'nova.servicegroup.drivers.db.DbDriver._report_state' sleeping for 120.00 seconds {{(pid=93465) _run_loop /opt/stack/data/venv/lib/python3.12/site-packages/oslo_service/backend/_threading/loopingcall.py:125}}
Aug 16 20:32:39.179356 np0000007406 nova-scheduler[93469]: DEBUG oslo.service.backend._threading.loopingcall [-] Fixed interval looping call 'nova.servicegroup.drivers.db.DbDriver._report_state' sleeping for 119.99 seconds {{(pid=93469) _run_loop /opt/stack/data/venv/lib/python3.12/site-packages/oslo_service/backend/_threading/loopingcall.py:125}}
Aug 16 20:32:44.164518 np0000007406 nova-scheduler[93467]: DEBUG oslo.service.backend._threading.loopingcall [None req-3cb00e27-20b8-4b91-9bcf-f42827dcd8fb None None] Dynamic interval looping call 'nova.service.Service.periodic_tasks' sleeping for 60.00 seconds {{(pid=93467) _run_loop /opt/stack/data/venv/lib/python3.12/site-packages/oslo_service/backend/_threading/loopingcall.py:125}}
Aug 16 20:32:49.163679 np0000007406 nova-scheduler[93467]: DEBUG dbcounter [-] [93467] Writing DB stats nova_cell0:SELECT=1,nova_cell0:UPDATE=1 {{(pid=93467) stat_writer /opt/stack/data/venv/lib/python3.12/site-packages/dbcounter.py:115}}
Aug 16 20:32:49.169495 np0000007406 nova-scheduler[93465]: DEBUG dbcounter [-] [93465] Writing DB stats nova_cell0:SELECT=1 {{(pid=93465) stat_writer /opt/stack/data/venv/lib/python3.12/site-packages/dbcounter.py:115}}
Aug 16 20:32:49.177766 np0000007406 nova-scheduler[93469]: DEBUG dbcounter [-] [93469] Writing DB stats nova_cell0:SELECT=1 {{(pid=93469) stat_writer /opt/stack/data/venv/lib/python3.12/site-packages/dbcounter.py:115}}
Aug 16 20:33:04.911095 np0000007406 nova-scheduler[93467]: DEBUG nova.scheduler.manager [None req-12c7cdce-fced-43a6-9917-5b27958f457a tempest-ServerActionsTestOtherA-1256954349 tempest-ServerActionsTestOtherA-1256954349-project-member] Starting to schedule for instances: ['485ca55a-1f6d-461a-8c31-a034b2840433'] {{(pid=93467) select_destinations /opt/stack/nova/nova/scheduler/manager.py:197}}
Aug 16 20:33:04.911930 np0000007406 nova-scheduler[93467]: DEBUG nova.scheduler.request_filter [None req-12c7cdce-fced-43a6-9917-5b27958f457a tempest-ServerActionsTestOtherA-1256954349 tempest-ServerActionsTestOtherA-1256954349-project-member] compute_status_filter request filter added forbidden trait COMPUTE_STATUS_DISABLED {{(pid=93467) compute_status_filter /opt/stack/nova/nova/scheduler/request_filter.py:253}}
Aug 16 20:33:04.912070 np0000007406 nova-scheduler[93467]: DEBUG nova.scheduler.request_filter [None req-12c7cdce-fced-43a6-9917-5b27958f457a tempest-ServerActionsTestOtherA-1256954349 tempest-ServerActionsTestOtherA-1256954349-project-member] Request filter 'compute_status_filter' took 0.0 seconds {{(pid=93467) wrapper /opt/stack/nova/nova/scheduler/request_filter.py:46}}
Aug 16 20:33:04.912345 np0000007406 nova-scheduler[93467]: DEBUG nova.scheduler.request_filter [None req-12c7cdce-fced-43a6-9917-5b27958f457a tempest-ServerActionsTestOtherA-1256954349 tempest-ServerActionsTestOtherA-1256954349-project-member] Request filter 'accelerators_filter' took 0.0 seconds {{(pid=93467) wrapper /opt/stack/nova/nova/scheduler/request_filter.py:46}}
Aug 16 20:33:04.912525 np0000007406 nova-scheduler[93467]: DEBUG nova.scheduler.request_filter [None req-12c7cdce-fced-43a6-9917-5b27958f457a tempest-ServerActionsTestOtherA-1256954349 tempest-ServerActionsTestOtherA-1256954349-project-member] Request filter 'packed_virtqueue_filter' took 0.0 seconds {{(pid=93467) wrapper /opt/stack/nova/nova/scheduler/request_filter.py:46}}
Aug 16 20:33:04.913091 np0000007406 nova-scheduler[93467]: DEBUG nova.scheduler.request_filter [None req-12c7cdce-fced-43a6-9917-5b27958f457a tempest-ServerActionsTestOtherA-1256954349 tempest-ServerActionsTestOtherA-1256954349-project-member] Request filter 'remote_managed_ports_filter' took 0.0 seconds {{(pid=93467) wrapper /opt/stack/nova/nova/scheduler/request_filter.py:46}}
Aug 16 20:33:04.913091 np0000007406 nova-scheduler[93467]: DEBUG nova.scheduler.request_filter [None req-12c7cdce-fced-43a6-9917-5b27958f457a tempest-ServerActionsTestOtherA-1256954349 tempest-ServerActionsTestOtherA-1256954349-project-member] ephemeral_encryption_filter skipped {{(pid=93467) ephemeral_encryption_filter /opt/stack/nova/nova/scheduler/request_filter.py:426}}
Aug 16 20:33:04.913091 np0000007406 nova-scheduler[93467]: DEBUG nova.scheduler.request_filter [None req-12c7cdce-fced-43a6-9917-5b27958f457a tempest-ServerActionsTestOtherA-1256954349 tempest-ServerActionsTestOtherA-1256954349-project-member] virtio_sound_filter skipped {{(pid=93467) virtio_sound_filter /opt/stack/nova/nova/scheduler/request_filter.py:460}}
Aug 16 20:33:04.913275 np0000007406 nova-scheduler[93467]: DEBUG nova.scheduler.request_filter [None req-12c7cdce-fced-43a6-9917-5b27958f457a tempest-ServerActionsTestOtherA-1256954349 tempest-ServerActionsTestOtherA-1256954349-project-member] tpm_secret_security_filter skipped {{(pid=93467) tpm_secret_security_filter /opt/stack/nova/nova/scheduler/request_filter.py:477}}
Aug 16 20:33:05.588183 np0000007406 nova-scheduler[93467]: INFO nova.utils [None req-12c7cdce-fced-43a6-9917-5b27958f457a tempest-ServerActionsTestOtherA-1256954349 tempest-ServerActionsTestOtherA-1256954349-project-member] The cell worker thread pool ForkProcess-2.cell_worker is initialized
Aug 16 20:33:05.588331 np0000007406 nova-scheduler[93467]: DEBUG oslo_concurrency.lockutils [None req-12c7cdce-fced-43a6-9917-5b27958f457a tempest-ServerActionsTestOtherA-1256954349 tempest-ServerActionsTestOtherA-1256954349-project-member] Acquiring lock "b54367d8-76d5-474d-8ffd-f18eac0139ef" by "nova.context.set_target_cell..get_or_set_cached_cell_and_set_connections" {{(pid=93467) inner /opt/stack/data/venv/lib/python3.12/site-packages/oslo_concurrency/lockutils.py:512}}
Aug 16 20:33:05.588515 np0000007406 nova-scheduler[93467]: DEBUG oslo_concurrency.lockutils [None req-12c7cdce-fced-43a6-9917-5b27958f457a tempest-ServerActionsTestOtherA-1256954349 tempest-ServerActionsTestOtherA-1256954349-project-member] Lock "b54367d8-76d5-474d-8ffd-f18eac0139ef" acquired by "nova.context.set_target_cell..get_or_set_cached_cell_and_set_connections" :: waited 0.000s {{(pid=93467) inner /opt/stack/data/venv/lib/python3.12/site-packages/oslo_concurrency/lockutils.py:525}}
Aug 16 20:33:05.589922 np0000007406 nova-scheduler[93467]: DEBUG oslo_concurrency.lockutils [None req-12c7cdce-fced-43a6-9917-5b27958f457a tempest-ServerActionsTestOtherA-1256954349 tempest-ServerActionsTestOtherA-1256954349-project-member] Lock "b54367d8-76d5-474d-8ffd-f18eac0139ef" "released" by "nova.context.set_target_cell..get_or_set_cached_cell_and_set_connections" :: held 0.001s {{(pid=93467) inner /opt/stack/data/venv/lib/python3.12/site-packages/oslo_concurrency/lockutils.py:544}}
Aug 16 20:33:05.592337 np0000007406 nova-scheduler[93467]: INFO dbcounter [None req-12c7cdce-fced-43a6-9917-5b27958f457a tempest-ServerActionsTestOtherA-1256954349 tempest-ServerActionsTestOtherA-1256954349-project-member] Registered counter for database nova_cell1
Aug 16 20:33:05.634402 np0000007406 nova-scheduler[93467]: DEBUG oslo_db.sqlalchemy.engines [None req-12c7cdce-fced-43a6-9917-5b27958f457a tempest-ServerActionsTestOtherA-1256954349 tempest-ServerActionsTestOtherA-1256954349-project-member] MySQL server mode set to STRICT_TRANS_TABLES,STRICT_ALL_TABLES,NO_ZERO_IN_DATE,NO_ZERO_DATE,ERROR_FOR_DIVISION_BY_ZERO,TRADITIONAL,NO_ENGINE_SUBSTITUTION {{(pid=93467) _check_effective_sql_mode /opt/stack/data/venv/lib/python3.12/site-packages/oslo_db/sqlalchemy/engines.py:325}}
Aug 16 20:33:05.639129 np0000007406 nova-scheduler[93467]: DEBUG dbcounter [-] [93467] Writer thread running {{(pid=93467) stat_writer /opt/stack/data/venv/lib/python3.12/site-packages/dbcounter.py:102}}
Aug 16 20:33:05.648949 np0000007406 nova-scheduler[93467]: DEBUG oslo_db.sqlalchemy.engines [None req-12c7cdce-fced-43a6-9917-5b27958f457a tempest-ServerActionsTestOtherA-1256954349 tempest-ServerActionsTestOtherA-1256954349-project-member] Parent process 92261 forked (93467) with an open database connection, which is being discarded and recreated. {{(pid=93467) checkout /opt/stack/data/venv/lib/python3.12/site-packages/oslo_db/sqlalchemy/engines.py:402}}
Aug 16 20:33:05.688148 np0000007406 nova-scheduler[93467]: DEBUG dbcounter [-] [93467] Writer thread running {{(pid=93467) stat_writer /opt/stack/data/venv/lib/python3.12/site-packages/dbcounter.py:102}}
Aug 16 20:33:05.693283 np0000007406 nova-scheduler[93467]: DEBUG oslo_concurrency.lockutils [None req-12c7cdce-fced-43a6-9917-5b27958f457a tempest-ServerActionsTestOtherA-1256954349 tempest-ServerActionsTestOtherA-1256954349-project-member] Acquiring lock "b54367d8-76d5-474d-8ffd-f18eac0139ef" by "nova.context.set_target_cell..get_or_set_cached_cell_and_set_connections" {{(pid=93467) inner /opt/stack/data/venv/lib/python3.12/site-packages/oslo_concurrency/lockutils.py:512}}
Aug 16 20:33:05.693940 np0000007406 nova-scheduler[93467]: DEBUG oslo_concurrency.lockutils [None req-12c7cdce-fced-43a6-9917-5b27958f457a tempest-ServerActionsTestOtherA-1256954349 tempest-ServerActionsTestOtherA-1256954349-project-member] Lock "b54367d8-76d5-474d-8ffd-f18eac0139ef" acquired by "nova.context.set_target_cell..get_or_set_cached_cell_and_set_connections" :: waited 0.001s {{(pid=93467) inner /opt/stack/data/venv/lib/python3.12/site-packages/oslo_concurrency/lockutils.py:525}}
Aug 16 20:33:05.694116 np0000007406 nova-scheduler[93467]: DEBUG oslo_concurrency.lockutils [None req-12c7cdce-fced-43a6-9917-5b27958f457a tempest-ServerActionsTestOtherA-1256954349 tempest-ServerActionsTestOtherA-1256954349-project-member] Lock "b54367d8-76d5-474d-8ffd-f18eac0139ef" "released" by "nova.context.set_target_cell..get_or_set_cached_cell_and_set_connections" :: held 0.000s {{(pid=93467) inner /opt/stack/data/venv/lib/python3.12/site-packages/oslo_concurrency/lockutils.py:544}}
Aug 16 20:33:05.699629 np0000007406 nova-scheduler[93467]: DEBUG oslo_concurrency.lockutils [None req-12c7cdce-fced-43a6-9917-5b27958f457a tempest-ServerActionsTestOtherA-1256954349 tempest-ServerActionsTestOtherA-1256954349-project-member] Acquiring lock "np0000007406-np0000007406" by "nova.scheduler.host_manager.HostState.update.._locked_update" {{(pid=93467) inner /opt/stack/data/venv/lib/python3.12/site-packages/oslo_concurrency/lockutils.py:512}}
Aug 16 20:33:05.699846 np0000007406 nova-scheduler[93467]: DEBUG oslo_concurrency.lockutils [None req-12c7cdce-fced-43a6-9917-5b27958f457a tempest-ServerActionsTestOtherA-1256954349 tempest-ServerActionsTestOtherA-1256954349-project-member] Lock "np0000007406-np0000007406" acquired by "nova.scheduler.host_manager.HostState.update.._locked_update" :: waited 0.001s {{(pid=93467) inner /opt/stack/data/venv/lib/python3.12/site-packages/oslo_concurrency/lockutils.py:525}}
Aug 16 20:33:05.701974 np0000007406 nova-scheduler[93467]: DEBUG nova.scheduler.host_manager [None req-12c7cdce-fced-43a6-9917-5b27958f457a tempest-ServerActionsTestOtherA-1256954349 tempest-ServerActionsTestOtherA-1256954349-project-member] Update host state from compute node: ComputeNode(cpu_allocation_ratio=4.0,cpu_info='{"arch": "x86_64", "model": "EPYC-Milan", "vendor": "AMD", "topology": {"cells": 1, "sockets": 16, "cores": 1, "threads": 1}, "maxphysaddr": {"mode": "emulate", "bits": 40}, "features": ["adx", "clflushopt", "clzero", "pge", "fxsr_opt", "gds-no", "rdctl-no", "cx16", "vme", "clflush", "xsavec", "rdseed", "3dnowprefetch", "stibp-always-on", "tsc-deadline", "mmx", "fma", "amd-ssbd", "virt-ssbd", "pschange-mc-no", "mds-no", "ssse3", "spec-ctrl", "avx2", "tsc-scale", "osvw", "fxsr", "mmxext", "pdpe1gb", "xgetbv1", "fpu", "null-sel-clr-base", "sse4.1", "pfthreshold", "sse2", "arch-capabilities", "arat", "lbrv", "apic", "erms", "fsrm", "wbnoinvd", "rdtscp", "cmp_legacy", "cmov", "stibp", "syscall", "pae", "mtrr", "nx", "bmi2", "pni", "nrip-save", "no-nested-data-bp", "cx8", "lm", "popcnt", "cr8legacy", "avx", "mca", "smap", "de", "aes", "hypervisor", "tsc_adjust", "x2apic", "svme-addr-chk", "sse", "perfctr_core", "sep", "sse4.2", "fsgsbase", "ssbd", "movbe", "pat", "pause-filter", "clwb", "svm", "sse4a", "f16c", "umip", "xsaveopt", "smep", "vmcb-clean", "xsaveerptr", "ibpb", "pse36", "invpcid", "skip-l1dfl-vmentry", "amd-psfd", "lfence-always-serializing", "lahf_lm", "msr", "mce", "vpclmulqdq", "misalignsse", "vgif", "flushbyasid", "pclmuldq", "rdpid", "rdrand", "pcid", "topoext", "pse", "tsc", "sha-ni", "xsave", "bmi1", "pku", "vaes", "ibrs", "xsaves", "abm", "npt", "v-vmsave-vmload", "amd-stibp"]}',created_at=2026-08-16T20:30:56Z,current_workload=0,deleted=False,deleted_at=None,disk_allocation_ratio=1.0,disk_available_least=73,free_disk_gb=95,free_ram_mb=62765,host='np0000007406',host_ip=10.4.3.150,hypervisor_hostname='np0000007406',hypervisor_type='QEMU',hypervisor_version=8002002,id=1,local_gb=95,local_gb_used=0,mapped=1,memory_mb=63277,memory_mb_used=512,metrics='[]',numa_topology='{"nova_object.name": "NUMATopology", "nova_object.namespace": "nova", "nova_object.version": "1.2", "nova_object.data": {"cells": [{"nova_object.name": "NUMACell", "nova_object.namespace": "nova", "nova_object.version": "1.5", "nova_object.data": {"id": 0, "cpuset": [0, 1, 2, 3, 4, 5, 6, 7, 8, 9, 10, 11, 12, 13, 14, 15], "pcpuset": [0, 1, 2, 3, 4, 5, 6, 7, 8, 9, 10, 11, 12, 13, 14, 15], "memory": 63277, "cpu_usage": 0, "memory_usage": 0, "pinned_cpus": [], "siblings": [[6], [12], [2], [15], [5], [11], [8], [14], [4], [1], [7], [10], [0], [13], [3], [9]], "mempages": [{"nova_object.name": "NUMAPagesTopology", "nova_object.namespace": "nova", "nova_object.version": "1.1", "nova_object.data": {"size_kb": 4, "total": 16177929, "used": 0, "reserved": 0}, "nova_object.changes": ["size_kb", "used", "reserved", "total"]}, {"nova_object.name": "NUMAPagesTopology", "nova_object.namespace": "nova", "nova_object.version": "1.1", "nova_object.data": {"size_kb": 2048, "total": 41, "used": 0, "reserved": 0}, "nova_object.changes": ["size_kb", "used", "reserved", "total"]}, {"nova_object.name": "NUMAPagesTopology", "nova_object.namespace": "nova", "nova_object.version": "1.1", "nova_object.data": {"size_kb": 1048576, "total": 0, "used": 0, "reserved": 0}, "nova_object.changes": ["size_kb", "used", "reserved", "total"]}], "network_metadata": {"nova_object.name": "NetworkMetadata", "nova_object.namespace": "nova", "nova_object.version": "1.0", "nova_object.data": {"physnets": [], "tunneled": false}, "nova_object.changes": ["tunneled", "physnets"]}, "socket": null}, "nova_object.changes": ["cpu_usage", "mempages", "memory_usage", "id", "cpuset", "network_metadata", "siblings", "memory", "socket", "pinned_cpus", "pcpuset"]}]}, "nova_object.changes": ["cells"]}',pci_device_pools=PciDevicePoolList,ram_allocation_ratio=1.0,running_vms=0,service_id=2,stats={failed_builds='0',uptime=' 20:32:42 up 14 min, 2 users, load average: 1.79, 1.46, 0.86
Aug 16 20:33:05.701974 np0000007406 nova-scheduler[93467]: '},supported_hv_specs=[HVSpec,HVSpec,HVSpec,HVSpec,HVSpec,HVSpec,HVSpec,HVSpec,HVSpec,HVSpec,HVSpec,HVSpec,HVSpec,HVSpec,HVSpec,HVSpec,HVSpec,HVSpec,HVSpec,HVSpec,HVSpec,HVSpec,HVSpec,HVSpec,HVSpec],updated_at=2026-08-16T20:32:43Z,uuid=38e650b4-722b-4518-8694-f6e56204be45,vcpus=16,vcpus_used=0) {{(pid=93467) _locked_update /opt/stack/nova/nova/scheduler/host_manager.py:168}}
Aug 16 20:33:05.703056 np0000007406 nova-scheduler[93467]: DEBUG nova.scheduler.host_manager [None req-12c7cdce-fced-43a6-9917-5b27958f457a tempest-ServerActionsTestOtherA-1256954349 tempest-ServerActionsTestOtherA-1256954349-project-member] Update host state with aggregates: [] {{(pid=93467) _locked_update /opt/stack/nova/nova/scheduler/host_manager.py:171}}
Aug 16 20:33:05.703751 np0000007406 nova-scheduler[93467]: DEBUG nova.scheduler.host_manager [None req-12c7cdce-fced-43a6-9917-5b27958f457a tempest-ServerActionsTestOtherA-1256954349 tempest-ServerActionsTestOtherA-1256954349-project-member] Update host state with service dict: {'id': 2, 'uuid': '680d3064-31cb-4804-9a98-1695a81d88fd', 'host': 'np0000007406', 'binary': 'nova-compute', 'topic': 'compute', 'report_count': 2, 'disabled': False, 'disabled_reason': None, 'last_seen_up': datetime.datetime(2026, 8, 16, 20, 33, 2, tzinfo=datetime.timezone.utc), 'forced_down': False, 'version': 72, 'created_at': datetime.datetime(2026, 8, 16, 20, 30, 56, tzinfo=datetime.timezone.utc), 'updated_at': datetime.datetime(2026, 8, 16, 20, 33, 2, tzinfo=datetime.timezone.utc), 'deleted_at': None, 'deleted': False} {{(pid=93467) _locked_update /opt/stack/nova/nova/scheduler/host_manager.py:174}}
Aug 16 20:33:05.703751 np0000007406 nova-scheduler[93467]: DEBUG nova.scheduler.host_manager [None req-12c7cdce-fced-43a6-9917-5b27958f457a tempest-ServerActionsTestOtherA-1256954349 tempest-ServerActionsTestOtherA-1256954349-project-member] Update host state with instances: [] {{(pid=93467) _locked_update /opt/stack/nova/nova/scheduler/host_manager.py:177}}
Aug 16 20:33:05.703959 np0000007406 nova-scheduler[93467]: DEBUG oslo_concurrency.lockutils [None req-12c7cdce-fced-43a6-9917-5b27958f457a tempest-ServerActionsTestOtherA-1256954349 tempest-ServerActionsTestOtherA-1256954349-project-member] Lock "np0000007406-np0000007406" "released" by "nova.scheduler.host_manager.HostState.update.._locked_update" :: held 0.004s {{(pid=93467) inner /opt/stack/data/venv/lib/python3.12/site-packages/oslo_concurrency/lockutils.py:544}}
Aug 16 20:33:05.704463 np0000007406 nova-scheduler[93467]: DEBUG nova.filters [None req-12c7cdce-fced-43a6-9917-5b27958f457a tempest-ServerActionsTestOtherA-1256954349 tempest-ServerActionsTestOtherA-1256954349-project-member] Starting with 1 host(s) {{(pid=93467) get_filtered_objects /opt/stack/nova/nova/filters.py:70}}
Aug 16 20:33:05.705021 np0000007406 nova-scheduler[93467]: DEBUG nova.filters [None req-12c7cdce-fced-43a6-9917-5b27958f457a tempest-ServerActionsTestOtherA-1256954349 tempest-ServerActionsTestOtherA-1256954349-project-member] Filter ComputeFilter returned 1 host(s) {{(pid=93467) get_filtered_objects /opt/stack/nova/nova/filters.py:102}}
Aug 16 20:33:05.705566 np0000007406 nova-scheduler[93467]: DEBUG nova.filters [None req-12c7cdce-fced-43a6-9917-5b27958f457a tempest-ServerActionsTestOtherA-1256954349 tempest-ServerActionsTestOtherA-1256954349-project-member] Filter ComputeCapabilitiesFilter returned 1 host(s) {{(pid=93467) get_filtered_objects /opt/stack/nova/nova/filters.py:102}}
Aug 16 20:33:05.706068 np0000007406 nova-scheduler[93467]: DEBUG nova.filters [None req-12c7cdce-fced-43a6-9917-5b27958f457a tempest-ServerActionsTestOtherA-1256954349 tempest-ServerActionsTestOtherA-1256954349-project-member] Filter ImagePropertiesFilter returned 1 host(s) {{(pid=93467) get_filtered_objects /opt/stack/nova/nova/filters.py:102}}
Aug 16 20:33:05.706289 np0000007406 nova-scheduler[93467]: DEBUG nova.filters [None req-12c7cdce-fced-43a6-9917-5b27958f457a tempest-ServerActionsTestOtherA-1256954349 tempest-ServerActionsTestOtherA-1256954349-project-member] Filter ServerGroupAntiAffinityFilter returned 1 host(s) {{(pid=93467) get_filtered_objects /opt/stack/nova/nova/filters.py:102}}
Aug 16 20:33:05.706477 np0000007406 nova-scheduler[93467]: DEBUG nova.filters [None req-12c7cdce-fced-43a6-9917-5b27958f457a tempest-ServerActionsTestOtherA-1256954349 tempest-ServerActionsTestOtherA-1256954349-project-member] Filter ServerGroupAffinityFilter returned 1 host(s) {{(pid=93467) get_filtered_objects /opt/stack/nova/nova/filters.py:102}}
Aug 16 20:33:05.706777 np0000007406 nova-scheduler[93467]: DEBUG nova.filters [None req-12c7cdce-fced-43a6-9917-5b27958f457a tempest-ServerActionsTestOtherA-1256954349 tempest-ServerActionsTestOtherA-1256954349-project-member] Filter SameHostFilter returned 1 host(s) {{(pid=93467) get_filtered_objects /opt/stack/nova/nova/filters.py:102}}
Aug 16 20:33:05.707101 np0000007406 nova-scheduler[93467]: DEBUG nova.filters [None req-12c7cdce-fced-43a6-9917-5b27958f457a tempest-ServerActionsTestOtherA-1256954349 tempest-ServerActionsTestOtherA-1256954349-project-member] Filter DifferentHostFilter returned 1 host(s) {{(pid=93467) get_filtered_objects /opt/stack/nova/nova/filters.py:102}}
Aug 16 20:33:05.707278 np0000007406 nova-scheduler[93467]: DEBUG nova.scheduler.manager [None req-12c7cdce-fced-43a6-9917-5b27958f457a tempest-ServerActionsTestOtherA-1256954349 tempest-ServerActionsTestOtherA-1256954349-project-member] Filtered [(np0000007406, np0000007406) ram: 62765MB disk: 74752MB io_ops: 0 instances: 0, allocation_candidates: 1] {{(pid=93467) _get_sorted_hosts /opt/stack/nova/nova/scheduler/manager.py:730}}
Aug 16 20:33:05.707533 np0000007406 nova-scheduler[93467]: DEBUG nova.scheduler.manager [None req-12c7cdce-fced-43a6-9917-5b27958f457a tempest-ServerActionsTestOtherA-1256954349 tempest-ServerActionsTestOtherA-1256954349-project-member] Weighed [WeighedHost [host: (np0000007406, np0000007406) ram: 62765MB disk: 74752MB io_ops: 0 instances: 0, allocation_candidates: 1, weight: 0.0]] {{(pid=93467) _get_sorted_hosts /opt/stack/nova/nova/scheduler/manager.py:752}}
Aug 16 20:33:05.707992 np0000007406 nova-scheduler[93467]: DEBUG nova.scheduler.utils [None req-12c7cdce-fced-43a6-9917-5b27958f457a tempest-ServerActionsTestOtherA-1256954349 tempest-ServerActionsTestOtherA-1256954349-project-member] Attempting to claim resources in the placement API for instance 485ca55a-1f6d-461a-8c31-a034b2840433 {{(pid=93467) claim_resources /opt/stack/nova/nova/scheduler/utils.py:1345}}
Aug 16 20:33:05.853244 np0000007406 nova-scheduler[93467]: DEBUG nova.scheduler.manager [None req-12c7cdce-fced-43a6-9917-5b27958f457a tempest-ServerActionsTestOtherA-1256954349 tempest-ServerActionsTestOtherA-1256954349-project-member] [instance: 485ca55a-1f6d-461a-8c31-a034b2840433] Selected host: (np0000007406, np0000007406) ram: 62765MB disk: 74752MB io_ops: 0 instances: 0, allocation_candidates: 1 {{(pid=93467) _consume_selected_host /opt/stack/nova/nova/scheduler/manager.py:612}}
Aug 16 20:33:05.853244 np0000007406 nova-scheduler[93467]: DEBUG oslo_concurrency.lockutils [None req-12c7cdce-fced-43a6-9917-5b27958f457a tempest-ServerActionsTestOtherA-1256954349 tempest-ServerActionsTestOtherA-1256954349-project-member] Acquiring lock "np0000007406-np0000007406" by "nova.scheduler.host_manager.HostState.consume_from_request.._locked" {{(pid=93467) inner /opt/stack/data/venv/lib/python3.12/site-packages/oslo_concurrency/lockutils.py:512}}
Aug 16 20:33:05.853244 np0000007406 nova-scheduler[93467]: DEBUG oslo_concurrency.lockutils [None req-12c7cdce-fced-43a6-9917-5b27958f457a tempest-ServerActionsTestOtherA-1256954349 tempest-ServerActionsTestOtherA-1256954349-project-member] Lock "np0000007406-np0000007406" acquired by "nova.scheduler.host_manager.HostState.consume_from_request.._locked" :: waited 0.000s {{(pid=93467) inner /opt/stack/data/venv/lib/python3.12/site-packages/oslo_concurrency/lockutils.py:525}}
Aug 16 20:33:05.853244 np0000007406 nova-scheduler[93467]: DEBUG oslo_concurrency.lockutils [None req-12c7cdce-fced-43a6-9917-5b27958f457a tempest-ServerActionsTestOtherA-1256954349 tempest-ServerActionsTestOtherA-1256954349-project-member] Lock "np0000007406-np0000007406" "released" by "nova.scheduler.host_manager.HostState.consume_from_request.._locked" :: held 0.000s {{(pid=93467) inner /opt/stack/data/venv/lib/python3.12/site-packages/oslo_concurrency/lockutils.py:544}}
Aug 16 20:33:09.201760 np0000007406 nova-scheduler[93465]: DEBUG nova.scheduler.manager [None req-ef4c4a99-665a-40a5-999c-7208857c089a tempest-ServerActionsV293TestJSON-347513995 tempest-ServerActionsV293TestJSON-347513995-project-member] Starting to schedule for instances: ['36b3d23b-8e04-47c9-97af-3d6ba4bd2c25'] {{(pid=93465) select_destinations /opt/stack/nova/nova/scheduler/manager.py:197}}
Aug 16 20:33:09.202237 np0000007406 nova-scheduler[93465]: DEBUG nova.scheduler.request_filter [None req-ef4c4a99-665a-40a5-999c-7208857c089a tempest-ServerActionsV293TestJSON-347513995 tempest-ServerActionsV293TestJSON-347513995-project-member] compute_status_filter request filter added forbidden trait COMPUTE_STATUS_DISABLED {{(pid=93465) compute_status_filter /opt/stack/nova/nova/scheduler/request_filter.py:253}}
Aug 16 20:33:09.202412 np0000007406 nova-scheduler[93465]: DEBUG nova.scheduler.request_filter [None req-ef4c4a99-665a-40a5-999c-7208857c089a tempest-ServerActionsV293TestJSON-347513995 tempest-ServerActionsV293TestJSON-347513995-project-member] Request filter 'compute_status_filter' took 0.0 seconds {{(pid=93465) wrapper /opt/stack/nova/nova/scheduler/request_filter.py:46}}
Aug 16 20:33:09.202624 np0000007406 nova-scheduler[93465]: DEBUG nova.scheduler.request_filter [None req-ef4c4a99-665a-40a5-999c-7208857c089a tempest-ServerActionsV293TestJSON-347513995 tempest-ServerActionsV293TestJSON-347513995-project-member] Request filter 'accelerators_filter' took 0.0 seconds {{(pid=93465) wrapper /opt/stack/nova/nova/scheduler/request_filter.py:46}}
Aug 16 20:33:09.202833 np0000007406 nova-scheduler[93465]: DEBUG nova.scheduler.request_filter [None req-ef4c4a99-665a-40a5-999c-7208857c089a tempest-ServerActionsV293TestJSON-347513995 tempest-ServerActionsV293TestJSON-347513995-project-member] Request filter 'packed_virtqueue_filter' took 0.0 seconds {{(pid=93465) wrapper /opt/stack/nova/nova/scheduler/request_filter.py:46}}
Aug 16 20:33:09.203046 np0000007406 nova-scheduler[93465]: DEBUG nova.scheduler.request_filter [None req-ef4c4a99-665a-40a5-999c-7208857c089a tempest-ServerActionsV293TestJSON-347513995 tempest-ServerActionsV293TestJSON-347513995-project-member] Request filter 'remote_managed_ports_filter' took 0.0 seconds {{(pid=93465) wrapper /opt/stack/nova/nova/scheduler/request_filter.py:46}}
Aug 16 20:33:09.203185 np0000007406 nova-scheduler[93465]: DEBUG nova.scheduler.request_filter [None req-ef4c4a99-665a-40a5-999c-7208857c089a tempest-ServerActionsV293TestJSON-347513995 tempest-ServerActionsV293TestJSON-347513995-project-member] ephemeral_encryption_filter skipped {{(pid=93465) ephemeral_encryption_filter /opt/stack/nova/nova/scheduler/request_filter.py:426}}
