Aug 16 20:32:34.085250 np0000007406 devstack@neutron-api.service[87697]: DEBUG neutron.plugins.ml2.drivers.ovn.mech_driver.ovsdb.ovsdb_monitor [None req-9b73f03c-d957-4184-a3f5-65de5db15a16 None None] Hash Ring: Node c810adb211a65965bb850e0226b240ae (host: np0000007406) handling event "create" for row 60d3a4ee-bb2f-438c-8ca1-ba4c113159e4 (table: ACL) {{(pid=87697) notify /opt/stack/neutron/neutron/plugins/ml2/drivers/ovn/mech_driver/ovsdb/ovsdb_monitor.py:1099}}
Aug 16 20:32:34.085439 np0000007406 devstack@neutron-api.service[87697]: DEBUG neutron.plugins.ml2.drivers.ovn.mech_driver.ovsdb.ovsdb_monitor [None req-9b73f03c-d957-4184-a3f5-65de5db15a16 None None] Hash Ring: Node c810adb211a65965bb850e0226b240ae (host: np0000007406) handling event "create" for row 8f14837f-04fe-473e-b377-a89be8df1a9d (table: Port_Group) {{(pid=87697) notify /opt/stack/neutron/neutron/plugins/ml2/drivers/ovn/mech_driver/ovsdb/ovsdb_monitor.py:1099}}
Aug 16 20:32:34.100240 np0000007406 devstack@neutron-api.service[87695]: DEBUG neutron.api.v2.base [None req-a2e38444-1eda-4996-97c4-5e02eccad110 admin admin] Request body: {'network': {'name': 'tempest-TaggedBootDevicesTest-2118670575-network', 'project_id': '6f47c8f2a507400ca8a9ef33ded69f95'}} {{(pid=87695) prepare_request_body /opt/stack/neutron/neutron/api/v2/base.py:727}}
Aug 16 20:32:34.102015 np0000007406 devstack@neutron-api.service[87697]: INFO neutron.db.ovn_revision_numbers_db [None req-f6e5c0ef-651a-4a3a-8578-f9f76928d7b9 admin admin] Successfully bumped revision number for resource c5c4bb7a-f014-4dfa-b95e-8196035447af (type: security_groups) to 1
Aug 16 20:32:34.111983 np0000007406 devstack@neutron-api.service[87697]: INFO neutron.db.ovn_revision_numbers_db [None req-f6e5c0ef-651a-4a3a-8578-f9f76928d7b9 admin admin] Successfully bumped revision number for resource 0942bbed-59a1-45ab-8557-a0c2b297e6e4 (type: security_group_rules) to 0
Aug 16 20:32:34.115513 np0000007406 devstack@neutron-api.service[87695]: DEBUG neutron.pecan_wsgi.hooks.quota_enforcement [None req-a2e38444-1eda-4996-97c4-5e02eccad110 admin admin] Made reservation on behalf of 6f47c8f2a507400ca8a9ef33ded69f95 for: {'network': 1} {{(pid=87695) before /opt/stack/neutron/neutron/pecan_wsgi/hooks/quota_enforcement.py:66}}
Aug 16 20:32:34.118054 np0000007406 devstack@neutron-api.service[87695]: DEBUG neutron_lib.callbacks.manager [None req-a2e38444-1eda-4996-97c4-5e02eccad110 admin admin] Publish callbacks ['neutron.plugins.ml2.plugin.SecurityGroupDbMixin._ensure_default_security_group_handler-983704'] for network (None), before_create {{(pid=87695) _notify_loop /opt/stack/data/venv/lib/python3.12/site-packages/neutron_lib/callbacks/manager.py:184}}
Aug 16 20:32:34.121751 np0000007406 devstack@neutron-api.service[87697]: INFO neutron.db.ovn_revision_numbers_db [None req-f6e5c0ef-651a-4a3a-8578-f9f76928d7b9 admin admin] Successfully bumped revision number for resource 2a9e5505-344d-43e7-b36e-c7b181b3796b (type: security_group_rules) to 0
Aug 16 20:32:34.122864 np0000007406 devstack@neutron-api.service[87695]: DEBUG neutron_lib.callbacks.manager [None req-a2e38444-1eda-4996-97c4-5e02eccad110 admin admin] Publish callbacks [] for security_group (None), before_create {{(pid=87695) _notify_loop /opt/stack/data/venv/lib/python3.12/site-packages/neutron_lib/callbacks/manager.py:184}}
Aug 16 20:32:34.132354 np0000007406 devstack@neutron-api.service[87697]: INFO neutron.db.ovn_revision_numbers_db [None req-f6e5c0ef-651a-4a3a-8578-f9f76928d7b9 admin admin] Successfully bumped revision number for resource c9d8f8db-8246-480f-b974-162395d2a20d (type: security_group_rules) to 0
Aug 16 20:32:34.143357 np0000007406 devstack@neutron-api.service[87697]: INFO neutron.db.ovn_revision_numbers_db [None req-f6e5c0ef-651a-4a3a-8578-f9f76928d7b9 admin admin] Successfully bumped revision number for resource f575bc20-ac84-4359-90b0-c9dff56e19f2 (type: security_group_rules) to 0
Aug 16 20:32:34.165224 np0000007406 devstack@neutron-api.service[87697]: DEBUG neutron.api.rpc.handlers.resources_rpc [None req-f6e5c0ef-651a-4a3a-8578-f9f76928d7b9 admin admin] Pushing event updated for resources: {'SecurityGroup': ['ID=c5c4bb7a-f014-4dfa-b95e-8196035447af,revision_number=1']} {{(pid=87697) push /opt/stack/neutron/neutron/api/rpc/handlers/resources_rpc.py:237}}
Aug 16 20:32:34.170059 np0000007406 devstack@neutron-api.service[87697]: DEBUG ovsdbapp.backend.ovs_idl.transaction [None req-9b73f03c-d957-4184-a3f5-65de5db15a16 None None] Running txn n=1 command(idx=0): CheckLivenessCommand(_result=None) {{(pid=87697) do_commit /opt/stack/data/venv/lib/python3.12/site-packages/ovsdbapp/backend/ovs_idl/transaction.py:89}}
Aug 16 20:32:34.176455 np0000007406 devstack@neutron-api.service[87696]: DEBUG neutron.plugins.ml2.drivers.ovn.mech_driver.ovsdb.ovsdb_monitor [None req-c1e4f74d-3ad8-44fc-b480-9f076cbe312c None None] Hash Ring: Node d3e1b42602915b86a0f4b5aea006f438 (host: np0000007406) handling event "update" for row a1f358d8-2e2b-43df-8478-7a88c311dfcf (table: NB_Global) {{(pid=87696) notify /opt/stack/neutron/neutron/plugins/ml2/drivers/ovn/mech_driver/ovsdb/ovsdb_monitor.py:1099}}
Aug 16 20:32:34.178766 np0000007406 devstack@neutron-api.service[87696]: DEBUG neutron.plugins.ml2.drivers.ovn.mech_driver.ovsdb.ovsdb_monitor [None req-c1e4f74d-3ad8-44fc-b480-9f076cbe312c None None] Hash Ring: Node d3e1b42602915b86a0f4b5aea006f438 (host: np0000007406) handling event "update" for row a1f358d8-2e2b-43df-8478-7a88c311dfcf (table: NB_Global) {{(pid=87696) notify /opt/stack/neutron/neutron/plugins/ml2/drivers/ovn/mech_driver/ovsdb/ovsdb_monitor.py:1099}}
Aug 16 20:32:34.180181 np0000007406 devstack@neutron-api.service[87696]: DEBUG neutron.plugins.ml2.drivers.ovn.mech_driver.ovsdb.ovsdb_monitor [None req-c1e4f74d-3ad8-44fc-b480-9f076cbe312c None None] Hash Ring: Node d3e1b42602915b86a0f4b5aea006f438 (host: np0000007406) handling event "update" for row a1f358d8-2e2b-43df-8478-7a88c311dfcf (table: NB_Global) {{(pid=87696) notify /opt/stack/neutron/neutron/plugins/ml2/drivers/ovn/mech_driver/ovsdb/ovsdb_monitor.py:1099}}
Aug 16 20:32:34.180329 np0000007406 devstack@neutron-api.service[87695]: DEBUG ovsdbapp.backend.ovs_idl.event [-] Matched UPDATE: ChassisAgentWriteEvent(events=('create', 'update'), table='Chassis_Private', conditions=None, old_conditions=None), priority=20 to row=Chassis_Private(uuid=4de1b405-ae3c-49c3-ad6b-a67192c73773, chassis=a0a0c12b-df2c-4e8f-9502-19b1ad1dae0c, external_ids={'neutron:ovn-bridge': 'br-int', 'neutron:ovn-neutron-agent-id': '19518322-3c85-57a8-abea-37ba3ea3c811', 'neutron:ovn-neutron-agent-sb-cfg': '2'}, name='e15cc211-7808-4c25-8922-cf400dfd1dc5', nb_cfg=3, nb_cfg_timestamp=1786912354175) old=Chassis_Private(uuid=4de1b405-ae3c-49c3-ad6b-a67192c73773, nb_cfg=2, nb_cfg_timestamp=1786912291186) {{(pid=87695) matches /opt/stack/data/venv/lib/python3.12/site-packages/ovsdbapp/backend/ovs_idl/event.py:55}}
Aug 16 20:32:34.182341 np0000007406 devstack@neutron-api.service[87696]: DEBUG ovsdbapp.backend.ovs_idl.event [None req-6ac1e2ca-17f7-47b7-b306-c4bd9942123b None None] Matched UPDATE: ChassisAgentWriteEvent(events=('create', 'update'), table='Chassis_Private', conditions=None, old_conditions=None), priority=20 to row=Chassis_Private(uuid=4de1b405-ae3c-49c3-ad6b-a67192c73773, chassis=a0a0c12b-df2c-4e8f-9502-19b1ad1dae0c, external_ids={'neutron:ovn-bridge': 'br-int', 'neutron:ovn-neutron-agent-id': '19518322-3c85-57a8-abea-37ba3ea3c811', 'neutron:ovn-neutron-agent-sb-cfg': '2'}, name='e15cc211-7808-4c25-8922-cf400dfd1dc5', nb_cfg=3, nb_cfg_timestamp=1786912354175) old=Chassis_Private(uuid=4de1b405-ae3c-49c3-ad6b-a67192c73773, nb_cfg=2, nb_cfg_timestamp=1786912291186) {{(pid=87696) matches /opt/stack/data/venv/lib/python3.12/site-packages/ovsdbapp/backend/ovs_idl/event.py:55}}
Aug 16 20:32:34.184654 np0000007406 devstack@neutron-api.service[87696]: DEBUG neutron.plugins.ml2.drivers.ovn.mech_driver.ovsdb.ovsdb_monitor [None req-c1e4f74d-3ad8-44fc-b480-9f076cbe312c None None] Hash Ring: Node d3e1b42602915b86a0f4b5aea006f438 (host: np0000007406) handling event "update" for row a1f358d8-2e2b-43df-8478-7a88c311dfcf (table: NB_Global) {{(pid=87696) notify /opt/stack/neutron/neutron/plugins/ml2/drivers/ovn/mech_driver/ovsdb/ovsdb_monitor.py:1099}}
Aug 16 20:32:34.184924 np0000007406 devstack@neutron-api.service[87697]: DEBUG ovsdbapp.backend.ovs_idl.event [None req-bf0f98fd-2fc7-4b3d-aad7-9e0271b67e7c None None] Matched UPDATE: ChassisAgentWriteEvent(events=('create', 'update'), table='Chassis_Private', conditions=None, old_conditions=None), priority=20 to row=Chassis_Private(uuid=4de1b405-ae3c-49c3-ad6b-a67192c73773, chassis=a0a0c12b-df2c-4e8f-9502-19b1ad1dae0c, external_ids={'neutron:ovn-bridge': 'br-int', 'neutron:ovn-neutron-agent-id': '19518322-3c85-57a8-abea-37ba3ea3c811', 'neutron:ovn-neutron-agent-sb-cfg': '2'}, name='e15cc211-7808-4c25-8922-cf400dfd1dc5', nb_cfg=3, nb_cfg_timestamp=1786912354175) old=Chassis_Private(uuid=4de1b405-ae3c-49c3-ad6b-a67192c73773, nb_cfg=2, nb_cfg_timestamp=1786912291186) {{(pid=87697) matches /opt/stack/data/venv/lib/python3.12/site-packages/ovsdbapp/backend/ovs_idl/event.py:55}}
Aug 16 20:32:34.191843 np0000007406 devstack@neutron-api.service[87697]: DEBUG neutron.api.rpc.callbacks.version_manager [None req-f6e5c0ef-651a-4a3a-8578-f9f76928d7b9 admin admin] Tracked resource versions report:
Aug 16 20:32:34.191843 np0000007406 devstack@neutron-api.service[87697]: pushed versions:
Aug 16 20:32:34.191843 np0000007406 devstack@neutron-api.service[87697]: { 'AddressGroup': {'1.2'},
Aug 16 20:32:34.191843 np0000007406 devstack@neutron-api.service[87697]: 'Agent': {'1.1'},
Aug 16 20:32:34.191843 np0000007406 devstack@neutron-api.service[87697]: 'ConntrackHelper': {'1.0'},
Aug 16 20:32:34.191843 np0000007406 devstack@neutron-api.service[87697]: 'LocalIPAssociation': {'1.0'},
Aug 16 20:32:34.191843 np0000007406 devstack@neutron-api.service[87697]: 'Log': {'1.0'},
Aug 16 20:32:34.191843 np0000007406 devstack@neutron-api.service[87697]: 'NDPProxy': {'1.0'},
Aug 16 20:32:34.191843 np0000007406 devstack@neutron-api.service[87697]: 'Network': {'1.3'},
Aug 16 20:32:34.191843 np0000007406 devstack@neutron-api.service[87697]: 'Port': {'1.11'},
Aug 16 20:32:34.191843 np0000007406 devstack@neutron-api.service[87697]: 'PortForwarding': {'1.3'},
Aug 16 20:32:34.191843 np0000007406 devstack@neutron-api.service[87697]: 'QosPolicy': {'1.10'},
Aug 16 20:32:34.191843 np0000007406 devstack@neutron-api.service[87697]: 'SecurityGroup': {'1.6'},
Aug 16 20:32:34.191843 np0000007406 devstack@neutron-api.service[87697]: 'SecurityGroupRule': {'1.3'},
Aug 16 20:32:34.191843 np0000007406 devstack@neutron-api.service[87697]: 'SubPort': {'1.0'},
Aug 16 20:32:34.191843 np0000007406 devstack@neutron-api.service[87697]: 'Subnet': {'1.2'},
Aug 16 20:32:34.191843 np0000007406 devstack@neutron-api.service[87697]: 'Trunk': {'1.1'}}
Aug 16 20:32:34.191843 np0000007406 devstack@neutron-api.service[87697]: consumer versions:
Aug 16 20:32:34.191843 np0000007406 devstack@neutron-api.service[87697]: { OVN Neutron agent@np0000007406: {},
Aug 16 20:32:34.191843 np0000007406 devstack@neutron-api.service[87697]: OVN Controller Gateway agent@np0000007406: {}}
Aug 16 20:32:34.191843 np0000007406 devstack@neutron-api.service[87697]: {{(pid=87697) report /opt/stack/neutron/neutron/api/rpc/callbacks/version_manager.py:183}}
Aug 16 20:32:34.194011 np0000007406 devstack@neutron-api.service[87696]: DEBUG neutron.common.ovn.hash_ring_manager [None req-6ac1e2ca-17f7-47b7-b306-c4bd9942123b None None] Hash Ring loaded. 3 active nodes. 0 offline nodes {{(pid=87696) _load_hash_ring /opt/stack/neutron/neutron/common/ovn/hash_ring_manager.py:110}}
Aug 16 20:32:34.195814 np0000007406 devstack@neutron-api.service[87695]: DEBUG neutron_lib.callbacks.manager [None req-a2e38444-1eda-4996-97c4-5e02eccad110 admin admin] Publish callbacks ['neutron.plugins.ml2.drivers.ovn.mech_driver.mech_driver.OVNMechanismDriver._create_security_group_precommit-133093440'] for security_group (5e01affb-23bf-4f22-b1d6-533676845d79), precommit_create {{(pid=87695) _notify_loop /opt/stack/data/venv/lib/python3.12/site-packages/neutron_lib/callbacks/manager.py:184}}
Aug 16 20:32:34.195964 np0000007406 devstack@neutron-api.service[87695]: DEBUG neutron.db.ovn_revision_numbers_db [None req-a2e38444-1eda-4996-97c4-5e02eccad110 admin admin] create_initial_revision uuid=5e01affb-23bf-4f22-b1d6-533676845d79, type=security_groups, rev=-1 {{(pid=87695) create_initial_revision /opt/stack/neutron/neutron/db/ovn_revision_numbers_db.py:98}}
Aug 16 20:32:34.198030 np0000007406 devstack@neutron-api.service[87695]: DEBUG neutron.db.ovn_revision_numbers_db [None req-a2e38444-1eda-4996-97c4-5e02eccad110 admin admin] create_initial_revision uuid=251fb862-3f59-4aae-a448-9dcb183bf81d, type=security_group_rules, rev=-1 {{(pid=87695) create_initial_revision /opt/stack/neutron/neutron/db/ovn_revision_numbers_db.py:98}}
Aug 16 20:32:34.199462 np0000007406 devstack@neutron-api.service[87695]: DEBUG neutron.db.ovn_revision_numbers_db [None req-a2e38444-1eda-4996-97c4-5e02eccad110 admin admin] create_initial_revision uuid=6aa3d393-c76b-43f4-8e1f-df47e0389ac4, type=security_group_rules, rev=-1 {{(pid=87695) create_initial_revision /opt/stack/neutron/neutron/db/ovn_revision_numbers_db.py:98}}
Aug 16 20:32:34.200551 np0000007406 devstack@neutron-api.service[87695]: DEBUG neutron.db.ovn_revision_numbers_db [None req-a2e38444-1eda-4996-97c4-5e02eccad110 admin admin] create_initial_revision uuid=c4a5543f-9adc-40f0-8c32-6ea3184bc0ee, type=security_group_rules, rev=-1 {{(pid=87695) create_initial_revision /opt/stack/neutron/neutron/db/ovn_revision_numbers_db.py:98}}
Aug 16 20:32:34.201263 np0000007406 devstack@neutron-api.service[87695]: DEBUG neutron.common.ovn.hash_ring_manager [-] Hash Ring loaded. 3 active nodes. 0 offline nodes {{(pid=87695) _load_hash_ring /opt/stack/neutron/neutron/common/ovn/hash_ring_manager.py:110}}
Aug 16 20:32:34.201559 np0000007406 devstack@neutron-api.service[87695]: DEBUG neutron.plugins.ml2.drivers.ovn.mech_driver.ovsdb.ovsdb_monitor [-] Hash Ring: Node a674b30928a55cfc9283e4b726279d21 (host: np0000007406) handling event "update" for row 4de1b405-ae3c-49c3-ad6b-a67192c73773 (table: Chassis_Private) {{(pid=87695) notify /opt/stack/neutron/neutron/plugins/ml2/drivers/ovn/mech_driver/ovsdb/ovsdb_monitor.py:1099}}
Aug 16 20:32:34.202060 np0000007406 devstack@neutron-api.service[87695]: DEBUG neutron.db.ovn_revision_numbers_db [None req-a2e38444-1eda-4996-97c4-5e02eccad110 admin admin] create_initial_revision uuid=ef094b64-0e32-4411-b065-1058aab10465, type=security_group_rules, rev=-1 {{(pid=87695) create_initial_revision /opt/stack/neutron/neutron/db/ovn_revision_numbers_db.py:98}}
Aug 16 20:32:34.205150 np0000007406 devstack@neutron-api.service[87695]: DEBUG neutron_lib.callbacks.manager [None req-a2e38444-1eda-4996-97c4-5e02eccad110 admin admin] Publish callbacks ['neutron.plugins.ml2.drivers.ovn.mech_driver.mech_driver.OVNMechanismDriver._create_security_group-133093454', 'neutron.plugins.ml2.ovo_rpc._ObjectChangeHandler.handle_event-133418261'] for security_group (5e01affb-23bf-4f22-b1d6-533676845d79), after_create {{(pid=87695) _notify_loop /opt/stack/data/venv/lib/python3.12/site-packages/neutron_lib/callbacks/manager.py:184}}
Aug 16 20:32:34.205747 np0000007406 devstack@neutron-api.service[87695]: DEBUG ovsdbapp.backend.ovs_idl.transaction [None req-d1fa91d1-9ed0-406d-8ba9-955b1d778f44 None None] Running txn n=1 command(idx=0): PgAddCommand(_result=None, name=pg_5e01affb_23bf_4f22_b1d6_533676845d79, may_exist=False, columns={'acls': [], 'external_ids': {'neutron:security_group_id': '5e01affb-23bf-4f22-b1d6-533676845d79'}}) {{(pid=87695) do_commit /opt/stack/data/venv/lib/python3.12/site-packages/ovsdbapp/backend/ovs_idl/transaction.py:89}}
Aug 16 20:32:34.206052 np0000007406 devstack@neutron-api.service[87695]: DEBUG ovsdbapp.backend.ovs_idl.transaction [None req-d1fa91d1-9ed0-406d-8ba9-955b1d778f44 None None] Running txn n=1 command(idx=1): PgAclAddCommand(_result=None, entity=pg_5e01affb_23bf_4f22_b1d6_533676845d79, direction=from-lport, priority=1002, match=inport == @pg_5e01affb_23bf_4f22_b1d6_533676845d79 && ip4, action=allow-related, log=False, may_exist=True, severity=[], name=[], meter=[], external_ids={'neutron:security_group_rule_id': '251fb862-3f59-4aae-a448-9dcb183bf81d'}) {{(pid=87695) do_commit /opt/stack/data/venv/lib/python3.12/site-packages/ovsdbapp/backend/ovs_idl/transaction.py:89}}
Aug 16 20:32:34.206356 np0000007406 devstack@neutron-api.service[87695]: DEBUG ovsdbapp.backend.ovs_idl.transaction [None req-d1fa91d1-9ed0-406d-8ba9-955b1d778f44 None None] Running txn n=1 command(idx=2): PgAclAddCommand(_result=None, entity=pg_5e01affb_23bf_4f22_b1d6_533676845d79, direction=to-lport, priority=1002, match=outport == @pg_5e01affb_23bf_4f22_b1d6_533676845d79 && ip4 && ip4.src == $pg_5e01affb_23bf_4f22_b1d6_533676845d79_ip4, action=allow-related, log=False, may_exist=True, severity=[], name=[], meter=[], external_ids={'neutron:security_group_rule_id': '6aa3d393-c76b-43f4-8e1f-df47e0389ac4'}) {{(pid=87695) do_commit /opt/stack/data/venv/lib/python3.12/site-packages/ovsdbapp/backend/ovs_idl/transaction.py:89}}
Aug 16 20:32:34.206586 np0000007406 devstack@neutron-api.service[87695]: DEBUG ovsdbapp.backend.ovs_idl.transaction [None req-d1fa91d1-9ed0-406d-8ba9-955b1d778f44 None None] Running txn n=1 command(idx=3): PgAclAddCommand(_result=None, entity=pg_5e01affb_23bf_4f22_b1d6_533676845d79, direction=to-lport, priority=1002, match=outport == @pg_5e01affb_23bf_4f22_b1d6_533676845d79 && ip6 && ip6.src == $pg_5e01affb_23bf_4f22_b1d6_533676845d79_ip6, action=allow-related, log=False, may_exist=True, severity=[], name=[], meter=[], external_ids={'neutron:security_group_rule_id': 'c4a5543f-9adc-40f0-8c32-6ea3184bc0ee'}) {{(pid=87695) do_commit /opt/stack/data/venv/lib/python3.12/site-packages/ovsdbapp/backend/ovs_idl/transaction.py:89}}
Aug 16 20:32:34.206831 np0000007406 devstack@neutron-api.service[87695]: DEBUG ovsdbapp.backend.ovs_idl.transaction [None req-d1fa91d1-9ed0-406d-8ba9-955b1d778f44 None None] Running txn n=1 command(idx=4): PgAclAddCommand(_result=None, entity=pg_5e01affb_23bf_4f22_b1d6_533676845d79, direction=from-lport, priority=1002, match=inport == @pg_5e01affb_23bf_4f22_b1d6_533676845d79 && ip6, action=allow-related, log=False, may_exist=True, severity=[], name=[], meter=[], external_ids={'neutron:security_group_rule_id': 'ef094b64-0e32-4411-b065-1058aab10465'}) {{(pid=87695) do_commit /opt/stack/data/venv/lib/python3.12/site-packages/ovsdbapp/backend/ovs_idl/transaction.py:89}}
Aug 16 20:32:34.211405 np0000007406 devstack@neutron-api.service[87696]: DEBUG neutron.plugins.ml2.drivers.ovn.mech_driver.ovsdb.ovsdb_monitor [None req-c1e4f74d-3ad8-44fc-b480-9f076cbe312c None None] Hash Ring: Node d3e1b42602915b86a0f4b5aea006f438 (host: np0000007406) handling event "create" for row a78fd444-09ec-4b71-9258-6d188e0a445f (table: ACL) {{(pid=87696) notify /opt/stack/neutron/neutron/plugins/ml2/drivers/ovn/mech_driver/ovsdb/ovsdb_monitor.py:1099}}
Aug 16 20:32:34.211485 np0000007406 devstack@neutron-api.service[87695]: DEBUG neutron.plugins.ml2.drivers.ovn.mech_driver.ovsdb.ovsdb_monitor [None req-d1fa91d1-9ed0-406d-8ba9-955b1d778f44 None None] Hash Ring: Node a674b30928a55cfc9283e4b726279d21 (host: np0000007406) handling event "create" for row fd1d1059-3677-40fc-95df-9d4b5e040517 (table: ACL) {{(pid=87695) notify /opt/stack/neutron/neutron/plugins/ml2/drivers/ovn/mech_driver/ovsdb/ovsdb_monitor.py:1099}}
Aug 16 20:32:34.211585 np0000007406 devstack@neutron-api.service[87696]: DEBUG neutron.plugins.ml2.drivers.ovn.mech_driver.ovsdb.ovsdb_monitor [None req-c1e4f74d-3ad8-44fc-b480-9f076cbe312c None None] Hash Ring: Node d3e1b42602915b86a0f4b5aea006f438 (host: np0000007406) handling event "create" for row f2d74baa-b7bf-4cab-a7dc-25444423e4f5 (table: ACL) {{(pid=87696) notify /opt/stack/neutron/neutron/plugins/ml2/drivers/ovn/mech_driver/ovsdb/ovsdb_monitor.py:1099}}
Aug 16 20:32:34.211755 np0000007406 devstack@neutron-api.service[87696]: DEBUG neutron.plugins.ml2.drivers.ovn.mech_driver.ovsdb.ovsdb_monitor [None req-c1e4f74d-3ad8-44fc-b480-9f076cbe312c None None] Hash Ring: Node d3e1b42602915b86a0f4b5aea006f438 (host: np0000007406) handling event "create" for row fc74aab8-422c-4b2a-87fa-68f8cacae275 (table: ACL) {{(pid=87696) notify /opt/stack/neutron/neutron/plugins/ml2/drivers/ovn/mech_driver/ovsdb/ovsdb_monitor.py:1099}}
Aug 16 20:32:34.211911 np0000007406 devstack@neutron-api.service[87696]: DEBUG neutron.plugins.ml2.drivers.ovn.mech_driver.ovsdb.ovsdb_monitor [None req-c1e4f74d-3ad8-44fc-b480-9f076cbe312c None None] Hash Ring: Node d3e1b42602915b86a0f4b5aea006f438 (host: np0000007406) handling event "create" for row d0840267-f7b7-44d1-a0cb-0be735a4bd0c (table: Port_Group) {{(pid=87696) notify /opt/stack/neutron/neutron/plugins/ml2/drivers/ovn/mech_driver/ovsdb/ovsdb_monitor.py:1099}}
Aug 16 20:32:34.213703 np0000007406 devstack@neutron-api.service[87697]: DEBUG neutron.common.ovn.hash_ring_manager [None req-bf0f98fd-2fc7-4b3d-aad7-9e0271b67e7c None None] Hash Ring loaded. 3 active nodes. 0 offline nodes {{(pid=87697) _load_hash_ring /opt/stack/neutron/neutron/common/ovn/hash_ring_manager.py:110}}
Aug 16 20:32:34.228723 np0000007406 devstack@neutron-api.service[87695]: INFO neutron.db.ovn_revision_numbers_db [None req-a2e38444-1eda-4996-97c4-5e02eccad110 admin admin] Successfully bumped revision number for resource 5e01affb-23bf-4f22-b1d6-533676845d79 (type: security_groups) to 1
Aug 16 20:32:34.237827 np0000007406 devstack@neutron-api.service[87695]: INFO neutron.db.ovn_revision_numbers_db [None req-a2e38444-1eda-4996-97c4-5e02eccad110 admin admin] Successfully bumped revision number for resource 251fb862-3f59-4aae-a448-9dcb183bf81d (type: security_group_rules) to 0
Aug 16 20:32:34.240180 np0000007406 devstack@neutron-api.service[87697]: DEBUG neutron.plugins.ml2.drivers.helpers [None req-f6e5c0ef-651a-4a3a-8578-f9f76928d7b9 admin admin] geneve segment allocate from pool success with {'geneve_vni': 14238} {{(pid=87697) allocate_partially_specified_segment /opt/stack/neutron/neutron/plugins/ml2/drivers/helpers.py:142}}
Aug 16 20:32:34.247521 np0000007406 devstack@neutron-api.service[87697]: DEBUG neutron_lib.callbacks.manager [None req-f6e5c0ef-651a-4a3a-8578-f9f76928d7b9 admin admin] Publish callbacks ['neutron.services.segments.db._add_segment_host_mapping_for_segment-8479809159232', 'neutron.plugins.ml2.plugin.Ml2Plugin._handle_segment_change-101032'] for segment (3c8b7464-e826-4f2c-858e-b0941eaeebc6), precommit_create {{(pid=87697) _notify_loop /opt/stack/data/venv/lib/python3.12/site-packages/neutron_lib/callbacks/manager.py:184}}
Aug 16 20:32:34.247605 np0000007406 devstack@neutron-api.service[87695]: INFO neutron.db.ovn_revision_numbers_db [None req-a2e38444-1eda-4996-97c4-5e02eccad110 admin admin] Successfully bumped revision number for resource 6aa3d393-c76b-43f4-8e1f-df47e0389ac4 (type: security_group_rules) to 0
Aug 16 20:32:34.247664 np0000007406 devstack@neutron-api.service[87697]: INFO neutron.db.segments_db [None req-f6e5c0ef-651a-4a3a-8578-f9f76928d7b9 admin admin] Added segment 3c8b7464-e826-4f2c-858e-b0941eaeebc6 of type geneve for network 6629157e-71fc-4196-8eda-1652675fc0f6
Aug 16 20:32:34.256563 np0000007406 devstack@neutron-api.service[87695]: INFO neutron.db.ovn_revision_numbers_db [None req-a2e38444-1eda-4996-97c4-5e02eccad110 admin admin] Successfully bumped revision number for resource c4a5543f-9adc-40f0-8c32-6ea3184bc0ee (type: security_group_rules) to 0
Aug 16 20:32:34.260314 np0000007406 devstack@neutron-api.service[87697]: DEBUG neutron_lib.callbacks.manager [None req-f6e5c0ef-651a-4a3a-8578-f9f76928d7b9 admin admin] Publish callbacks ['neutron.services.auto_allocate.db._ensure_external_network_default_value_callback-8479807533090'] for network (6629157e-71fc-4196-8eda-1652675fc0f6), precommit_create {{(pid=87697) _notify_loop /opt/stack/data/venv/lib/python3.12/site-packages/neutron_lib/callbacks/manager.py:184}}
Aug 16 20:32:34.266046 np0000007406 devstack@neutron-api.service[87695]: INFO neutron.db.ovn_revision_numbers_db [None req-a2e38444-1eda-4996-97c4-5e02eccad110 admin admin] Successfully bumped revision number for resource ef094b64-0e32-4411-b065-1058aab10465 (type: security_group_rules) to 0
Aug 16 20:32:34.271266 np0000007406 devstack@neutron-api.service[87697]: DEBUG neutron.plugins.ml2.drivers.ovn.mech_driver.mech_driver [None req-f6e5c0ef-651a-4a3a-8578-f9f76928d7b9 admin admin] Validating network segment with type geneve, segmentation ID 14238, physical network None {{(pid=87697) _validate_network_segments /opt/stack/neutron/neutron/plugins/ml2/drivers/ovn/mech_driver/mech_driver.py:624}}
Aug 16 20:32:34.271406 np0000007406 devstack@neutron-api.service[87697]: DEBUG neutron.db.ovn_revision_numbers_db [None req-f6e5c0ef-651a-4a3a-8578-f9f76928d7b9 admin admin] create_initial_revision uuid=6629157e-71fc-4196-8eda-1652675fc0f6, type=networks, rev=-1 {{(pid=87697) create_initial_revision /opt/stack/neutron/neutron/db/ovn_revision_numbers_db.py:98}}
Aug 16 20:32:34.277550 np0000007406 devstack@neutron-api.service[87697]: DEBUG neutron_lib.callbacks.manager [None req-f6e5c0ef-651a-4a3a-8578-f9f76928d7b9 admin admin] Publish callbacks ['neutron.plugins.ml2.ovo_rpc._ObjectChangeHandler.handle_event-133242087'] for network (6629157e-71fc-4196-8eda-1652675fc0f6), after_create {{(pid=87697) _notify_loop /opt/stack/data/venv/lib/python3.12/site-packages/neutron_lib/callbacks/manager.py:184}}
Aug 16 20:32:34.290541 np0000007406 devstack@neutron-api.service[87697]: DEBUG neutron.api.rpc.handlers.resources_rpc [None req-f6e5c0ef-651a-4a3a-8578-f9f76928d7b9 admin admin] Pushing event updated for resources: {'Network': ['ID=6629157e-71fc-4196-8eda-1652675fc0f6,revision_number=1']} {{(pid=87697) push /opt/stack/neutron/neutron/api/rpc/handlers/resources_rpc.py:237}}
Aug 16 20:32:34.291532 np0000007406 devstack@neutron-api.service[87695]: DEBUG neutron.api.rpc.handlers.resources_rpc [None req-a2e38444-1eda-4996-97c4-5e02eccad110 admin admin] Pushing event updated for resources: {'SecurityGroup': ['ID=5e01affb-23bf-4f22-b1d6-533676845d79,revision_number=1']} {{(pid=87695) push /opt/stack/neutron/neutron/api/rpc/handlers/resources_rpc.py:237}}
Aug 16 20:32:34.296656 np0000007406 devstack@neutron-api.service[87697]: DEBUG ovsdbapp.backend.ovs_idl.transaction [None req-9b73f03c-d957-4184-a3f5-65de5db15a16 None None] Running txn n=1 command(idx=0): AddNetworkCommand(_result=None, network_uuid=6629157e-71fc-4196-8eda-1652675fc0f6, may_exist=True, columns={'external_ids': {'neutron:network_name': 'tempest-TaggedBootDevicesTest_v242-732725349-network', 'neutron:mtu': '1372', 'neutron:revision_number': '1', 'neutron:availability_zone_hints': '', 'neutron:provnet-network-type': 'geneve'}, 'other_config': {'mcast_snoop': 'false', 'mcast_flood_unregistered': 'false', 'vlan-passthru': 'false'}}) {{(pid=87697) do_commit /opt/stack/data/venv/lib/python3.12/site-packages/ovsdbapp/backend/ovs_idl/transaction.py:89}}
Aug 16 20:32:34.300904 np0000007406 devstack@neutron-api.service[87696]: DEBUG neutron.plugins.ml2.drivers.ovn.mech_driver.ovsdb.ovsdb_monitor [None req-c1e4f74d-3ad8-44fc-b480-9f076cbe312c None None] Hash Ring: Node d3e1b42602915b86a0f4b5aea006f438 (host: np0000007406) handling event "create" for row 6629157e-71fc-4196-8eda-1652675fc0f6 (table: Logical_Switch) {{(pid=87696) notify /opt/stack/neutron/neutron/plugins/ml2/drivers/ovn/mech_driver/ovsdb/ovsdb_monitor.py:1099}}
Aug 16 20:32:34.304786 np0000007406 devstack@neutron-api.service[87695]: DEBUG neutron.plugins.ml2.drivers.ovn.mech_driver.ovsdb.ovsdb_monitor [-] Hash Ring: Node a674b30928a55cfc9283e4b726279d21 (host: np0000007406) handling event "create" for row 8676c58c-1c66-4d34-9d52-a33d6226ff5f (table: Datapath_Binding) {{(pid=87695) notify /opt/stack/neutron/neutron/plugins/ml2/drivers/ovn/mech_driver/ovsdb/ovsdb_monitor.py:1099}}
Aug 16 20:32:34.320769 np0000007406 devstack@neutron-api.service[87697]: INFO neutron.db.ovn_revision_numbers_db [None req-f6e5c0ef-651a-4a3a-8578-f9f76928d7b9 admin admin] Successfully bumped revision number for resource 6629157e-71fc-4196-8eda-1652675fc0f6 (type: networks) to 1
Aug 16 20:32:34.329194 np0000007406 devstack@neutron-api.service[87695]: DEBUG neutron.plugins.ml2.drivers.helpers [None req-a2e38444-1eda-4996-97c4-5e02eccad110 admin admin] geneve segment allocate from pool success with {'geneve_vni': 33133} {{(pid=87695) allocate_partially_specified_segment /opt/stack/neutron/neutron/plugins/ml2/drivers/helpers.py:142}}
Aug 16 20:32:34.333604 np0000007406 devstack@neutron-api.service[87697]: DEBUG neutron_lib.callbacks.manager [None req-f6e5c0ef-651a-4a3a-8578-f9f76928d7b9 admin admin] Publish callbacks ['neutron.plugins.ml2.plugin.SecurityGroupDbMixin._ensure_default_security_group_handler-362828'] for port (None), before_create {{(pid=87697) _notify_loop /opt/stack/data/venv/lib/python3.12/site-packages/neutron_lib/callbacks/manager.py:184}}
Aug 16 20:32:34.339385 np0000007406 devstack@neutron-api.service[87695]: DEBUG neutron_lib.callbacks.manager [None req-a2e38444-1eda-4996-97c4-5e02eccad110 admin admin] Publish callbacks ['neutron.services.segments.db._add_segment_host_mapping_for_segment-8479809161360', 'neutron.plugins.ml2.plugin.Ml2Plugin._handle_segment_change-734802'] for segment (50d8f276-7118-4107-96f4-d8189c472824), precommit_create {{(pid=87695) _notify_loop /opt/stack/data/venv/lib/python3.12/site-packages/neutron_lib/callbacks/manager.py:184}}
Aug 16 20:32:34.339635 np0000007406 devstack@neutron-api.service[87695]: INFO neutron.db.segments_db [None req-a2e38444-1eda-4996-97c4-5e02eccad110 admin admin] Added segment 50d8f276-7118-4107-96f4-d8189c472824 of type geneve for network e168ac35-f737-4a89-affb-d5a0e20e63fc
Aug 16 20:32:34.363874 np0000007406 devstack@neutron-api.service[87695]: DEBUG neutron_lib.callbacks.manager [None req-a2e38444-1eda-4996-97c4-5e02eccad110 admin admin] Publish callbacks ['neutron.services.auto_allocate.db._ensure_external_network_default_value_callback-8479807983556'] for network (e168ac35-f737-4a89-affb-d5a0e20e63fc), precommit_create {{(pid=87695) _notify_loop /opt/stack/data/venv/lib/python3.12/site-packages/neutron_lib/callbacks/manager.py:184}}
Aug 16 20:32:34.378572 np0000007406 devstack@neutron-api.service[87695]: DEBUG neutron.plugins.ml2.drivers.ovn.mech_driver.mech_driver [None req-a2e38444-1eda-4996-97c4-5e02eccad110 admin admin] Validating network segment with type geneve, segmentation ID 33133, physical network None {{(pid=87695) _validate_network_segments /opt/stack/neutron/neutron/plugins/ml2/drivers/ovn/mech_driver/mech_driver.py:624}}
Aug 16 20:32:34.378727 np0000007406 devstack@neutron-api.service[87695]: DEBUG neutron.db.ovn_revision_numbers_db [None req-a2e38444-1eda-4996-97c4-5e02eccad110 admin admin] create_initial_revision uuid=e168ac35-f737-4a89-affb-d5a0e20e63fc, type=networks, rev=-1 {{(pid=87695) create_initial_revision /opt/stack/neutron/neutron/db/ovn_revision_numbers_db.py:98}}
Aug 16 20:32:34.390254 np0000007406 devstack@neutron-api.service[87695]: DEBUG neutron_lib.callbacks.manager [None req-a2e38444-1eda-4996-97c4-5e02eccad110 admin admin] Publish callbacks ['neutron.plugins.ml2.ovo_rpc._ObjectChangeHandler.handle_event-133418262'] for network (e168ac35-f737-4a89-affb-d5a0e20e63fc), after_create {{(pid=87695) _notify_loop /opt/stack/data/venv/lib/python3.12/site-packages/neutron_lib/callbacks/manager.py:184}}
Aug 16 20:32:34.393732 np0000007406 devstack@neutron-api.service[87697]: DEBUG neutron_lib.callbacks.manager [None req-f6e5c0ef-651a-4a3a-8578-f9f76928d7b9 admin admin] Publish callbacks ['neutron.plugins.ml2.drivers.ovn.mech_driver.mech_driver.OVNMechanismDriver._validate_allowed_address_pairs-187817'] for allowed_address_pair (6c61e61d-5d1b-47ed-aa71-77490d83677f), before_create {{(pid=87697) _notify_loop /opt/stack/data/venv/lib/python3.12/site-packages/neutron_lib/callbacks/manager.py:184}}
Aug 16 20:32:34.394347 np0000007406 devstack@neutron-api.service[87697]: DEBUG neutron_lib.callbacks.manager [None req-f6e5c0ef-651a-4a3a-8578-f9f76928d7b9 admin admin] Publish callbacks [] for port (6c61e61d-5d1b-47ed-aa71-77490d83677f), precommit_create {{(pid=87697) _notify_loop /opt/stack/data/venv/lib/python3.12/site-packages/neutron_lib/callbacks/manager.py:184}}
Aug 16 20:32:34.394495 np0000007406 devstack@neutron-api.service[87697]: DEBUG neutron.plugins.ml2.drivers.ovn.mech_driver.mech_driver [None req-f6e5c0ef-651a-4a3a-8578-f9f76928d7b9 admin admin] No provisioning block for port 6c61e61d-5d1b-47ed-aa71-77490d83677f since it does not have a host {{(pid=87697) _is_port_provisioning_required /opt/stack/neutron/neutron/plugins/ml2/drivers/ovn/mech_driver/mech_driver.py:877}}
Aug 16 20:32:34.394600 np0000007406 devstack@neutron-api.service[87697]: DEBUG neutron.db.ovn_revision_numbers_db [None req-f6e5c0ef-651a-4a3a-8578-f9f76928d7b9 admin admin] create_initial_revision uuid=6c61e61d-5d1b-47ed-aa71-77490d83677f, type=ports, rev=-1 {{(pid=87697) create_initial_revision /opt/stack/neutron/neutron/db/ovn_revision_numbers_db.py:98}}
Aug 16 20:32:34.409742 np0000007406 devstack@neutron-api.service[87696]: DEBUG neutron.api.v2.base [None req-e76e7091-de68-417f-b1c2-fdef1aba2d41 admin admin] Request body: {'network': {'name': 'tempest-VolumesAdminNegativeTest-188284014-network', 'project_id': '2141a10c603046b28cf9b013393987a8'}} {{(pid=87696) prepare_request_body /opt/stack/neutron/neutron/api/v2/base.py:727}}
Aug 16 20:32:34.414436 np0000007406 devstack@neutron-api.service[87695]: DEBUG neutron.api.rpc.handlers.resources_rpc [None req-a2e38444-1eda-4996-97c4-5e02eccad110 admin admin] Pushing event updated for resources: {'Network': ['ID=e168ac35-f737-4a89-affb-d5a0e20e63fc,revision_number=1']} {{(pid=87695) push /opt/stack/neutron/neutron/api/rpc/handlers/resources_rpc.py:237}}
Aug 16 20:32:34.420155 np0000007406 devstack@neutron-api.service[87697]: DEBUG neutron_lib.callbacks.manager [None req-f6e5c0ef-651a-4a3a-8578-f9f76928d7b9 admin admin] Publish callbacks ['neutron.plugins.ml2.ovo_rpc._ObjectChangeHandler.handle_event-133242100'] for port (6c61e61d-5d1b-47ed-aa71-77490d83677f), after_create {{(pid=87697) _notify_loop /opt/stack/data/venv/lib/python3.12/site-packages/neutron_lib/callbacks/manager.py:184}}
Aug 16 20:32:34.420862 np0000007406 devstack@neutron-api.service[87696]: DEBUG neutron.pecan_wsgi.hooks.quota_enforcement [None req-e76e7091-de68-417f-b1c2-fdef1aba2d41 admin admin] Made reservation on behalf of 2141a10c603046b28cf9b013393987a8 for: {'network': 1} {{(pid=87696) before /opt/stack/neutron/neutron/pecan_wsgi/hooks/quota_enforcement.py:66}}
Aug 16 20:32:34.421308 np0000007406 devstack@neutron-api.service[87695]: DEBUG ovsdbapp.backend.ovs_idl.transaction [None req-d1fa91d1-9ed0-406d-8ba9-955b1d778f44 None None] Running txn n=1 command(idx=0): AddNetworkCommand(_result=None, network_uuid=e168ac35-f737-4a89-affb-d5a0e20e63fc, may_exist=True, columns={'external_ids': {'neutron:network_name': 'tempest-TaggedBootDevicesTest-2118670575-network', 'neutron:mtu': '1372', 'neutron:revision_number': '1', 'neutron:availability_zone_hints': '', 'neutron:provnet-network-type': 'geneve'}, 'other_config': {'mcast_snoop': 'false', 'mcast_flood_unregistered': 'false', 'vlan-passthru': 'false'}}) {{(pid=87695) do_commit /opt/stack/data/venv/lib/python3.12/site-packages/ovsdbapp/backend/ovs_idl/transaction.py:89}}
Aug 16 20:32:34.421493 np0000007406 devstack@neutron-api.service[87695]: DEBUG neutron.common.ovn.utils [None req-d1fa91d1-9ed0-406d-8ba9-955b1d778f44 None None] OVS persist_uuid supported=True {{(pid=87695) ovs_persist_uuid_supported /opt/stack/neutron/neutron/common/ovn/utils.py:1565}}
Aug 16 20:32:34.423183 np0000007406 devstack@neutron-api.service[87696]: DEBUG neutron_lib.callbacks.manager [None req-e76e7091-de68-417f-b1c2-fdef1aba2d41 admin admin] Publish callbacks ['neutron.plugins.ml2.plugin.SecurityGroupDbMixin._ensure_default_security_group_handler-476770'] for network (None), before_create {{(pid=87696) _notify_loop /opt/stack/data/venv/lib/python3.12/site-packages/neutron_lib/callbacks/manager.py:184}}
Aug 16 20:32:34.427171 np0000007406 devstack@neutron-api.service[87696]: DEBUG neutron.plugins.ml2.drivers.ovn.mech_driver.ovsdb.ovsdb_monitor [None req-c1e4f74d-3ad8-44fc-b480-9f076cbe312c None None] Hash Ring: Node d3e1b42602915b86a0f4b5aea006f438 (host: np0000007406) handling event "create" for row e168ac35-f737-4a89-affb-d5a0e20e63fc (table: Logical_Switch) {{(pid=87696) notify /opt/stack/neutron/neutron/plugins/ml2/drivers/ovn/mech_driver/ovsdb/ovsdb_monitor.py:1099}}
Aug 16 20:32:34.430736 np0000007406 devstack@neutron-api.service[87696]: DEBUG neutron_lib.callbacks.manager [None req-e76e7091-de68-417f-b1c2-fdef1aba2d41 admin admin] Publish callbacks [] for security_group (None), before_create {{(pid=87696) _notify_loop /opt/stack/data/venv/lib/python3.12/site-packages/neutron_lib/callbacks/manager.py:184}}
Aug 16 20:32:34.440973 np0000007406 devstack@neutron-api.service[87697]: DEBUG neutron.plugins.ml2.drivers.ovn.mech_driver.ovsdb.ovsdb_monitor [None req-bf0f98fd-2fc7-4b3d-aad7-9e0271b67e7c None None] Hash Ring: Node c810adb211a65965bb850e0226b240ae (host: np0000007406) handling event "create" for row ef590ca6-c7f5-4ec8-8dda-8666aa4e1cff (table: Datapath_Binding) {{(pid=87697) notify /opt/stack/neutron/neutron/plugins/ml2/drivers/ovn/mech_driver/ovsdb/ovsdb_monitor.py:1099}}
Aug 16 20:32:34.441282 np0000007406 devstack@neutron-api.service[87695]: INFO neutron.db.ovn_revision_numbers_db [None req-a2e38444-1eda-4996-97c4-5e02eccad110 admin admin] Successfully bumped revision number for resource e168ac35-f737-4a89-affb-d5a0e20e63fc (type: networks) to 1
Aug 16 20:32:34.455364 np0000007406 devstack@neutron-api.service[87697]: DEBUG neutron.api.rpc.handlers.resources_rpc [None req-f6e5c0ef-651a-4a3a-8578-f9f76928d7b9 admin admin] Pushing event updated for resources: {'Port': ['ID=6c61e61d-5d1b-47ed-aa71-77490d83677f,revision_number=1']} {{(pid=87697) push /opt/stack/neutron/neutron/api/rpc/handlers/resources_rpc.py:237}}
Aug 16 20:32:34.460511 np0000007406 devstack@neutron-api.service[87697]: DEBUG neutron.plugins.ml2.drivers.ovn.mech_driver.ovsdb.commands [None req-f6e5c0ef-651a-4a3a-8578-f9f76928d7b9 admin admin] Converting tag [] to a tag_request {{(pid=87697) _tag_column_to_tag_request /opt/stack/neutron/neutron/plugins/ml2/drivers/ovn/mech_driver/ovsdb/commands.py:227}}
Aug 16 20:32:34.461310 np0000007406 devstack@neutron-api.service[87697]: DEBUG ovsdbapp.backend.ovs_idl.transaction [None req-9b73f03c-d957-4184-a3f5-65de5db15a16 None None] Running txn n=1 command(idx=0): AddLSwitchPortCommand(_result=None, lport=6c61e61d-5d1b-47ed-aa71-77490d83677f, lswitch=neutron-6629157e-71fc-4196-8eda-1652675fc0f6, may_exist=True, network_uuid=6629157e-71fc-4196-8eda-1652675fc0f6, columns={'addresses': ['fa:16:3e:db:11:cc'], 'external_ids': {'neutron:port_name': '', 'neutron:device_id': 'ovnmeta-6629157e-71fc-4196-8eda-1652675fc0f6', 'neutron:project_id': 'e58edea4ea3d4622981f67099a69314c', 'neutron:cidrs': '', 'neutron:device_owner': 'network:distributed', 'neutron:subnet_pool_addr_scope4': '', 'neutron:subnet_pool_addr_scope6': '', 'neutron:network_name': 'neutron-6629157e-71fc-4196-8eda-1652675fc0f6', 'neutron:security_group_ids': '', 'neutron:revision_number': '1', 'neutron:vnic_type': 'normal', 'neutron:port_capabilities': '', 'neutron:mtu': '1372'}, 'parent_name': [], 'enabled': True, 'options': {}, 'type': 'localport', 'port_security': [], 'dhcpv4_options': [], 'dhcpv6_options': [], 'tag_request': []}) {{(pid=87697) do_commit /opt/stack/data/venv/lib/python3.12/site-packages/ovsdbapp/backend/ovs_idl/transaction.py:89}}
Aug 16 20:32:34.462004 np0000007406 devstack@neutron-api.service[87697]: DEBUG ovsdbapp.backend.ovs_idl.transaction [None req-9b73f03c-d957-4184-a3f5-65de5db15a16 None None] Running txn n=1 command(idx=1): QoSDelCommand(_result=None, switch=neutron-6629157e-71fc-4196-8eda-1652675fc0f6, conditions=[('direction', '=', 'to-lport'), ('priority', '=', 2002), ('match', '=', 'outport == "6c61e61d-5d1b-47ed-aa71-77490d83677f"')], if_exists=True) {{(pid=87697) do_commit /opt/stack/data/venv/lib/python3.12/site-packages/ovsdbapp/backend/ovs_idl/transaction.py:89}}
Aug 16 20:32:34.462411 np0000007406 devstack@neutron-api.service[87697]: DEBUG ovsdbapp.backend.ovs_idl.transaction [None req-9b73f03c-d957-4184-a3f5-65de5db15a16 None None] Running txn n=1 command(idx=2): QoSDelCommand(_result=None, switch=neutron-6629157e-71fc-4196-8eda-1652675fc0f6, conditions=[('direction', '=', 'from-lport'), ('priority', '=', 2002), ('match', '=', 'inport == "6c61e61d-5d1b-47ed-aa71-77490d83677f"')], if_exists=True) {{(pid=87697) do_commit /opt/stack/data/venv/lib/python3.12/site-packages/ovsdbapp/backend/ovs_idl/transaction.py:89}}
Aug 16 20:32:34.470303 np0000007406 devstack@neutron-api.service[87695]: DEBUG neutron.plugins.ml2.drivers.ovn.mech_driver.ovsdb.ovsdb_monitor [-] Hash Ring: Node a674b30928a55cfc9283e4b726279d21 (host: np0000007406) handling event "create" for row 99137ade-3180-4c99-b5ec-6f3216639492 (table: Port_Binding) {{(pid=87695) notify /opt/stack/neutron/neutron/plugins/ml2/drivers/ovn/mech_driver/ovsdb/ovsdb_monitor.py:1099}}
Aug 16 20:32:34.470460 np0000007406 devstack@neutron-api.service[87696]: DEBUG neutron.plugins.ml2.drivers.ovn.mech_driver.ovsdb.ovsdb_monitor [None req-c1e4f74d-3ad8-44fc-b480-9f076cbe312c None None] Hash Ring: Node d3e1b42602915b86a0f4b5aea006f438 (host: np0000007406) handling event "update" for row 6629157e-71fc-4196-8eda-1652675fc0f6 (table: Logical_Switch) {{(pid=87696) notify /opt/stack/neutron/neutron/plugins/ml2/drivers/ovn/mech_driver/ovsdb/ovsdb_monitor.py:1099}}
Aug 16 20:32:34.470460 np0000007406 devstack@neutron-api.service[87696]: DEBUG neutron.plugins.ml2.drivers.ovn.mech_driver.ovsdb.ovsdb_monitor [None req-c1e4f74d-3ad8-44fc-b480-9f076cbe312c None None] Hash Ring: Node d3e1b42602915b86a0f4b5aea006f438 (host: np0000007406) handling event "create" for row 4d5e9be6-37ae-4515-aae9-10680b763457 (table: Logical_Switch_Port) {{(pid=87696) notify /opt/stack/neutron/neutron/plugins/ml2/drivers/ovn/mech_driver/ovsdb/ovsdb_monitor.py:1099}}
Aug 16 20:32:34.471667 np0000007406 devstack@neutron-api.service[87696]: DEBUG ovsdbapp.backend.ovs_idl.event [None req-c1e4f74d-3ad8-44fc-b480-9f076cbe312c None None] Matched CREATE: LogicalSwitchPortCreateEvent(events=('create',), table='Logical_Switch_Port', conditions=[], old_conditions=None), priority=20 to row=Logical_Switch_Port(uuid=4d5e9be6-37ae-4515-aae9-10680b763457, addresses=['fa:16:3e:db:11:cc'], dhcpv4_options=[], dhcpv6_options=[], dynamic_addresses=[], enabled=True, external_ids={'neutron:cidrs': '', 'neutron:device_id': 'ovnmeta-6629157e-71fc-4196-8eda-1652675fc0f6', 'neutron:device_owner': 'network:distributed', 'neutron:mtu': '1372', 'neutron:network_name': 'neutron-6629157e-71fc-4196-8eda-1652675fc0f6', 'neutron:port_capabilities': '', 'neutron:port_name': '', 'neutron:project_id': 'e58edea4ea3d4622981f67099a69314c', 'neutron:revision_number': '1', 'neutron:security_group_ids': '', 'neutron:subnet_pool_addr_scope4': '', 'neutron:subnet_pool_addr_scope6': '', 'neutron:vnic_type': 'normal'}, ha_chassis_group=[], mirror_rules=[], name='6c61e61d-5d1b-47ed-aa71-77490d83677f', options={}, parent_name=[], port_security=[], tag=[], tag_request=[], type='localport', up=[]) old= {{(pid=87696) matches /opt/stack/data/venv/lib/python3.12/site-packages/ovsdbapp/backend/ovs_idl/event.py:55}}
Aug 16 20:32:34.474482 np0000007406 devstack@neutron-api.service[87696]: INFO neutron.plugins.ml2.drivers.ovn.mech_driver.mech_driver [None req-ea904d6c-58cb-4284-8827-9bb0dc7fd29b None None] OVN reports status down for port: 6c61e61d-5d1b-47ed-aa71-77490d83677f
Aug 16 20:32:34.474934 np0000007406 devstack@neutron-api.service[87696]: DEBUG neutron.plugins.ml2.drivers.ovn.mech_driver.ovsdb.ovsdb_monitor [None req-c1e4f74d-3ad8-44fc-b480-9f076cbe312c None None] Hash Ring: Node d3e1b42602915b86a0f4b5aea006f438 (host: np0000007406) handling event "update" for row 4d5e9be6-37ae-4515-aae9-10680b763457 (table: Logical_Switch_Port) {{(pid=87696) notify /opt/stack/neutron/neutron/plugins/ml2/drivers/ovn/mech_driver/ovsdb/ovsdb_monitor.py:1099}}
Aug 16 20:32:34.493833 np0000007406 devstack@neutron-api.service[87695]: DEBUG neutron_lib.callbacks.manager [None req-a2e38444-1eda-4996-97c4-5e02eccad110 admin admin] Publish callbacks ['neutron.plugins.ml2.plugin.SecurityGroupDbMixin._ensure_default_security_group_handler-983704'] for port (None), before_create {{(pid=87695) _notify_loop /opt/stack/data/venv/lib/python3.12/site-packages/neutron_lib/callbacks/manager.py:184}}
Aug 16 20:32:34.495809 np0000007406 devstack@neutron-api.service[87697]: INFO neutron.db.ovn_revision_numbers_db [None req-f6e5c0ef-651a-4a3a-8578-f9f76928d7b9 admin admin] Successfully bumped revision number for resource 6c61e61d-5d1b-47ed-aa71-77490d83677f (type: ports) to 1
Aug 16 20:32:34.501387 np0000007406 devstack@neutron-api.service[87697]: DEBUG neutron.pecan_wsgi.hooks.policy_enforcement [None req-f6e5c0ef-651a-4a3a-8578-f9f76928d7b9 admin admin] Attributes excluded by policy engine: ['standard_attr_id'] {{(pid=87697) _exclude_attributes_by_policy /opt/stack/neutron/neutron/pecan_wsgi/hooks/policy_enforcement.py:259}}
Aug 16 20:32:34.501933 np0000007406 devstack@neutron-api.service[87697]: DEBUG neutron_lib.callbacks.manager [None req-f6e5c0ef-651a-4a3a-8578-f9f76928d7b9 admin admin] Publish callbacks [] for network (None), before_response {{(pid=87697) _notify_loop /opt/stack/data/venv/lib/python3.12/site-packages/neutron_lib/callbacks/manager.py:184}}
Aug 16 20:32:34.509591 np0000007406 devstack@neutron-api.service[87697]: [pid: 87697|app: 0|req: 16/44] 10.4.3.150 () {68 vars in 1277 bytes} [Sun Aug 16 20:32:33 2026] POST /networking/v2.0/networks => generated 726 bytes in 933 msecs (HTTP/1.1 201) 4 headers in 162 bytes (1 switches on core 0)
Aug 16 20:32:34.512158 np0000007406 devstack@neutron-api.service[87696]: DEBUG neutron.db.provisioning_blocks [None req-ea904d6c-58cb-4284-8827-9bb0dc7fd29b None None] Transition to ACTIVE for port object 6c61e61d-5d1b-47ed-aa71-77490d83677f will not be triggered until provisioned by entity L2. {{(pid=87696) add_provisioning_component /opt/stack/neutron/neutron/db/provisioning_blocks.py:74}}
Aug 16 20:32:34.523365 np0000007406 devstack@neutron-api.service[87696]: DEBUG neutron_lib.callbacks.manager [None req-e76e7091-de68-417f-b1c2-fdef1aba2d41 admin admin] Publish callbacks ['neutron.plugins.ml2.drivers.ovn.mech_driver.mech_driver.OVNMechanismDriver._create_security_group_precommit-134030770'] for security_group (534e26a9-4731-483b-ab5c-0a0ed3adb301), precommit_create {{(pid=87696) _notify_loop /opt/stack/data/venv/lib/python3.12/site-packages/neutron_lib/callbacks/manager.py:184}}
Aug 16 20:32:34.523504 np0000007406 devstack@neutron-api.service[87696]: DEBUG neutron.db.ovn_revision_numbers_db [None req-e76e7091-de68-417f-b1c2-fdef1aba2d41 admin admin] create_initial_revision uuid=534e26a9-4731-483b-ab5c-0a0ed3adb301, type=security_groups, rev=-1 {{(pid=87696) create_initial_revision /opt/stack/neutron/neutron/db/ovn_revision_numbers_db.py:98}}
Aug 16 20:32:34.524822 np0000007406 devstack@neutron-api.service[87696]: DEBUG neutron.db.ovn_revision_numbers_db [None req-e76e7091-de68-417f-b1c2-fdef1aba2d41 admin admin] create_initial_revision uuid=3270c3bb-ccc8-40ae-b29a-2aeeecb025f7, type=security_group_rules, rev=-1 {{(pid=87696) create_initial_revision /opt/stack/neutron/neutron/db/ovn_revision_numbers_db.py:98}}
Aug 16 20:32:34.525915 np0000007406 devstack@neutron-api.service[87696]: DEBUG neutron.db.ovn_revision_numbers_db [None req-e76e7091-de68-417f-b1c2-fdef1aba2d41 admin admin] create_initial_revision uuid=51615630-3414-4ad4-b714-00efcd95f816, type=security_group_rules, rev=-1 {{(pid=87696) create_initial_revision /opt/stack/neutron/neutron/db/ovn_revision_numbers_db.py:98}}
Aug 16 20:32:34.527115 np0000007406 devstack@neutron-api.service[87696]: DEBUG neutron.db.ovn_revision_numbers_db [None req-e76e7091-de68-417f-b1c2-fdef1aba2d41 admin admin] create_initial_revision uuid=71ebd9f5-fa06-444a-b5d9-b3197c8070a6, type=security_group_rules, rev=-1 {{(pid=87696) create_initial_revision /opt/stack/neutron/neutron/db/ovn_revision_numbers_db.py:98}}
Aug 16 20:32:34.528544 np0000007406 devstack@neutron-api.service[87696]: DEBUG neutron.db.ovn_revision_numbers_db [None req-e76e7091-de68-417f-b1c2-fdef1aba2d41 admin admin] create_initial_revision uuid=c999d342-f110-40e1-b6b3-447af69668cc, type=security_group_rules, rev=-1 {{(pid=87696) create_initial_revision /opt/stack/neutron/neutron/db/ovn_revision_numbers_db.py:98}}
Aug 16 20:32:34.534572 np0000007406 devstack@neutron-api.service[87696]: DEBUG neutron_lib.callbacks.manager [None req-e76e7091-de68-417f-b1c2-fdef1aba2d41 admin admin] Publish callbacks ['neutron.plugins.ml2.drivers.ovn.mech_driver.mech_driver.OVNMechanismDriver._create_security_group-134030776', 'neutron.plugins.ml2.ovo_rpc._ObjectChangeHandler.handle_event-133337370'] for security_group (534e26a9-4731-483b-ab5c-0a0ed3adb301), after_create {{(pid=87696) _notify_loop /opt/stack/data/venv/lib/python3.12/site-packages/neutron_lib/callbacks/manager.py:184}}
