Jul 31 18:09:48.100563 np0000006254 nova-scheduler[96672]: DEBUG cotyledon.oslo_config_glue [-] workarounds.libvirt_disable_apic = False {{(pid=96672) log_opt_values /opt/stack/data/venv/lib/python3.12/site-packages/oslo_config/cfg.py:3253}}
Jul 31 18:09:48.100563 np0000006254 nova-scheduler[96672]: DEBUG cotyledon.oslo_config_glue [-] workarounds.never_download_image_if_on_rbd = False {{(pid=96672) log_opt_values /opt/stack/data/venv/lib/python3.12/site-packages/oslo_config/cfg.py:3253}}
Jul 31 18:09:48.100563 np0000006254 nova-scheduler[96672]: DEBUG cotyledon.oslo_config_glue [-] workarounds.qemu_monitor_announce_self_count = 3 {{(pid=96672) log_opt_values /opt/stack/data/venv/lib/python3.12/site-packages/oslo_config/cfg.py:3253}}
Jul 31 18:09:48.100563 np0000006254 nova-scheduler[96672]: DEBUG cotyledon.oslo_config_glue [-] workarounds.qemu_monitor_announce_self_interval = 1 {{(pid=96672) log_opt_values /opt/stack/data/venv/lib/python3.12/site-packages/oslo_config/cfg.py:3253}}
Jul 31 18:09:48.100563 np0000006254 nova-scheduler[96672]: DEBUG cotyledon.oslo_config_glue [-] workarounds.reserve_disk_resource_for_image_cache = False {{(pid=96672) log_opt_values /opt/stack/data/venv/lib/python3.12/site-packages/oslo_config/cfg.py:3253}}
Jul 31 18:09:48.100563 np0000006254 nova-scheduler[96672]: DEBUG cotyledon.oslo_config_glue [-] workarounds.skip_cpu_compare_at_startup = False {{(pid=96672) log_opt_values /opt/stack/data/venv/lib/python3.12/site-packages/oslo_config/cfg.py:3253}}
Jul 31 18:09:48.100563 np0000006254 nova-scheduler[96672]: DEBUG cotyledon.oslo_config_glue [-] workarounds.skip_cpu_compare_on_dest = False {{(pid=96672) log_opt_values /opt/stack/data/venv/lib/python3.12/site-packages/oslo_config/cfg.py:3253}}
Jul 31 18:09:48.100563 np0000006254 nova-scheduler[96672]: DEBUG cotyledon.oslo_config_glue [-] workarounds.skip_hypervisor_version_check_on_lm = False {{(pid=96672) log_opt_values /opt/stack/data/venv/lib/python3.12/site-packages/oslo_config/cfg.py:3253}}
Jul 31 18:09:48.100563 np0000006254 nova-scheduler[96672]: DEBUG cotyledon.oslo_config_glue [-] workarounds.skip_reserve_in_use_ironic_nodes = False {{(pid=96672) log_opt_values /opt/stack/data/venv/lib/python3.12/site-packages/oslo_config/cfg.py:3253}}
Jul 31 18:09:48.100781 np0000006254 nova-scheduler[96672]: DEBUG cotyledon.oslo_config_glue [-] workarounds.unified_limits_count_pcpu_as_vcpu = False {{(pid=96672) log_opt_values /opt/stack/data/venv/lib/python3.12/site-packages/oslo_config/cfg.py:3253}}
Jul 31 18:09:48.100781 np0000006254 nova-scheduler[96672]: DEBUG cotyledon.oslo_config_glue [-] workarounds.wait_for_vif_plugged_event_during_hard_reboot = [] {{(pid=96672) log_opt_values /opt/stack/data/venv/lib/python3.12/site-packages/oslo_config/cfg.py:3253}}
Jul 31 18:09:48.100781 np0000006254 nova-scheduler[96672]: DEBUG cotyledon.oslo_config_glue [-] wsgi.api_paste_config = /etc/nova/api-paste.ini {{(pid=96672) log_opt_values /opt/stack/data/venv/lib/python3.12/site-packages/oslo_config/cfg.py:3253}}
Jul 31 18:09:48.100781 np0000006254 nova-scheduler[96672]: DEBUG cotyledon.oslo_config_glue [-] wsgi.secure_proxy_ssl_header = None {{(pid=96672) log_opt_values /opt/stack/data/venv/lib/python3.12/site-packages/oslo_config/cfg.py:3253}}
Jul 31 18:09:48.100781 np0000006254 nova-scheduler[96672]: DEBUG cotyledon.oslo_config_glue [-] zvm.ca_file = None {{(pid=96672) log_opt_values /opt/stack/data/venv/lib/python3.12/site-packages/oslo_config/cfg.py:3253}}
Jul 31 18:09:48.100781 np0000006254 nova-scheduler[96672]: DEBUG cotyledon.oslo_config_glue [-] zvm.cloud_connector_url = None {{(pid=96672) log_opt_values /opt/stack/data/venv/lib/python3.12/site-packages/oslo_config/cfg.py:3253}}
Jul 31 18:09:48.100781 np0000006254 nova-scheduler[96672]: DEBUG cotyledon.oslo_config_glue [-] zvm.image_tmp_path = /opt/stack/data/nova/images {{(pid=96672) log_opt_values /opt/stack/data/venv/lib/python3.12/site-packages/oslo_config/cfg.py:3253}}
Jul 31 18:09:48.100781 np0000006254 nova-scheduler[96672]: DEBUG cotyledon.oslo_config_glue [-] zvm.reachable_timeout = 300 {{(pid=96672) log_opt_values /opt/stack/data/venv/lib/python3.12/site-packages/oslo_config/cfg.py:3253}}
Jul 31 18:09:48.100781 np0000006254 nova-scheduler[96672]: DEBUG cotyledon.oslo_config_glue [-] oslo_versionedobjects.fatal_exception_format_errors = False {{(pid=96672) log_opt_values /opt/stack/data/venv/lib/python3.12/site-packages/oslo_config/cfg.py:3253}}
Jul 31 18:09:48.101005 np0000006254 nova-scheduler[96672]: DEBUG cotyledon.oslo_config_glue [-] oslo_middleware.http_basic_auth_user_file = /etc/htpasswd {{(pid=96672) log_opt_values /opt/stack/data/venv/lib/python3.12/site-packages/oslo_config/cfg.py:3253}}
Jul 31 18:09:48.101055 np0000006254 nova-scheduler[96666]: DEBUG oslo_db.sqlalchemy.engines [None req-f2f921da-e4df-41ce-a395-8b8fe357c213 None None] MySQL server mode set to STRICT_TRANS_TABLES,STRICT_ALL_TABLES,NO_ZERO_IN_DATE,NO_ZERO_DATE,ERROR_FOR_DIVISION_BY_ZERO,TRADITIONAL,NO_ENGINE_SUBSTITUTION {{(pid=96666) _check_effective_sql_mode /opt/stack/data/venv/lib/python3.12/site-packages/oslo_db/sqlalchemy/engines.py:325}}
Jul 31 18:09:48.101093 np0000006254 nova-scheduler[96672]: DEBUG cotyledon.oslo_config_glue [-] oslo_messaging_metrics.metrics_buffer_size = 1000 {{(pid=96672) log_opt_values /opt/stack/data/venv/lib/python3.12/site-packages/oslo_config/cfg.py:3253}}
Jul 31 18:09:48.101093 np0000006254 nova-scheduler[96672]: DEBUG cotyledon.oslo_config_glue [-] oslo_messaging_metrics.metrics_enabled = False {{(pid=96672) log_opt_values /opt/stack/data/venv/lib/python3.12/site-packages/oslo_config/cfg.py:3253}}
Jul 31 18:09:48.101093 np0000006254 nova-scheduler[96672]: DEBUG cotyledon.oslo_config_glue [-] oslo_messaging_metrics.metrics_process_name = {{(pid=96672) log_opt_values /opt/stack/data/venv/lib/python3.12/site-packages/oslo_config/cfg.py:3253}}
Jul 31 18:09:48.101093 np0000006254 nova-scheduler[96672]: DEBUG cotyledon.oslo_config_glue [-] oslo_messaging_metrics.metrics_socket_file = /var/tmp/metrics_collector.sock {{(pid=96672) log_opt_values /opt/stack/data/venv/lib/python3.12/site-packages/oslo_config/cfg.py:3253}}
Jul 31 18:09:48.101093 np0000006254 nova-scheduler[96672]: DEBUG cotyledon.oslo_config_glue [-] oslo_messaging_metrics.metrics_thread_stop_timeout = 10 {{(pid=96672) log_opt_values /opt/stack/data/venv/lib/python3.12/site-packages/oslo_config/cfg.py:3253}}
Jul 31 18:09:48.101093 np0000006254 nova-scheduler[96672]: DEBUG cotyledon.oslo_config_glue [-] profiler.connection_string = messaging:// {{(pid=96672) log_opt_values /opt/stack/data/venv/lib/python3.12/site-packages/oslo_config/cfg.py:3253}}
Jul 31 18:09:48.101093 np0000006254 nova-scheduler[96672]: DEBUG cotyledon.oslo_config_glue [-] profiler.enabled = False {{(pid=96672) log_opt_values /opt/stack/data/venv/lib/python3.12/site-packages/oslo_config/cfg.py:3253}}
Jul 31 18:09:48.101093 np0000006254 nova-scheduler[96672]: DEBUG cotyledon.oslo_config_glue [-] profiler.es_doc_type = notification {{(pid=96672) log_opt_values /opt/stack/data/venv/lib/python3.12/site-packages/oslo_config/cfg.py:3253}}
Jul 31 18:09:48.101093 np0000006254 nova-scheduler[96672]: DEBUG cotyledon.oslo_config_glue [-] profiler.es_scroll_size = 10000 {{(pid=96672) log_opt_values /opt/stack/data/venv/lib/python3.12/site-packages/oslo_config/cfg.py:3253}}
Jul 31 18:09:48.101338 np0000006254 nova-scheduler[96672]: DEBUG cotyledon.oslo_config_glue [-] profiler.es_scroll_time = 2m {{(pid=96672) log_opt_values /opt/stack/data/venv/lib/python3.12/site-packages/oslo_config/cfg.py:3253}}
Jul 31 18:09:48.101338 np0000006254 nova-scheduler[96672]: DEBUG cotyledon.oslo_config_glue [-] profiler.filter_error_trace = False {{(pid=96672) log_opt_values /opt/stack/data/venv/lib/python3.12/site-packages/oslo_config/cfg.py:3253}}
Jul 31 18:09:48.101338 np0000006254 nova-scheduler[96672]: DEBUG cotyledon.oslo_config_glue [-] profiler.hmac_keys = **** {{(pid=96672) log_opt_values /opt/stack/data/venv/lib/python3.12/site-packages/oslo_config/cfg.py:3253}}
Jul 31 18:09:48.101338 np0000006254 nova-scheduler[96672]: DEBUG cotyledon.oslo_config_glue [-] profiler.sentinel_service_name = mymaster {{(pid=96672) log_opt_values /opt/stack/data/venv/lib/python3.12/site-packages/oslo_config/cfg.py:3253}}
Jul 31 18:09:48.101338 np0000006254 nova-scheduler[96672]: DEBUG cotyledon.oslo_config_glue [-] profiler.socket_timeout = 0.1 {{(pid=96672) log_opt_values /opt/stack/data/venv/lib/python3.12/site-packages/oslo_config/cfg.py:3253}}
Jul 31 18:09:48.101338 np0000006254 nova-scheduler[96672]: DEBUG cotyledon.oslo_config_glue [-] profiler.trace_requests = False {{(pid=96672) log_opt_values /opt/stack/data/venv/lib/python3.12/site-packages/oslo_config/cfg.py:3253}}
Jul 31 18:09:48.101338 np0000006254 nova-scheduler[96672]: DEBUG cotyledon.oslo_config_glue [-] profiler.trace_sqlalchemy = False {{(pid=96672) log_opt_values /opt/stack/data/venv/lib/python3.12/site-packages/oslo_config/cfg.py:3253}}
Jul 31 18:09:48.101338 np0000006254 nova-scheduler[96672]: DEBUG cotyledon.oslo_config_glue [-] profiler_jaeger.process_tags = {} {{(pid=96672) log_opt_values /opt/stack/data/venv/lib/python3.12/site-packages/oslo_config/cfg.py:3253}}
Jul 31 18:09:48.101338 np0000006254 nova-scheduler[96672]: DEBUG cotyledon.oslo_config_glue [-] profiler_jaeger.service_name_prefix = None {{(pid=96672) log_opt_values /opt/stack/data/venv/lib/python3.12/site-packages/oslo_config/cfg.py:3253}}
Jul 31 18:09:48.101551 np0000006254 nova-scheduler[96672]: DEBUG cotyledon.oslo_config_glue [-] profiler_otlp.service_name_prefix = None {{(pid=96672) log_opt_values /opt/stack/data/venv/lib/python3.12/site-packages/oslo_config/cfg.py:3253}}
Jul 31 18:09:48.101551 np0000006254 nova-scheduler[96672]: DEBUG cotyledon.oslo_config_glue [-] oslo_messaging_rabbit.amqp_auto_delete = False {{(pid=96672) log_opt_values /opt/stack/data/venv/lib/python3.12/site-packages/oslo_config/cfg.py:3253}}
Jul 31 18:09:48.101551 np0000006254 nova-scheduler[96672]: DEBUG cotyledon.oslo_config_glue [-] oslo_messaging_rabbit.amqp_durable_queues = False {{(pid=96672) log_opt_values /opt/stack/data/venv/lib/python3.12/site-packages/oslo_config/cfg.py:3253}}
Jul 31 18:09:48.101551 np0000006254 nova-scheduler[96672]: DEBUG cotyledon.oslo_config_glue [-] oslo_messaging_rabbit.conn_pool_min_size = 2 {{(pid=96672) log_opt_values /opt/stack/data/venv/lib/python3.12/site-packages/oslo_config/cfg.py:3253}}
Jul 31 18:09:48.101551 np0000006254 nova-scheduler[96672]: DEBUG cotyledon.oslo_config_glue [-] oslo_messaging_rabbit.conn_pool_ttl = 1200 {{(pid=96672) log_opt_values /opt/stack/data/venv/lib/python3.12/site-packages/oslo_config/cfg.py:3253}}
Jul 31 18:09:48.101551 np0000006254 nova-scheduler[96672]: DEBUG cotyledon.oslo_config_glue [-] oslo_messaging_rabbit.direct_mandatory_flag = True {{(pid=96672) log_opt_values /opt/stack/data/venv/lib/python3.12/site-packages/oslo_config/cfg.py:3253}}
Jul 31 18:09:48.101551 np0000006254 nova-scheduler[96672]: DEBUG cotyledon.oslo_config_glue [-] oslo_messaging_rabbit.enable_cancel_on_failover = False {{(pid=96672) log_opt_values /opt/stack/data/venv/lib/python3.12/site-packages/oslo_config/cfg.py:3253}}
Jul 31 18:09:48.101551 np0000006254 nova-scheduler[96672]: DEBUG cotyledon.oslo_config_glue [-] oslo_messaging_rabbit.heartbeat_rate = 3 {{(pid=96672) log_opt_values /opt/stack/data/venv/lib/python3.12/site-packages/oslo_config/cfg.py:3253}}
Jul 31 18:09:48.101551 np0000006254 nova-scheduler[96672]: DEBUG cotyledon.oslo_config_glue [-] oslo_messaging_rabbit.heartbeat_timeout_threshold = 60 {{(pid=96672) log_opt_values /opt/stack/data/venv/lib/python3.12/site-packages/oslo_config/cfg.py:3253}}
Jul 31 18:09:48.101799 np0000006254 nova-scheduler[96672]: DEBUG cotyledon.oslo_config_glue [-] oslo_messaging_rabbit.hostname = np0000006254 {{(pid=96672) log_opt_values /opt/stack/data/venv/lib/python3.12/site-packages/oslo_config/cfg.py:3253}}
Jul 31 18:09:48.101799 np0000006254 nova-scheduler[96672]: DEBUG cotyledon.oslo_config_glue [-] oslo_messaging_rabbit.kombu_compression = None {{(pid=96672) log_opt_values /opt/stack/data/venv/lib/python3.12/site-packages/oslo_config/cfg.py:3253}}
Jul 31 18:09:48.101799 np0000006254 nova-scheduler[96672]: DEBUG cotyledon.oslo_config_glue [-] oslo_messaging_rabbit.kombu_failover_strategy = round-robin {{(pid=96672) log_opt_values /opt/stack/data/venv/lib/python3.12/site-packages/oslo_config/cfg.py:3253}}
Jul 31 18:09:48.101799 np0000006254 nova-scheduler[96672]: DEBUG cotyledon.oslo_config_glue [-] oslo_messaging_rabbit.kombu_missing_consumer_retry_timeout = 60 {{(pid=96672) log_opt_values /opt/stack/data/venv/lib/python3.12/site-packages/oslo_config/cfg.py:3253}}
Jul 31 18:09:48.101799 np0000006254 nova-scheduler[96672]: DEBUG cotyledon.oslo_config_glue [-] oslo_messaging_rabbit.kombu_reconnect_delay = 1.0 {{(pid=96672) log_opt_values /opt/stack/data/venv/lib/python3.12/site-packages/oslo_config/cfg.py:3253}}
Jul 31 18:09:48.101799 np0000006254 nova-scheduler[96672]: DEBUG cotyledon.oslo_config_glue [-] oslo_messaging_rabbit.kombu_reconnect_splay = 0.0 {{(pid=96672) log_opt_values /opt/stack/data/venv/lib/python3.12/site-packages/oslo_config/cfg.py:3253}}
Jul 31 18:09:48.101799 np0000006254 nova-scheduler[96672]: DEBUG cotyledon.oslo_config_glue [-] oslo_messaging_rabbit.processname = nova-scheduler {{(pid=96672) log_opt_values /opt/stack/data/venv/lib/python3.12/site-packages/oslo_config/cfg.py:3253}}
Jul 31 18:09:48.101799 np0000006254 nova-scheduler[96672]: DEBUG cotyledon.oslo_config_glue [-] oslo_messaging_rabbit.rabbit_ha_queues = False {{(pid=96672) log_opt_values /opt/stack/data/venv/lib/python3.12/site-packages/oslo_config/cfg.py:3253}}
Jul 31 18:09:48.101799 np0000006254 nova-scheduler[96672]: DEBUG cotyledon.oslo_config_glue [-] oslo_messaging_rabbit.rabbit_interval_max = 30 {{(pid=96672) log_opt_values /opt/stack/data/venv/lib/python3.12/site-packages/oslo_config/cfg.py:3253}}
Jul 31 18:09:48.102317 np0000006254 nova-scheduler[96672]: DEBUG cotyledon.oslo_config_glue [-] oslo_messaging_rabbit.rabbit_login_method = AMQPLAIN {{(pid=96672) log_opt_values /opt/stack/data/venv/lib/python3.12/site-packages/oslo_config/cfg.py:3253}}
Jul 31 18:09:48.102317 np0000006254 nova-scheduler[96672]: DEBUG cotyledon.oslo_config_glue [-] oslo_messaging_rabbit.rabbit_qos_prefetch_count = 0 {{(pid=96672) log_opt_values /opt/stack/data/venv/lib/python3.12/site-packages/oslo_config/cfg.py:3253}}
Jul 31 18:09:48.102317 np0000006254 nova-scheduler[96672]: DEBUG cotyledon.oslo_config_glue [-] oslo_messaging_rabbit.rabbit_quorum_delivery_limit = 0 {{(pid=96672) log_opt_values /opt/stack/data/venv/lib/python3.12/site-packages/oslo_config/cfg.py:3253}}
Jul 31 18:09:48.102317 np0000006254 nova-scheduler[96672]: DEBUG cotyledon.oslo_config_glue [-] oslo_messaging_rabbit.rabbit_quorum_max_memory_bytes = 0 {{(pid=96672) log_opt_values /opt/stack/data/venv/lib/python3.12/site-packages/oslo_config/cfg.py:3253}}
Jul 31 18:09:48.102317 np0000006254 nova-scheduler[96672]: DEBUG cotyledon.oslo_config_glue [-] oslo_messaging_rabbit.rabbit_quorum_max_memory_length = 0 {{(pid=96672) log_opt_values /opt/stack/data/venv/lib/python3.12/site-packages/oslo_config/cfg.py:3253}}
Jul 31 18:09:48.102317 np0000006254 nova-scheduler[96672]: DEBUG cotyledon.oslo_config_glue [-] oslo_messaging_rabbit.rabbit_quorum_queue = False {{(pid=96672) log_opt_values /opt/stack/data/venv/lib/python3.12/site-packages/oslo_config/cfg.py:3253}}
Jul 31 18:09:48.102317 np0000006254 nova-scheduler[96672]: DEBUG cotyledon.oslo_config_glue [-] oslo_messaging_rabbit.rabbit_retry_backoff = 2 {{(pid=96672) log_opt_values /opt/stack/data/venv/lib/python3.12/site-packages/oslo_config/cfg.py:3253}}
Jul 31 18:09:48.102317 np0000006254 nova-scheduler[96672]: DEBUG cotyledon.oslo_config_glue [-] oslo_messaging_rabbit.rabbit_retry_interval = 1 {{(pid=96672) log_opt_values /opt/stack/data/venv/lib/python3.12/site-packages/oslo_config/cfg.py:3253}}
Jul 31 18:09:48.102317 np0000006254 nova-scheduler[96672]: DEBUG cotyledon.oslo_config_glue [-] oslo_messaging_rabbit.rabbit_stream_fanout = False {{(pid=96672) log_opt_values /opt/stack/data/venv/lib/python3.12/site-packages/oslo_config/cfg.py:3253}}
Jul 31 18:09:48.102543 np0000006254 nova-scheduler[96672]: DEBUG cotyledon.oslo_config_glue [-] oslo_messaging_rabbit.rabbit_transient_queues_ttl = 1800 {{(pid=96672) log_opt_values /opt/stack/data/venv/lib/python3.12/site-packages/oslo_config/cfg.py:3253}}
Jul 31 18:09:48.102543 np0000006254 nova-scheduler[96672]: DEBUG cotyledon.oslo_config_glue [-] oslo_messaging_rabbit.rabbit_transient_quorum_queue = False {{(pid=96672) log_opt_values /opt/stack/data/venv/lib/python3.12/site-packages/oslo_config/cfg.py:3253}}
Jul 31 18:09:48.102543 np0000006254 nova-scheduler[96672]: DEBUG cotyledon.oslo_config_glue [-] oslo_messaging_rabbit.rpc_conn_pool_size = 30 {{(pid=96672) log_opt_values /opt/stack/data/venv/lib/python3.12/site-packages/oslo_config/cfg.py:3253}}
Jul 31 18:09:48.102543 np0000006254 nova-scheduler[96672]: DEBUG cotyledon.oslo_config_glue [-] oslo_messaging_rabbit.ssl = False {{(pid=96672) log_opt_values /opt/stack/data/venv/lib/python3.12/site-packages/oslo_config/cfg.py:3253}}
Jul 31 18:09:48.102543 np0000006254 nova-scheduler[96672]: DEBUG cotyledon.oslo_config_glue [-] oslo_messaging_rabbit.ssl_ca_file = {{(pid=96672) log_opt_values /opt/stack/data/venv/lib/python3.12/site-packages/oslo_config/cfg.py:3253}}
Jul 31 18:09:48.102543 np0000006254 nova-scheduler[96672]: DEBUG cotyledon.oslo_config_glue [-] oslo_messaging_rabbit.ssl_cert_file = {{(pid=96672) log_opt_values /opt/stack/data/venv/lib/python3.12/site-packages/oslo_config/cfg.py:3253}}
Jul 31 18:09:48.102543 np0000006254 nova-scheduler[96672]: DEBUG cotyledon.oslo_config_glue [-] oslo_messaging_rabbit.ssl_enforce_fips_mode = False {{(pid=96672) log_opt_values /opt/stack/data/venv/lib/python3.12/site-packages/oslo_config/cfg.py:3253}}
Jul 31 18:09:48.102543 np0000006254 nova-scheduler[96672]: DEBUG cotyledon.oslo_config_glue [-] oslo_messaging_rabbit.ssl_enforce_hostname_verification = True {{(pid=96672) log_opt_values /opt/stack/data/venv/lib/python3.12/site-packages/oslo_config/cfg.py:3253}}
Jul 31 18:09:48.102543 np0000006254 nova-scheduler[96672]: DEBUG cotyledon.oslo_config_glue [-] oslo_messaging_rabbit.ssl_key_file = {{(pid=96672) log_opt_values /opt/stack/data/venv/lib/python3.12/site-packages/oslo_config/cfg.py:3253}}
Jul 31 18:09:48.102770 np0000006254 nova-scheduler[96672]: DEBUG cotyledon.oslo_config_glue [-] oslo_messaging_rabbit.ssl_version = {{(pid=96672) log_opt_values /opt/stack/data/venv/lib/python3.12/site-packages/oslo_config/cfg.py:3253}}
Jul 31 18:09:48.102770 np0000006254 nova-scheduler[96672]: DEBUG cotyledon.oslo_config_glue [-] oslo_messaging_rabbit.use_queue_manager = False {{(pid=96672) log_opt_values /opt/stack/data/venv/lib/python3.12/site-packages/oslo_config/cfg.py:3253}}
Jul 31 18:09:48.102770 np0000006254 nova-scheduler[96672]: DEBUG cotyledon.oslo_config_glue [-] oslo_messaging_notifications.driver = ['messagingv2'] {{(pid=96672) log_opt_values /opt/stack/data/venv/lib/python3.12/site-packages/oslo_config/cfg.py:3253}}
Jul 31 18:09:48.102770 np0000006254 nova-scheduler[96672]: DEBUG cotyledon.oslo_config_glue [-] oslo_messaging_notifications.retry = -1 {{(pid=96672) log_opt_values /opt/stack/data/venv/lib/python3.12/site-packages/oslo_config/cfg.py:3253}}
Jul 31 18:09:48.102770 np0000006254 nova-scheduler[96672]: DEBUG cotyledon.oslo_config_glue [-] oslo_messaging_notifications.topics = ['notifications'] {{(pid=96672) log_opt_values /opt/stack/data/venv/lib/python3.12/site-packages/oslo_config/cfg.py:3253}}
Jul 31 18:09:48.102770 np0000006254 nova-scheduler[96672]: DEBUG cotyledon.oslo_config_glue [-] oslo_messaging_notifications.transport_url = **** {{(pid=96672) log_opt_values /opt/stack/data/venv/lib/python3.12/site-packages/oslo_config/cfg.py:3253}}
Jul 31 18:09:48.102770 np0000006254 nova-scheduler[96672]: DEBUG cotyledon.oslo_config_glue [-] oslo_limit.auth_section = None {{(pid=96672) log_opt_values /opt/stack/data/venv/lib/python3.12/site-packages/oslo_config/cfg.py:3253}}
Jul 31 18:09:48.102770 np0000006254 nova-scheduler[96672]: DEBUG cotyledon.oslo_config_glue [-] oslo_limit.auth_type = None {{(pid=96672) log_opt_values /opt/stack/data/venv/lib/python3.12/site-packages/oslo_config/cfg.py:3253}}
Jul 31 18:09:48.102770 np0000006254 nova-scheduler[96672]: DEBUG cotyledon.oslo_config_glue [-] oslo_limit.cafile = None {{(pid=96672) log_opt_values /opt/stack/data/venv/lib/python3.12/site-packages/oslo_config/cfg.py:3253}}
Jul 31 18:09:48.102988 np0000006254 nova-scheduler[96672]: DEBUG cotyledon.oslo_config_glue [-] oslo_limit.certfile = None {{(pid=96672) log_opt_values /opt/stack/data/venv/lib/python3.12/site-packages/oslo_config/cfg.py:3253}}
Jul 31 18:09:48.102988 np0000006254 nova-scheduler[96672]: DEBUG cotyledon.oslo_config_glue [-] oslo_limit.collect_timing = False {{(pid=96672) log_opt_values /opt/stack/data/venv/lib/python3.12/site-packages/oslo_config/cfg.py:3253}}
Jul 31 18:09:48.102988 np0000006254 nova-scheduler[96672]: DEBUG cotyledon.oslo_config_glue [-] oslo_limit.connect_retries = None {{(pid=96672) log_opt_values /opt/stack/data/venv/lib/python3.12/site-packages/oslo_config/cfg.py:3253}}
Jul 31 18:09:48.102988 np0000006254 nova-scheduler[96672]: DEBUG cotyledon.oslo_config_glue [-] oslo_limit.connect_retry_delay = None {{(pid=96672) log_opt_values /opt/stack/data/venv/lib/python3.12/site-packages/oslo_config/cfg.py:3253}}
Jul 31 18:09:48.102988 np0000006254 nova-scheduler[96672]: DEBUG cotyledon.oslo_config_glue [-] oslo_limit.endpoint_id = None {{(pid=96672) log_opt_values /opt/stack/data/venv/lib/python3.12/site-packages/oslo_config/cfg.py:3253}}
Jul 31 18:09:48.102988 np0000006254 nova-scheduler[96672]: DEBUG cotyledon.oslo_config_glue [-] oslo_limit.endpoint_interface = public {{(pid=96672) log_opt_values /opt/stack/data/venv/lib/python3.12/site-packages/oslo_config/cfg.py:3253}}
Jul 31 18:09:48.102988 np0000006254 nova-scheduler[96672]: DEBUG cotyledon.oslo_config_glue [-] oslo_limit.endpoint_override = None {{(pid=96672) log_opt_values /opt/stack/data/venv/lib/python3.12/site-packages/oslo_config/cfg.py:3253}}
Jul 31 18:09:48.102988 np0000006254 nova-scheduler[96672]: DEBUG cotyledon.oslo_config_glue [-] oslo_limit.endpoint_region_name = None {{(pid=96672) log_opt_values /opt/stack/data/venv/lib/python3.12/site-packages/oslo_config/cfg.py:3253}}
Jul 31 18:09:48.102988 np0000006254 nova-scheduler[96672]: DEBUG cotyledon.oslo_config_glue [-] oslo_limit.endpoint_service_name = None {{(pid=96672) log_opt_values /opt/stack/data/venv/lib/python3.12/site-packages/oslo_config/cfg.py:3253}}
Jul 31 18:09:48.103229 np0000006254 nova-scheduler[96672]: DEBUG cotyledon.oslo_config_glue [-] oslo_limit.endpoint_service_type = None {{(pid=96672) log_opt_values /opt/stack/data/venv/lib/python3.12/site-packages/oslo_config/cfg.py:3253}}
Jul 31 18:09:48.103229 np0000006254 nova-scheduler[96672]: DEBUG cotyledon.oslo_config_glue [-] oslo_limit.insecure = False {{(pid=96672) log_opt_values /opt/stack/data/venv/lib/python3.12/site-packages/oslo_config/cfg.py:3253}}
Jul 31 18:09:48.103229 np0000006254 nova-scheduler[96672]: DEBUG cotyledon.oslo_config_glue [-] oslo_limit.keyfile = None {{(pid=96672) log_opt_values /opt/stack/data/venv/lib/python3.12/site-packages/oslo_config/cfg.py:3253}}
Jul 31 18:09:48.103229 np0000006254 nova-scheduler[96672]: DEBUG cotyledon.oslo_config_glue [-] oslo_limit.max_version = None {{(pid=96672) log_opt_values /opt/stack/data/venv/lib/python3.12/site-packages/oslo_config/cfg.py:3253}}
Jul 31 18:09:48.103229 np0000006254 nova-scheduler[96672]: DEBUG cotyledon.oslo_config_glue [-] oslo_limit.min_version = None {{(pid=96672) log_opt_values /opt/stack/data/venv/lib/python3.12/site-packages/oslo_config/cfg.py:3253}}
Jul 31 18:09:48.103229 np0000006254 nova-scheduler[96672]: DEBUG cotyledon.oslo_config_glue [-] oslo_limit.region_name = None {{(pid=96672) log_opt_values /opt/stack/data/venv/lib/python3.12/site-packages/oslo_config/cfg.py:3253}}
Jul 31 18:09:48.103229 np0000006254 nova-scheduler[96672]: DEBUG cotyledon.oslo_config_glue [-] oslo_limit.retriable_status_codes = None {{(pid=96672) log_opt_values /opt/stack/data/venv/lib/python3.12/site-packages/oslo_config/cfg.py:3253}}
Jul 31 18:09:48.103229 np0000006254 nova-scheduler[96672]: DEBUG cotyledon.oslo_config_glue [-] oslo_limit.service_name = None {{(pid=96672) log_opt_values /opt/stack/data/venv/lib/python3.12/site-packages/oslo_config/cfg.py:3253}}
Jul 31 18:09:48.103229 np0000006254 nova-scheduler[96672]: DEBUG cotyledon.oslo_config_glue [-] oslo_limit.service_type = None {{(pid=96672) log_opt_values /opt/stack/data/venv/lib/python3.12/site-packages/oslo_config/cfg.py:3253}}
Jul 31 18:09:48.103521 np0000006254 nova-scheduler[96672]: DEBUG cotyledon.oslo_config_glue [-] oslo_limit.split_loggers = False {{(pid=96672) log_opt_values /opt/stack/data/venv/lib/python3.12/site-packages/oslo_config/cfg.py:3253}}
Jul 31 18:09:48.103521 np0000006254 nova-scheduler[96672]: DEBUG cotyledon.oslo_config_glue [-] oslo_limit.status_code_retries = None {{(pid=96672) log_opt_values /opt/stack/data/venv/lib/python3.12/site-packages/oslo_config/cfg.py:3253}}
Jul 31 18:09:48.103521 np0000006254 nova-scheduler[96672]: DEBUG cotyledon.oslo_config_glue [-] oslo_limit.status_code_retry_delay = None {{(pid=96672) log_opt_values /opt/stack/data/venv/lib/python3.12/site-packages/oslo_config/cfg.py:3253}}
Jul 31 18:09:48.103521 np0000006254 nova-scheduler[96672]: DEBUG cotyledon.oslo_config_glue [-] oslo_limit.timeout = None {{(pid=96672) log_opt_values /opt/stack/data/venv/lib/python3.12/site-packages/oslo_config/cfg.py:3253}}
Jul 31 18:09:48.103521 np0000006254 nova-scheduler[96672]: DEBUG cotyledon.oslo_config_glue [-] oslo_limit.valid_interfaces = None {{(pid=96672) log_opt_values /opt/stack/data/venv/lib/python3.12/site-packages/oslo_config/cfg.py:3253}}
Jul 31 18:09:48.103521 np0000006254 nova-scheduler[96672]: DEBUG cotyledon.oslo_config_glue [-] oslo_limit.version = None {{(pid=96672) log_opt_values /opt/stack/data/venv/lib/python3.12/site-packages/oslo_config/cfg.py:3253}}
Jul 31 18:09:48.103521 np0000006254 nova-scheduler[96672]: DEBUG cotyledon.oslo_config_glue [-] oslo_reports.file_event_handler = None {{(pid=96672) log_opt_values /opt/stack/data/venv/lib/python3.12/site-packages/oslo_config/cfg.py:3253}}
Jul 31 18:09:48.103521 np0000006254 nova-scheduler[96672]: DEBUG cotyledon.oslo_config_glue [-] oslo_reports.file_event_handler_interval = 1 {{(pid=96672) log_opt_values /opt/stack/data/venv/lib/python3.12/site-packages/oslo_config/cfg.py:3253}}
Jul 31 18:09:48.103521 np0000006254 nova-scheduler[96672]: DEBUG cotyledon.oslo_config_glue [-] oslo_reports.log_dir = None {{(pid=96672) log_opt_values /opt/stack/data/venv/lib/python3.12/site-packages/oslo_config/cfg.py:3253}}
Jul 31 18:09:48.103741 np0000006254 nova-scheduler[96672]: DEBUG cotyledon.oslo_config_glue [-] ******************************************************************************** {{(pid=96672) log_opt_values /opt/stack/data/venv/lib/python3.12/site-packages/oslo_config/cfg.py:3260}}
Jul 31 18:09:48.103741 np0000006254 nova-scheduler[96672]: DEBUG cotyledon._service_worker [-] Run service ServiceWrapper(3) [96672] {{(pid=96672) wait_forever /opt/stack/data/venv/lib/python3.12/site-packages/cotyledon/_service_worker.py:218}}
Jul 31 18:09:48.103741 np0000006254 nova-scheduler[96672]: INFO nova.service [-] Starting scheduler node (version 33.1.0)
Jul 31 18:09:48.103854 np0000006254 nova-scheduler[96666]: DEBUG dbcounter [-] [96666] Writer thread running {{(pid=96666) stat_writer /opt/stack/data/venv/lib/python3.12/site-packages/dbcounter.py:102}}
Jul 31 18:09:48.103893 np0000006254 nova-scheduler[96672]: INFO dbcounter [None req-6aa404f0-9f6d-4138-a6fc-87a25c5616f6 None None] Registered counter for database nova_cell0
Jul 31 18:09:48.103924 np0000006254 nova-scheduler[96668]: DEBUG oslo_db.sqlalchemy.engines [None req-456dc636-f712-470f-9474-f901ec605589 None None] MySQL server mode set to STRICT_TRANS_TABLES,STRICT_ALL_TABLES,NO_ZERO_IN_DATE,NO_ZERO_DATE,ERROR_FOR_DIVISION_BY_ZERO,TRADITIONAL,NO_ENGINE_SUBSTITUTION {{(pid=96668) _check_effective_sql_mode /opt/stack/data/venv/lib/python3.12/site-packages/oslo_db/sqlalchemy/engines.py:325}}
Jul 31 18:09:48.103924 np0000006254 nova-scheduler[96668]: DEBUG dbcounter [-] [96668] Writer thread running {{(pid=96668) stat_writer /opt/stack/data/venv/lib/python3.12/site-packages/dbcounter.py:102}}
Jul 31 18:09:48.103984 np0000006254 nova-scheduler[96666]: DEBUG nova.service [None req-f2f921da-e4df-41ce-a395-8b8fe357c213 None None] Creating RPC server for service: nova-scheduler on topic: scheduler {{(pid=96666) start /opt/stack/nova/nova/service.py:196}}
Jul 31 18:09:48.118109 np0000006254 nova-scheduler[96670]: DEBUG oslo_db.sqlalchemy.engines [None req-95eb21bd-0305-4463-872e-00f7f6fcf0e4 None None] MySQL server mode set to STRICT_TRANS_TABLES,STRICT_ALL_TABLES,NO_ZERO_IN_DATE,NO_ZERO_DATE,ERROR_FOR_DIVISION_BY_ZERO,TRADITIONAL,NO_ENGINE_SUBSTITUTION {{(pid=96670) _check_effective_sql_mode /opt/stack/data/venv/lib/python3.12/site-packages/oslo_db/sqlalchemy/engines.py:325}}
Jul 31 18:09:48.123782 np0000006254 nova-scheduler[96668]: DEBUG nova.service [None req-456dc636-f712-470f-9474-f901ec605589 None None] Creating RPC server for service: nova-scheduler on topic: scheduler {{(pid=96668) start /opt/stack/nova/nova/service.py:196}}
Jul 31 18:09:48.131906 np0000006254 nova-scheduler[96670]: DEBUG dbcounter [-] [96670] Writer thread running {{(pid=96670) stat_writer /opt/stack/data/venv/lib/python3.12/site-packages/dbcounter.py:102}}
Jul 31 18:09:48.135116 np0000006254 nova-scheduler[96672]: DEBUG oslo_db.sqlalchemy.engines [None req-6aa404f0-9f6d-4138-a6fc-87a25c5616f6 None None] MySQL server mode set to STRICT_TRANS_TABLES,STRICT_ALL_TABLES,NO_ZERO_IN_DATE,NO_ZERO_DATE,ERROR_FOR_DIVISION_BY_ZERO,TRADITIONAL,NO_ENGINE_SUBSTITUTION {{(pid=96672) _check_effective_sql_mode /opt/stack/data/venv/lib/python3.12/site-packages/oslo_db/sqlalchemy/engines.py:325}}
Jul 31 18:09:48.136092 np0000006254 nova-scheduler[96670]: DEBUG nova.service [None req-95eb21bd-0305-4463-872e-00f7f6fcf0e4 None None] Creating RPC server for service: nova-scheduler on topic: scheduler {{(pid=96670) start /opt/stack/nova/nova/service.py:196}}
Jul 31 18:09:48.148201 np0000006254 nova-scheduler[96672]: DEBUG dbcounter [-] [96672] Writer thread running {{(pid=96672) stat_writer /opt/stack/data/venv/lib/python3.12/site-packages/dbcounter.py:102}}
Jul 31 18:09:48.151003 np0000006254 nova-scheduler[96666]: DEBUG nova.service [None req-f2f921da-e4df-41ce-a395-8b8fe357c213 None None] Join ServiceGroup membership for this service scheduler {{(pid=96666) start /opt/stack/nova/nova/service.py:222}}
Jul 31 18:09:48.151406 np0000006254 nova-scheduler[96666]: DEBUG nova.servicegroup.drivers.db [None req-f2f921da-e4df-41ce-a395-8b8fe357c213 None None] DB_Driver: join new ServiceGroup member np0000006254 to the scheduler group, service = {{(pid=96666) join /opt/stack/nova/nova/servicegroup/drivers/db.py:44}}
Jul 31 18:09:48.152467 np0000006254 nova-scheduler[96672]: DEBUG nova.service [None req-6aa404f0-9f6d-4138-a6fc-87a25c5616f6 None None] Creating RPC server for service: nova-scheduler on topic: scheduler {{(pid=96672) start /opt/stack/nova/nova/service.py:196}}
Jul 31 18:09:48.156457 np0000006254 nova-scheduler[96668]: DEBUG nova.service [None req-456dc636-f712-470f-9474-f901ec605589 None None] Join ServiceGroup membership for this service scheduler {{(pid=96668) start /opt/stack/nova/nova/service.py:222}}
Jul 31 18:09:48.156776 np0000006254 nova-scheduler[96668]: DEBUG nova.servicegroup.drivers.db [None req-456dc636-f712-470f-9474-f901ec605589 None None] DB_Driver: join new ServiceGroup member np0000006254 to the scheduler group, service = {{(pid=96668) join /opt/stack/nova/nova/servicegroup/drivers/db.py:44}}
Jul 31 18:09:48.163697 np0000006254 nova-scheduler[96670]: DEBUG nova.service [None req-95eb21bd-0305-4463-872e-00f7f6fcf0e4 None None] Join ServiceGroup membership for this service scheduler {{(pid=96670) start /opt/stack/nova/nova/service.py:222}}
Jul 31 18:09:48.163697 np0000006254 nova-scheduler[96670]: DEBUG nova.servicegroup.drivers.db [None req-95eb21bd-0305-4463-872e-00f7f6fcf0e4 None None] DB_Driver: join new ServiceGroup member np0000006254 to the scheduler group, service = {{(pid=96670) join /opt/stack/nova/nova/servicegroup/drivers/db.py:44}}
Jul 31 18:09:48.183685 np0000006254 nova-scheduler[96672]: DEBUG nova.service [None req-6aa404f0-9f6d-4138-a6fc-87a25c5616f6 None None] Join ServiceGroup membership for this service scheduler {{(pid=96672) start /opt/stack/nova/nova/service.py:222}}
Jul 31 18:09:48.183945 np0000006254 nova-scheduler[96672]: DEBUG nova.servicegroup.drivers.db [None req-6aa404f0-9f6d-4138-a6fc-87a25c5616f6 None None] DB_Driver: join new ServiceGroup member np0000006254 to the scheduler group, service = {{(pid=96672) join /opt/stack/nova/nova/servicegroup/drivers/db.py:44}}
Jul 31 18:09:52.160251 np0000006254 nova-scheduler[96668]: DEBUG oslo.service.backend._threading.loopingcall [None req-06295fbc-1be5-45ae-b652-059d1e871dd9 None None] Dynamic interval looping call 'nova.service.Service.periodic_tasks' sleeping for 60.00 seconds {{(pid=96668) _run_loop /opt/stack/data/venv/lib/python3.12/site-packages/oslo_service/backend/_threading/loopingcall.py:125}}
Jul 31 18:09:53.170815 np0000006254 nova-scheduler[96666]: DEBUG oslo.service.backend._threading.loopingcall [-] Fixed interval looping call 'nova.servicegroup.drivers.db.DbDriver._report_state' sleeping for 119.98 seconds {{(pid=96666) _run_loop /opt/stack/data/venv/lib/python3.12/site-packages/oslo_service/backend/_threading/loopingcall.py:125}}
Jul 31 18:09:53.171998 np0000006254 nova-scheduler[96668]: DEBUG oslo.service.backend._threading.loopingcall [-] Fixed interval looping call 'nova.servicegroup.drivers.db.DbDriver._report_state' sleeping for 119.99 seconds {{(pid=96668) _run_loop /opt/stack/data/venv/lib/python3.12/site-packages/oslo_service/backend/_threading/loopingcall.py:125}}
Jul 31 18:09:53.178963 np0000006254 nova-scheduler[96670]: DEBUG oslo.service.backend._threading.loopingcall [-] Fixed interval looping call 'nova.servicegroup.drivers.db.DbDriver._report_state' sleeping for 119.99 seconds {{(pid=96670) _run_loop /opt/stack/data/venv/lib/python3.12/site-packages/oslo_service/backend/_threading/loopingcall.py:125}}
Jul 31 18:09:53.196798 np0000006254 nova-scheduler[96672]: DEBUG oslo.service.backend._threading.loopingcall [-] Fixed interval looping call 'nova.servicegroup.drivers.db.DbDriver._report_state' sleeping for 119.99 seconds {{(pid=96672) _run_loop /opt/stack/data/venv/lib/python3.12/site-packages/oslo_service/backend/_threading/loopingcall.py:125}}
Jul 31 18:09:56.646805 np0000006254 nova-scheduler[95467]: DEBUG dbcounter [-] [95467] Writing DB stats nova_api:SELECT=3 {{(pid=95467) stat_writer /opt/stack/data/venv/lib/python3.12/site-packages/dbcounter.py:115}}
Jul 31 18:09:56.814278 np0000006254 nova-scheduler[95467]: DEBUG dbcounter [-] [95467] Writing DB stats nova_cell1:SELECT=1 {{(pid=95467) stat_writer /opt/stack/data/venv/lib/python3.12/site-packages/dbcounter.py:115}}
Jul 31 18:09:56.816975 np0000006254 nova-scheduler[95467]: DEBUG dbcounter [-] [95467] Writing DB stats nova_cell0:SELECT=1 {{(pid=95467) stat_writer /opt/stack/data/venv/lib/python3.12/site-packages/dbcounter.py:115}}
Jul 31 18:10:03.164473 np0000006254 nova-scheduler[96666]: DEBUG dbcounter [-] [96666] Writing DB stats nova_cell0:SELECT=4,nova_cell0:INSERT=1,nova_cell0:UPDATE=1 {{(pid=96666) stat_writer /opt/stack/data/venv/lib/python3.12/site-packages/dbcounter.py:115}}
Jul 31 18:10:03.167594 np0000006254 nova-scheduler[96668]: DEBUG dbcounter [-] [96668] Writing DB stats nova_cell0:SELECT=5,nova_cell0:INSERT=1,nova_cell0:UPDATE=1 {{(pid=96668) stat_writer /opt/stack/data/venv/lib/python3.12/site-packages/dbcounter.py:115}}
Jul 31 18:10:03.175188 np0000006254 nova-scheduler[96670]: DEBUG dbcounter [-] [96670] Writing DB stats nova_cell0:SELECT=3 {{(pid=96670) stat_writer /opt/stack/data/venv/lib/python3.12/site-packages/dbcounter.py:115}}
Jul 31 18:10:03.192885 np0000006254 nova-scheduler[96672]: DEBUG dbcounter [-] [96672] Writing DB stats nova_cell0:SELECT=3 {{(pid=96672) stat_writer /opt/stack/data/venv/lib/python3.12/site-packages/dbcounter.py:115}}
Jul 31 18:10:20.155247 np0000006254 nova-scheduler[96666]: DEBUG oslo.service.backend._threading.loopingcall [None req-41087f2c-b228-422f-bbf8-c9eb5cfcb2b6 None None] Dynamic interval looping call 'nova.service.Service.periodic_tasks' sleeping for 60.00 seconds {{(pid=96666) _run_loop /opt/stack/data/venv/lib/python3.12/site-packages/oslo_service/backend/_threading/loopingcall.py:125}}
Jul 31 18:10:27.186316 np0000006254 nova-scheduler[96672]: DEBUG oslo.service.backend._threading.loopingcall [None req-5f939ad9-4736-4a20-835f-edc90355aef8 None None] Dynamic interval looping call 'nova.service.Service.periodic_tasks' sleeping for 60.00 seconds {{(pid=96672) _run_loop /opt/stack/data/venv/lib/python3.12/site-packages/oslo_service/backend/_threading/loopingcall.py:125}}
Jul 31 18:10:41.166115 np0000006254 nova-scheduler[96670]: DEBUG oslo.service.backend._threading.loopingcall [None req-3d16e6d4-8d7f-4085-b455-a74a01333f35 None None] Dynamic interval looping call 'nova.service.Service.periodic_tasks' sleeping for 60.00 seconds {{(pid=96670) _run_loop /opt/stack/data/venv/lib/python3.12/site-packages/oslo_service/backend/_threading/loopingcall.py:125}}
Jul 31 18:10:52.160836 np0000006254 nova-scheduler[96668]: DEBUG oslo.service.backend._threading.loopingcall [None req-06295fbc-1be5-45ae-b652-059d1e871dd9 None None] Dynamic interval looping call 'nova.service.Service.periodic_tasks' sleeping for 60.00 seconds {{(pid=96668) _run_loop /opt/stack/data/venv/lib/python3.12/site-packages/oslo_service/backend/_threading/loopingcall.py:125}}
Jul 31 18:11:20.155829 np0000006254 nova-scheduler[96666]: DEBUG oslo.service.backend._threading.loopingcall [None req-41087f2c-b228-422f-bbf8-c9eb5cfcb2b6 None None] Dynamic interval looping call 'nova.service.Service.periodic_tasks' sleeping for 60.00 seconds {{(pid=96666) _run_loop /opt/stack/data/venv/lib/python3.12/site-packages/oslo_service/backend/_threading/loopingcall.py:125}}
Jul 31 18:11:27.186888 np0000006254 nova-scheduler[96672]: DEBUG oslo.service.backend._threading.loopingcall [None req-5f939ad9-4736-4a20-835f-edc90355aef8 None None] Dynamic interval looping call 'nova.service.Service.periodic_tasks' sleeping for 60.00 seconds {{(pid=96672) _run_loop /opt/stack/data/venv/lib/python3.12/site-packages/oslo_service/backend/_threading/loopingcall.py:125}}
Jul 31 18:11:41.166867 np0000006254 nova-scheduler[96670]: DEBUG oslo.service.backend._threading.loopingcall [None req-3d16e6d4-8d7f-4085-b455-a74a01333f35 None None] Dynamic interval looping call 'nova.service.Service.periodic_tasks' sleeping for 60.00 seconds {{(pid=96670) _run_loop /opt/stack/data/venv/lib/python3.12/site-packages/oslo_service/backend/_threading/loopingcall.py:125}}
Jul 31 18:11:52.161346 np0000006254 nova-scheduler[96668]: DEBUG oslo.service.backend._threading.loopingcall [None req-06295fbc-1be5-45ae-b652-059d1e871dd9 None None] Dynamic interval looping call 'nova.service.Service.periodic_tasks' sleeping for 60.00 seconds {{(pid=96668) _run_loop /opt/stack/data/venv/lib/python3.12/site-packages/oslo_service/backend/_threading/loopingcall.py:125}}
Jul 31 18:11:53.157236 np0000006254 nova-scheduler[96666]: DEBUG oslo.service.backend._threading.loopingcall [-] Fixed interval looping call 'nova.servicegroup.drivers.db.DbDriver._report_state' sleeping for 119.99 seconds {{(pid=96666) _run_loop /opt/stack/data/venv/lib/python3.12/site-packages/oslo_service/backend/_threading/loopingcall.py:125}}
Jul 31 18:11:53.165877 np0000006254 nova-scheduler[96668]: DEBUG oslo.service.backend._threading.loopingcall [-] Fixed interval looping call 'nova.servicegroup.drivers.db.DbDriver._report_state' sleeping for 120.00 seconds {{(pid=96668) _run_loop /opt/stack/data/venv/lib/python3.12/site-packages/oslo_service/backend/_threading/loopingcall.py:125}}
Jul 31 18:11:53.172489 np0000006254 nova-scheduler[96670]: DEBUG oslo.service.backend._threading.loopingcall [-] Fixed interval looping call 'nova.servicegroup.drivers.db.DbDriver._report_state' sleeping for 120.00 seconds {{(pid=96670) _run_loop /opt/stack/data/venv/lib/python3.12/site-packages/oslo_service/backend/_threading/loopingcall.py:125}}
Jul 31 18:11:53.190736 np0000006254 nova-scheduler[96672]: DEBUG oslo.service.backend._threading.loopingcall [-] Fixed interval looping call 'nova.servicegroup.drivers.db.DbDriver._report_state' sleeping for 120.00 seconds {{(pid=96672) _run_loop /opt/stack/data/venv/lib/python3.12/site-packages/oslo_service/backend/_threading/loopingcall.py:125}}
Jul 31 18:12:03.154645 np0000006254 nova-scheduler[96666]: DEBUG dbcounter [-] [96666] Writing DB stats nova_cell0:SELECT=1,nova_cell0:UPDATE=1 {{(pid=96666) stat_writer /opt/stack/data/venv/lib/python3.12/site-packages/dbcounter.py:115}}
Jul 31 18:12:03.163901 np0000006254 nova-scheduler[96668]: DEBUG dbcounter [-] [96668] Writing DB stats nova_cell0:SELECT=1 {{(pid=96668) stat_writer /opt/stack/data/venv/lib/python3.12/site-packages/dbcounter.py:115}}
Jul 31 18:12:03.172060 np0000006254 nova-scheduler[96670]: DEBUG dbcounter [-] [96670] Writing DB stats nova_cell0:SELECT=1 {{(pid=96670) stat_writer /opt/stack/data/venv/lib/python3.12/site-packages/dbcounter.py:115}}
Jul 31 18:12:03.188680 np0000006254 nova-scheduler[96672]: DEBUG dbcounter [-] [96672] Writing DB stats nova_cell0:SELECT=1 {{(pid=96672) stat_writer /opt/stack/data/venv/lib/python3.12/site-packages/dbcounter.py:115}}
Jul 31 18:12:20.156344 np0000006254 nova-scheduler[96666]: DEBUG oslo.service.backend._threading.loopingcall [None req-41087f2c-b228-422f-bbf8-c9eb5cfcb2b6 None None] Dynamic interval looping call 'nova.service.Service.periodic_tasks' sleeping for 60.00 seconds {{(pid=96666) _run_loop /opt/stack/data/venv/lib/python3.12/site-packages/oslo_service/backend/_threading/loopingcall.py:125}}
Jul 31 18:12:25.246439 np0000006254 nova-scheduler[96666]: DEBUG nova.scheduler.manager [None req-03616044-efdb-4c67-b891-52e184ac83dd tempest-DeleteServersTestJSON-1395485467 tempest-DeleteServersTestJSON-1395485467-project-member] Starting to schedule for instances: ['faa1633e-ecdb-4f89-b0db-751febd51028'] {{(pid=96666) select_destinations /opt/stack/nova/nova/scheduler/manager.py:209}}
Jul 31 18:12:25.247266 np0000006254 nova-scheduler[96666]: DEBUG nova.scheduler.request_filter [None req-03616044-efdb-4c67-b891-52e184ac83dd tempest-DeleteServersTestJSON-1395485467 tempest-DeleteServersTestJSON-1395485467-project-member] compute_status_filter request filter added forbidden trait COMPUTE_STATUS_DISABLED {{(pid=96666) compute_status_filter /opt/stack/nova/nova/scheduler/request_filter.py:253}}
Jul 31 18:12:25.247645 np0000006254 nova-scheduler[96666]: DEBUG nova.scheduler.request_filter [None req-03616044-efdb-4c67-b891-52e184ac83dd tempest-DeleteServersTestJSON-1395485467 tempest-DeleteServersTestJSON-1395485467-project-member] Request filter 'compute_status_filter' took 0.0 seconds {{(pid=96666) wrapper /opt/stack/nova/nova/scheduler/request_filter.py:46}}
Jul 31 18:12:25.248030 np0000006254 nova-scheduler[96666]: DEBUG nova.scheduler.request_filter [None req-03616044-efdb-4c67-b891-52e184ac83dd tempest-DeleteServersTestJSON-1395485467 tempest-DeleteServersTestJSON-1395485467-project-member] Request filter 'accelerators_filter' took 0.0 seconds {{(pid=96666) wrapper /opt/stack/nova/nova/scheduler/request_filter.py:46}}
Jul 31 18:12:25.248462 np0000006254 nova-scheduler[96666]: DEBUG nova.scheduler.request_filter [None req-03616044-efdb-4c67-b891-52e184ac83dd tempest-DeleteServersTestJSON-1395485467 tempest-DeleteServersTestJSON-1395485467-project-member] Request filter 'packed_virtqueue_filter' took 0.0 seconds {{(pid=96666) wrapper /opt/stack/nova/nova/scheduler/request_filter.py:46}}
Jul 31 18:12:25.248652 np0000006254 nova-scheduler[96666]: DEBUG nova.scheduler.request_filter [None req-03616044-efdb-4c67-b891-52e184ac83dd tempest-DeleteServersTestJSON-1395485467 tempest-DeleteServersTestJSON-1395485467-project-member] Request filter 'remote_managed_ports_filter' took 0.0 seconds {{(pid=96666) wrapper /opt/stack/nova/nova/scheduler/request_filter.py:46}}
Jul 31 18:12:25.248889 np0000006254 nova-scheduler[96666]: DEBUG nova.scheduler.request_filter [None req-03616044-efdb-4c67-b891-52e184ac83dd tempest-DeleteServersTestJSON-1395485467 tempest-DeleteServersTestJSON-1395485467-project-member] ephemeral_encryption_filter skipped {{(pid=96666) ephemeral_encryption_filter /opt/stack/nova/nova/scheduler/request_filter.py:426}}
Jul 31 18:12:25.249072 np0000006254 nova-scheduler[96666]: DEBUG nova.scheduler.request_filter [None req-03616044-efdb-4c67-b891-52e184ac83dd tempest-DeleteServersTestJSON-1395485467 tempest-DeleteServersTestJSON-1395485467-project-member] virtio_sound_filter skipped {{(pid=96666) virtio_sound_filter /opt/stack/nova/nova/scheduler/request_filter.py:460}}
Jul 31 18:12:25.249237 np0000006254 nova-scheduler[96666]: DEBUG nova.scheduler.request_filter [None req-03616044-efdb-4c67-b891-52e184ac83dd tempest-DeleteServersTestJSON-1395485467 tempest-DeleteServersTestJSON-1395485467-project-member] tpm_secret_security_filter skipped {{(pid=96666) tpm_secret_security_filter /opt/stack/nova/nova/scheduler/request_filter.py:477}}
Jul 31 18:12:25.991017 np0000006254 nova-scheduler[96666]: INFO nova.utils [None req-03616044-efdb-4c67-b891-52e184ac83dd tempest-DeleteServersTestJSON-1395485467 tempest-DeleteServersTestJSON-1395485467-project-member] The cell worker thread pool ForkProcess-1.cell_worker is initialized
Jul 31 18:12:25.991723 np0000006254 nova-scheduler[96666]: DEBUG oslo_concurrency.lockutils [None req-03616044-efdb-4c67-b891-52e184ac83dd tempest-DeleteServersTestJSON-1395485467 tempest-DeleteServersTestJSON-1395485467-project-member] Acquiring lock "794e8685-e30e-43b2-ac89-cbc19b68cfdd" by "nova.context.set_target_cell..get_or_set_cached_cell_and_set_connections" {{(pid=96666) inner /opt/stack/data/venv/lib/python3.12/site-packages/oslo_concurrency/lockutils.py:512}}
Jul 31 18:12:25.991723 np0000006254 nova-scheduler[96666]: DEBUG oslo_concurrency.lockutils [None req-03616044-efdb-4c67-b891-52e184ac83dd tempest-DeleteServersTestJSON-1395485467 tempest-DeleteServersTestJSON-1395485467-project-member] Lock "794e8685-e30e-43b2-ac89-cbc19b68cfdd" acquired by "nova.context.set_target_cell..get_or_set_cached_cell_and_set_connections" :: waited 0.000s {{(pid=96666) inner /opt/stack/data/venv/lib/python3.12/site-packages/oslo_concurrency/lockutils.py:525}}
Jul 31 18:12:25.993558 np0000006254 nova-scheduler[96666]: DEBUG oslo_concurrency.lockutils [None req-03616044-efdb-4c67-b891-52e184ac83dd tempest-DeleteServersTestJSON-1395485467 tempest-DeleteServersTestJSON-1395485467-project-member] Lock "794e8685-e30e-43b2-ac89-cbc19b68cfdd" "released" by "nova.context.set_target_cell..get_or_set_cached_cell_and_set_connections" :: held 0.002s {{(pid=96666) inner /opt/stack/data/venv/lib/python3.12/site-packages/oslo_concurrency/lockutils.py:544}}
Jul 31 18:12:25.996015 np0000006254 nova-scheduler[96666]: INFO dbcounter [None req-03616044-efdb-4c67-b891-52e184ac83dd tempest-DeleteServersTestJSON-1395485467 tempest-DeleteServersTestJSON-1395485467-project-member] Registered counter for database nova_cell1
Jul 31 18:12:26.053336 np0000006254 nova-scheduler[96666]: DEBUG oslo_db.sqlalchemy.engines [None req-03616044-efdb-4c67-b891-52e184ac83dd tempest-DeleteServersTestJSON-1395485467 tempest-DeleteServersTestJSON-1395485467-project-member] MySQL server mode set to STRICT_TRANS_TABLES,STRICT_ALL_TABLES,NO_ZERO_IN_DATE,NO_ZERO_DATE,ERROR_FOR_DIVISION_BY_ZERO,TRADITIONAL,NO_ENGINE_SUBSTITUTION {{(pid=96666) _check_effective_sql_mode /opt/stack/data/venv/lib/python3.12/site-packages/oslo_db/sqlalchemy/engines.py:325}}
Jul 31 18:12:26.065938 np0000006254 nova-scheduler[96666]: DEBUG dbcounter [-] [96666] Writer thread running {{(pid=96666) stat_writer /opt/stack/data/venv/lib/python3.12/site-packages/dbcounter.py:102}}
Jul 31 18:12:26.089429 np0000006254 nova-scheduler[96666]: DEBUG oslo_db.sqlalchemy.engines [None req-03616044-efdb-4c67-b891-52e184ac83dd tempest-DeleteServersTestJSON-1395485467 tempest-DeleteServersTestJSON-1395485467-project-member] Parent process 95467 forked (96666) with an open database connection, which is being discarded and recreated. {{(pid=96666) checkout /opt/stack/data/venv/lib/python3.12/site-packages/oslo_db/sqlalchemy/engines.py:402}}
Jul 31 18:12:26.145111 np0000006254 nova-scheduler[96666]: DEBUG dbcounter [-] [96666] Writer thread running {{(pid=96666) stat_writer /opt/stack/data/venv/lib/python3.12/site-packages/dbcounter.py:102}}
Jul 31 18:12:26.151686 np0000006254 nova-scheduler[96666]: DEBUG oslo_concurrency.lockutils [None req-03616044-efdb-4c67-b891-52e184ac83dd tempest-DeleteServersTestJSON-1395485467 tempest-DeleteServersTestJSON-1395485467-project-member] Acquiring lock "794e8685-e30e-43b2-ac89-cbc19b68cfdd" by "nova.context.set_target_cell..get_or_set_cached_cell_and_set_connections" {{(pid=96666) inner /opt/stack/data/venv/lib/python3.12/site-packages/oslo_concurrency/lockutils.py:512}}
