Jul 03 02:46:29.178766 np0000004355 devstack@g-api.service[99590]: DEBUG glance_store.location [None req-ab805d76-44e0-4f33-930d-d9f0cc44e2b2 tempest-AttachVolumeShelveTestJSON-1867902290 tempest-AttachVolumeShelveTestJSON-1867902290-project-member] Registering scheme swift+https with {'store': , 'location_class': , 'store_entry': 'swift'} {{(pid=99590) register_scheme_map /opt/stack/data/venv/lib/python3.12/site-packages/glance_store/location.py:146}}
Jul 03 02:46:29.178907 np0000004355 devstack@g-api.service[99590]: DEBUG glance_store.location [None req-ab805d76-44e0-4f33-930d-d9f0cc44e2b2 tempest-AttachVolumeShelveTestJSON-1867902290 tempest-AttachVolumeShelveTestJSON-1867902290-project-member] Registering scheme swift with {'store': , 'location_class': , 'store_entry': 'swift'} {{(pid=99590) register_scheme_map /opt/stack/data/venv/lib/python3.12/site-packages/glance_store/location.py:146}}
Jul 03 02:46:29.179013 np0000004355 devstack@g-api.service[99590]: DEBUG glance_store.location [None req-ab805d76-44e0-4f33-930d-d9f0cc44e2b2 tempest-AttachVolumeShelveTestJSON-1867902290 tempest-AttachVolumeShelveTestJSON-1867902290-project-member] Registering scheme swift+http with {'store': , 'location_class': , 'store_entry': 'swift'} {{(pid=99590) register_scheme_map /opt/stack/data/venv/lib/python3.12/site-packages/glance_store/location.py:146}}
Jul 03 02:46:29.179144 np0000004355 devstack@g-api.service[99590]: DEBUG glance_store.location [None req-ab805d76-44e0-4f33-930d-d9f0cc44e2b2 tempest-AttachVolumeShelveTestJSON-1867902290 tempest-AttachVolumeShelveTestJSON-1867902290-project-member] Registering scheme swift+https with {'store': , 'location_class': , 'store_entry': 'swift'} {{(pid=99590) register_scheme_map /opt/stack/data/venv/lib/python3.12/site-packages/glance_store/location.py:146}}
Jul 03 02:46:29.179280 np0000004355 devstack@g-api.service[99590]: DEBUG glance_store.location [None req-ab805d76-44e0-4f33-930d-d9f0cc44e2b2 tempest-AttachVolumeShelveTestJSON-1867902290 tempest-AttachVolumeShelveTestJSON-1867902290-project-member] Registering scheme swift with {'store': , 'location_class': , 'store_entry': 'swift'} {{(pid=99590) register_scheme_map /opt/stack/data/venv/lib/python3.12/site-packages/glance_store/location.py:146}}
Jul 03 02:46:29.179421 np0000004355 devstack@g-api.service[99590]: DEBUG glance_store.location [None req-ab805d76-44e0-4f33-930d-d9f0cc44e2b2 tempest-AttachVolumeShelveTestJSON-1867902290 tempest-AttachVolumeShelveTestJSON-1867902290-project-member] Registering scheme swift+http with {'store': , 'location_class': , 'store_entry': 'swift'} {{(pid=99590) register_scheme_map /opt/stack/data/venv/lib/python3.12/site-packages/glance_store/location.py:146}}
Jul 03 02:46:29.179511 np0000004355 devstack@g-api.service[99590]: DEBUG glance_store.location [None req-ab805d76-44e0-4f33-930d-d9f0cc44e2b2 tempest-AttachVolumeShelveTestJSON-1867902290 tempest-AttachVolumeShelveTestJSON-1867902290-project-member] Registering scheme swift+config with {'store': , 'location_class': , 'store_entry': 'swift'} {{(pid=99590) register_scheme_map /opt/stack/data/venv/lib/python3.12/site-packages/glance_store/location.py:146}}
Jul 03 02:46:29.529314 np0000004355 devstack@g-api.service[99590]: DEBUG swiftclient [None req-ab805d76-44e0-4f33-930d-d9f0cc44e2b2 tempest-AttachVolumeShelveTestJSON-1867902290 tempest-AttachVolumeShelveTestJSON-1867902290-project-member] REQ: curl -i https://10.4.3.215:8080/v1/AUTH_0c3bbb17674b4b0f8dd5e7fa497500ca/glance/f573c5d3-d963-468e-9724-9defef655033 -X GET -H "X-Auth-Token: gAAAAABqRyKFbZiI..." {{(pid=99590) http_log /opt/stack/data/venv/lib/python3.12/site-packages/swiftclient/client.py:160}}
Jul 03 02:46:29.529314 np0000004355 devstack@g-api.service[99590]: DEBUG swiftclient [None req-ab805d76-44e0-4f33-930d-d9f0cc44e2b2 tempest-AttachVolumeShelveTestJSON-1867902290 tempest-AttachVolumeShelveTestJSON-1867902290-project-member] RESP STATUS: 200 OK {{(pid=99590) http_log /opt/stack/data/venv/lib/python3.12/site-packages/swiftclient/client.py:161}}
Jul 03 02:46:29.529558 np0000004355 devstack@g-api.service[99590]: DEBUG swiftclient [None req-ab805d76-44e0-4f33-930d-d9f0cc44e2b2 tempest-AttachVolumeShelveTestJSON-1867902290 tempest-AttachVolumeShelveTestJSON-1867902290-project-member] RESP HEADERS: {'Date': 'Fri, 03 Jul 2026 02:46:29 GMT', 'Server': 'Apache/2.4.58 (Ubuntu)', 'Content-Type': 'application/octet-stream', 'X-Object-Manifest': 'glance/f573c5d3-d963-468e-9724-9defef655033-', 'Last-Modified': 'Fri, 03 Jul 2026 02:46:14 GMT', 'X-Timestamp': '1783046773.59188', 'Accept-Ranges': 'bytes', 'Content-Length': '53608448', 'Etag': '"35390195f932be5aa4917fad20890947"', 'X-Trans-Id': 'tx6c987718c3a743b7a512d-006a472285', 'X-Openstack-Request-Id': 'tx6c987718c3a743b7a512d-006a472285', 'Connection': 'close'} {{(pid=99590) http_log /opt/stack/data/venv/lib/python3.12/site-packages/swiftclient/client.py:162}}
Jul 03 02:46:29.546261 np0000004355 devstack@g-api.service[99590]: DEBUG glance.image_cache [None req-ab805d76-44e0-4f33-930d-d9f0cc44e2b2 tempest-AttachVolumeShelveTestJSON-1867902290 tempest-AttachVolumeShelveTestJSON-1867902290-project-member] Tee'ing image 'f573c5d3-d963-468e-9724-9defef655033' into cache {{(pid=99590) get_caching_iter /opt/stack/glance/glance/image_cache/__init__.py:356}}
Jul 03 02:46:29.882164 np0000004355 devstack@g-api.service[99588]: DEBUG dbcounter [-] [99588] Writing DB stats glance:SELECT=67,glance:UPDATE=9,glance:INSERT=2 {{(pid=99588) stat_writer /opt/stack/data/venv/lib/python3.12/site-packages/dbcounter.py:115}}
Jul 03 02:46:29.988001 np0000004355 devstack@g-api.service[99590]: DEBUG glance.image_cache.drivers.centralized_db [None req-ab805d76-44e0-4f33-930d-d9f0cc44e2b2 tempest-AttachVolumeShelveTestJSON-1867902290 tempest-AttachVolumeShelveTestJSON-1867902290-project-member] Fetch finished, moving '/opt/stack/data/glance/cache/incomplete/f573c5d3-d963-468e-9724-9defef655033' to '/opt/stack/data/glance/cache/f573c5d3-d963-468e-9724-9defef655033' {{(pid=99590) commit /opt/stack/glance/glance/image_cache/drivers/centralized_db.py:243}}
Jul 03 02:46:29.996619 np0000004355 devstack@g-api.service[99590]: DEBUG glance.image_cache.drivers.centralized_db [None req-ab805d76-44e0-4f33-930d-d9f0cc44e2b2 tempest-AttachVolumeShelveTestJSON-1867902290 tempest-AttachVolumeShelveTestJSON-1867902290-project-member] Image cached successfully. {{(pid=99590) commit /opt/stack/glance/glance/image_cache/drivers/centralized_db.py:258}}
Jul 03 02:46:29.996864 np0000004355 devstack@g-api.service[99590]: [pid: 99590|app: 0|req: 138/401] 127.0.0.1 () {44 vars in 1125 bytes} [Fri Jul 3 02:46:29 2026] GET /v2/images/f573c5d3-d963-468e-9724-9defef655033/file => generated 53608448 bytes in 843 msecs (HTTP/1.1 200) 4 headers in 191 bytes (819 switches on core 0)
Jul 03 02:46:30.271192 np0000004355 devstack@g-api.service[99588]: DEBUG glance.api.middleware.version_negotiation [None req-84f7738d-7182-473d-85ad-342bdfc9bc10 tempest-ServersNegativeTestJSON-428842430 tempest-ServersNegativeTestJSON-428842430-project-member] Determining version of request: GET /v2/images/f573c5d3-d963-468e-9724-9defef655033 Accept: */* {{(pid=99588) process_request /opt/stack/glance/glance/api/middleware/version_negotiation.py:44}}
Jul 03 02:46:30.271192 np0000004355 devstack@g-api.service[99588]: DEBUG glance.api.middleware.version_negotiation [None req-84f7738d-7182-473d-85ad-342bdfc9bc10 tempest-ServersNegativeTestJSON-428842430 tempest-ServersNegativeTestJSON-428842430-project-member] Using url versioning {{(pid=99588) process_request /opt/stack/glance/glance/api/middleware/version_negotiation.py:57}}
Jul 03 02:46:30.271384 np0000004355 devstack@g-api.service[99588]: DEBUG glance.api.middleware.version_negotiation [None req-84f7738d-7182-473d-85ad-342bdfc9bc10 tempest-ServersNegativeTestJSON-428842430 tempest-ServersNegativeTestJSON-428842430-project-member] Matched version: v2 {{(pid=99588) process_request /opt/stack/glance/glance/api/middleware/version_negotiation.py:69}}
Jul 03 02:46:30.271449 np0000004355 devstack@g-api.service[99588]: DEBUG glance.api.middleware.version_negotiation [None req-84f7738d-7182-473d-85ad-342bdfc9bc10 tempest-ServersNegativeTestJSON-428842430 tempest-ServersNegativeTestJSON-428842430-project-member] new path /v2/images/f573c5d3-d963-468e-9724-9defef655033 {{(pid=99588) process_request /opt/stack/glance/glance/api/middleware/version_negotiation.py:70}}
Jul 03 02:46:30.307576 np0000004355 devstack@g-api.service[99588]: [pid: 99588|app: 0|req: 119/402] 127.0.0.1 () {44 vars in 1115 bytes} [Fri Jul 3 02:46:30 2026] GET /v2/images/f573c5d3-d963-468e-9724-9defef655033 => generated 1619 bytes in 36 msecs (HTTP/1.1 200) 4 headers in 158 bytes (1 switches on core 0)
Jul 03 02:46:30.346713 np0000004355 devstack@g-api.service[99589]: DEBUG glance.api.middleware.version_negotiation [None req-ab805d76-44e0-4f33-930d-d9f0cc44e2b2 tempest-AttachVolumeShelveTestJSON-1867902290 tempest-AttachVolumeShelveTestJSON-1867902290-project-member] Determining version of request: GET /v2/schemas/image Accept: */* {{(pid=99589) process_request /opt/stack/glance/glance/api/middleware/version_negotiation.py:44}}
Jul 03 02:46:30.346713 np0000004355 devstack@g-api.service[99589]: DEBUG glance.api.middleware.version_negotiation [None req-ab805d76-44e0-4f33-930d-d9f0cc44e2b2 tempest-AttachVolumeShelveTestJSON-1867902290 tempest-AttachVolumeShelveTestJSON-1867902290-project-member] Using url versioning {{(pid=99589) process_request /opt/stack/glance/glance/api/middleware/version_negotiation.py:57}}
Jul 03 02:46:30.346713 np0000004355 devstack@g-api.service[99589]: DEBUG glance.api.middleware.version_negotiation [None req-ab805d76-44e0-4f33-930d-d9f0cc44e2b2 tempest-AttachVolumeShelveTestJSON-1867902290 tempest-AttachVolumeShelveTestJSON-1867902290-project-member] Matched version: v2 {{(pid=99589) process_request /opt/stack/glance/glance/api/middleware/version_negotiation.py:69}}
Jul 03 02:46:30.346713 np0000004355 devstack@g-api.service[99589]: DEBUG glance.api.middleware.version_negotiation [None req-ab805d76-44e0-4f33-930d-d9f0cc44e2b2 tempest-AttachVolumeShelveTestJSON-1867902290 tempest-AttachVolumeShelveTestJSON-1867902290-project-member] new path /v2/schemas/image {{(pid=99589) process_request /opt/stack/glance/glance/api/middleware/version_negotiation.py:70}}
Jul 03 02:46:30.350523 np0000004355 devstack@g-api.service[99589]: [pid: 99589|app: 0|req: 146/403] 127.0.0.1 () {44 vars in 1055 bytes} [Fri Jul 3 02:46:30 2026] GET /v2/schemas/image => generated 6083 bytes in 4 msecs (HTTP/1.1 200) 4 headers in 158 bytes (1 switches on core 0)
Jul 03 02:46:38.244436 np0000004355 devstack@g-api.service[99590]: DEBUG glance.api.middleware.version_negotiation [None req-ab805d76-44e0-4f33-930d-d9f0cc44e2b2 tempest-AttachVolumeShelveTestJSON-1867902290 tempest-AttachVolumeShelveTestJSON-1867902290-project-member] Determining version of request: GET /v2/images/80e7e6c7-f1b6-41da-a345-949ca6e66b4a Accept: application/json {{(pid=99590) process_request /opt/stack/glance/glance/api/middleware/version_negotiation.py:44}}
Jul 03 02:46:38.244436 np0000004355 devstack@g-api.service[99590]: DEBUG glance.api.middleware.version_negotiation [None req-ab805d76-44e0-4f33-930d-d9f0cc44e2b2 tempest-AttachVolumeShelveTestJSON-1867902290 tempest-AttachVolumeShelveTestJSON-1867902290-project-member] Using url versioning {{(pid=99590) process_request /opt/stack/glance/glance/api/middleware/version_negotiation.py:57}}
Jul 03 02:46:38.244436 np0000004355 devstack@g-api.service[99590]: DEBUG glance.api.middleware.version_negotiation [None req-ab805d76-44e0-4f33-930d-d9f0cc44e2b2 tempest-AttachVolumeShelveTestJSON-1867902290 tempest-AttachVolumeShelveTestJSON-1867902290-project-member] Matched version: v2 {{(pid=99590) process_request /opt/stack/glance/glance/api/middleware/version_negotiation.py:69}}
Jul 03 02:46:38.244436 np0000004355 devstack@g-api.service[99590]: DEBUG glance.api.middleware.version_negotiation [None req-ab805d76-44e0-4f33-930d-d9f0cc44e2b2 tempest-AttachVolumeShelveTestJSON-1867902290 tempest-AttachVolumeShelveTestJSON-1867902290-project-member] new path /v2/images/80e7e6c7-f1b6-41da-a345-949ca6e66b4a {{(pid=99590) process_request /opt/stack/glance/glance/api/middleware/version_negotiation.py:70}}
Jul 03 02:46:38.457408 np0000004355 devstack@g-api.service[99590]: [pid: 99590|app: 0|req: 139/404] 127.0.0.1 () {40 vars in 838 bytes} [Fri Jul 3 02:46:38 2026] GET /v2/images/80e7e6c7-f1b6-41da-a345-949ca6e66b4a => generated 1044 bytes in 214 msecs (HTTP/1.1 200) 4 headers in 158 bytes (1 switches on core 0)
Jul 03 02:46:38.481492 np0000004355 devstack@g-api.service[99588]: DEBUG glance.api.middleware.version_negotiation [None req-ab805d76-44e0-4f33-930d-d9f0cc44e2b2 tempest-AttachVolumeShelveTestJSON-1867902290 tempest-AttachVolumeShelveTestJSON-1867902290-project-member] Determining version of request: GET /v2/images/80e7e6c7-f1b6-41da-a345-949ca6e66b4a Accept: */* {{(pid=99588) process_request /opt/stack/glance/glance/api/middleware/version_negotiation.py:44}}
Jul 03 02:46:38.481808 np0000004355 devstack@g-api.service[99588]: DEBUG glance.api.middleware.version_negotiation [None req-ab805d76-44e0-4f33-930d-d9f0cc44e2b2 tempest-AttachVolumeShelveTestJSON-1867902290 tempest-AttachVolumeShelveTestJSON-1867902290-project-member] Using url versioning {{(pid=99588) process_request /opt/stack/glance/glance/api/middleware/version_negotiation.py:57}}
Jul 03 02:46:38.482198 np0000004355 devstack@g-api.service[99588]: DEBUG glance.api.middleware.version_negotiation [None req-ab805d76-44e0-4f33-930d-d9f0cc44e2b2 tempest-AttachVolumeShelveTestJSON-1867902290 tempest-AttachVolumeShelveTestJSON-1867902290-project-member] Matched version: v2 {{(pid=99588) process_request /opt/stack/glance/glance/api/middleware/version_negotiation.py:69}}
Jul 03 02:46:38.482198 np0000004355 devstack@g-api.service[99588]: DEBUG glance.api.middleware.version_negotiation [None req-ab805d76-44e0-4f33-930d-d9f0cc44e2b2 tempest-AttachVolumeShelveTestJSON-1867902290 tempest-AttachVolumeShelveTestJSON-1867902290-project-member] new path /v2/images/80e7e6c7-f1b6-41da-a345-949ca6e66b4a {{(pid=99588) process_request /opt/stack/glance/glance/api/middleware/version_negotiation.py:70}}
Jul 03 02:46:38.495508 np0000004355 devstack@g-api.service[99588]: [pid: 99588|app: 0|req: 120/405] 127.0.0.1 () {44 vars in 1115 bytes} [Fri Jul 3 02:46:38 2026] GET /v2/images/80e7e6c7-f1b6-41da-a345-949ca6e66b4a => generated 1044 bytes in 14 msecs (HTTP/1.1 200) 4 headers in 158 bytes (1 switches on core 0)
Jul 03 02:46:38.508124 np0000004355 devstack@g-api.service[99589]: DEBUG glance.api.middleware.version_negotiation [None req-ab805d76-44e0-4f33-930d-d9f0cc44e2b2 tempest-AttachVolumeShelveTestJSON-1867902290 tempest-AttachVolumeShelveTestJSON-1867902290-project-member] Determining version of request: GET /v2/schemas/image Accept: */* {{(pid=99589) process_request /opt/stack/glance/glance/api/middleware/version_negotiation.py:44}}
Jul 03 02:46:38.508573 np0000004355 devstack@g-api.service[99589]: DEBUG glance.api.middleware.version_negotiation [None req-ab805d76-44e0-4f33-930d-d9f0cc44e2b2 tempest-AttachVolumeShelveTestJSON-1867902290 tempest-AttachVolumeShelveTestJSON-1867902290-project-member] Using url versioning {{(pid=99589) process_request /opt/stack/glance/glance/api/middleware/version_negotiation.py:57}}
Jul 03 02:46:38.508573 np0000004355 devstack@g-api.service[99589]: DEBUG glance.api.middleware.version_negotiation [None req-ab805d76-44e0-4f33-930d-d9f0cc44e2b2 tempest-AttachVolumeShelveTestJSON-1867902290 tempest-AttachVolumeShelveTestJSON-1867902290-project-member] Matched version: v2 {{(pid=99589) process_request /opt/stack/glance/glance/api/middleware/version_negotiation.py:69}}
Jul 03 02:46:38.508692 np0000004355 devstack@g-api.service[99589]: DEBUG glance.api.middleware.version_negotiation [None req-ab805d76-44e0-4f33-930d-d9f0cc44e2b2 tempest-AttachVolumeShelveTestJSON-1867902290 tempest-AttachVolumeShelveTestJSON-1867902290-project-member] new path /v2/schemas/image {{(pid=99589) process_request /opt/stack/glance/glance/api/middleware/version_negotiation.py:70}}
Jul 03 02:46:38.511555 np0000004355 devstack@g-api.service[99589]: [pid: 99589|app: 0|req: 147/406] 127.0.0.1 () {44 vars in 1055 bytes} [Fri Jul 3 02:46:38 2026] GET /v2/schemas/image => generated 6083 bytes in 3 msecs (HTTP/1.1 200) 4 headers in 158 bytes (1 switches on core 0)
Jul 03 02:46:38.522950 np0000004355 devstack@g-api.service[99590]: DEBUG glance.api.middleware.version_negotiation [None req-2ea879d1-d60b-4e86-b02b-336f86414b11 tempest-TestVolumeBackupRestore-1190829677 tempest-TestVolumeBackupRestore-1190829677-project-member] Determining version of request: GET /v2/schemas/image Accept: */* {{(pid=99590) process_request /opt/stack/glance/glance/api/middleware/version_negotiation.py:44}}
Jul 03 02:46:38.523144 np0000004355 devstack@g-api.service[99590]: DEBUG glance.api.middleware.version_negotiation [None req-2ea879d1-d60b-4e86-b02b-336f86414b11 tempest-TestVolumeBackupRestore-1190829677 tempest-TestVolumeBackupRestore-1190829677-project-member] Using url versioning {{(pid=99590) process_request /opt/stack/glance/glance/api/middleware/version_negotiation.py:57}}
Jul 03 02:46:38.523337 np0000004355 devstack@g-api.service[99590]: DEBUG glance.api.middleware.version_negotiation [None req-2ea879d1-d60b-4e86-b02b-336f86414b11 tempest-TestVolumeBackupRestore-1190829677 tempest-TestVolumeBackupRestore-1190829677-project-member] Matched version: v2 {{(pid=99590) process_request /opt/stack/glance/glance/api/middleware/version_negotiation.py:69}}
Jul 03 02:46:38.523479 np0000004355 devstack@g-api.service[99590]: DEBUG glance.api.middleware.version_negotiation [None req-2ea879d1-d60b-4e86-b02b-336f86414b11 tempest-TestVolumeBackupRestore-1190829677 tempest-TestVolumeBackupRestore-1190829677-project-member] new path /v2/schemas/image {{(pid=99590) process_request /opt/stack/glance/glance/api/middleware/version_negotiation.py:70}}
Jul 03 02:46:38.525779 np0000004355 devstack@g-api.service[99590]: [pid: 99590|app: 0|req: 140/407] 127.0.0.1 () {44 vars in 1055 bytes} [Fri Jul 3 02:46:38 2026] GET /v2/schemas/image => generated 6083 bytes in 3 msecs (HTTP/1.1 200) 4 headers in 158 bytes (1 switches on core 0)
Jul 03 02:46:38.533104 np0000004355 devstack@g-api.service[99588]: DEBUG glance.api.middleware.version_negotiation [None req-afa4b303-d142-4d75-9b9d-941a5d74fc6c tempest-TestVolumeBackupRestore-1190829677 tempest-TestVolumeBackupRestore-1190829677-project-member] Determining version of request: GET /v2/images/80e7e6c7-f1b6-41da-a345-949ca6e66b4a Accept: */* {{(pid=99588) process_request /opt/stack/glance/glance/api/middleware/version_negotiation.py:44}}
Jul 03 02:46:38.533365 np0000004355 devstack@g-api.service[99588]: DEBUG glance.api.middleware.version_negotiation [None req-afa4b303-d142-4d75-9b9d-941a5d74fc6c tempest-TestVolumeBackupRestore-1190829677 tempest-TestVolumeBackupRestore-1190829677-project-member] Using url versioning {{(pid=99588) process_request /opt/stack/glance/glance/api/middleware/version_negotiation.py:57}}
Jul 03 02:46:38.533546 np0000004355 devstack@g-api.service[99588]: DEBUG glance.api.middleware.version_negotiation [None req-afa4b303-d142-4d75-9b9d-941a5d74fc6c tempest-TestVolumeBackupRestore-1190829677 tempest-TestVolumeBackupRestore-1190829677-project-member] Matched version: v2 {{(pid=99588) process_request /opt/stack/glance/glance/api/middleware/version_negotiation.py:69}}
Jul 03 02:46:38.533694 np0000004355 devstack@g-api.service[99588]: DEBUG glance.api.middleware.version_negotiation [None req-afa4b303-d142-4d75-9b9d-941a5d74fc6c tempest-TestVolumeBackupRestore-1190829677 tempest-TestVolumeBackupRestore-1190829677-project-member] new path /v2/images/80e7e6c7-f1b6-41da-a345-949ca6e66b4a {{(pid=99588) process_request /opt/stack/glance/glance/api/middleware/version_negotiation.py:70}}
Jul 03 02:46:38.545148 np0000004355 devstack@g-api.service[99588]: [pid: 99588|app: 0|req: 121/408] 127.0.0.1 () {44 vars in 1115 bytes} [Fri Jul 3 02:46:38 2026] GET /v2/images/80e7e6c7-f1b6-41da-a345-949ca6e66b4a => generated 1044 bytes in 12 msecs (HTTP/1.1 200) 4 headers in 158 bytes (1 switches on core 0)
Jul 03 02:46:38.552043 np0000004355 devstack@g-api.service[99589]: DEBUG glance.api.middleware.version_negotiation [None req-afa4b303-d142-4d75-9b9d-941a5d74fc6c tempest-TestVolumeBackupRestore-1190829677 tempest-TestVolumeBackupRestore-1190829677-project-member] Determining version of request: GET /v2/schemas/image Accept: */* {{(pid=99589) process_request /opt/stack/glance/glance/api/middleware/version_negotiation.py:44}}
Jul 03 02:46:38.552214 np0000004355 devstack@g-api.service[99589]: DEBUG glance.api.middleware.version_negotiation [None req-afa4b303-d142-4d75-9b9d-941a5d74fc6c tempest-TestVolumeBackupRestore-1190829677 tempest-TestVolumeBackupRestore-1190829677-project-member] Using url versioning {{(pid=99589) process_request /opt/stack/glance/glance/api/middleware/version_negotiation.py:57}}
Jul 03 02:46:38.552420 np0000004355 devstack@g-api.service[99589]: DEBUG glance.api.middleware.version_negotiation [None req-afa4b303-d142-4d75-9b9d-941a5d74fc6c tempest-TestVolumeBackupRestore-1190829677 tempest-TestVolumeBackupRestore-1190829677-project-member] Matched version: v2 {{(pid=99589) process_request /opt/stack/glance/glance/api/middleware/version_negotiation.py:69}}
Jul 03 02:46:38.552570 np0000004355 devstack@g-api.service[99589]: DEBUG glance.api.middleware.version_negotiation [None req-afa4b303-d142-4d75-9b9d-941a5d74fc6c tempest-TestVolumeBackupRestore-1190829677 tempest-TestVolumeBackupRestore-1190829677-project-member] new path /v2/schemas/image {{(pid=99589) process_request /opt/stack/glance/glance/api/middleware/version_negotiation.py:70}}
Jul 03 02:46:38.555458 np0000004355 devstack@g-api.service[99589]: [pid: 99589|app: 0|req: 148/409] 127.0.0.1 () {44 vars in 1055 bytes} [Fri Jul 3 02:46:38 2026] GET /v2/schemas/image => generated 6083 bytes in 3 msecs (HTTP/1.1 200) 4 headers in 158 bytes (1 switches on core 0)
Jul 03 02:46:38.563613 np0000004355 devstack@g-api.service[99590]: DEBUG glance.api.middleware.version_negotiation [None req-afa4b303-d142-4d75-9b9d-941a5d74fc6c tempest-TestVolumeBackupRestore-1190829677 tempest-TestVolumeBackupRestore-1190829677-project-member] Determining version of request: GET /v2/schemas/image Accept: */* {{(pid=99590) process_request /opt/stack/glance/glance/api/middleware/version_negotiation.py:44}}
Jul 03 02:46:38.563777 np0000004355 devstack@g-api.service[99590]: DEBUG glance.api.middleware.version_negotiation [None req-afa4b303-d142-4d75-9b9d-941a5d74fc6c tempest-TestVolumeBackupRestore-1190829677 tempest-TestVolumeBackupRestore-1190829677-project-member] Using url versioning {{(pid=99590) process_request /opt/stack/glance/glance/api/middleware/version_negotiation.py:57}}
Jul 03 02:46:38.563898 np0000004355 devstack@g-api.service[99590]: DEBUG glance.api.middleware.version_negotiation [None req-afa4b303-d142-4d75-9b9d-941a5d74fc6c tempest-TestVolumeBackupRestore-1190829677 tempest-TestVolumeBackupRestore-1190829677-project-member] Matched version: v2 {{(pid=99590) process_request /opt/stack/glance/glance/api/middleware/version_negotiation.py:69}}
Jul 03 02:46:38.564007 np0000004355 devstack@g-api.service[99590]: DEBUG glance.api.middleware.version_negotiation [None req-afa4b303-d142-4d75-9b9d-941a5d74fc6c tempest-TestVolumeBackupRestore-1190829677 tempest-TestVolumeBackupRestore-1190829677-project-member] new path /v2/schemas/image {{(pid=99590) process_request /opt/stack/glance/glance/api/middleware/version_negotiation.py:70}}
Jul 03 02:46:38.566209 np0000004355 devstack@g-api.service[99590]: [pid: 99590|app: 0|req: 141/410] 127.0.0.1 () {44 vars in 1055 bytes} [Fri Jul 3 02:46:38 2026] GET /v2/schemas/image => generated 6083 bytes in 3 msecs (HTTP/1.1 200) 4 headers in 158 bytes (1 switches on core 0)
Jul 03 02:46:38.592411 np0000004355 devstack@g-api.service[99588]: DEBUG glance.api.middleware.version_negotiation [None req-afa4b303-d142-4d75-9b9d-941a5d74fc6c tempest-TestVolumeBackupRestore-1190829677 tempest-TestVolumeBackupRestore-1190829677-project-member] Determining version of request: GET /v2/images/80e7e6c7-f1b6-41da-a345-949ca6e66b4a Accept: */* {{(pid=99588) process_request /opt/stack/glance/glance/api/middleware/version_negotiation.py:44}}
Jul 03 02:46:38.592561 np0000004355 devstack@g-api.service[99588]: DEBUG glance.api.middleware.version_negotiation [None req-afa4b303-d142-4d75-9b9d-941a5d74fc6c tempest-TestVolumeBackupRestore-1190829677 tempest-TestVolumeBackupRestore-1190829677-project-member] Using url versioning {{(pid=99588) process_request /opt/stack/glance/glance/api/middleware/version_negotiation.py:57}}
Jul 03 02:46:38.592699 np0000004355 devstack@g-api.service[99588]: DEBUG glance.api.middleware.version_negotiation [None req-afa4b303-d142-4d75-9b9d-941a5d74fc6c tempest-TestVolumeBackupRestore-1190829677 tempest-TestVolumeBackupRestore-1190829677-project-member] Matched version: v2 {{(pid=99588) process_request /opt/stack/glance/glance/api/middleware/version_negotiation.py:69}}
Jul 03 02:46:38.592832 np0000004355 devstack@g-api.service[99588]: DEBUG glance.api.middleware.version_negotiation [None req-afa4b303-d142-4d75-9b9d-941a5d74fc6c tempest-TestVolumeBackupRestore-1190829677 tempest-TestVolumeBackupRestore-1190829677-project-member] new path /v2/images/80e7e6c7-f1b6-41da-a345-949ca6e66b4a {{(pid=99588) process_request /opt/stack/glance/glance/api/middleware/version_negotiation.py:70}}
Jul 03 02:46:38.602311 np0000004355 devstack@g-api.service[99588]: [pid: 99588|app: 0|req: 122/411] 127.0.0.1 () {44 vars in 1115 bytes} [Fri Jul 3 02:46:38 2026] GET /v2/images/80e7e6c7-f1b6-41da-a345-949ca6e66b4a => generated 1044 bytes in 10 msecs (HTTP/1.1 200) 4 headers in 158 bytes (1 switches on core 0)
Jul 03 02:46:38.611650 np0000004355 devstack@g-api.service[99589]: DEBUG glance.api.middleware.version_negotiation [None req-afa4b303-d142-4d75-9b9d-941a5d74fc6c tempest-TestVolumeBackupRestore-1190829677 tempest-TestVolumeBackupRestore-1190829677-project-member] Determining version of request: GET /v2/schemas/image Accept: */* {{(pid=99589) process_request /opt/stack/glance/glance/api/middleware/version_negotiation.py:44}}
Jul 03 02:46:38.611855 np0000004355 devstack@g-api.service[99589]: DEBUG glance.api.middleware.version_negotiation [None req-afa4b303-d142-4d75-9b9d-941a5d74fc6c tempest-TestVolumeBackupRestore-1190829677 tempest-TestVolumeBackupRestore-1190829677-project-member] Using url versioning {{(pid=99589) process_request /opt/stack/glance/glance/api/middleware/version_negotiation.py:57}}
Jul 03 02:46:38.612007 np0000004355 devstack@g-api.service[99589]: DEBUG glance.api.middleware.version_negotiation [None req-afa4b303-d142-4d75-9b9d-941a5d74fc6c tempest-TestVolumeBackupRestore-1190829677 tempest-TestVolumeBackupRestore-1190829677-project-member] Matched version: v2 {{(pid=99589) process_request /opt/stack/glance/glance/api/middleware/version_negotiation.py:69}}
Jul 03 02:46:38.612116 np0000004355 devstack@g-api.service[99589]: DEBUG glance.api.middleware.version_negotiation [None req-afa4b303-d142-4d75-9b9d-941a5d74fc6c tempest-TestVolumeBackupRestore-1190829677 tempest-TestVolumeBackupRestore-1190829677-project-member] new path /v2/schemas/image {{(pid=99589) process_request /opt/stack/glance/glance/api/middleware/version_negotiation.py:70}}
Jul 03 02:46:38.614770 np0000004355 devstack@g-api.service[99589]: [pid: 99589|app: 0|req: 149/412] 127.0.0.1 () {44 vars in 1055 bytes} [Fri Jul 3 02:46:38 2026] GET /v2/schemas/image => generated 6083 bytes in 3 msecs (HTTP/1.1 200) 4 headers in 158 bytes (1 switches on core 0)
Jul 03 02:46:38.984070 np0000004355 devstack@g-api.service[99590]: DEBUG glance.api.middleware.version_negotiation [None req-afa4b303-d142-4d75-9b9d-941a5d74fc6c tempest-TestVolumeBackupRestore-1190829677 tempest-TestVolumeBackupRestore-1190829677-project-member] Determining version of request: DELETE /v2/images/f573c5d3-d963-468e-9724-9defef655033 Accept: */* {{(pid=99590) process_request /opt/stack/glance/glance/api/middleware/version_negotiation.py:44}}
Jul 03 02:46:38.984253 np0000004355 devstack@g-api.service[99590]: DEBUG glance.api.middleware.version_negotiation [None req-afa4b303-d142-4d75-9b9d-941a5d74fc6c tempest-TestVolumeBackupRestore-1190829677 tempest-TestVolumeBackupRestore-1190829677-project-member] Using url versioning {{(pid=99590) process_request /opt/stack/glance/glance/api/middleware/version_negotiation.py:57}}
Jul 03 02:46:38.984438 np0000004355 devstack@g-api.service[99590]: DEBUG glance.api.middleware.version_negotiation [None req-afa4b303-d142-4d75-9b9d-941a5d74fc6c tempest-TestVolumeBackupRestore-1190829677 tempest-TestVolumeBackupRestore-1190829677-project-member] Matched version: v2 {{(pid=99590) process_request /opt/stack/glance/glance/api/middleware/version_negotiation.py:69}}
Jul 03 02:46:38.984570 np0000004355 devstack@g-api.service[99590]: DEBUG glance.api.middleware.version_negotiation [None req-afa4b303-d142-4d75-9b9d-941a5d74fc6c tempest-TestVolumeBackupRestore-1190829677 tempest-TestVolumeBackupRestore-1190829677-project-member] new path /v2/images/f573c5d3-d963-468e-9724-9defef655033 {{(pid=99590) process_request /opt/stack/glance/glance/api/middleware/version_negotiation.py:70}}
Jul 03 02:46:38.998158 np0000004355 devstack@g-api.service[99590]: WARNING glance.api.v2.images [None req-ab805d76-44e0-4f33-930d-d9f0cc44e2b2 tempest-AttachVolumeShelveTestJSON-1867902290 tempest-AttachVolumeShelveTestJSON-1867902290-project-member] After upload to backend, deletion of staged image data has failed because it cannot be found at /tmp/staging//f573c5d3-d963-468e-9724-9defef655033
Jul 03 02:46:38.998786 np0000004355 devstack@g-api.service[99590]: DEBUG glance_store.backend [None req-ab805d76-44e0-4f33-930d-d9f0cc44e2b2 tempest-AttachVolumeShelveTestJSON-1867902290 tempest-AttachVolumeShelveTestJSON-1867902290-project-member] Attempting to import store swift {{(pid=99590) _load_store /opt/stack/data/venv/lib/python3.12/site-packages/glance_store/backend.py:215}}
Jul 03 02:46:39.000738 np0000004355 devstack@g-api.service[99590]: DEBUG glance_store.capabilities [None req-ab805d76-44e0-4f33-930d-d9f0cc44e2b2 tempest-AttachVolumeShelveTestJSON-1867902290 tempest-AttachVolumeShelveTestJSON-1867902290-project-member] Store glance_store._drivers.swift.store.SingleTenantStore doesn't support updating dynamic storage capabilities. Please overwrite 'update_capabilities' method of the store to implement updating logics if needed. {{(pid=99590) update_capabilities /opt/stack/data/venv/lib/python3.12/site-packages/glance_store/capabilities.py:91}}
Jul 03 02:46:39.000893 np0000004355 devstack@g-api.service[99590]: DEBUG glance_store.driver [None req-ab805d76-44e0-4f33-930d-d9f0cc44e2b2 tempest-AttachVolumeShelveTestJSON-1867902290 tempest-AttachVolumeShelveTestJSON-1867902290-project-member] Late loading location class glance_store._drivers.swift.store.StoreLocation {{(pid=99590) get_store_location_class /opt/stack/data/venv/lib/python3.12/site-packages/glance_store/driver.py:134}}
Jul 03 02:46:39.001039 np0000004355 devstack@g-api.service[99590]: DEBUG glance_store.location [None req-ab805d76-44e0-4f33-930d-d9f0cc44e2b2 tempest-AttachVolumeShelveTestJSON-1867902290 tempest-AttachVolumeShelveTestJSON-1867902290-project-member] Registering scheme swift+https with {'store': , 'location_class': , 'store_entry': 'swift'} {{(pid=99590) register_scheme_map /opt/stack/data/venv/lib/python3.12/site-packages/glance_store/location.py:146}}
Jul 03 02:46:39.001164 np0000004355 devstack@g-api.service[99590]: DEBUG glance_store.location [None req-ab805d76-44e0-4f33-930d-d9f0cc44e2b2 tempest-AttachVolumeShelveTestJSON-1867902290 tempest-AttachVolumeShelveTestJSON-1867902290-project-member] Registering scheme swift+https with {'store': , 'location_class': , 'store_entry': 'swift'} {{(pid=99590) register_scheme_map /opt/stack/data/venv/lib/python3.12/site-packages/glance_store/location.py:146}}
Jul 03 02:46:39.001313 np0000004355 devstack@g-api.service[99590]: DEBUG glance_store.location [None req-ab805d76-44e0-4f33-930d-d9f0cc44e2b2 tempest-AttachVolumeShelveTestJSON-1867902290 tempest-AttachVolumeShelveTestJSON-1867902290-project-member] Registering scheme swift with {'store': , 'location_class': , 'store_entry': 'swift'} {{(pid=99590) register_scheme_map /opt/stack/data/venv/lib/python3.12/site-packages/glance_store/location.py:146}}
Jul 03 02:46:39.001430 np0000004355 devstack@g-api.service[99590]: DEBUG glance_store.location [None req-ab805d76-44e0-4f33-930d-d9f0cc44e2b2 tempest-AttachVolumeShelveTestJSON-1867902290 tempest-AttachVolumeShelveTestJSON-1867902290-project-member] Registering scheme swift+https with {'store': , 'location_class': , 'store_entry': 'swift'} {{(pid=99590) register_scheme_map /opt/stack/data/venv/lib/python3.12/site-packages/glance_store/location.py:146}}
Jul 03 02:46:39.001554 np0000004355 devstack@g-api.service[99590]: DEBUG glance_store.location [None req-ab805d76-44e0-4f33-930d-d9f0cc44e2b2 tempest-AttachVolumeShelveTestJSON-1867902290 tempest-AttachVolumeShelveTestJSON-1867902290-project-member] Registering scheme swift with {'store': , 'location_class': , 'store_entry': 'swift'} {{(pid=99590) register_scheme_map /opt/stack/data/venv/lib/python3.12/site-packages/glance_store/location.py:146}}
Jul 03 02:46:39.001692 np0000004355 devstack@g-api.service[99590]: DEBUG glance_store.location [None req-ab805d76-44e0-4f33-930d-d9f0cc44e2b2 tempest-AttachVolumeShelveTestJSON-1867902290 tempest-AttachVolumeShelveTestJSON-1867902290-project-member] Registering scheme swift+http with {'store': , 'location_class': , 'store_entry': 'swift'} {{(pid=99590) register_scheme_map /opt/stack/data/venv/lib/python3.12/site-packages/glance_store/location.py:146}}
Jul 03 02:46:39.001818 np0000004355 devstack@g-api.service[99590]: DEBUG glance_store.location [None req-ab805d76-44e0-4f33-930d-d9f0cc44e2b2 tempest-AttachVolumeShelveTestJSON-1867902290 tempest-AttachVolumeShelveTestJSON-1867902290-project-member] Registering scheme swift+https with {'store': , 'location_class': , 'store_entry': 'swift'} {{(pid=99590) register_scheme_map /opt/stack/data/venv/lib/python3.12/site-packages/glance_store/location.py:146}}
Jul 03 02:46:39.001927 np0000004355 devstack@g-api.service[99590]: DEBUG glance_store.location [None req-ab805d76-44e0-4f33-930d-d9f0cc44e2b2 tempest-AttachVolumeShelveTestJSON-1867902290 tempest-AttachVolumeShelveTestJSON-1867902290-project-member] Registering scheme swift with {'store': , 'location_class': , 'store_entry': 'swift'} {{(pid=99590) register_scheme_map /opt/stack/data/venv/lib/python3.12/site-packages/glance_store/location.py:146}}
Jul 03 02:46:39.002039 np0000004355 devstack@g-api.service[99590]: DEBUG glance_store.location [None req-ab805d76-44e0-4f33-930d-d9f0cc44e2b2 tempest-AttachVolumeShelveTestJSON-1867902290 tempest-AttachVolumeShelveTestJSON-1867902290-project-member] Registering scheme swift+http with {'store': , 'location_class': , 'store_entry': 'swift'} {{(pid=99590) register_scheme_map /opt/stack/data/venv/lib/python3.12/site-packages/glance_store/location.py:146}}
Jul 03 02:46:39.002133 np0000004355 devstack@g-api.service[99590]: DEBUG glance_store.location [None req-ab805d76-44e0-4f33-930d-d9f0cc44e2b2 tempest-AttachVolumeShelveTestJSON-1867902290 tempest-AttachVolumeShelveTestJSON-1867902290-project-member] Registering scheme swift+config with {'store': , 'location_class': , 'store_entry': 'swift'} {{(pid=99590) register_scheme_map /opt/stack/data/venv/lib/python3.12/site-packages/glance_store/location.py:146}}
Jul 03 02:46:39.002932 np0000004355 devstack@g-api.service[99590]: DEBUG keystoneclient.auth.identity.v3.base [None req-ab805d76-44e0-4f33-930d-d9f0cc44e2b2 tempest-AttachVolumeShelveTestJSON-1867902290 tempest-AttachVolumeShelveTestJSON-1867902290-project-member] Making authentication request to https://10.4.3.215/identity/v3/auth/tokens {{(pid=99590) get_auth_ref /opt/stack/data/venv/lib/python3.12/site-packages/keystoneclient/auth/identity/v3/base.py:185}}
Jul 03 02:46:39.053358 np0000004355 devstack@g-api.service[99588]: DEBUG glance.api.middleware.version_negotiation [None req-afa4b303-d142-4d75-9b9d-941a5d74fc6c tempest-TestVolumeBackupRestore-1190829677 tempest-TestVolumeBackupRestore-1190829677-project-member] Determining version of request: GET /versions Accept: */* {{(pid=99588) process_request /opt/stack/glance/glance/api/middleware/version_negotiation.py:44}}
Jul 03 02:46:39.054917 np0000004355 devstack@g-api.service[99588]: [pid: 99588|app: 0|req: 123/413] 127.0.0.1 () {44 vars in 1039 bytes} [Fri Jul 3 02:46:39 2026] GET /versions => generated 1407 bytes in 1 msecs (HTTP/1.1 200) 3 headers in 92 bytes (1 switches on core 0)
Jul 03 02:46:39.070430 np0000004355 devstack@g-api.service[99589]: DEBUG glance.api.middleware.version_negotiation [None req-afa4b303-d142-4d75-9b9d-941a5d74fc6c tempest-TestVolumeBackupRestore-1190829677 tempest-TestVolumeBackupRestore-1190829677-project-member] Determining version of request: GET /v2/images/80e7e6c7-f1b6-41da-a345-949ca6e66b4a/locations Accept: */* {{(pid=99589) process_request /opt/stack/glance/glance/api/middleware/version_negotiation.py:44}}
Jul 03 02:46:39.070563 np0000004355 devstack@g-api.service[99589]: DEBUG glance.api.middleware.version_negotiation [None req-afa4b303-d142-4d75-9b9d-941a5d74fc6c tempest-TestVolumeBackupRestore-1190829677 tempest-TestVolumeBackupRestore-1190829677-project-member] Using url versioning {{(pid=99589) process_request /opt/stack/glance/glance/api/middleware/version_negotiation.py:57}}
Jul 03 02:46:39.070714 np0000004355 devstack@g-api.service[99589]: DEBUG glance.api.middleware.version_negotiation [None req-afa4b303-d142-4d75-9b9d-941a5d74fc6c tempest-TestVolumeBackupRestore-1190829677 tempest-TestVolumeBackupRestore-1190829677-project-member] Matched version: v2 {{(pid=99589) process_request /opt/stack/glance/glance/api/middleware/version_negotiation.py:69}}
Jul 03 02:46:39.070815 np0000004355 devstack@g-api.service[99589]: DEBUG glance.api.middleware.version_negotiation [None req-afa4b303-d142-4d75-9b9d-941a5d74fc6c tempest-TestVolumeBackupRestore-1190829677 tempest-TestVolumeBackupRestore-1190829677-project-member] new path /v2/images/80e7e6c7-f1b6-41da-a345-949ca6e66b4a/locations {{(pid=99589) process_request /opt/stack/glance/glance/api/middleware/version_negotiation.py:70}}
Jul 03 02:46:39.077001 np0000004355 devstack@g-api.service[99590]: DEBUG keystoneclient.auth.identity.v3.base [None req-ab805d76-44e0-4f33-930d-d9f0cc44e2b2 tempest-AttachVolumeShelveTestJSON-1867902290 tempest-AttachVolumeShelveTestJSON-1867902290-project-member] {"token": {"methods": ["password"], "user": {"domain": {"id": "default", "name": "Default"}, "id": "f3d21eba6ccc4ca3b3ccf1daad22ec5b", "name": "glance-swift", "password_expires_at": null}, "audit_ids": ["cHRg23A8S4q9DZwRPLcgIg"], "expires_at": "2026-07-03T03:46:39.000000Z", "issued_at": "2026-07-03T02:46:39.000000Z", "project": {"domain": {"id": "default", "name": "Default"}, "id": "0c3bbb17674b4b0f8dd5e7fa497500ca", "name": "service"}, "is_domain": false, "roles": [{"id": "5280d722fa974327bc3eef3cfc068924", "name": "ResellerAdmin"}, {"id": "ff96aac442bf4b7585d91b4fb5bd95bf", "name": "service"}], "catalog": [{"endpoints": [{"id": "e32ecd3bd759491c9e838b3378dcbce9", "interface": "public", "region_id": "RegionOne", "url": "https://10.4.3.215/identity", "region": "RegionOne"}], "id": "8de3e23a5cc74a46a90536d1b31f2856", "type": "identity", "name": "keystone"}, {"endpoints": [{"id": "1cb5e398c3ba41e4bea73781e89f2d59", "interface": "public", "region_id": "RegionOne", "url": "https://10.4.3.215/placement", "region": "RegionOne"}], "id": "90a2a1bce48b4b74848f26aef277e6d1", "type": "placement", "name": "placement"}, {"endpoints": [{"id": "813640e30fba442d908071554391abaf", "interface": "admin", "region_id": "RegionOne", "url": "https://10.4.3.215:8080", "region": "RegionOne"}, {"id": "d8b11fca265244c78a0cd39acc152944", "interface": "public", "region_id": "RegionOne", "url": "https://10.4.3.215:8080/v1/AUTH_0c3bbb17674b4b0f8dd5e7fa497500ca", "region": "RegionOne"}], "id": "99f911ed728b4932b7f10023526c3345", "type": "object-store", "name": "swift"}, {"endpoints": [{"id": "289d2bc71f15485da0d53bd51f12a715", "interface": "public", "region_id": "RegionOne", "url": "https://10.4.3.215/compute/v2/0c3bbb17674b4b0f8dd5e7fa497500ca", "region": "RegionOne"}], "id": "a7e078d1d3cf46eba6c0ba112551560d", "type": "compute_legacy", "name": "nova_legacy"}, {"endpoints": [{"id": "d309a21a6bef4f7993be8d1d310bbbf4", "interface": "public", "region_id": "RegionOne", "url": "https://10.4.3.215/image", "region": "RegionOne"}], "id": "b58ddeafa0234b31829e54dc69fb1f1e", "type": "image", "name": "glance"}, {"endpoints": [{"id": "e4e0eb296d574bfba629771773e0c696", "interface": "public", "region_id": "RegionOne", "url": "https://10.4.3.215/networking", "region": "RegionOne"}], "id": "c187000cd8694b6cb2d3537ab3e0cd13", "type": "network", "name": "neutron"}, {"endpoints": [{"id": "79d6b65979bf47749ff51b357ac4d521", "interface": "public", "region_id": "RegionOne", "url": "https://10.4.3.215/volume/v3", "region": "RegionOne"}], "id": "e6a4e42d18af41a99098cc5f015503b2", "type": "block-storage", "name": "cinder"}, {"endpoints": [{"id": "9df8a7aea007483ca86e825f66ac7b9b", "interface": "public", "region_id": "RegionOne", "url": "https://10.4.3.215/compute/v2.1", "region": "RegionOne"}], "id": "e89cac7abc42463ca48856ce57f3310f", "type": "compute", "name": "nova"}]}} {{(pid=99590) get_auth_ref /opt/stack/data/venv/lib/python3.12/site-packages/keystoneclient/auth/identity/v3/base.py:190}}
Jul 03 02:46:39.077476 np0000004355 devstack@g-api.service[99590]: DEBUG keystoneclient.httpclient [None req-ab805d76-44e0-4f33-930d-d9f0cc44e2b2 tempest-AttachVolumeShelveTestJSON-1867902290 tempest-AttachVolumeShelveTestJSON-1867902290-project-member] Failed to find endpoint for management url admin endpoint for identity service not found {{(pid=99590) _process_management_url /opt/stack/data/venv/lib/python3.12/site-packages/keystoneclient/httpclient.py:670}}
Jul 03 02:46:39.082942 np0000004355 devstack@g-api.service[99589]: DEBUG dbcounter [-] [99589] Writing DB stats glance:SELECT=2 {{(pid=99589) stat_writer /opt/stack/data/venv/lib/python3.12/site-packages/dbcounter.py:115}}
Jul 03 02:46:39.117372 np0000004355 devstack@g-api.service[99589]: [pid: 99589|app: 0|req: 150/414] 127.0.0.1 () {44 vars in 1135 bytes} [Fri Jul 3 02:46:39 2026] GET /v2/images/80e7e6c7-f1b6-41da-a345-949ca6e66b4a/locations => generated 92 bytes in 47 msecs (HTTP/1.1 200) 4 headers in 156 bytes (1 switches on core 0)
Jul 03 02:46:39.129044 np0000004355 devstack@g-api.service[99588]: DEBUG glance.api.middleware.version_negotiation [None req-afa4b303-d142-4d75-9b9d-941a5d74fc6c tempest-TestVolumeBackupRestore-1190829677 tempest-TestVolumeBackupRestore-1190829677-project-member] Determining version of request: GET /v2/images/80e7e6c7-f1b6-41da-a345-949ca6e66b4a Accept: */* {{(pid=99588) process_request /opt/stack/glance/glance/api/middleware/version_negotiation.py:44}}
Jul 03 02:46:39.129176 np0000004355 devstack@g-api.service[99588]: DEBUG glance.api.middleware.version_negotiation [None req-afa4b303-d142-4d75-9b9d-941a5d74fc6c tempest-TestVolumeBackupRestore-1190829677 tempest-TestVolumeBackupRestore-1190829677-project-member] Using url versioning {{(pid=99588) process_request /opt/stack/glance/glance/api/middleware/version_negotiation.py:57}}
Jul 03 02:46:39.129346 np0000004355 devstack@g-api.service[99588]: DEBUG glance.api.middleware.version_negotiation [None req-afa4b303-d142-4d75-9b9d-941a5d74fc6c tempest-TestVolumeBackupRestore-1190829677 tempest-TestVolumeBackupRestore-1190829677-project-member] Matched version: v2 {{(pid=99588) process_request /opt/stack/glance/glance/api/middleware/version_negotiation.py:69}}
Jul 03 02:46:39.129475 np0000004355 devstack@g-api.service[99588]: DEBUG glance.api.middleware.version_negotiation [None req-afa4b303-d142-4d75-9b9d-941a5d74fc6c tempest-TestVolumeBackupRestore-1190829677 tempest-TestVolumeBackupRestore-1190829677-project-member] new path /v2/images/80e7e6c7-f1b6-41da-a345-949ca6e66b4a {{(pid=99588) process_request /opt/stack/glance/glance/api/middleware/version_negotiation.py:70}}
Jul 03 02:46:39.153534 np0000004355 devstack@g-api.service[99588]: [pid: 99588|app: 0|req: 124/415] 127.0.0.1 () {44 vars in 1115 bytes} [Fri Jul 3 02:46:39 2026] GET /v2/images/80e7e6c7-f1b6-41da-a345-949ca6e66b4a => generated 1044 bytes in 25 msecs (HTTP/1.1 200) 4 headers in 158 bytes (1 switches on core 0)
Jul 03 02:46:39.160948 np0000004355 devstack@g-api.service[99589]: DEBUG glance.api.middleware.version_negotiation [None req-afa4b303-d142-4d75-9b9d-941a5d74fc6c service glance] Determining version of request: GET /v2/schemas/image Accept: */* {{(pid=99589) process_request /opt/stack/glance/glance/api/middleware/version_negotiation.py:44}}
Jul 03 02:46:39.161078 np0000004355 devstack@g-api.service[99589]: DEBUG glance.api.middleware.version_negotiation [None req-afa4b303-d142-4d75-9b9d-941a5d74fc6c service glance] Using url versioning {{(pid=99589) process_request /opt/stack/glance/glance/api/middleware/version_negotiation.py:57}}
Jul 03 02:46:39.161200 np0000004355 devstack@g-api.service[99589]: DEBUG glance.api.middleware.version_negotiation [None req-afa4b303-d142-4d75-9b9d-941a5d74fc6c service glance] Matched version: v2 {{(pid=99589) process_request /opt/stack/glance/glance/api/middleware/version_negotiation.py:69}}
Jul 03 02:46:39.161308 np0000004355 devstack@g-api.service[99589]: DEBUG glance.api.middleware.version_negotiation [None req-afa4b303-d142-4d75-9b9d-941a5d74fc6c service glance] new path /v2/schemas/image {{(pid=99589) process_request /opt/stack/glance/glance/api/middleware/version_negotiation.py:70}}
Jul 03 02:46:39.169260 np0000004355 devstack@g-api.service[99589]: [pid: 99589|app: 0|req: 151/416] 127.0.0.1 () {44 vars in 1055 bytes} [Fri Jul 3 02:46:39 2026] GET /v2/schemas/image => generated 6083 bytes in 8 msecs (HTTP/1.1 200) 4 headers in 158 bytes (1 switches on core 0)
Jul 03 02:46:39.184617 np0000004355 devstack@g-api.service[99588]: DEBUG glance.api.middleware.version_negotiation [None req-afa4b303-d142-4d75-9b9d-941a5d74fc6c tempest-TestVolumeBackupRestore-1190829677 tempest-TestVolumeBackupRestore-1190829677-project-member] Determining version of request: GET /v2/schemas/image Accept: */* {{(pid=99588) process_request /opt/stack/glance/glance/api/middleware/version_negotiation.py:44}}
Jul 03 02:46:39.184845 np0000004355 devstack@g-api.service[99588]: DEBUG glance.api.middleware.version_negotiation [None req-afa4b303-d142-4d75-9b9d-941a5d74fc6c tempest-TestVolumeBackupRestore-1190829677 tempest-TestVolumeBackupRestore-1190829677-project-member] Using url versioning {{(pid=99588) process_request /opt/stack/glance/glance/api/middleware/version_negotiation.py:57}}
Jul 03 02:46:39.184967 np0000004355 devstack@g-api.service[99588]: DEBUG glance.api.middleware.version_negotiation [None req-afa4b303-d142-4d75-9b9d-941a5d74fc6c tempest-TestVolumeBackupRestore-1190829677 tempest-TestVolumeBackupRestore-1190829677-project-member] Matched version: v2 {{(pid=99588) process_request /opt/stack/glance/glance/api/middleware/version_negotiation.py:69}}
Jul 03 02:46:39.185114 np0000004355 devstack@g-api.service[99588]: DEBUG glance.api.middleware.version_negotiation [None req-afa4b303-d142-4d75-9b9d-941a5d74fc6c tempest-TestVolumeBackupRestore-1190829677 tempest-TestVolumeBackupRestore-1190829677-project-member] new path /v2/schemas/image {{(pid=99588) process_request /opt/stack/glance/glance/api/middleware/version_negotiation.py:70}}
Jul 03 02:46:39.186737 np0000004355 devstack@g-api.service[99590]: DEBUG swiftclient [None req-ab805d76-44e0-4f33-930d-d9f0cc44e2b2 tempest-AttachVolumeShelveTestJSON-1867902290 tempest-AttachVolumeShelveTestJSON-1867902290-project-member] REQ: curl -i https://10.4.3.215:8080/v1/AUTH_0c3bbb17674b4b0f8dd5e7fa497500ca/glance/f573c5d3-d963-468e-9724-9defef655033 -I -H "X-Auth-Token: gAAAAABqRyKPF-OK..." {{(pid=99590) http_log /opt/stack/data/venv/lib/python3.12/site-packages/swiftclient/client.py:160}}
Jul 03 02:46:39.186902 np0000004355 devstack@g-api.service[99590]: DEBUG swiftclient [None req-ab805d76-44e0-4f33-930d-d9f0cc44e2b2 tempest-AttachVolumeShelveTestJSON-1867902290 tempest-AttachVolumeShelveTestJSON-1867902290-project-member] RESP STATUS: 200 OK {{(pid=99590) http_log /opt/stack/data/venv/lib/python3.12/site-packages/swiftclient/client.py:161}}
Jul 03 02:46:39.187130 np0000004355 devstack@g-api.service[99590]: DEBUG swiftclient [None req-ab805d76-44e0-4f33-930d-d9f0cc44e2b2 tempest-AttachVolumeShelveTestJSON-1867902290 tempest-AttachVolumeShelveTestJSON-1867902290-project-member] RESP HEADERS: {'Date': 'Fri, 03 Jul 2026 02:46:39 GMT', 'Server': 'Apache/2.4.58 (Ubuntu)', 'Content-Type': 'application/octet-stream', 'Content-Length': '53608448', 'X-Object-Manifest': 'glance/f573c5d3-d963-468e-9724-9defef655033-', 'Last-Modified': 'Fri, 03 Jul 2026 02:46:14 GMT', 'X-Timestamp': '1783046773.59188', 'Accept-Ranges': 'bytes', 'Etag': '"35390195f932be5aa4917fad20890947"', 'X-Trans-Id': 'txd07a01ae716b432ba8657-006a47228f', 'X-Openstack-Request-Id': 'txd07a01ae716b432ba8657-006a47228f', 'Connection': 'close'} {{(pid=99590) http_log /opt/stack/data/venv/lib/python3.12/site-packages/swiftclient/client.py:162}}
