Jul 28 19:29:12.850720 np0000006047 nova-scheduler[96802]: DEBUG cotyledon.oslo_config_glue [-] workarounds.disable_libvirt_livesnapshot = False {{(pid=96802) log_opt_values /opt/stack/data/venv/lib/python3.12/site-packages/oslo_config/cfg.py:3253}}
Jul 28 19:29:12.850720 np0000006047 nova-scheduler[96802]: DEBUG cotyledon.oslo_config_glue [-] workarounds.disable_rootwrap = False {{(pid=96802) log_opt_values /opt/stack/data/venv/lib/python3.12/site-packages/oslo_config/cfg.py:3253}}
Jul 28 19:29:12.850720 np0000006047 nova-scheduler[96802]: DEBUG cotyledon.oslo_config_glue [-] workarounds.enable_numa_live_migration = False {{(pid=96802) log_opt_values /opt/stack/data/venv/lib/python3.12/site-packages/oslo_config/cfg.py:3253}}
Jul 28 19:29:12.850720 np0000006047 nova-scheduler[96802]: DEBUG cotyledon.oslo_config_glue [-] workarounds.enable_qemu_monitor_announce_self = False {{(pid=96802) log_opt_values /opt/stack/data/venv/lib/python3.12/site-packages/oslo_config/cfg.py:3253}}
Jul 28 19:29:12.850720 np0000006047 nova-scheduler[96802]: DEBUG cotyledon.oslo_config_glue [-] workarounds.ensure_libvirt_rbd_instance_dir_cleanup = False {{(pid=96802) log_opt_values /opt/stack/data/venv/lib/python3.12/site-packages/oslo_config/cfg.py:3253}}
Jul 28 19:29:12.850720 np0000006047 nova-scheduler[96802]: DEBUG cotyledon.oslo_config_glue [-] workarounds.handle_virt_lifecycle_events = True {{(pid=96802) log_opt_values /opt/stack/data/venv/lib/python3.12/site-packages/oslo_config/cfg.py:3253}}
Jul 28 19:29:12.850720 np0000006047 nova-scheduler[96802]: DEBUG cotyledon.oslo_config_glue [-] workarounds.libvirt_disable_apic = False {{(pid=96802) log_opt_values /opt/stack/data/venv/lib/python3.12/site-packages/oslo_config/cfg.py:3253}}
Jul 28 19:29:12.850720 np0000006047 nova-scheduler[96802]: DEBUG cotyledon.oslo_config_glue [-] workarounds.never_download_image_if_on_rbd = False {{(pid=96802) log_opt_values /opt/stack/data/venv/lib/python3.12/site-packages/oslo_config/cfg.py:3253}}
Jul 28 19:29:12.850720 np0000006047 nova-scheduler[96802]: DEBUG cotyledon.oslo_config_glue [-] workarounds.qemu_monitor_announce_self_count = 3 {{(pid=96802) log_opt_values /opt/stack/data/venv/lib/python3.12/site-packages/oslo_config/cfg.py:3253}}
Jul 28 19:29:12.851039 np0000006047 nova-scheduler[96802]: DEBUG cotyledon.oslo_config_glue [-] workarounds.qemu_monitor_announce_self_interval = 1 {{(pid=96802) log_opt_values /opt/stack/data/venv/lib/python3.12/site-packages/oslo_config/cfg.py:3253}}
Jul 28 19:29:12.851039 np0000006047 nova-scheduler[96802]: DEBUG cotyledon.oslo_config_glue [-] workarounds.reserve_disk_resource_for_image_cache = False {{(pid=96802) log_opt_values /opt/stack/data/venv/lib/python3.12/site-packages/oslo_config/cfg.py:3253}}
Jul 28 19:29:12.851039 np0000006047 nova-scheduler[96802]: DEBUG cotyledon.oslo_config_glue [-] workarounds.skip_cpu_compare_at_startup = False {{(pid=96802) log_opt_values /opt/stack/data/venv/lib/python3.12/site-packages/oslo_config/cfg.py:3253}}
Jul 28 19:29:12.851039 np0000006047 nova-scheduler[96802]: DEBUG cotyledon.oslo_config_glue [-] workarounds.skip_cpu_compare_on_dest = False {{(pid=96802) log_opt_values /opt/stack/data/venv/lib/python3.12/site-packages/oslo_config/cfg.py:3253}}
Jul 28 19:29:12.851039 np0000006047 nova-scheduler[96802]: DEBUG cotyledon.oslo_config_glue [-] workarounds.skip_hypervisor_version_check_on_lm = False {{(pid=96802) log_opt_values /opt/stack/data/venv/lib/python3.12/site-packages/oslo_config/cfg.py:3253}}
Jul 28 19:29:12.851039 np0000006047 nova-scheduler[96802]: DEBUG cotyledon.oslo_config_glue [-] workarounds.skip_reserve_in_use_ironic_nodes = False {{(pid=96802) log_opt_values /opt/stack/data/venv/lib/python3.12/site-packages/oslo_config/cfg.py:3253}}
Jul 28 19:29:12.851039 np0000006047 nova-scheduler[96802]: DEBUG cotyledon.oslo_config_glue [-] workarounds.unified_limits_count_pcpu_as_vcpu = False {{(pid=96802) log_opt_values /opt/stack/data/venv/lib/python3.12/site-packages/oslo_config/cfg.py:3253}}
Jul 28 19:29:12.851039 np0000006047 nova-scheduler[96802]: DEBUG cotyledon.oslo_config_glue [-] workarounds.wait_for_vif_plugged_event_during_hard_reboot = [] {{(pid=96802) log_opt_values /opt/stack/data/venv/lib/python3.12/site-packages/oslo_config/cfg.py:3253}}
Jul 28 19:29:12.851333 np0000006047 nova-scheduler[96802]: DEBUG cotyledon.oslo_config_glue [-] wsgi.api_paste_config = /etc/nova/api-paste.ini {{(pid=96802) log_opt_values /opt/stack/data/venv/lib/python3.12/site-packages/oslo_config/cfg.py:3253}}
Jul 28 19:29:12.851333 np0000006047 nova-scheduler[96802]: DEBUG cotyledon.oslo_config_glue [-] wsgi.secure_proxy_ssl_header = None {{(pid=96802) log_opt_values /opt/stack/data/venv/lib/python3.12/site-packages/oslo_config/cfg.py:3253}}
Jul 28 19:29:12.851333 np0000006047 nova-scheduler[96802]: DEBUG cotyledon.oslo_config_glue [-] zvm.ca_file = None {{(pid=96802) log_opt_values /opt/stack/data/venv/lib/python3.12/site-packages/oslo_config/cfg.py:3253}}
Jul 28 19:29:12.851333 np0000006047 nova-scheduler[96802]: DEBUG cotyledon.oslo_config_glue [-] zvm.cloud_connector_url = None {{(pid=96802) log_opt_values /opt/stack/data/venv/lib/python3.12/site-packages/oslo_config/cfg.py:3253}}
Jul 28 19:29:12.851333 np0000006047 nova-scheduler[96802]: DEBUG cotyledon.oslo_config_glue [-] zvm.image_tmp_path = /opt/stack/data/nova/images {{(pid=96802) log_opt_values /opt/stack/data/venv/lib/python3.12/site-packages/oslo_config/cfg.py:3253}}
Jul 28 19:29:12.851333 np0000006047 nova-scheduler[96802]: DEBUG cotyledon.oslo_config_glue [-] zvm.reachable_timeout = 300 {{(pid=96802) log_opt_values /opt/stack/data/venv/lib/python3.12/site-packages/oslo_config/cfg.py:3253}}
Jul 28 19:29:12.851333 np0000006047 nova-scheduler[96802]: DEBUG cotyledon.oslo_config_glue [-] oslo_versionedobjects.fatal_exception_format_errors = False {{(pid=96802) log_opt_values /opt/stack/data/venv/lib/python3.12/site-packages/oslo_config/cfg.py:3253}}
Jul 28 19:29:12.851333 np0000006047 nova-scheduler[96802]: DEBUG cotyledon.oslo_config_glue [-] oslo_middleware.http_basic_auth_user_file = /etc/htpasswd {{(pid=96802) log_opt_values /opt/stack/data/venv/lib/python3.12/site-packages/oslo_config/cfg.py:3253}}
Jul 28 19:29:12.851333 np0000006047 nova-scheduler[96802]: DEBUG cotyledon.oslo_config_glue [-] oslo_messaging_metrics.metrics_buffer_size = 1000 {{(pid=96802) log_opt_values /opt/stack/data/venv/lib/python3.12/site-packages/oslo_config/cfg.py:3253}}
Jul 28 19:29:12.851612 np0000006047 nova-scheduler[96802]: DEBUG cotyledon.oslo_config_glue [-] oslo_messaging_metrics.metrics_enabled = False {{(pid=96802) log_opt_values /opt/stack/data/venv/lib/python3.12/site-packages/oslo_config/cfg.py:3253}}
Jul 28 19:29:12.851612 np0000006047 nova-scheduler[96802]: DEBUG cotyledon.oslo_config_glue [-] oslo_messaging_metrics.metrics_process_name = {{(pid=96802) log_opt_values /opt/stack/data/venv/lib/python3.12/site-packages/oslo_config/cfg.py:3253}}
Jul 28 19:29:12.851612 np0000006047 nova-scheduler[96802]: DEBUG cotyledon.oslo_config_glue [-] oslo_messaging_metrics.metrics_socket_file = /var/tmp/metrics_collector.sock {{(pid=96802) log_opt_values /opt/stack/data/venv/lib/python3.12/site-packages/oslo_config/cfg.py:3253}}
Jul 28 19:29:12.851612 np0000006047 nova-scheduler[96802]: DEBUG cotyledon.oslo_config_glue [-] oslo_messaging_metrics.metrics_thread_stop_timeout = 10 {{(pid=96802) log_opt_values /opt/stack/data/venv/lib/python3.12/site-packages/oslo_config/cfg.py:3253}}
Jul 28 19:29:12.851612 np0000006047 nova-scheduler[96802]: DEBUG cotyledon.oslo_config_glue [-] profiler.connection_string = messaging:// {{(pid=96802) log_opt_values /opt/stack/data/venv/lib/python3.12/site-packages/oslo_config/cfg.py:3253}}
Jul 28 19:29:12.851612 np0000006047 nova-scheduler[96802]: DEBUG cotyledon.oslo_config_glue [-] profiler.enabled = False {{(pid=96802) log_opt_values /opt/stack/data/venv/lib/python3.12/site-packages/oslo_config/cfg.py:3253}}
Jul 28 19:29:12.851612 np0000006047 nova-scheduler[96802]: DEBUG cotyledon.oslo_config_glue [-] profiler.es_doc_type = notification {{(pid=96802) log_opt_values /opt/stack/data/venv/lib/python3.12/site-packages/oslo_config/cfg.py:3253}}
Jul 28 19:29:12.851612 np0000006047 nova-scheduler[96802]: DEBUG cotyledon.oslo_config_glue [-] profiler.es_scroll_size = 10000 {{(pid=96802) log_opt_values /opt/stack/data/venv/lib/python3.12/site-packages/oslo_config/cfg.py:3253}}
Jul 28 19:29:12.851612 np0000006047 nova-scheduler[96802]: DEBUG cotyledon.oslo_config_glue [-] profiler.es_scroll_time = 2m {{(pid=96802) log_opt_values /opt/stack/data/venv/lib/python3.12/site-packages/oslo_config/cfg.py:3253}}
Jul 28 19:29:12.851886 np0000006047 nova-scheduler[96802]: DEBUG cotyledon.oslo_config_glue [-] profiler.filter_error_trace = False {{(pid=96802) log_opt_values /opt/stack/data/venv/lib/python3.12/site-packages/oslo_config/cfg.py:3253}}
Jul 28 19:29:12.851886 np0000006047 nova-scheduler[96802]: DEBUG cotyledon.oslo_config_glue [-] profiler.hmac_keys = **** {{(pid=96802) log_opt_values /opt/stack/data/venv/lib/python3.12/site-packages/oslo_config/cfg.py:3253}}
Jul 28 19:29:12.851886 np0000006047 nova-scheduler[96802]: DEBUG cotyledon.oslo_config_glue [-] profiler.sentinel_service_name = mymaster {{(pid=96802) log_opt_values /opt/stack/data/venv/lib/python3.12/site-packages/oslo_config/cfg.py:3253}}
Jul 28 19:29:12.851886 np0000006047 nova-scheduler[96802]: DEBUG cotyledon.oslo_config_glue [-] profiler.socket_timeout = 0.1 {{(pid=96802) log_opt_values /opt/stack/data/venv/lib/python3.12/site-packages/oslo_config/cfg.py:3253}}
Jul 28 19:29:12.851886 np0000006047 nova-scheduler[96802]: DEBUG cotyledon.oslo_config_glue [-] profiler.trace_requests = False {{(pid=96802) log_opt_values /opt/stack/data/venv/lib/python3.12/site-packages/oslo_config/cfg.py:3253}}
Jul 28 19:29:12.851886 np0000006047 nova-scheduler[96802]: DEBUG cotyledon.oslo_config_glue [-] profiler.trace_sqlalchemy = False {{(pid=96802) log_opt_values /opt/stack/data/venv/lib/python3.12/site-packages/oslo_config/cfg.py:3253}}
Jul 28 19:29:12.851886 np0000006047 nova-scheduler[96802]: DEBUG cotyledon.oslo_config_glue [-] profiler_jaeger.process_tags = {} {{(pid=96802) log_opt_values /opt/stack/data/venv/lib/python3.12/site-packages/oslo_config/cfg.py:3253}}
Jul 28 19:29:12.851886 np0000006047 nova-scheduler[96802]: DEBUG cotyledon.oslo_config_glue [-] profiler_jaeger.service_name_prefix = None {{(pid=96802) log_opt_values /opt/stack/data/venv/lib/python3.12/site-packages/oslo_config/cfg.py:3253}}
Jul 28 19:29:12.851886 np0000006047 nova-scheduler[96802]: DEBUG cotyledon.oslo_config_glue [-] profiler_otlp.service_name_prefix = None {{(pid=96802) log_opt_values /opt/stack/data/venv/lib/python3.12/site-packages/oslo_config/cfg.py:3253}}
Jul 28 19:29:12.852174 np0000006047 nova-scheduler[96802]: DEBUG cotyledon.oslo_config_glue [-] oslo_messaging_rabbit.amqp_auto_delete = False {{(pid=96802) log_opt_values /opt/stack/data/venv/lib/python3.12/site-packages/oslo_config/cfg.py:3253}}
Jul 28 19:29:12.852174 np0000006047 nova-scheduler[96802]: DEBUG cotyledon.oslo_config_glue [-] oslo_messaging_rabbit.amqp_durable_queues = False {{(pid=96802) log_opt_values /opt/stack/data/venv/lib/python3.12/site-packages/oslo_config/cfg.py:3253}}
Jul 28 19:29:12.852174 np0000006047 nova-scheduler[96802]: DEBUG cotyledon.oslo_config_glue [-] oslo_messaging_rabbit.conn_pool_min_size = 2 {{(pid=96802) log_opt_values /opt/stack/data/venv/lib/python3.12/site-packages/oslo_config/cfg.py:3253}}
Jul 28 19:29:12.852174 np0000006047 nova-scheduler[96802]: DEBUG cotyledon.oslo_config_glue [-] oslo_messaging_rabbit.conn_pool_ttl = 1200 {{(pid=96802) log_opt_values /opt/stack/data/venv/lib/python3.12/site-packages/oslo_config/cfg.py:3253}}
Jul 28 19:29:12.852174 np0000006047 nova-scheduler[96802]: DEBUG cotyledon.oslo_config_glue [-] oslo_messaging_rabbit.direct_mandatory_flag = True {{(pid=96802) log_opt_values /opt/stack/data/venv/lib/python3.12/site-packages/oslo_config/cfg.py:3253}}
Jul 28 19:29:12.852174 np0000006047 nova-scheduler[96802]: DEBUG cotyledon.oslo_config_glue [-] oslo_messaging_rabbit.enable_cancel_on_failover = False {{(pid=96802) log_opt_values /opt/stack/data/venv/lib/python3.12/site-packages/oslo_config/cfg.py:3253}}
Jul 28 19:29:12.852174 np0000006047 nova-scheduler[96802]: DEBUG cotyledon.oslo_config_glue [-] oslo_messaging_rabbit.heartbeat_rate = 3 {{(pid=96802) log_opt_values /opt/stack/data/venv/lib/python3.12/site-packages/oslo_config/cfg.py:3253}}
Jul 28 19:29:12.852174 np0000006047 nova-scheduler[96802]: DEBUG cotyledon.oslo_config_glue [-] oslo_messaging_rabbit.heartbeat_timeout_threshold = 60 {{(pid=96802) log_opt_values /opt/stack/data/venv/lib/python3.12/site-packages/oslo_config/cfg.py:3253}}
Jul 28 19:29:12.852174 np0000006047 nova-scheduler[96802]: DEBUG cotyledon.oslo_config_glue [-] oslo_messaging_rabbit.hostname = np0000006047 {{(pid=96802) log_opt_values /opt/stack/data/venv/lib/python3.12/site-packages/oslo_config/cfg.py:3253}}
Jul 28 19:29:12.852462 np0000006047 nova-scheduler[96802]: DEBUG cotyledon.oslo_config_glue [-] oslo_messaging_rabbit.kombu_compression = None {{(pid=96802) log_opt_values /opt/stack/data/venv/lib/python3.12/site-packages/oslo_config/cfg.py:3253}}
Jul 28 19:29:12.852462 np0000006047 nova-scheduler[96802]: DEBUG cotyledon.oslo_config_glue [-] oslo_messaging_rabbit.kombu_failover_strategy = round-robin {{(pid=96802) log_opt_values /opt/stack/data/venv/lib/python3.12/site-packages/oslo_config/cfg.py:3253}}
Jul 28 19:29:12.852462 np0000006047 nova-scheduler[96802]: DEBUG cotyledon.oslo_config_glue [-] oslo_messaging_rabbit.kombu_missing_consumer_retry_timeout = 60 {{(pid=96802) log_opt_values /opt/stack/data/venv/lib/python3.12/site-packages/oslo_config/cfg.py:3253}}
Jul 28 19:29:12.852462 np0000006047 nova-scheduler[96802]: DEBUG cotyledon.oslo_config_glue [-] oslo_messaging_rabbit.kombu_reconnect_delay = 1.0 {{(pid=96802) log_opt_values /opt/stack/data/venv/lib/python3.12/site-packages/oslo_config/cfg.py:3253}}
Jul 28 19:29:12.852462 np0000006047 nova-scheduler[96802]: DEBUG cotyledon.oslo_config_glue [-] oslo_messaging_rabbit.kombu_reconnect_splay = 0.0 {{(pid=96802) log_opt_values /opt/stack/data/venv/lib/python3.12/site-packages/oslo_config/cfg.py:3253}}
Jul 28 19:29:12.852462 np0000006047 nova-scheduler[96802]: DEBUG cotyledon.oslo_config_glue [-] oslo_messaging_rabbit.processname = nova-scheduler {{(pid=96802) log_opt_values /opt/stack/data/venv/lib/python3.12/site-packages/oslo_config/cfg.py:3253}}
Jul 28 19:29:12.852462 np0000006047 nova-scheduler[96802]: DEBUG cotyledon.oslo_config_glue [-] oslo_messaging_rabbit.rabbit_ha_queues = False {{(pid=96802) log_opt_values /opt/stack/data/venv/lib/python3.12/site-packages/oslo_config/cfg.py:3253}}
Jul 28 19:29:12.852462 np0000006047 nova-scheduler[96802]: DEBUG cotyledon.oslo_config_glue [-] oslo_messaging_rabbit.rabbit_interval_max = 30 {{(pid=96802) log_opt_values /opt/stack/data/venv/lib/python3.12/site-packages/oslo_config/cfg.py:3253}}
Jul 28 19:29:12.852462 np0000006047 nova-scheduler[96802]: DEBUG cotyledon.oslo_config_glue [-] oslo_messaging_rabbit.rabbit_login_method = AMQPLAIN {{(pid=96802) log_opt_values /opt/stack/data/venv/lib/python3.12/site-packages/oslo_config/cfg.py:3253}}
Jul 28 19:29:12.852727 np0000006047 nova-scheduler[96802]: DEBUG cotyledon.oslo_config_glue [-] oslo_messaging_rabbit.rabbit_qos_prefetch_count = 0 {{(pid=96802) log_opt_values /opt/stack/data/venv/lib/python3.12/site-packages/oslo_config/cfg.py:3253}}
Jul 28 19:29:12.852727 np0000006047 nova-scheduler[96802]: DEBUG cotyledon.oslo_config_glue [-] oslo_messaging_rabbit.rabbit_quorum_delivery_limit = 0 {{(pid=96802) log_opt_values /opt/stack/data/venv/lib/python3.12/site-packages/oslo_config/cfg.py:3253}}
Jul 28 19:29:12.852727 np0000006047 nova-scheduler[96802]: DEBUG cotyledon.oslo_config_glue [-] oslo_messaging_rabbit.rabbit_quorum_max_memory_bytes = 0 {{(pid=96802) log_opt_values /opt/stack/data/venv/lib/python3.12/site-packages/oslo_config/cfg.py:3253}}
Jul 28 19:29:12.852727 np0000006047 nova-scheduler[96802]: DEBUG cotyledon.oslo_config_glue [-] oslo_messaging_rabbit.rabbit_quorum_max_memory_length = 0 {{(pid=96802) log_opt_values /opt/stack/data/venv/lib/python3.12/site-packages/oslo_config/cfg.py:3253}}
Jul 28 19:29:12.852727 np0000006047 nova-scheduler[96802]: DEBUG cotyledon.oslo_config_glue [-] oslo_messaging_rabbit.rabbit_quorum_queue = False {{(pid=96802) log_opt_values /opt/stack/data/venv/lib/python3.12/site-packages/oslo_config/cfg.py:3253}}
Jul 28 19:29:12.852727 np0000006047 nova-scheduler[96802]: DEBUG cotyledon.oslo_config_glue [-] oslo_messaging_rabbit.rabbit_retry_backoff = 2 {{(pid=96802) log_opt_values /opt/stack/data/venv/lib/python3.12/site-packages/oslo_config/cfg.py:3253}}
Jul 28 19:29:12.852727 np0000006047 nova-scheduler[96802]: DEBUG cotyledon.oslo_config_glue [-] oslo_messaging_rabbit.rabbit_retry_interval = 1 {{(pid=96802) log_opt_values /opt/stack/data/venv/lib/python3.12/site-packages/oslo_config/cfg.py:3253}}
Jul 28 19:29:12.852727 np0000006047 nova-scheduler[96802]: DEBUG cotyledon.oslo_config_glue [-] oslo_messaging_rabbit.rabbit_stream_fanout = False {{(pid=96802) log_opt_values /opt/stack/data/venv/lib/python3.12/site-packages/oslo_config/cfg.py:3253}}
Jul 28 19:29:12.853284 np0000006047 nova-scheduler[96802]: DEBUG cotyledon.oslo_config_glue [-] oslo_messaging_rabbit.rabbit_transient_queues_ttl = 1800 {{(pid=96802) log_opt_values /opt/stack/data/venv/lib/python3.12/site-packages/oslo_config/cfg.py:3253}}
Jul 28 19:29:12.853284 np0000006047 nova-scheduler[96802]: DEBUG cotyledon.oslo_config_glue [-] oslo_messaging_rabbit.rabbit_transient_quorum_queue = False {{(pid=96802) log_opt_values /opt/stack/data/venv/lib/python3.12/site-packages/oslo_config/cfg.py:3253}}
Jul 28 19:29:12.853284 np0000006047 nova-scheduler[96802]: DEBUG cotyledon.oslo_config_glue [-] oslo_messaging_rabbit.rpc_conn_pool_size = 30 {{(pid=96802) log_opt_values /opt/stack/data/venv/lib/python3.12/site-packages/oslo_config/cfg.py:3253}}
Jul 28 19:29:12.853284 np0000006047 nova-scheduler[96802]: DEBUG cotyledon.oslo_config_glue [-] oslo_messaging_rabbit.ssl = False {{(pid=96802) log_opt_values /opt/stack/data/venv/lib/python3.12/site-packages/oslo_config/cfg.py:3253}}
Jul 28 19:29:12.853284 np0000006047 nova-scheduler[96802]: DEBUG cotyledon.oslo_config_glue [-] oslo_messaging_rabbit.ssl_ca_file = {{(pid=96802) log_opt_values /opt/stack/data/venv/lib/python3.12/site-packages/oslo_config/cfg.py:3253}}
Jul 28 19:29:12.853284 np0000006047 nova-scheduler[96802]: DEBUG cotyledon.oslo_config_glue [-] oslo_messaging_rabbit.ssl_cert_file = {{(pid=96802) log_opt_values /opt/stack/data/venv/lib/python3.12/site-packages/oslo_config/cfg.py:3253}}
Jul 28 19:29:12.853284 np0000006047 nova-scheduler[96802]: DEBUG cotyledon.oslo_config_glue [-] oslo_messaging_rabbit.ssl_enforce_fips_mode = False {{(pid=96802) log_opt_values /opt/stack/data/venv/lib/python3.12/site-packages/oslo_config/cfg.py:3253}}
Jul 28 19:29:12.853284 np0000006047 nova-scheduler[96802]: DEBUG cotyledon.oslo_config_glue [-] oslo_messaging_rabbit.ssl_enforce_hostname_verification = True {{(pid=96802) log_opt_values /opt/stack/data/venv/lib/python3.12/site-packages/oslo_config/cfg.py:3253}}
Jul 28 19:29:12.853284 np0000006047 nova-scheduler[96802]: DEBUG cotyledon.oslo_config_glue [-] oslo_messaging_rabbit.ssl_key_file = {{(pid=96802) log_opt_values /opt/stack/data/venv/lib/python3.12/site-packages/oslo_config/cfg.py:3253}}
Jul 28 19:29:12.853571 np0000006047 nova-scheduler[96802]: DEBUG cotyledon.oslo_config_glue [-] oslo_messaging_rabbit.ssl_version = {{(pid=96802) log_opt_values /opt/stack/data/venv/lib/python3.12/site-packages/oslo_config/cfg.py:3253}}
Jul 28 19:29:12.853571 np0000006047 nova-scheduler[96802]: DEBUG cotyledon.oslo_config_glue [-] oslo_messaging_rabbit.use_queue_manager = False {{(pid=96802) log_opt_values /opt/stack/data/venv/lib/python3.12/site-packages/oslo_config/cfg.py:3253}}
Jul 28 19:29:12.853571 np0000006047 nova-scheduler[96802]: DEBUG cotyledon.oslo_config_glue [-] oslo_messaging_notifications.driver = ['messagingv2'] {{(pid=96802) log_opt_values /opt/stack/data/venv/lib/python3.12/site-packages/oslo_config/cfg.py:3253}}
Jul 28 19:29:12.853571 np0000006047 nova-scheduler[96802]: DEBUG cotyledon.oslo_config_glue [-] oslo_messaging_notifications.retry = -1 {{(pid=96802) log_opt_values /opt/stack/data/venv/lib/python3.12/site-packages/oslo_config/cfg.py:3253}}
Jul 28 19:29:12.853571 np0000006047 nova-scheduler[96802]: DEBUG cotyledon.oslo_config_glue [-] oslo_messaging_notifications.topics = ['notifications'] {{(pid=96802) log_opt_values /opt/stack/data/venv/lib/python3.12/site-packages/oslo_config/cfg.py:3253}}
Jul 28 19:29:12.853571 np0000006047 nova-scheduler[96802]: DEBUG cotyledon.oslo_config_glue [-] oslo_messaging_notifications.transport_url = **** {{(pid=96802) log_opt_values /opt/stack/data/venv/lib/python3.12/site-packages/oslo_config/cfg.py:3253}}
Jul 28 19:29:12.853571 np0000006047 nova-scheduler[96802]: DEBUG cotyledon.oslo_config_glue [-] oslo_limit.auth_section = None {{(pid=96802) log_opt_values /opt/stack/data/venv/lib/python3.12/site-packages/oslo_config/cfg.py:3253}}
Jul 28 19:29:12.853571 np0000006047 nova-scheduler[96802]: DEBUG cotyledon.oslo_config_glue [-] oslo_limit.auth_type = None {{(pid=96802) log_opt_values /opt/stack/data/venv/lib/python3.12/site-packages/oslo_config/cfg.py:3253}}
Jul 28 19:29:12.853571 np0000006047 nova-scheduler[96802]: DEBUG cotyledon.oslo_config_glue [-] oslo_limit.cafile = None {{(pid=96802) log_opt_values /opt/stack/data/venv/lib/python3.12/site-packages/oslo_config/cfg.py:3253}}
Jul 28 19:29:12.853853 np0000006047 nova-scheduler[96802]: DEBUG cotyledon.oslo_config_glue [-] oslo_limit.certfile = None {{(pid=96802) log_opt_values /opt/stack/data/venv/lib/python3.12/site-packages/oslo_config/cfg.py:3253}}
Jul 28 19:29:12.853853 np0000006047 nova-scheduler[96802]: DEBUG cotyledon.oslo_config_glue [-] oslo_limit.collect_timing = False {{(pid=96802) log_opt_values /opt/stack/data/venv/lib/python3.12/site-packages/oslo_config/cfg.py:3253}}
Jul 28 19:29:12.853853 np0000006047 nova-scheduler[96802]: DEBUG cotyledon.oslo_config_glue [-] oslo_limit.connect_retries = None {{(pid=96802) log_opt_values /opt/stack/data/venv/lib/python3.12/site-packages/oslo_config/cfg.py:3253}}
Jul 28 19:29:12.853853 np0000006047 nova-scheduler[96802]: DEBUG cotyledon.oslo_config_glue [-] oslo_limit.connect_retry_delay = None {{(pid=96802) log_opt_values /opt/stack/data/venv/lib/python3.12/site-packages/oslo_config/cfg.py:3253}}
Jul 28 19:29:12.853853 np0000006047 nova-scheduler[96802]: DEBUG cotyledon.oslo_config_glue [-] oslo_limit.endpoint_id = None {{(pid=96802) log_opt_values /opt/stack/data/venv/lib/python3.12/site-packages/oslo_config/cfg.py:3253}}
Jul 28 19:29:12.853853 np0000006047 nova-scheduler[96802]: DEBUG cotyledon.oslo_config_glue [-] oslo_limit.endpoint_interface = public {{(pid=96802) log_opt_values /opt/stack/data/venv/lib/python3.12/site-packages/oslo_config/cfg.py:3253}}
Jul 28 19:29:12.853853 np0000006047 nova-scheduler[96802]: DEBUG cotyledon.oslo_config_glue [-] oslo_limit.endpoint_override = None {{(pid=96802) log_opt_values /opt/stack/data/venv/lib/python3.12/site-packages/oslo_config/cfg.py:3253}}
Jul 28 19:29:12.853853 np0000006047 nova-scheduler[96802]: DEBUG cotyledon.oslo_config_glue [-] oslo_limit.endpoint_region_name = None {{(pid=96802) log_opt_values /opt/stack/data/venv/lib/python3.12/site-packages/oslo_config/cfg.py:3253}}
Jul 28 19:29:12.853853 np0000006047 nova-scheduler[96802]: DEBUG cotyledon.oslo_config_glue [-] oslo_limit.endpoint_service_name = None {{(pid=96802) log_opt_values /opt/stack/data/venv/lib/python3.12/site-packages/oslo_config/cfg.py:3253}}
Jul 28 19:29:12.854194 np0000006047 nova-scheduler[96802]: DEBUG cotyledon.oslo_config_glue [-] oslo_limit.endpoint_service_type = None {{(pid=96802) log_opt_values /opt/stack/data/venv/lib/python3.12/site-packages/oslo_config/cfg.py:3253}}
Jul 28 19:29:12.854194 np0000006047 nova-scheduler[96802]: DEBUG cotyledon.oslo_config_glue [-] oslo_limit.insecure = False {{(pid=96802) log_opt_values /opt/stack/data/venv/lib/python3.12/site-packages/oslo_config/cfg.py:3253}}
Jul 28 19:29:12.854194 np0000006047 nova-scheduler[96802]: DEBUG cotyledon.oslo_config_glue [-] oslo_limit.keyfile = None {{(pid=96802) log_opt_values /opt/stack/data/venv/lib/python3.12/site-packages/oslo_config/cfg.py:3253}}
Jul 28 19:29:12.854194 np0000006047 nova-scheduler[96802]: DEBUG cotyledon.oslo_config_glue [-] oslo_limit.max_version = None {{(pid=96802) log_opt_values /opt/stack/data/venv/lib/python3.12/site-packages/oslo_config/cfg.py:3253}}
Jul 28 19:29:12.854194 np0000006047 nova-scheduler[96802]: DEBUG cotyledon.oslo_config_glue [-] oslo_limit.min_version = None {{(pid=96802) log_opt_values /opt/stack/data/venv/lib/python3.12/site-packages/oslo_config/cfg.py:3253}}
Jul 28 19:29:12.854194 np0000006047 nova-scheduler[96802]: DEBUG cotyledon.oslo_config_glue [-] oslo_limit.region_name = None {{(pid=96802) log_opt_values /opt/stack/data/venv/lib/python3.12/site-packages/oslo_config/cfg.py:3253}}
Jul 28 19:29:12.854194 np0000006047 nova-scheduler[96802]: DEBUG cotyledon.oslo_config_glue [-] oslo_limit.retriable_status_codes = None {{(pid=96802) log_opt_values /opt/stack/data/venv/lib/python3.12/site-packages/oslo_config/cfg.py:3253}}
Jul 28 19:29:12.854194 np0000006047 nova-scheduler[96802]: DEBUG cotyledon.oslo_config_glue [-] oslo_limit.service_name = None {{(pid=96802) log_opt_values /opt/stack/data/venv/lib/python3.12/site-packages/oslo_config/cfg.py:3253}}
Jul 28 19:29:12.854194 np0000006047 nova-scheduler[96802]: DEBUG cotyledon.oslo_config_glue [-] oslo_limit.service_type = None {{(pid=96802) log_opt_values /opt/stack/data/venv/lib/python3.12/site-packages/oslo_config/cfg.py:3253}}
Jul 28 19:29:12.854948 np0000006047 nova-scheduler[96802]: DEBUG cotyledon.oslo_config_glue [-] oslo_limit.split_loggers = False {{(pid=96802) log_opt_values /opt/stack/data/venv/lib/python3.12/site-packages/oslo_config/cfg.py:3253}}
Jul 28 19:29:12.854948 np0000006047 nova-scheduler[96802]: DEBUG cotyledon.oslo_config_glue [-] oslo_limit.status_code_retries = None {{(pid=96802) log_opt_values /opt/stack/data/venv/lib/python3.12/site-packages/oslo_config/cfg.py:3253}}
Jul 28 19:29:12.854948 np0000006047 nova-scheduler[96802]: DEBUG cotyledon.oslo_config_glue [-] oslo_limit.status_code_retry_delay = None {{(pid=96802) log_opt_values /opt/stack/data/venv/lib/python3.12/site-packages/oslo_config/cfg.py:3253}}
Jul 28 19:29:12.854948 np0000006047 nova-scheduler[96802]: DEBUG cotyledon.oslo_config_glue [-] oslo_limit.timeout = None {{(pid=96802) log_opt_values /opt/stack/data/venv/lib/python3.12/site-packages/oslo_config/cfg.py:3253}}
Jul 28 19:29:12.854948 np0000006047 nova-scheduler[96802]: DEBUG cotyledon.oslo_config_glue [-] oslo_limit.valid_interfaces = None {{(pid=96802) log_opt_values /opt/stack/data/venv/lib/python3.12/site-packages/oslo_config/cfg.py:3253}}
Jul 28 19:29:12.854948 np0000006047 nova-scheduler[96802]: DEBUG cotyledon.oslo_config_glue [-] oslo_limit.version = None {{(pid=96802) log_opt_values /opt/stack/data/venv/lib/python3.12/site-packages/oslo_config/cfg.py:3253}}
Jul 28 19:29:12.854948 np0000006047 nova-scheduler[96802]: DEBUG cotyledon.oslo_config_glue [-] oslo_reports.file_event_handler = None {{(pid=96802) log_opt_values /opt/stack/data/venv/lib/python3.12/site-packages/oslo_config/cfg.py:3253}}
Jul 28 19:29:12.854948 np0000006047 nova-scheduler[96802]: DEBUG cotyledon.oslo_config_glue [-] oslo_reports.file_event_handler_interval = 1 {{(pid=96802) log_opt_values /opt/stack/data/venv/lib/python3.12/site-packages/oslo_config/cfg.py:3253}}
Jul 28 19:29:12.854948 np0000006047 nova-scheduler[96802]: DEBUG cotyledon.oslo_config_glue [-] oslo_reports.log_dir = None {{(pid=96802) log_opt_values /opt/stack/data/venv/lib/python3.12/site-packages/oslo_config/cfg.py:3253}}
Jul 28 19:29:12.855262 np0000006047 nova-scheduler[96802]: DEBUG cotyledon.oslo_config_glue [-] ******************************************************************************** {{(pid=96802) log_opt_values /opt/stack/data/venv/lib/python3.12/site-packages/oslo_config/cfg.py:3260}}
Jul 28 19:29:12.855262 np0000006047 nova-scheduler[96802]: DEBUG cotyledon._service_worker [-] Run service ServiceWrapper(3) [96802] {{(pid=96802) wait_forever /opt/stack/data/venv/lib/python3.12/site-packages/cotyledon/_service_worker.py:218}}
Jul 28 19:29:12.855262 np0000006047 nova-scheduler[96802]: INFO nova.service [-] Starting scheduler node (version 33.1.0)
Jul 28 19:29:12.855359 np0000006047 nova-scheduler[96798]: DEBUG oslo_db.sqlalchemy.engines [None req-5bbf9d12-9c3c-4782-9e65-421d53ad5cbb None None] MySQL server mode set to STRICT_TRANS_TABLES,STRICT_ALL_TABLES,NO_ZERO_IN_DATE,NO_ZERO_DATE,ERROR_FOR_DIVISION_BY_ZERO,TRADITIONAL,NO_ENGINE_SUBSTITUTION {{(pid=96798) _check_effective_sql_mode /opt/stack/data/venv/lib/python3.12/site-packages/oslo_db/sqlalchemy/engines.py:325}}
Jul 28 19:29:12.855437 np0000006047 nova-scheduler[96802]: INFO dbcounter [None req-2f1b2208-f7a8-43c3-9998-5a240ad6e85c None None] Registered counter for database nova_cell0
Jul 28 19:29:12.855512 np0000006047 nova-scheduler[96798]: DEBUG dbcounter [-] [96798] Writer thread running {{(pid=96798) stat_writer /opt/stack/data/venv/lib/python3.12/site-packages/dbcounter.py:102}}
Jul 28 19:29:12.855554 np0000006047 nova-scheduler[96796]: DEBUG nova.service [None req-864de863-78dd-4933-8cca-bfae74cf657a None None] Creating RPC server for service: nova-scheduler on topic: scheduler {{(pid=96796) start /opt/stack/nova/nova/service.py:196}}
Jul 28 19:29:12.860765 np0000006047 nova-scheduler[96798]: DEBUG nova.service [None req-5bbf9d12-9c3c-4782-9e65-421d53ad5cbb None None] Creating RPC server for service: nova-scheduler on topic: scheduler {{(pid=96798) start /opt/stack/nova/nova/service.py:196}}
Jul 28 19:29:12.869087 np0000006047 nova-scheduler[96800]: DEBUG oslo_db.sqlalchemy.engines [None req-48ef5eda-8a31-4b7e-809a-20eea96f3c37 None None] MySQL server mode set to STRICT_TRANS_TABLES,STRICT_ALL_TABLES,NO_ZERO_IN_DATE,NO_ZERO_DATE,ERROR_FOR_DIVISION_BY_ZERO,TRADITIONAL,NO_ENGINE_SUBSTITUTION {{(pid=96800) _check_effective_sql_mode /opt/stack/data/venv/lib/python3.12/site-packages/oslo_db/sqlalchemy/engines.py:325}}
Jul 28 19:29:12.876567 np0000006047 nova-scheduler[96796]: DEBUG nova.service [None req-864de863-78dd-4933-8cca-bfae74cf657a None None] Join ServiceGroup membership for this service scheduler {{(pid=96796) start /opt/stack/nova/nova/service.py:222}}
Jul 28 19:29:12.876736 np0000006047 nova-scheduler[96796]: DEBUG nova.servicegroup.drivers.db [None req-864de863-78dd-4933-8cca-bfae74cf657a None None] DB_Driver: join new ServiceGroup member np0000006047 to the scheduler group, service = {{(pid=96796) join /opt/stack/nova/nova/servicegroup/drivers/db.py:44}}
Jul 28 19:29:12.880368 np0000006047 nova-scheduler[96800]: DEBUG dbcounter [-] [96800] Writer thread running {{(pid=96800) stat_writer /opt/stack/data/venv/lib/python3.12/site-packages/dbcounter.py:102}}
Jul 28 19:29:12.881532 np0000006047 nova-scheduler[96798]: DEBUG nova.service [None req-5bbf9d12-9c3c-4782-9e65-421d53ad5cbb None None] Join ServiceGroup membership for this service scheduler {{(pid=96798) start /opt/stack/nova/nova/service.py:222}}
Jul 28 19:29:12.881804 np0000006047 nova-scheduler[96798]: DEBUG nova.servicegroup.drivers.db [None req-5bbf9d12-9c3c-4782-9e65-421d53ad5cbb None None] DB_Driver: join new ServiceGroup member np0000006047 to the scheduler group, service = {{(pid=96798) join /opt/stack/nova/nova/servicegroup/drivers/db.py:44}}
Jul 28 19:29:12.883837 np0000006047 nova-scheduler[96800]: DEBUG nova.service [None req-48ef5eda-8a31-4b7e-809a-20eea96f3c37 None None] Creating RPC server for service: nova-scheduler on topic: scheduler {{(pid=96800) start /opt/stack/nova/nova/service.py:196}}
Jul 28 19:29:12.886384 np0000006047 nova-scheduler[96802]: DEBUG oslo_db.sqlalchemy.engines [None req-2f1b2208-f7a8-43c3-9998-5a240ad6e85c None None] MySQL server mode set to STRICT_TRANS_TABLES,STRICT_ALL_TABLES,NO_ZERO_IN_DATE,NO_ZERO_DATE,ERROR_FOR_DIVISION_BY_ZERO,TRADITIONAL,NO_ENGINE_SUBSTITUTION {{(pid=96802) _check_effective_sql_mode /opt/stack/data/venv/lib/python3.12/site-packages/oslo_db/sqlalchemy/engines.py:325}}
Jul 28 19:29:12.895082 np0000006047 nova-scheduler[96802]: DEBUG dbcounter [-] [96802] Writer thread running {{(pid=96802) stat_writer /opt/stack/data/venv/lib/python3.12/site-packages/dbcounter.py:102}}
Jul 28 19:29:12.898514 np0000006047 nova-scheduler[96802]: DEBUG nova.service [None req-2f1b2208-f7a8-43c3-9998-5a240ad6e85c None None] Creating RPC server for service: nova-scheduler on topic: scheduler {{(pid=96802) start /opt/stack/nova/nova/service.py:196}}
Jul 28 19:29:12.903590 np0000006047 nova-scheduler[96800]: DEBUG nova.service [None req-48ef5eda-8a31-4b7e-809a-20eea96f3c37 None None] Join ServiceGroup membership for this service scheduler {{(pid=96800) start /opt/stack/nova/nova/service.py:222}}
Jul 28 19:29:12.903799 np0000006047 nova-scheduler[96800]: DEBUG nova.servicegroup.drivers.db [None req-48ef5eda-8a31-4b7e-809a-20eea96f3c37 None None] DB_Driver: join new ServiceGroup member np0000006047 to the scheduler group, service = {{(pid=96800) join /opt/stack/nova/nova/servicegroup/drivers/db.py:44}}
Jul 28 19:29:12.914201 np0000006047 nova-scheduler[96802]: DEBUG nova.service [None req-2f1b2208-f7a8-43c3-9998-5a240ad6e85c None None] Join ServiceGroup membership for this service scheduler {{(pid=96802) start /opt/stack/nova/nova/service.py:222}}
Jul 28 19:29:12.914434 np0000006047 nova-scheduler[96802]: DEBUG nova.servicegroup.drivers.db [None req-2f1b2208-f7a8-43c3-9998-5a240ad6e85c None None] DB_Driver: join new ServiceGroup member np0000006047 to the scheduler group, service = {{(pid=96802) join /opt/stack/nova/nova/servicegroup/drivers/db.py:44}}
Jul 28 19:29:15.883987 np0000006047 nova-scheduler[96798]: DEBUG oslo.service.backend._threading.loopingcall [None req-b135aef5-f33d-407f-8688-53c2f359bf6a None None] Dynamic interval looping call 'nova.service.Service.periodic_tasks' sleeping for 60.00 seconds {{(pid=96798) _run_loop /opt/stack/data/venv/lib/python3.12/site-packages/oslo_service/backend/_threading/loopingcall.py:125}}
Jul 28 19:29:17.894158 np0000006047 nova-scheduler[96796]: DEBUG oslo.service.backend._threading.loopingcall [-] Fixed interval looping call 'nova.servicegroup.drivers.db.DbDriver._report_state' sleeping for 119.98 seconds {{(pid=96796) _run_loop /opt/stack/data/venv/lib/python3.12/site-packages/oslo_service/backend/_threading/loopingcall.py:125}}
Jul 28 19:29:17.894562 np0000006047 nova-scheduler[96798]: DEBUG oslo.service.backend._threading.loopingcall [-] Fixed interval looping call 'nova.servicegroup.drivers.db.DbDriver._report_state' sleeping for 119.99 seconds {{(pid=96798) _run_loop /opt/stack/data/venv/lib/python3.12/site-packages/oslo_service/backend/_threading/loopingcall.py:125}}
Jul 28 19:29:17.913230 np0000006047 nova-scheduler[96800]: DEBUG oslo.service.backend._threading.loopingcall [-] Fixed interval looping call 'nova.servicegroup.drivers.db.DbDriver._report_state' sleeping for 119.99 seconds {{(pid=96800) _run_loop /opt/stack/data/venv/lib/python3.12/site-packages/oslo_service/backend/_threading/loopingcall.py:125}}
Jul 28 19:29:17.923682 np0000006047 nova-scheduler[96802]: DEBUG oslo.service.backend._threading.loopingcall [-] Fixed interval looping call 'nova.servicegroup.drivers.db.DbDriver._report_state' sleeping for 119.99 seconds {{(pid=96802) _run_loop /opt/stack/data/venv/lib/python3.12/site-packages/oslo_service/backend/_threading/loopingcall.py:125}}
Jul 28 19:29:21.418906 np0000006047 nova-scheduler[95520]: DEBUG dbcounter [-] [95520] Writing DB stats nova_api:SELECT=3 {{(pid=95520) stat_writer /opt/stack/data/venv/lib/python3.12/site-packages/dbcounter.py:115}}
Jul 28 19:29:21.545610 np0000006047 nova-scheduler[95520]: DEBUG dbcounter [-] [95520] Writing DB stats nova_cell0:SELECT=1 {{(pid=95520) stat_writer /opt/stack/data/venv/lib/python3.12/site-packages/dbcounter.py:115}}
Jul 28 19:29:21.550434 np0000006047 nova-scheduler[95520]: DEBUG dbcounter [-] [95520] Writing DB stats nova_cell1:SELECT=1 {{(pid=95520) stat_writer /opt/stack/data/venv/lib/python3.12/site-packages/dbcounter.py:115}}
Jul 28 19:29:26.916507 np0000006047 nova-scheduler[96802]: DEBUG oslo.service.backend._threading.loopingcall [None req-a007de54-63a7-43d6-b337-470ce74217f0 None None] Dynamic interval looping call 'nova.service.Service.periodic_tasks' sleeping for 60.00 seconds {{(pid=96802) _run_loop /opt/stack/data/venv/lib/python3.12/site-packages/oslo_service/backend/_threading/loopingcall.py:125}}
Jul 28 19:29:27.887041 np0000006047 nova-scheduler[96796]: DEBUG dbcounter [-] [96796] Writing DB stats nova_cell0:SELECT=4,nova_cell0:INSERT=1,nova_cell0:UPDATE=1 {{(pid=96796) stat_writer /opt/stack/data/venv/lib/python3.12/site-packages/dbcounter.py:115}}
Jul 28 19:29:27.892818 np0000006047 nova-scheduler[96798]: DEBUG dbcounter [-] [96798] Writing DB stats nova_cell0:SELECT=5,nova_cell0:INSERT=1,nova_cell0:UPDATE=1 {{(pid=96798) stat_writer /opt/stack/data/venv/lib/python3.12/site-packages/dbcounter.py:115}}
Jul 28 19:29:27.910939 np0000006047 nova-scheduler[96800]: DEBUG dbcounter [-] [96800] Writing DB stats nova_cell0:SELECT=3 {{(pid=96800) stat_writer /opt/stack/data/venv/lib/python3.12/site-packages/dbcounter.py:115}}
Jul 28 19:29:27.921424 np0000006047 nova-scheduler[96802]: DEBUG dbcounter [-] [96802] Writing DB stats nova_cell0:SELECT=3 {{(pid=96802) stat_writer /opt/stack/data/venv/lib/python3.12/site-packages/dbcounter.py:115}}
Jul 28 19:29:29.905677 np0000006047 nova-scheduler[96800]: DEBUG oslo.service.backend._threading.loopingcall [None req-f471d364-184a-440a-a8f3-0c633cef85e6 None None] Dynamic interval looping call 'nova.service.Service.periodic_tasks' sleeping for 60.00 seconds {{(pid=96800) _run_loop /opt/stack/data/venv/lib/python3.12/site-packages/oslo_service/backend/_threading/loopingcall.py:125}}
Jul 28 19:29:53.878343 np0000006047 nova-scheduler[96796]: DEBUG oslo.service.backend._threading.loopingcall [None req-c3053814-f1bc-40b9-b8df-bcad84267a0e None None] Dynamic interval looping call 'nova.service.Service.periodic_tasks' sleeping for 60.00 seconds {{(pid=96796) _run_loop /opt/stack/data/venv/lib/python3.12/site-packages/oslo_service/backend/_threading/loopingcall.py:125}}
Jul 28 19:30:15.884640 np0000006047 nova-scheduler[96798]: DEBUG oslo.service.backend._threading.loopingcall [None req-b135aef5-f33d-407f-8688-53c2f359bf6a None None] Dynamic interval looping call 'nova.service.Service.periodic_tasks' sleeping for 60.00 seconds {{(pid=96798) _run_loop /opt/stack/data/venv/lib/python3.12/site-packages/oslo_service/backend/_threading/loopingcall.py:125}}
Jul 28 19:30:26.916999 np0000006047 nova-scheduler[96802]: DEBUG oslo.service.backend._threading.loopingcall [None req-a007de54-63a7-43d6-b337-470ce74217f0 None None] Dynamic interval looping call 'nova.service.Service.periodic_tasks' sleeping for 60.00 seconds {{(pid=96802) _run_loop /opt/stack/data/venv/lib/python3.12/site-packages/oslo_service/backend/_threading/loopingcall.py:125}}
Jul 28 19:30:29.906161 np0000006047 nova-scheduler[96800]: DEBUG oslo.service.backend._threading.loopingcall [None req-f471d364-184a-440a-a8f3-0c633cef85e6 None None] Dynamic interval looping call 'nova.service.Service.periodic_tasks' sleeping for 60.00 seconds {{(pid=96800) _run_loop /opt/stack/data/venv/lib/python3.12/site-packages/oslo_service/backend/_threading/loopingcall.py:125}}
Jul 28 19:30:53.878794 np0000006047 nova-scheduler[96796]: DEBUG oslo.service.backend._threading.loopingcall [None req-c3053814-f1bc-40b9-b8df-bcad84267a0e None None] Dynamic interval looping call 'nova.service.Service.periodic_tasks' sleeping for 60.00 seconds {{(pid=96796) _run_loop /opt/stack/data/venv/lib/python3.12/site-packages/oslo_service/backend/_threading/loopingcall.py:125}}
Jul 28 19:31:15.885194 np0000006047 nova-scheduler[96798]: DEBUG oslo.service.backend._threading.loopingcall [None req-b135aef5-f33d-407f-8688-53c2f359bf6a None None] Dynamic interval looping call 'nova.service.Service.periodic_tasks' sleeping for 60.00 seconds {{(pid=96798) _run_loop /opt/stack/data/venv/lib/python3.12/site-packages/oslo_service/backend/_threading/loopingcall.py:125}}
Jul 28 19:31:17.882292 np0000006047 nova-scheduler[96796]: DEBUG oslo.service.backend._threading.loopingcall [-] Fixed interval looping call 'nova.servicegroup.drivers.db.DbDriver._report_state' sleeping for 119.99 seconds {{(pid=96796) _run_loop /opt/stack/data/venv/lib/python3.12/site-packages/oslo_service/backend/_threading/loopingcall.py:125}}
Jul 28 19:31:17.888053 np0000006047 nova-scheduler[96798]: DEBUG oslo.service.backend._threading.loopingcall [-] Fixed interval looping call 'nova.servicegroup.drivers.db.DbDriver._report_state' sleeping for 120.00 seconds {{(pid=96798) _run_loop /opt/stack/data/venv/lib/python3.12/site-packages/oslo_service/backend/_threading/loopingcall.py:125}}
Jul 28 19:31:17.906702 np0000006047 nova-scheduler[96800]: DEBUG oslo.service.backend._threading.loopingcall [-] Fixed interval looping call 'nova.servicegroup.drivers.db.DbDriver._report_state' sleeping for 120.00 seconds {{(pid=96800) _run_loop /opt/stack/data/venv/lib/python3.12/site-packages/oslo_service/backend/_threading/loopingcall.py:125}}
Jul 28 19:31:17.919386 np0000006047 nova-scheduler[96802]: DEBUG oslo.service.backend._threading.loopingcall [-] Fixed interval looping call 'nova.servicegroup.drivers.db.DbDriver._report_state' sleeping for 119.99 seconds {{(pid=96802) _run_loop /opt/stack/data/venv/lib/python3.12/site-packages/oslo_service/backend/_threading/loopingcall.py:125}}
Jul 28 19:31:26.917444 np0000006047 nova-scheduler[96802]: DEBUG oslo.service.backend._threading.loopingcall [None req-a007de54-63a7-43d6-b337-470ce74217f0 None None] Dynamic interval looping call 'nova.service.Service.periodic_tasks' sleeping for 60.00 seconds {{(pid=96802) _run_loop /opt/stack/data/venv/lib/python3.12/site-packages/oslo_service/backend/_threading/loopingcall.py:125}}
Jul 28 19:31:27.878223 np0000006047 nova-scheduler[96796]: DEBUG dbcounter [-] [96796] Writing DB stats nova_cell0:SELECT=1,nova_cell0:UPDATE=1 {{(pid=96796) stat_writer /opt/stack/data/venv/lib/python3.12/site-packages/dbcounter.py:115}}
Jul 28 19:31:27.886514 np0000006047 nova-scheduler[96798]: DEBUG dbcounter [-] [96798] Writing DB stats nova_cell0:SELECT=1 {{(pid=96798) stat_writer /opt/stack/data/venv/lib/python3.12/site-packages/dbcounter.py:115}}
Jul 28 19:31:27.905024 np0000006047 nova-scheduler[96800]: DEBUG dbcounter [-] [96800] Writing DB stats nova_cell0:SELECT=1 {{(pid=96800) stat_writer /opt/stack/data/venv/lib/python3.12/site-packages/dbcounter.py:115}}
Jul 28 19:31:27.918849 np0000006047 nova-scheduler[96802]: DEBUG dbcounter [-] [96802] Writing DB stats nova_cell0:SELECT=1 {{(pid=96802) stat_writer /opt/stack/data/venv/lib/python3.12/site-packages/dbcounter.py:115}}
Jul 28 19:31:29.906593 np0000006047 nova-scheduler[96800]: DEBUG oslo.service.backend._threading.loopingcall [None req-f471d364-184a-440a-a8f3-0c633cef85e6 None None] Dynamic interval looping call 'nova.service.Service.periodic_tasks' sleeping for 60.00 seconds {{(pid=96800) _run_loop /opt/stack/data/venv/lib/python3.12/site-packages/oslo_service/backend/_threading/loopingcall.py:125}}
Jul 28 19:31:31.162970 np0000006047 nova-scheduler[96796]: DEBUG nova.scheduler.manager [None req-39365f8e-b6a2-4db7-ba95-5bb183df829b tempest-ServerBootFromVolumeStableRescueTest-1788576248 tempest-ServerBootFromVolumeStableRescueTest-1788576248-project-member] Starting to schedule for instances: ['4b5e764b-6efd-4066-9ef3-bcce380473af'] {{(pid=96796) select_destinations /opt/stack/nova/nova/scheduler/manager.py:209}}
Jul 28 19:31:31.168434 np0000006047 nova-scheduler[96796]: DEBUG nova.scheduler.request_filter [None req-39365f8e-b6a2-4db7-ba95-5bb183df829b tempest-ServerBootFromVolumeStableRescueTest-1788576248 tempest-ServerBootFromVolumeStableRescueTest-1788576248-project-member] compute_status_filter request filter added forbidden trait COMPUTE_STATUS_DISABLED {{(pid=96796) compute_status_filter /opt/stack/nova/nova/scheduler/request_filter.py:253}}
Jul 28 19:31:31.168870 np0000006047 nova-scheduler[96796]: DEBUG nova.scheduler.request_filter [None req-39365f8e-b6a2-4db7-ba95-5bb183df829b tempest-ServerBootFromVolumeStableRescueTest-1788576248 tempest-ServerBootFromVolumeStableRescueTest-1788576248-project-member] Request filter 'compute_status_filter' took 0.0 seconds {{(pid=96796) wrapper /opt/stack/nova/nova/scheduler/request_filter.py:46}}
Jul 28 19:31:31.169104 np0000006047 nova-scheduler[96796]: DEBUG nova.scheduler.request_filter [None req-39365f8e-b6a2-4db7-ba95-5bb183df829b tempest-ServerBootFromVolumeStableRescueTest-1788576248 tempest-ServerBootFromVolumeStableRescueTest-1788576248-project-member] Request filter 'accelerators_filter' took 0.0 seconds {{(pid=96796) wrapper /opt/stack/nova/nova/scheduler/request_filter.py:46}}
Jul 28 19:31:31.169310 np0000006047 nova-scheduler[96796]: DEBUG nova.scheduler.request_filter [None req-39365f8e-b6a2-4db7-ba95-5bb183df829b tempest-ServerBootFromVolumeStableRescueTest-1788576248 tempest-ServerBootFromVolumeStableRescueTest-1788576248-project-member] Request filter 'packed_virtqueue_filter' took 0.0 seconds {{(pid=96796) wrapper /opt/stack/nova/nova/scheduler/request_filter.py:46}}
Jul 28 19:31:31.169598 np0000006047 nova-scheduler[96796]: DEBUG nova.scheduler.request_filter [None req-39365f8e-b6a2-4db7-ba95-5bb183df829b tempest-ServerBootFromVolumeStableRescueTest-1788576248 tempest-ServerBootFromVolumeStableRescueTest-1788576248-project-member] Request filter 'remote_managed_ports_filter' took 0.0 seconds {{(pid=96796) wrapper /opt/stack/nova/nova/scheduler/request_filter.py:46}}
Jul 28 19:31:31.169737 np0000006047 nova-scheduler[96796]: DEBUG nova.scheduler.request_filter [None req-39365f8e-b6a2-4db7-ba95-5bb183df829b tempest-ServerBootFromVolumeStableRescueTest-1788576248 tempest-ServerBootFromVolumeStableRescueTest-1788576248-project-member] ephemeral_encryption_filter skipped {{(pid=96796) ephemeral_encryption_filter /opt/stack/nova/nova/scheduler/request_filter.py:426}}
Jul 28 19:31:31.169868 np0000006047 nova-scheduler[96796]: DEBUG nova.scheduler.request_filter [None req-39365f8e-b6a2-4db7-ba95-5bb183df829b tempest-ServerBootFromVolumeStableRescueTest-1788576248 tempest-ServerBootFromVolumeStableRescueTest-1788576248-project-member] virtio_sound_filter skipped {{(pid=96796) virtio_sound_filter /opt/stack/nova/nova/scheduler/request_filter.py:460}}
Jul 28 19:31:31.169976 np0000006047 nova-scheduler[96796]: DEBUG nova.scheduler.request_filter [None req-39365f8e-b6a2-4db7-ba95-5bb183df829b tempest-ServerBootFromVolumeStableRescueTest-1788576248 tempest-ServerBootFromVolumeStableRescueTest-1788576248-project-member] tpm_secret_security_filter skipped {{(pid=96796) tpm_secret_security_filter /opt/stack/nova/nova/scheduler/request_filter.py:477}}
Jul 28 19:31:31.655415 np0000006047 nova-scheduler[96796]: INFO nova.utils [None req-39365f8e-b6a2-4db7-ba95-5bb183df829b tempest-ServerBootFromVolumeStableRescueTest-1788576248 tempest-ServerBootFromVolumeStableRescueTest-1788576248-project-member] The cell worker thread pool ForkProcess-1.cell_worker is initialized
Jul 28 19:31:31.655717 np0000006047 nova-scheduler[96796]: DEBUG oslo_concurrency.lockutils [None req-39365f8e-b6a2-4db7-ba95-5bb183df829b tempest-ServerBootFromVolumeStableRescueTest-1788576248 tempest-ServerBootFromVolumeStableRescueTest-1788576248-project-member] Acquiring lock "fe3941ca-b272-4a8a-a0e5-85b9514f58d0" by "nova.context.set_target_cell..get_or_set_cached_cell_and_set_connections" {{(pid=96796) inner /opt/stack/data/venv/lib/python3.12/site-packages/oslo_concurrency/lockutils.py:512}}
Jul 28 19:31:31.655895 np0000006047 nova-scheduler[96796]: DEBUG oslo_concurrency.lockutils [None req-39365f8e-b6a2-4db7-ba95-5bb183df829b tempest-ServerBootFromVolumeStableRescueTest-1788576248 tempest-ServerBootFromVolumeStableRescueTest-1788576248-project-member] Lock "fe3941ca-b272-4a8a-a0e5-85b9514f58d0" acquired by "nova.context.set_target_cell..get_or_set_cached_cell_and_set_connections" :: waited 0.000s {{(pid=96796) inner /opt/stack/data/venv/lib/python3.12/site-packages/oslo_concurrency/lockutils.py:525}}
Jul 28 19:31:31.657235 np0000006047 nova-scheduler[96796]: DEBUG oslo_concurrency.lockutils [None req-39365f8e-b6a2-4db7-ba95-5bb183df829b tempest-ServerBootFromVolumeStableRescueTest-1788576248 tempest-ServerBootFromVolumeStableRescueTest-1788576248-project-member] Lock "fe3941ca-b272-4a8a-a0e5-85b9514f58d0" "released" by "nova.context.set_target_cell..get_or_set_cached_cell_and_set_connections" :: held 0.001s {{(pid=96796) inner /opt/stack/data/venv/lib/python3.12/site-packages/oslo_concurrency/lockutils.py:544}}
Jul 28 19:31:31.659123 np0000006047 nova-scheduler[96796]: INFO dbcounter [None req-39365f8e-b6a2-4db7-ba95-5bb183df829b tempest-ServerBootFromVolumeStableRescueTest-1788576248 tempest-ServerBootFromVolumeStableRescueTest-1788576248-project-member] Registered counter for database nova_cell1
