Jul 28 19:28:47.880116 np0000006047 devstack@neutron-api.service[90945]: DEBUG neutron.api.extensions [None req-441c10a3-f43c-4159-93c9-000658caec59 None None] Ext name="L2 Adjacency" alias="l2_adjacency" description="Display L2 Adjacency for Neutron Networks." updated="2016-04-12T16:00:00-00:00" {{(pid=90945) _check_extension /opt/stack/neutron/neutron/api/extensions.py:415}}
Jul 28 19:28:47.880426 np0000006047 devstack@neutron-api.service[90944]: DEBUG neutron_lib.callbacks.manager [None req-27220171-704c-46eb-b58b-37299c7bfd22 None None] Subscribe: > port after_create 55550000, False {{(pid=90944) subscribe /opt/stack/data/venv/lib/python3.12/site-packages/neutron_lib/callbacks/manager.py:52}}
Jul 28 19:28:47.880720 np0000006047 devstack@neutron-api.service[90945]: INFO neutron.api.extensions [None req-441c10a3-f43c-4159-93c9-000658caec59 None None] Extension l2_adjacency not supported by any of loaded plugins
Jul 28 19:28:47.881020 np0000006047 devstack@neutron-api.service[90944]: DEBUG neutron_lib.callbacks.manager [None req-27220171-704c-46eb-b58b-37299c7bfd22 None None] Subscribe: > port after_update 55550000, False {{(pid=90944) subscribe /opt/stack/data/venv/lib/python3.12/site-packages/neutron_lib/callbacks/manager.py:52}}
Jul 28 19:28:47.881020 np0000006047 devstack@neutron-api.service[90944]: DEBUG neutron_lib.callbacks.manager [None req-27220171-704c-46eb-b58b-37299c7bfd22 None None] Subscribe: > port after_delete 55550000, False {{(pid=90944) subscribe /opt/stack/data/venv/lib/python3.12/site-packages/neutron_lib/callbacks/manager.py:52}}
Jul 28 19:28:47.881290 np0000006047 devstack@neutron-api.service[90945]: DEBUG neutron.api.extensions [None req-441c10a3-f43c-4159-93c9-000658caec59 None None] Loading extension file: l3.py {{(pid=90945) _load_all_extensions_from_path /opt/stack/neutron/neutron/api/extensions.py:449}}
Jul 28 19:28:47.881496 np0000006047 devstack@neutron-api.service[90944]: DEBUG neutron_lib.callbacks.manager [None req-27220171-704c-46eb-b58b-37299c7bfd22 None None] Subscribe: > subnet after_create 55550000, False {{(pid=90944) subscribe /opt/stack/data/venv/lib/python3.12/site-packages/neutron_lib/callbacks/manager.py:52}}
Jul 28 19:28:47.881496 np0000006047 devstack@neutron-api.service[90944]: DEBUG neutron_lib.callbacks.manager [None req-27220171-704c-46eb-b58b-37299c7bfd22 None None] Subscribe: > subnet after_update 55550000, False {{(pid=90944) subscribe /opt/stack/data/venv/lib/python3.12/site-packages/neutron_lib/callbacks/manager.py:52}}
Jul 28 19:28:47.881496 np0000006047 devstack@neutron-api.service[90944]: DEBUG neutron_lib.callbacks.manager [None req-27220171-704c-46eb-b58b-37299c7bfd22 None None] Subscribe: > subnet after_delete 55550000, False {{(pid=90944) subscribe /opt/stack/data/venv/lib/python3.12/site-packages/neutron_lib/callbacks/manager.py:52}}
Jul 28 19:28:47.881496 np0000006047 devstack@neutron-api.service[90944]: DEBUG neutron_lib.callbacks.manager [None req-27220171-704c-46eb-b58b-37299c7bfd22 None None] Subscribe: > network after_create 55550000, False {{(pid=90944) subscribe /opt/stack/data/venv/lib/python3.12/site-packages/neutron_lib/callbacks/manager.py:52}}
Jul 28 19:28:47.881693 np0000006047 devstack@neutron-api.service[90944]: DEBUG neutron_lib.callbacks.manager [None req-27220171-704c-46eb-b58b-37299c7bfd22 None None] Subscribe: > network after_update 55550000, False {{(pid=90944) subscribe /opt/stack/data/venv/lib/python3.12/site-packages/neutron_lib/callbacks/manager.py:52}}
Jul 28 19:28:47.881910 np0000006047 devstack@neutron-api.service[90945]: DEBUG neutron.api.extensions [None req-441c10a3-f43c-4159-93c9-000658caec59 None None] Ext name="Neutron L3 Router" alias="router" description="Router abstraction for basic L3 forwarding between L2 Neutron networks and access to external networks via a NAT gateway." updated="2012-07-20T10:00:00-00:00" {{(pid=90945) _check_extension /opt/stack/neutron/neutron/api/extensions.py:415}}
Jul 28 19:28:47.882105 np0000006047 devstack@neutron-api.service[90944]: DEBUG neutron_lib.callbacks.manager [None req-27220171-704c-46eb-b58b-37299c7bfd22 None None] Subscribe: > network after_delete 55550000, False {{(pid=90944) subscribe /opt/stack/data/venv/lib/python3.12/site-packages/neutron_lib/callbacks/manager.py:52}}
Jul 28 19:28:47.882105 np0000006047 devstack@neutron-api.service[90944]: DEBUG neutron_lib.callbacks.manager [None req-27220171-704c-46eb-b58b-37299c7bfd22 None None] Subscribe: > security_group after_create 55550000, False {{(pid=90944) subscribe /opt/stack/data/venv/lib/python3.12/site-packages/neutron_lib/callbacks/manager.py:52}}
Jul 28 19:28:47.882105 np0000006047 devstack@neutron-api.service[90944]: DEBUG neutron_lib.callbacks.manager [None req-27220171-704c-46eb-b58b-37299c7bfd22 None None] Subscribe: > security_group after_update 55550000, False {{(pid=90944) subscribe /opt/stack/data/venv/lib/python3.12/site-packages/neutron_lib/callbacks/manager.py:52}}
Jul 28 19:28:47.882800 np0000006047 devstack@neutron-api.service[90945]: INFO neutron.api.extensions [None req-441c10a3-f43c-4159-93c9-000658caec59 None None] Loaded extension: router
Jul 28 19:28:47.883186 np0000006047 devstack@neutron-api.service[90944]: DEBUG neutron_lib.callbacks.manager [None req-27220171-704c-46eb-b58b-37299c7bfd22 None None] Subscribe: > security_group after_delete 55550000, False {{(pid=90944) subscribe /opt/stack/data/venv/lib/python3.12/site-packages/neutron_lib/callbacks/manager.py:52}}
Jul 28 19:28:47.883470 np0000006047 devstack@neutron-api.service[90945]: DEBUG neutron.api.extensions [None req-441c10a3-f43c-4159-93c9-000658caec59 None None] Loading extension file: l3_agent_scheduler_ha_chassis_priority.py {{(pid=90945) _load_all_extensions_from_path /opt/stack/neutron/neutron/api/extensions.py:449}}
Jul 28 19:28:47.883724 np0000006047 devstack@neutron-api.service[90944]: DEBUG neutron_lib.callbacks.manager [None req-27220171-704c-46eb-b58b-37299c7bfd22 None None] Subscribe: > security_group_rule after_create 55550000, False {{(pid=90944) subscribe /opt/stack/data/venv/lib/python3.12/site-packages/neutron_lib/callbacks/manager.py:52}}
Jul 28 19:28:47.883724 np0000006047 devstack@neutron-api.service[90944]: DEBUG neutron_lib.callbacks.manager [None req-27220171-704c-46eb-b58b-37299c7bfd22 None None] Subscribe: > security_group_rule after_update 55550000, False {{(pid=90944) subscribe /opt/stack/data/venv/lib/python3.12/site-packages/neutron_lib/callbacks/manager.py:52}}
Jul 28 19:28:47.883724 np0000006047 devstack@neutron-api.service[90944]: DEBUG neutron_lib.callbacks.manager [None req-27220171-704c-46eb-b58b-37299c7bfd22 None None] Subscribe: > security_group_rule after_delete 55550000, False {{(pid=90944) subscribe /opt/stack/data/venv/lib/python3.12/site-packages/neutron_lib/callbacks/manager.py:52}}
Jul 28 19:28:47.884069 np0000006047 devstack@neutron-api.service[90945]: DEBUG neutron.api.extensions [None req-441c10a3-f43c-4159-93c9-000658caec59 None None] Ext name="L3 Agent Scheduler HA Chassis Priority" alias="l3-agent-scheduler-ha-chassis-priority" description="Exposes the HA_Chassis priority in the L3 Agent Scheduler API responses and allows setting priority when scheduling a router to a chassis." updated="2026-03-31T00:00:00-00:00" {{(pid=90945) _check_extension /opt/stack/neutron/neutron/api/extensions.py:415}}
Jul 28 19:28:47.884405 np0000006047 devstack@neutron-api.service[90944]: DEBUG neutron_lib.callbacks.manager [None req-27220171-704c-46eb-b58b-37299c7bfd22 None None] Subscribe: > address_group after_create 55550000, False {{(pid=90944) subscribe /opt/stack/data/venv/lib/python3.12/site-packages/neutron_lib/callbacks/manager.py:52}}
Jul 28 19:28:47.884405 np0000006047 devstack@neutron-api.service[90944]: DEBUG neutron_lib.callbacks.manager [None req-27220171-704c-46eb-b58b-37299c7bfd22 None None] Subscribe: > address_group after_update 55550000, False {{(pid=90944) subscribe /opt/stack/data/venv/lib/python3.12/site-packages/neutron_lib/callbacks/manager.py:52}}
Jul 28 19:28:47.884709 np0000006047 devstack@neutron-api.service[90945]: INFO neutron.api.extensions [None req-441c10a3-f43c-4159-93c9-000658caec59 None None] Loaded extension: l3-agent-scheduler-ha-chassis-priority
Jul 28 19:28:47.885011 np0000006047 devstack@neutron-api.service[90944]: DEBUG neutron_lib.callbacks.manager [None req-27220171-704c-46eb-b58b-37299c7bfd22 None None] Subscribe: > address_group after_delete 55550000, False {{(pid=90944) subscribe /opt/stack/data/venv/lib/python3.12/site-packages/neutron_lib/callbacks/manager.py:52}}
Jul 28 19:28:47.885247 np0000006047 devstack@neutron-api.service[90945]: DEBUG neutron.api.extensions [None req-441c10a3-f43c-4159-93c9-000658caec59 None None] Loading extension file: l3_conntrack_helper.py {{(pid=90945) _load_all_extensions_from_path /opt/stack/neutron/neutron/api/extensions.py:449}}
Jul 28 19:28:47.885424 np0000006047 devstack@neutron-api.service[90944]: DEBUG neutron.plugins.ml2.ovo_rpc [None req-27220171-704c-46eb-b58b-37299c7bfd22 None None] ML2 OVO RPC backend initialized. {{(pid=90944) __init__ /opt/stack/neutron/neutron/plugins/ml2/ovo_rpc.py:117}}
Jul 28 19:28:47.885644 np0000006047 devstack@neutron-api.service[90945]: DEBUG neutron.api.extensions [None req-441c10a3-f43c-4159-93c9-000658caec59 None None] Ext name="L3 Conntrack helper" alias="l3-conntrack-helper" description="Allow adding CT target rules for conntrack helper" updated="2019-04-04T10:00:00-00:00" {{(pid=90945) _check_extension /opt/stack/neutron/neutron/api/extensions.py:415}}
Jul 28 19:28:47.885961 np0000006047 devstack@neutron-api.service[90944]: INFO neutron.quota [None req-27220171-704c-46eb-b58b-37299c7bfd22 None None] Loaded quota_driver: .
Jul 28 19:28:47.886220 np0000006047 devstack@neutron-api.service[90945]: INFO neutron.api.extensions [None req-441c10a3-f43c-4159-93c9-000658caec59 None None] Extension l3-conntrack-helper not supported by any of loaded plugins
Jul 28 19:28:47.886434 np0000006047 devstack@neutron-api.service[90944]: INFO neutron.plugins.ml2.plugin [None req-27220171-704c-46eb-b58b-37299c7bfd22 None None] Modular L2 Plugin initialization complete
Jul 28 19:28:47.886737 np0000006047 devstack@neutron-api.service[90945]: DEBUG neutron.api.extensions [None req-441c10a3-f43c-4159-93c9-000658caec59 None None] Loading extension file: l3_enable_default_route_bfd.py {{(pid=90945) _load_all_extensions_from_path /opt/stack/neutron/neutron/api/extensions.py:449}}
Jul 28 19:28:47.887105 np0000006047 devstack@neutron-api.service[90944]: DEBUG neutron.manager [None req-27220171-704c-46eb-b58b-37299c7bfd22 None None] Loading services supported by the core plugin {{(pid=90944) _load_services_from_core_plugin /opt/stack/neutron/neutron/manager.py:167}}
Jul 28 19:28:47.887105 np0000006047 devstack@neutron-api.service[90944]: INFO neutron.plugins.ml2.managers [None req-27220171-704c-46eb-b58b-37299c7bfd22 None None] Got port-security extension from driver 'port_security'
Jul 28 19:28:47.887437 np0000006047 devstack@neutron-api.service[90945]: DEBUG neutron.api.extensions [None req-441c10a3-f43c-4159-93c9-000658caec59 None None] Ext name="Enable Default Route BFD" alias="enable-default-route-bfd" description="Enables configurable BFD behavior for default routes" updated="2023-02-27T00:00:00-00:00" {{(pid=90945) _check_extension /opt/stack/neutron/neutron/api/extensions.py:415}}
Jul 28 19:28:47.887437 np0000006047 devstack@neutron-api.service[90945]: INFO neutron.api.extensions [None req-441c10a3-f43c-4159-93c9-000658caec59 None None] Loaded extension: enable-default-route-bfd
Jul 28 19:28:47.887727 np0000006047 devstack@neutron-api.service[90944]: DEBUG neutron.manager [None req-27220171-704c-46eb-b58b-37299c7bfd22 None None] Loading service plugins: ['ovn-router', 'auto_allocate', 'tag', 'timestamp', 'network_ip_availability', 'flavors', 'revisions'] {{(pid=90944) _load_service_plugins /opt/stack/neutron/neutron/manager.py:192}}
Jul 28 19:28:47.888028 np0000006047 devstack@neutron-api.service[90945]: DEBUG neutron.api.extensions [None req-441c10a3-f43c-4159-93c9-000658caec59 None None] Loading extension file: l3_enable_default_route_ecmp.py {{(pid=90945) _load_all_extensions_from_path /opt/stack/neutron/neutron/api/extensions.py:449}}
Jul 28 19:28:47.888296 np0000006047 devstack@neutron-api.service[90944]: INFO neutron.manager [None req-27220171-704c-46eb-b58b-37299c7bfd22 None None] Loading Plugin: ovn-router
Jul 28 19:28:47.888546 np0000006047 devstack@neutron-api.service[90945]: DEBUG neutron.api.extensions [None req-441c10a3-f43c-4159-93c9-000658caec59 None None] Ext name="Enable Default Route ECMP" alias="enable-default-route-ecmp" description="Enables configurable ECMP behavior for default routes" updated="2023-02-27T00:00:00-00:00" {{(pid=90945) _check_extension /opt/stack/neutron/neutron/api/extensions.py:415}}
Jul 28 19:28:47.888546 np0000006047 devstack@neutron-api.service[90945]: INFO neutron.api.extensions [None req-441c10a3-f43c-4159-93c9-000658caec59 None None] Loaded extension: enable-default-route-ecmp
Jul 28 19:28:47.888546 np0000006047 devstack@neutron-api.service[90945]: DEBUG neutron.api.extensions [None req-441c10a3-f43c-4159-93c9-000658caec59 None None] Loading extension file: l3_ext_gw_mode.py {{(pid=90945) _load_all_extensions_from_path /opt/stack/neutron/neutron/api/extensions.py:449}}
Jul 28 19:28:47.888546 np0000006047 devstack@neutron-api.service[90945]: DEBUG neutron.api.extensions [None req-441c10a3-f43c-4159-93c9-000658caec59 None None] Ext name="Neutron L3 Configurable external gateway mode" alias="ext-gw-mode" description="Extension of the router abstraction for specifying whether SNAT should occur on the external gateway" updated="2013-03-28T10:00:00-00:00" {{(pid=90945) _check_extension /opt/stack/neutron/neutron/api/extensions.py:415}}
Jul 28 19:28:47.888546 np0000006047 devstack@neutron-api.service[90945]: INFO neutron.api.extensions [None req-441c10a3-f43c-4159-93c9-000658caec59 None None] Loaded extension: ext-gw-mode
Jul 28 19:28:47.888546 np0000006047 devstack@neutron-api.service[90945]: DEBUG neutron.api.extensions [None req-441c10a3-f43c-4159-93c9-000658caec59 None None] Loading extension file: l3_ext_ha_mode.py {{(pid=90945) _load_all_extensions_from_path /opt/stack/neutron/neutron/api/extensions.py:449}}
Jul 28 19:28:47.888546 np0000006047 devstack@neutron-api.service[90945]: DEBUG neutron.api.extensions [None req-441c10a3-f43c-4159-93c9-000658caec59 None None] Ext name="HA Router extension" alias="l3-ha" description="Adds HA capability to routers." updated="2014-04-26T00:00:00-00:00" {{(pid=90945) _check_extension /opt/stack/neutron/neutron/api/extensions.py:415}}
Jul 28 19:28:47.889053 np0000006047 devstack@neutron-api.service[90945]: INFO neutron.api.extensions [None req-441c10a3-f43c-4159-93c9-000658caec59 None None] Loaded extension: l3-ha
Jul 28 19:28:47.889053 np0000006047 devstack@neutron-api.service[90945]: DEBUG neutron.api.extensions [None req-441c10a3-f43c-4159-93c9-000658caec59 None None] Loading extension file: l3_ext_ndp_proxy.py {{(pid=90945) _load_all_extensions_from_path /opt/stack/neutron/neutron/api/extensions.py:449}}
Jul 28 19:28:47.889454 np0000006047 devstack@neutron-api.service[90945]: DEBUG neutron.api.extensions [None req-441c10a3-f43c-4159-93c9-000658caec59 None None] Ext name="Router support to enable NDP proxy" alias="l3-ext-ndp-proxy" description="Router extension to enable ndp proxy" updated="2020-08-25T00:00:00-00:00" {{(pid=90945) _check_extension /opt/stack/neutron/neutron/api/extensions.py:415}}
Jul 28 19:28:47.889947 np0000006047 devstack@neutron-api.service[90945]: INFO neutron.api.extensions [None req-441c10a3-f43c-4159-93c9-000658caec59 None None] Extension l3-ext-ndp-proxy not supported by any of loaded plugins
Jul 28 19:28:47.889947 np0000006047 devstack@neutron-api.service[90945]: DEBUG neutron.api.extensions [None req-441c10a3-f43c-4159-93c9-000658caec59 None None] Loading extension file: l3_extra_gws.py {{(pid=90945) _load_all_extensions_from_path /opt/stack/neutron/neutron/api/extensions.py:449}}
Jul 28 19:28:47.890272 np0000006047 devstack@neutron-api.service[90945]: DEBUG neutron.api.extensions [None req-441c10a3-f43c-4159-93c9-000658caec59 None None] Ext name="Neutron L3 External Gateway Multihoming" alias="external-gateway-multihoming" description="Allow multiple external gateway ports per router" updated="2023-01-18T00:00:00-00:00" {{(pid=90945) _check_extension /opt/stack/neutron/neutron/api/extensions.py:415}}
Jul 28 19:28:47.890499 np0000006047 devstack@neutron-api.service[90945]: INFO neutron.api.extensions [None req-441c10a3-f43c-4159-93c9-000658caec59 None None] Loaded extension: external-gateway-multihoming
Jul 28 19:28:47.890680 np0000006047 devstack@neutron-api.service[90945]: DEBUG neutron.api.extensions [None req-441c10a3-f43c-4159-93c9-000658caec59 None None] Loading extension file: l3_flavors.py {{(pid=90945) _load_all_extensions_from_path /opt/stack/neutron/neutron/api/extensions.py:449}}
Jul 28 19:28:47.891030 np0000006047 devstack@neutron-api.service[90945]: DEBUG neutron.api.extensions [None req-441c10a3-f43c-4159-93c9-000658caec59 None None] Ext name="Router Flavor Extension" alias="l3-flavors" description="Flavor support for routers." updated="2016-05-17T00:00:00-00:00" {{(pid=90945) _check_extension /opt/stack/neutron/neutron/api/extensions.py:415}}
Jul 28 19:28:47.891320 np0000006047 devstack@neutron-api.service[90945]: INFO neutron.api.extensions [None req-441c10a3-f43c-4159-93c9-000658caec59 None None] Loaded extension: l3-flavors
Jul 28 19:28:47.891442 np0000006047 devstack@neutron-api.service[90945]: DEBUG neutron.api.extensions [None req-441c10a3-f43c-4159-93c9-000658caec59 None None] Loading extension file: l3_ndp_proxy.py {{(pid=90945) _load_all_extensions_from_path /opt/stack/neutron/neutron/api/extensions.py:449}}
Jul 28 19:28:47.891919 np0000006047 devstack@neutron-api.service[90945]: DEBUG neutron.api.extensions [None req-441c10a3-f43c-4159-93c9-000658caec59 None None] Ext name="name" alias="l3-ndp-proxy" description="description" updated="2021-06-29T10:00:00-00:00" {{(pid=90945) _check_extension /opt/stack/neutron/neutron/api/extensions.py:415}}
Jul 28 19:28:47.892227 np0000006047 devstack@neutron-api.service[90945]: INFO neutron.api.extensions [None req-441c10a3-f43c-4159-93c9-000658caec59 None None] Extension l3-ndp-proxy not supported by any of loaded plugins
Jul 28 19:28:47.892227 np0000006047 devstack@neutron-api.service[90945]: DEBUG neutron.api.extensions [None req-441c10a3-f43c-4159-93c9-000658caec59 None None] Loading extension file: l3_port_ip_change_not_allowed.py {{(pid=90945) _load_all_extensions_from_path /opt/stack/neutron/neutron/api/extensions.py:449}}
Jul 28 19:28:47.892679 np0000006047 devstack@neutron-api.service[90945]: DEBUG neutron.api.extensions [None req-441c10a3-f43c-4159-93c9-000658caec59 None None] Ext name="Prevent L3 router ports IP address change extension" alias="l3-port-ip-change-not-allowed" description="Prevent change of IP address for some L3 router ports" updated="2018-10-09T10:00:00-00:00" {{(pid=90945) _check_extension /opt/stack/neutron/neutron/api/extensions.py:415}}
Jul 28 19:28:47.892947 np0000006047 devstack@neutron-api.service[90945]: INFO neutron.api.extensions [None req-441c10a3-f43c-4159-93c9-000658caec59 None None] Extension l3-port-ip-change-not-allowed not supported by any of loaded plugins
Jul 28 19:28:47.892947 np0000006047 devstack@neutron-api.service[90945]: DEBUG neutron.api.extensions [None req-441c10a3-f43c-4159-93c9-000658caec59 None None] Loading extension file: l3agentscheduler.py {{(pid=90945) _load_all_extensions_from_path /opt/stack/neutron/neutron/api/extensions.py:449}}
Jul 28 19:28:47.893995 np0000006047 devstack@neutron-api.service[90945]: DEBUG neutron.api.extensions [None req-441c10a3-f43c-4159-93c9-000658caec59 None None] Ext name="L3 Agent Scheduler" alias="l3_agent_scheduler" description="Schedule routers among l3 agents" updated="2013-02-07T10:00:00-00:00" {{(pid=90945) _check_extension /opt/stack/neutron/neutron/api/extensions.py:415}}
Jul 28 19:28:47.894222 np0000006047 devstack@neutron-api.service[90945]: INFO neutron.api.extensions [None req-441c10a3-f43c-4159-93c9-000658caec59 None None] Loaded extension: l3_agent_scheduler
Jul 28 19:28:47.894335 np0000006047 devstack@neutron-api.service[90945]: DEBUG neutron.api.extensions [None req-441c10a3-f43c-4159-93c9-000658caec59 None None] Loading extension file: local_ip.py {{(pid=90945) _load_all_extensions_from_path /opt/stack/neutron/neutron/api/extensions.py:449}}
Jul 28 19:28:47.894768 np0000006047 devstack@neutron-api.service[90945]: DEBUG neutron.api.extensions [None req-441c10a3-f43c-4159-93c9-000658caec59 None None] Ext name="Local IP" alias="local_ip" description="Support Node Local Virtual IP" updated="2021-07-26T10:00:00-00:00" {{(pid=90945) _check_extension /opt/stack/neutron/neutron/api/extensions.py:415}}
Jul 28 19:28:47.895079 np0000006047 devstack@neutron-api.service[90945]: INFO neutron.api.extensions [None req-441c10a3-f43c-4159-93c9-000658caec59 None None] Extension local_ip not supported by any of loaded plugins
Jul 28 19:28:47.895079 np0000006047 devstack@neutron-api.service[90945]: DEBUG neutron.api.extensions [None req-441c10a3-f43c-4159-93c9-000658caec59 None None] Loading extension file: logging.py {{(pid=90945) _load_all_extensions_from_path /opt/stack/neutron/neutron/api/extensions.py:449}}
Jul 28 19:28:47.895644 np0000006047 devstack@neutron-api.service[90945]: DEBUG neutron.api.extensions [None req-441c10a3-f43c-4159-93c9-000658caec59 None None] Ext name="Logging API Extension" alias="logging" description="Provides a logging API for resources such as security group and firewall." updated="2017-01-01T10:00:00-00:00" {{(pid=90945) _check_extension /opt/stack/neutron/neutron/api/extensions.py:415}}
Jul 28 19:28:47.895893 np0000006047 devstack@neutron-api.service[90945]: INFO neutron.api.extensions [None req-441c10a3-f43c-4159-93c9-000658caec59 None None] Extension logging not supported by any of loaded plugins
Jul 28 19:28:47.895893 np0000006047 devstack@neutron-api.service[90945]: DEBUG neutron.api.extensions [None req-441c10a3-f43c-4159-93c9-000658caec59 None None] Loading extension file: metering.py {{(pid=90945) _load_all_extensions_from_path /opt/stack/neutron/neutron/api/extensions.py:449}}
Jul 28 19:28:47.896503 np0000006047 devstack@neutron-api.service[90945]: DEBUG neutron.api.extensions [None req-441c10a3-f43c-4159-93c9-000658caec59 None None] Ext name="Neutron Metering" alias="metering" description="Neutron Metering extension." updated="2013-06-12T10:00:00-00:00" {{(pid=90945) _check_extension /opt/stack/neutron/neutron/api/extensions.py:415}}
Jul 28 19:28:47.896750 np0000006047 devstack@neutron-api.service[90945]: INFO neutron.api.extensions [None req-441c10a3-f43c-4159-93c9-000658caec59 None None] Extension metering not supported by any of loaded plugins
Jul 28 19:28:47.896750 np0000006047 devstack@neutron-api.service[90945]: DEBUG neutron.api.extensions [None req-441c10a3-f43c-4159-93c9-000658caec59 None None] Loading extension file: metering_source_and_destination_fields.py {{(pid=90945) _load_all_extensions_from_path /opt/stack/neutron/neutron/api/extensions.py:449}}
Jul 28 19:28:47.897076 np0000006047 devstack@neutron-api.service[90944]: DEBUG neutron_lib.callbacks.manager [None req-27220171-704c-46eb-b58b-37299c7bfd22 None None] Subscribe: > router before_delete 55550000, False {{(pid=90944) subscribe /opt/stack/data/venv/lib/python3.12/site-packages/neutron_lib/callbacks/manager.py:52}}
Jul 28 19:28:47.897226 np0000006047 devstack@neutron-api.service[90945]: DEBUG neutron.api.extensions [None req-441c10a3-f43c-4159-93c9-000658caec59 None None] Ext name="Neutron Metering with source and destination filtering" alias="metering_source_and_destination_fields" description="Neutron Metering extension that enables the use of source and destination IP prefixes to create metering label rules." updated="2020-08-21T08:12:00-00:00" {{(pid=90945) _check_extension /opt/stack/neutron/neutron/api/extensions.py:415}}
Jul 28 19:28:47.897377 np0000006047 devstack@neutron-api.service[90944]: DEBUG neutron_lib.callbacks.manager [None req-27220171-704c-46eb-b58b-37299c7bfd22 None None] Subscribe: port before_update 55550000, False {{(pid=90944) subscribe /opt/stack/data/venv/lib/python3.12/site-packages/neutron_lib/callbacks/manager.py:52}}
Jul 28 19:28:47.897377 np0000006047 devstack@neutron-api.service[90944]: DEBUG neutron_lib.callbacks.manager [None req-27220171-704c-46eb-b58b-37299c7bfd22 None None] Subscribe: port after_update 55550000, False {{(pid=90944) subscribe /opt/stack/data/venv/lib/python3.12/site-packages/neutron_lib/callbacks/manager.py:52}}
Jul 28 19:28:47.897672 np0000006047 devstack@neutron-api.service[90945]: INFO neutron.api.extensions [None req-441c10a3-f43c-4159-93c9-000658caec59 None None] Extension metering_source_and_destination_fields not supported by any of loaded plugins
Jul 28 19:28:47.897757 np0000006047 devstack@neutron-api.service[90944]: DEBUG neutron_lib.callbacks.manager [None req-27220171-704c-46eb-b58b-37299c7bfd22 None None] Subscribe: > port precommit_delete 55550000, False {{(pid=90944) subscribe /opt/stack/data/venv/lib/python3.12/site-packages/neutron_lib/callbacks/manager.py:52}}
Jul 28 19:28:47.897877 np0000006047 devstack@neutron-api.service[90945]: DEBUG neutron.api.extensions [None req-441c10a3-f43c-4159-93c9-000658caec59 None None] Loading extension file: multiprovidernet.py {{(pid=90945) _load_all_extensions_from_path /opt/stack/neutron/neutron/api/extensions.py:449}}
Jul 28 19:28:47.898078 np0000006047 devstack@neutron-api.service[90944]: DEBUG neutron_lib.callbacks.manager [None req-27220171-704c-46eb-b58b-37299c7bfd22 None None] Subscribe: port before_update 55550000, False {{(pid=90944) subscribe /opt/stack/data/venv/lib/python3.12/site-packages/neutron_lib/callbacks/manager.py:52}}
Jul 28 19:28:47.898078 np0000006047 devstack@neutron-api.service[90944]: DEBUG neutron_lib.callbacks.manager [None req-27220171-704c-46eb-b58b-37299c7bfd22 None None] Subscribe: port before_delete 55550000, False {{(pid=90944) subscribe /opt/stack/data/venv/lib/python3.12/site-packages/neutron_lib/callbacks/manager.py:52}}
Jul 28 19:28:47.898352 np0000006047 devstack@neutron-api.service[90945]: DEBUG neutron.api.extensions [None req-441c10a3-f43c-4159-93c9-000658caec59 None None] Ext name="Multi Provider Network" alias="multi-provider" description="Expose mapping of virtual networks to multiple physical networks" updated="2013-06-27T10:00:00-00:00" {{(pid=90945) _check_extension /opt/stack/neutron/neutron/api/extensions.py:415}}
Jul 28 19:28:47.898668 np0000006047 devstack@neutron-api.service[90944]: DEBUG neutron_lib.callbacks.manager [None req-27220171-704c-46eb-b58b-37299c7bfd22 None None] Subscribe: > router precommit_create 55550000, False {{(pid=90944) subscribe /opt/stack/data/venv/lib/python3.12/site-packages/neutron_lib/callbacks/manager.py:52}}
Jul 28 19:28:47.898668 np0000006047 devstack@neutron-api.service[90944]: DEBUG neutron_lib.callbacks.manager [None req-27220171-704c-46eb-b58b-37299c7bfd22 None None] Subscribe: > router precommit_create 55550000, False {{(pid=90944) subscribe /opt/stack/data/venv/lib/python3.12/site-packages/neutron_lib/callbacks/manager.py:52}}
Jul 28 19:28:47.898668 np0000006047 devstack@neutron-api.service[90944]: DEBUG neutron_lib.callbacks.manager [None req-27220171-704c-46eb-b58b-37299c7bfd22 None None] Subscribe: > router precommit_update 55550000, False {{(pid=90944) subscribe /opt/stack/data/venv/lib/python3.12/site-packages/neutron_lib/callbacks/manager.py:52}}
Jul 28 19:28:47.899021 np0000006047 devstack@neutron-api.service[90945]: INFO neutron.api.extensions [None req-441c10a3-f43c-4159-93c9-000658caec59 None None] Loaded extension: multi-provider
Jul 28 19:28:47.899260 np0000006047 devstack@neutron-api.service[90944]: DEBUG neutron_lib.callbacks.manager [None req-27220171-704c-46eb-b58b-37299c7bfd22 None None] Subscribe: subnet after_update 55550000, False {{(pid=90944) subscribe /opt/stack/data/venv/lib/python3.12/site-packages/neutron_lib/callbacks/manager.py:52}}
Jul 28 19:28:47.899524 np0000006047 devstack@neutron-api.service[90945]: DEBUG neutron.api.extensions [None req-441c10a3-f43c-4159-93c9-000658caec59 None None] Loading extension file: netmtu.py {{(pid=90945) _load_all_extensions_from_path /opt/stack/neutron/neutron/api/extensions.py:449}}
Jul 28 19:28:47.899775 np0000006047 devstack@neutron-api.service[90944]: DEBUG neutron.quota.resource_registry [None req-27220171-704c-46eb-b58b-37299c7bfd22 None None] Tracking information for resource: router configured {{(pid=90944) set_tracked_resource /opt/stack/neutron/neutron/quota/resource_registry.py:203}}
Jul 28 19:28:47.899775 np0000006047 devstack@neutron-api.service[90944]: DEBUG neutron.quota.resource_registry [None req-27220171-704c-46eb-b58b-37299c7bfd22 None None] Tracking information for resource: floatingip configured {{(pid=90944) set_tracked_resource /opt/stack/neutron/neutron/quota/resource_registry.py:203}}
Jul 28 19:28:47.899775 np0000006047 devstack@neutron-api.service[90944]: INFO neutron.services.ovn_l3.plugin [None req-27220171-704c-46eb-b58b-37299c7bfd22 None None] Starting OVNL3RouterPlugin
Jul 28 19:28:47.900559 np0000006047 devstack@neutron-api.service[90945]: DEBUG neutron.api.extensions [None req-441c10a3-f43c-4159-93c9-000658caec59 None None] Ext name="Network MTU" alias="net-mtu" description="Provides MTU attribute for a network resource." updated="2015-03-25T10:00:00-00:00" {{(pid=90945) _check_extension /opt/stack/neutron/neutron/api/extensions.py:415}}
Jul 28 19:28:47.901217 np0000006047 devstack@neutron-api.service[90944]: DEBUG neutron_lib.callbacks.manager [None req-27220171-704c-46eb-b58b-37299c7bfd22 None None] Subscribe: > port_forwarding_plugin after_init 55550000, False {{(pid=90944) subscribe /opt/stack/data/venv/lib/python3.12/site-packages/neutron_lib/callbacks/manager.py:52}}
Jul 28 19:28:47.901722 np0000006047 devstack@neutron-api.service[90945]: INFO neutron.api.extensions [None req-441c10a3-f43c-4159-93c9-000658caec59 None None] Loaded extension: net-mtu
Jul 28 19:28:47.901722 np0000006047 devstack@neutron-api.service[90945]: DEBUG neutron.api.extensions [None req-441c10a3-f43c-4159-93c9-000658caec59 None None] Loading extension file: netmtu_writable.py {{(pid=90945) _load_all_extensions_from_path /opt/stack/neutron/neutron/api/extensions.py:449}}
Jul 28 19:28:47.902135 np0000006047 devstack@neutron-api.service[90944]: DEBUG neutron_lib.callbacks.manager [None req-27220171-704c-46eb-b58b-37299c7bfd22 None None] Subscribe: > router before_create 55550100, False {{(pid=90944) subscribe /opt/stack/data/venv/lib/python3.12/site-packages/neutron_lib/callbacks/manager.py:52}}
Jul 28 19:28:47.902135 np0000006047 devstack@neutron-api.service[90944]: DEBUG neutron_lib.callbacks.manager [None req-27220171-704c-46eb-b58b-37299c7bfd22 None None] Subscribe: > router precommit_delete 55550100, False {{(pid=90944) subscribe /opt/stack/data/venv/lib/python3.12/site-packages/neutron_lib/callbacks/manager.py:52}}
Jul 28 19:28:47.902135 np0000006047 devstack@neutron-api.service[90944]: DEBUG neutron_lib.callbacks.manager [None req-27220171-704c-46eb-b58b-37299c7bfd22 None None] Subscribe: > router precommit_create 55550100, False {{(pid=90944) subscribe /opt/stack/data/venv/lib/python3.12/site-packages/neutron_lib/callbacks/manager.py:52}}
Jul 28 19:28:47.902135 np0000006047 devstack@neutron-api.service[90944]: DEBUG neutron_lib.callbacks.manager [None req-27220171-704c-46eb-b58b-37299c7bfd22 None None] Subscribe: > router precommit_update 55550100, False {{(pid=90944) subscribe /opt/stack/data/venv/lib/python3.12/site-packages/neutron_lib/callbacks/manager.py:52}}
Jul 28 19:28:47.902589 np0000006047 devstack@neutron-api.service[90945]: DEBUG neutron.api.extensions [None req-441c10a3-f43c-4159-93c9-000658caec59 None None] Ext name="Network MTU (writable)" alias="net-mtu-writable" description="Provides a writable MTU attribute for a network resource." updated="2017-07-12T00:00:00-00:00" {{(pid=90945) _check_extension /opt/stack/neutron/neutron/api/extensions.py:415}}
Jul 28 19:28:47.902589 np0000006047 devstack@neutron-api.service[90945]: INFO neutron.api.extensions [None req-441c10a3-f43c-4159-93c9-000658caec59 None None] Loaded extension: net-mtu-writable
Jul 28 19:28:47.902589 np0000006047 devstack@neutron-api.service[90945]: DEBUG neutron.api.extensions [None req-441c10a3-f43c-4159-93c9-000658caec59 None None] Loading extension file: network_availability_zone.py {{(pid=90945) _load_all_extensions_from_path /opt/stack/neutron/neutron/api/extensions.py:449}}
Jul 28 19:28:47.902589 np0000006047 devstack@neutron-api.service[90945]: DEBUG neutron.api.extensions [None req-441c10a3-f43c-4159-93c9-000658caec59 None None] Ext name="Network Availability Zone" alias="network_availability_zone" description="Availability zone support for network." updated="2015-01-01T10:00:00-00:00" {{(pid=90945) _check_extension /opt/stack/neutron/neutron/api/extensions.py:415}}
Jul 28 19:28:47.902589 np0000006047 devstack@neutron-api.service[90945]: INFO neutron.api.extensions [None req-441c10a3-f43c-4159-93c9-000658caec59 None None] Loaded extension: network_availability_zone
Jul 28 19:28:47.902589 np0000006047 devstack@neutron-api.service[90945]: DEBUG neutron.api.extensions [None req-441c10a3-f43c-4159-93c9-000658caec59 None None] Loading extension file: network_ha.py {{(pid=90945) _load_all_extensions_from_path /opt/stack/neutron/neutron/api/extensions.py:449}}
Jul 28 19:28:47.902589 np0000006047 devstack@neutron-api.service[90945]: DEBUG neutron.api.extensions [None req-441c10a3-f43c-4159-93c9-000658caec59 None None] Ext name="Network HA creation flag" alias="network_ha" description="Network high availability creation flag." updated="2023-04-27T10:00:00-00:00" {{(pid=90945) _check_extension /opt/stack/neutron/neutron/api/extensions.py:415}}
Jul 28 19:28:47.903189 np0000006047 devstack@neutron-api.service[90945]: INFO neutron.api.extensions [None req-441c10a3-f43c-4159-93c9-000658caec59 None None] Extension network_ha not supported by any of loaded plugins
Jul 28 19:28:47.903189 np0000006047 devstack@neutron-api.service[90945]: DEBUG neutron.api.extensions [None req-441c10a3-f43c-4159-93c9-000658caec59 None None] Loading extension file: network_ip_availability.py {{(pid=90945) _load_all_extensions_from_path /opt/stack/neutron/neutron/api/extensions.py:449}}
Jul 28 19:28:47.903189 np0000006047 devstack@neutron-api.service[90945]: DEBUG neutron.api.extensions [None req-441c10a3-f43c-4159-93c9-000658caec59 None None] Ext name="Network IP Availability" alias="network-ip-availability" description="Provides IP availability data for each network and subnet." updated="2015-09-24T00:00:00-00:00" {{(pid=90945) _check_extension /opt/stack/neutron/neutron/api/extensions.py:415}}
Jul 28 19:28:47.903189 np0000006047 devstack@neutron-api.service[90945]: INFO neutron.api.extensions [None req-441c10a3-f43c-4159-93c9-000658caec59 None None] Loaded extension: network-ip-availability
Jul 28 19:28:47.903189 np0000006047 devstack@neutron-api.service[90945]: DEBUG neutron.api.extensions [None req-441c10a3-f43c-4159-93c9-000658caec59 None None] Loading extension file: network_ip_availability_details.py {{(pid=90945) _load_all_extensions_from_path /opt/stack/neutron/neutron/api/extensions.py:449}}
Jul 28 19:28:47.903189 np0000006047 devstack@neutron-api.service[90945]: DEBUG neutron.api.extensions [None req-441c10a3-f43c-4159-93c9-000658caec59 None None] Ext name="Network IP Availability Details Extension" alias="network-ip-availability-details" description="Add ip_availability_details attribute to network-ip-availabilities resource." updated="2025-10-31T00:00:00-00:00" {{(pid=90945) _check_extension /opt/stack/neutron/neutron/api/extensions.py:415}}
Jul 28 19:28:47.903730 np0000006047 devstack@neutron-api.service[90944]: DEBUG neutron.services.provider_configuration [None req-27220171-704c-46eb-b58b-37299c7bfd22 None None] Service providers = [] {{(pid=90944) parse_service_provider_opt /opt/stack/neutron/neutron/services/provider_configuration.py:170}}
Jul 28 19:28:47.903730 np0000006047 devstack@neutron-api.service[90944]: DEBUG neutron.db.servicetype_db [None req-27220171-704c-46eb-b58b-37299c7bfd22 None None] Adding provider configuration for service L3_ROUTER_NAT {{(pid=90944) add_provider_configuration /opt/stack/neutron/neutron/db/servicetype_db.py:45}}
Jul 28 19:28:47.904129 np0000006047 devstack@neutron-api.service[90945]: INFO neutron.api.extensions [None req-441c10a3-f43c-4159-93c9-000658caec59 None None] Loaded extension: network-ip-availability-details
Jul 28 19:28:47.904129 np0000006047 devstack@neutron-api.service[90945]: DEBUG neutron.api.extensions [None req-441c10a3-f43c-4159-93c9-000658caec59 None None] Loading extension file: network_segment_range.py {{(pid=90945) _load_all_extensions_from_path /opt/stack/neutron/neutron/api/extensions.py:449}}
Jul 28 19:28:47.904129 np0000006047 devstack@neutron-api.service[90945]: DEBUG neutron.api.extensions [None req-441c10a3-f43c-4159-93c9-000658caec59 None None] Ext name="Neutron Network Segment Range" alias="network-segment-range" description="Provides support for the network segment range management" updated="2018-11-29T00:00:00-00:00" {{(pid=90945) _check_extension /opt/stack/neutron/neutron/api/extensions.py:415}}
Jul 28 19:28:47.904129 np0000006047 devstack@neutron-api.service[90945]: INFO neutron.api.extensions [None req-441c10a3-f43c-4159-93c9-000658caec59 None None] Extension network-segment-range not supported by any of loaded plugins
Jul 28 19:28:47.904129 np0000006047 devstack@neutron-api.service[90945]: DEBUG neutron.api.extensions [None req-441c10a3-f43c-4159-93c9-000658caec59 None None] Loading extension file: pagination.py {{(pid=90945) _load_all_extensions_from_path /opt/stack/neutron/neutron/api/extensions.py:449}}
Jul 28 19:28:47.904662 np0000006047 devstack@neutron-api.service[90944]: DEBUG neutron_lib.callbacks.manager [None req-27220171-704c-46eb-b58b-37299c7bfd22 None None] Subscribe: > router precommit_create 55549900, False {{(pid=90944) subscribe /opt/stack/data/venv/lib/python3.12/site-packages/neutron_lib/callbacks/manager.py:52}}
Jul 28 19:28:47.904662 np0000006047 devstack@neutron-api.service[90944]: DEBUG neutron_lib.callbacks.manager [None req-27220171-704c-46eb-b58b-37299c7bfd22 None None] Subscribe: > router_interface after_create 55550000, False {{(pid=90944) subscribe /opt/stack/data/venv/lib/python3.12/site-packages/neutron_lib/callbacks/manager.py:52}}
Jul 28 19:28:47.904662 np0000006047 devstack@neutron-api.service[90944]: DEBUG neutron_lib.callbacks.manager [None req-27220171-704c-46eb-b58b-37299c7bfd22 None None] Subscribe: > floatingip after_create 55550000, False {{(pid=90944) subscribe /opt/stack/data/venv/lib/python3.12/site-packages/neutron_lib/callbacks/manager.py:52}}
Jul 28 19:28:47.905169 np0000006047 devstack@neutron-api.service[90945]: DEBUG neutron.api.extensions [None req-441c10a3-f43c-4159-93c9-000658caec59 None None] Ext name="Pagination support" alias="pagination" description="Extension that indicates that pagination is enabled." updated="2016-06-12T00:00:00-00:00" {{(pid=90945) _check_extension /opt/stack/neutron/neutron/api/extensions.py:415}}
Jul 28 19:28:47.905569 np0000006047 devstack@neutron-api.service[90944]: DEBUG neutron_lib.callbacks.manager [None req-27220171-704c-46eb-b58b-37299c7bfd22 None None] Subscribe: > floatingip precommit_create 55550000, False {{(pid=90944) subscribe /opt/stack/data/venv/lib/python3.12/site-packages/neutron_lib/callbacks/manager.py:52}}
Jul 28 19:28:47.905569 np0000006047 devstack@neutron-api.service[90944]: DEBUG neutron_lib.callbacks.manager [None req-27220171-704c-46eb-b58b-37299c7bfd22 None None] Subscribe: > floatingip precommit_update 55550000, False {{(pid=90944) subscribe /opt/stack/data/venv/lib/python3.12/site-packages/neutron_lib/callbacks/manager.py:52}}
Jul 28 19:28:47.906004 np0000006047 devstack@neutron-api.service[90945]: INFO neutron.api.extensions [None req-441c10a3-f43c-4159-93c9-000658caec59 None None] Loaded extension: pagination
Jul 28 19:28:47.906242 np0000006047 devstack@neutron-api.service[90944]: DEBUG neutron_lib.callbacks.manager [None req-27220171-704c-46eb-b58b-37299c7bfd22 None None] Subscribe: > floatingip after_delete 55550000, False {{(pid=90944) subscribe /opt/stack/data/venv/lib/python3.12/site-packages/neutron_lib/callbacks/manager.py:52}}
Jul 28 19:28:47.906401 np0000006047 devstack@neutron-api.service[90945]: DEBUG neutron.api.extensions [None req-441c10a3-f43c-4159-93c9-000658caec59 None None] Loading extension file: port_device_profile.py {{(pid=90945) _load_all_extensions_from_path /opt/stack/neutron/neutron/api/extensions.py:449}}
Jul 28 19:28:47.906585 np0000006047 devstack@neutron-api.service[90944]: DEBUG neutron_lib.callbacks.manager [None req-27220171-704c-46eb-b58b-37299c7bfd22 None None] Subscribe: > floatingip after_status_update 55550000, False {{(pid=90944) subscribe /opt/stack/data/venv/lib/python3.12/site-packages/neutron_lib/callbacks/manager.py:52}}
Jul 28 19:28:47.906585 np0000006047 devstack@neutron-api.service[90944]: DEBUG neutron_lib.callbacks.manager [None req-27220171-704c-46eb-b58b-37299c7bfd22 None None] Subscribe: > floatingip after_update 55550000, False {{(pid=90944) subscribe /opt/stack/data/venv/lib/python3.12/site-packages/neutron_lib/callbacks/manager.py:52}}
Jul 28 19:28:47.906585 np0000006047 devstack@neutron-api.service[90944]: DEBUG neutron_lib.callbacks.manager [None req-27220171-704c-46eb-b58b-37299c7bfd22 None None] Subscribe: > port_forwarding after_create 55550000, False {{(pid=90944) subscribe /opt/stack/data/venv/lib/python3.12/site-packages/neutron_lib/callbacks/manager.py:52}}
Jul 28 19:28:47.906585 np0000006047 devstack@neutron-api.service[90944]: DEBUG neutron_lib.callbacks.manager [None req-27220171-704c-46eb-b58b-37299c7bfd22 None None] Subscribe: > router_interface after_delete 55550000, False {{(pid=90944) subscribe /opt/stack/data/venv/lib/python3.12/site-packages/neutron_lib/callbacks/manager.py:52}}
Jul 28 19:28:47.907373 np0000006047 devstack@neutron-api.service[90945]: DEBUG neutron.api.extensions [None req-441c10a3-f43c-4159-93c9-000658caec59 None None] Ext name="Port device profile" alias="port-device-profile" description="Expose the port device profile (Cyborg)" updated="2020-12-17T10:00:00-00:00" {{(pid=90945) _check_extension /opt/stack/neutron/neutron/api/extensions.py:415}}
Jul 28 19:28:47.907578 np0000006047 devstack@neutron-api.service[90944]: DEBUG neutron_lib.callbacks.manager [None req-27220171-704c-46eb-b58b-37299c7bfd22 None None] Subscribe: > router after_create 55550000, False {{(pid=90944) subscribe /opt/stack/data/venv/lib/python3.12/site-packages/neutron_lib/callbacks/manager.py:52}}
Jul 28 19:28:47.907578 np0000006047 devstack@neutron-api.service[90944]: DEBUG neutron_lib.callbacks.manager [None req-27220171-704c-46eb-b58b-37299c7bfd22 None None] Subscribe: > router precommit_create 55550000, False {{(pid=90944) subscribe /opt/stack/data/venv/lib/python3.12/site-packages/neutron_lib/callbacks/manager.py:52}}
Jul 28 19:28:47.907578 np0000006047 devstack@neutron-api.service[90944]: DEBUG neutron_lib.callbacks.manager [None req-27220171-704c-46eb-b58b-37299c7bfd22 None None] Subscribe: > router after_delete 55550000, False {{(pid=90944) subscribe /opt/stack/data/venv/lib/python3.12/site-packages/neutron_lib/callbacks/manager.py:52}}
Jul 28 19:28:47.907736 np0000006047 devstack@neutron-api.service[90945]: INFO neutron.api.extensions [None req-441c10a3-f43c-4159-93c9-000658caec59 None None] Loaded extension: port-device-profile
Jul 28 19:28:47.907824 np0000006047 devstack@neutron-api.service[90944]: DEBUG neutron_lib.callbacks.manager [None req-27220171-704c-46eb-b58b-37299c7bfd22 None None] Subscribe: > router after_update 55550000, False {{(pid=90944) subscribe /opt/stack/data/venv/lib/python3.12/site-packages/neutron_lib/callbacks/manager.py:52}}
Jul 28 19:28:47.907997 np0000006047 devstack@neutron-api.service[90945]: DEBUG neutron.api.extensions [None req-441c10a3-f43c-4159-93c9-000658caec59 None None] Loading extension file: port_hardware_offload_type.py {{(pid=90945) _load_all_extensions_from_path /opt/stack/neutron/neutron/api/extensions.py:449}}
Jul 28 19:28:47.908091 np0000006047 devstack@neutron-api.service[90944]: DEBUG neutron.services.service_base [None req-27220171-704c-46eb-b58b-37299c7bfd22 None None] Loaded 'neutron.services.ovn_l3.service_providers.ovn.OvnDriver' provider for service L3_ROUTER_NAT {{(pid=90944) load_drivers /opt/stack/neutron/neutron/services/service_base.py:49}}
Jul 28 19:28:47.908091 np0000006047 devstack@neutron-api.service[90944]: DEBUG neutron_lib.callbacks.manager [None req-27220171-704c-46eb-b58b-37299c7bfd22 None None] Subscribe: > process after_init 55550001, True {{(pid=90944) subscribe /opt/stack/data/venv/lib/python3.12/site-packages/neutron_lib/callbacks/manager.py:52}}
Jul 28 19:28:47.908091 np0000006047 devstack@neutron-api.service[90944]: DEBUG neutron.manager [None req-27220171-704c-46eb-b58b-37299c7bfd22 None None] Successfully loaded L3_ROUTER_NAT plugin. Description: L3 Router Service Plugin for basic L3 forwarding using OVN {{(pid=90944) _create_and_add_service_plugin /opt/stack/neutron/neutron/manager.py:236}}
Jul 28 19:28:47.908091 np0000006047 devstack@neutron-api.service[90944]: INFO neutron.manager [None req-27220171-704c-46eb-b58b-37299c7bfd22 None None] Loading Plugin: auto_allocate
Jul 28 19:28:47.908264 np0000006047 devstack@neutron-api.service[90945]: DEBUG neutron.api.extensions [None req-441c10a3-f43c-4159-93c9-000658caec59 None None] Ext name="Port hardware offload" alias="port-hardware-offload-type" description="Expose port hardware offload extension" updated="2023-05-09T10:00:00-00:00" {{(pid=90945) _check_extension /opt/stack/neutron/neutron/api/extensions.py:415}}
Jul 28 19:28:47.908264 np0000006047 devstack@neutron-api.service[90945]: INFO neutron.api.extensions [None req-441c10a3-f43c-4159-93c9-000658caec59 None None] Extension port-hardware-offload-type not supported by any of loaded plugins
Jul 28 19:28:47.908264 np0000006047 devstack@neutron-api.service[90945]: DEBUG neutron.api.extensions [None req-441c10a3-f43c-4159-93c9-000658caec59 None None] Loading extension file: port_hint_ovs_tx_steering.py {{(pid=90945) _load_all_extensions_from_path /opt/stack/neutron/neutron/api/extensions.py:449}}
Jul 28 19:28:47.908264 np0000006047 devstack@neutron-api.service[90945]: DEBUG neutron.api.extensions [None req-441c10a3-f43c-4159-93c9-000658caec59 None None] Ext name="Port hint: Open vSwitch Tx steering" alias="port-hint-ovs-tx-steering" description="Enable Port hint: Open vSwitch Tx steering" updated="2023-01-01T00:00:00-00:00" {{(pid=90945) _check_extension /opt/stack/neutron/neutron/api/extensions.py:415}}
Jul 28 19:28:47.908264 np0000006047 devstack@neutron-api.service[90945]: INFO neutron.api.extensions [None req-441c10a3-f43c-4159-93c9-000658caec59 None None] Extension port-hint-ovs-tx-steering not supported by any of loaded plugins
Jul 28 19:28:47.908507 np0000006047 devstack@neutron-api.service[90944]: DEBUG neutron_lib.callbacks.manager [None req-27220171-704c-46eb-b58b-37299c7bfd22 None None] Subscribe: network precommit_update 55550000, False {{(pid=90944) subscribe /opt/stack/data/venv/lib/python3.12/site-packages/neutron_lib/callbacks/manager.py:52}}
Jul 28 19:28:47.908507 np0000006047 devstack@neutron-api.service[90944]: DEBUG neutron_lib.callbacks.manager [None req-27220171-704c-46eb-b58b-37299c7bfd22 None None] Subscribe: network precommit_create 55550000, False {{(pid=90944) subscribe /opt/stack/data/venv/lib/python3.12/site-packages/neutron_lib/callbacks/manager.py:52}}
Jul 28 19:28:47.908681 np0000006047 devstack@neutron-api.service[90945]: DEBUG neutron.api.extensions [None req-441c10a3-f43c-4159-93c9-000658caec59 None None] Loading extension file: port_hints.py {{(pid=90945) _load_all_extensions_from_path /opt/stack/neutron/neutron/api/extensions.py:449}}
Jul 28 19:28:47.908792 np0000006047 devstack@neutron-api.service[90944]: DEBUG neutron.manager [None req-27220171-704c-46eb-b58b-37299c7bfd22 None None] Successfully loaded auto-allocated-topology plugin. Description: Auto Allocated Topology - aka get me a network. {{(pid=90944) _create_and_add_service_plugin /opt/stack/neutron/neutron/manager.py:236}}
Jul 28 19:28:47.908792 np0000006047 devstack@neutron-api.service[90944]: INFO neutron.manager [None req-27220171-704c-46eb-b58b-37299c7bfd22 None None] Loading Plugin: tag
Jul 28 19:28:47.908936 np0000006047 devstack@neutron-api.service[90945]: DEBUG neutron.api.extensions [None req-441c10a3-f43c-4159-93c9-000658caec59 None None] Ext name="Port hints" alias="port-hints" description="Backend specific port hints to allow backend specific tuning" updated="2023-01-01T00:00:00-00:00" {{(pid=90945) _check_extension /opt/stack/neutron/neutron/api/extensions.py:415}}
Jul 28 19:28:47.908936 np0000006047 devstack@neutron-api.service[90945]: INFO neutron.api.extensions [None req-441c10a3-f43c-4159-93c9-000658caec59 None None] Extension port-hints not supported by any of loaded plugins
Jul 28 19:28:47.908936 np0000006047 devstack@neutron-api.service[90945]: DEBUG neutron.api.extensions [None req-441c10a3-f43c-4159-93c9-000658caec59 None None] Loading extension file: port_mac_address_override.py {{(pid=90945) _load_all_extensions_from_path /opt/stack/neutron/neutron/api/extensions.py:449}}
