Jul 28 19:28:48.086584 np0000006047 devstack@neutron-api.service[90945]: DEBUG neutron.api.extensions [None req-441c10a3-f43c-4159-93c9-000658caec59 None None] Ext name="Router gateway IP QoS" alias="qos-gateway-ip" description="The Router gateway IP Quality of Service extension" updated="2018-02-24T00:00:00-00:00" {{(pid=90945) _check_extension /opt/stack/neutron/neutron/api/extensions.py:415}}
Jul 28 19:28:48.086679 np0000006047 devstack@neutron-api.service[90942]: DEBUG neutron.api.v2.resource_helper [None req-98ada4a0-e07e-4339-b24b-19ffaecd5f86 None None] Service FLAVORS assigned prefix: {{(pid=90942) build_resource_info /opt/stack/neutron/neutron/api/v2/resource_helper.py:77}}
Jul 28 19:28:48.086776 np0000006047 devstack@neutron-api.service[90945]: INFO neutron.api.extensions [None req-441c10a3-f43c-4159-93c9-000658caec59 None None] Extension qos-gateway-ip not supported by any of loaded plugins
Jul 28 19:28:48.086776 np0000006047 devstack@neutron-api.service[90945]: DEBUG neutron.api.extensions [None req-441c10a3-f43c-4159-93c9-000658caec59 None None] Loading extension file: qos_port_network_policy.py {{(pid=90945) _load_all_extensions_from_path /opt/stack/neutron/neutron/api/extensions.py:449}}
Jul 28 19:28:48.087054 np0000006047 devstack@neutron-api.service[90945]: DEBUG neutron.api.extensions [None req-441c10a3-f43c-4159-93c9-000658caec59 None None] Ext name="QoS port network policy ID" alias="qos-port-network-policy" description="Adds a the QoS network ID to the port definition" updated="2019-11-01T10:00:00-00:00" {{(pid=90945) _check_extension /opt/stack/neutron/neutron/api/extensions.py:415}}
Jul 28 19:28:48.087219 np0000006047 devstack@neutron-api.service[90945]: INFO neutron.api.extensions [None req-441c10a3-f43c-4159-93c9-000658caec59 None None] Extension qos-port-network-policy not supported by any of loaded plugins
Jul 28 19:28:48.087324 np0000006047 devstack@neutron-api.service[90945]: DEBUG neutron.api.extensions [None req-441c10a3-f43c-4159-93c9-000658caec59 None None] Loading extension file: qos_pps_minimum_rule.py {{(pid=90945) _load_all_extensions_from_path /opt/stack/neutron/neutron/api/extensions.py:449}}
Jul 28 19:28:48.087515 np0000006047 devstack@neutron-api.service[90942]: DEBUG neutron.api.v2.resource_helper [None req-98ada4a0-e07e-4339-b24b-19ffaecd5f86 None None] Service L3_ROUTER_NAT assigned prefix: {{(pid=90942) build_resource_info /opt/stack/neutron/neutron/api/v2/resource_helper.py:77}}
Jul 28 19:28:48.087598 np0000006047 devstack@neutron-api.service[90945]: DEBUG neutron.api.extensions [None req-441c10a3-f43c-4159-93c9-000658caec59 None None] Ext name="QoS minimum packet rate rule" alias="qos-pps-minimum" description="Allow to configure QoS minimum packet rate rule." updated="2021-07-14T10:00:00-00:00" {{(pid=90945) _check_extension /opt/stack/neutron/neutron/api/extensions.py:415}}
Jul 28 19:28:48.087684 np0000006047 devstack@neutron-api.service[90944]: DEBUG oslo_concurrency.processutils [None req-27220171-704c-46eb-b58b-37299c7bfd22 None None] CMD "ovsdb-client transact ssl:10.4.3.45:6641 --timeout 180 -p /opt/stack/data/CA/int-ca/private/devstack-cert.key -c /opt/stack/data/CA/int-ca/devstack-cert.crt -C /opt/stack/data/CA/int-ca/ca-chain.pem ["OVN_Northbound", {"op": "wait", "timeout": 0, "table": "Port_Group", "where": [["name", "==", "neutron_pg_drop"]], "until": "==", "rows": []}, {"op": "insert", "table": "ACL", "row": {"action": "drop", "direction": "to-lport", "match": "outport == @neutron_pg_drop && ip", "priority": 1001}, "uuid-name": "droptoport"}, {"op": "insert", "table": "ACL", "row": {"action": "drop", "direction": "from-lport", "match": "inport == @neutron_pg_drop && ip", "priority": 1001}, "uuid-name": "dropfromport"}, {"op": "insert", "table": "Port_Group", "row": {"name": "neutron_pg_drop", "acls": ["set", [["named-uuid", "droptoport"], ["named-uuid", "dropfromport"]]]}}]" returned: 0 in 0.032s {{(pid=90944) execute /opt/stack/data/venv/lib/python3.12/site-packages/oslo_concurrency/processutils.py:468}}
Jul 28 19:28:48.087819 np0000006047 devstack@neutron-api.service[90945]: INFO neutron.api.extensions [None req-441c10a3-f43c-4159-93c9-000658caec59 None None] Extension qos-pps-minimum not supported by any of loaded plugins
Jul 28 19:28:48.087819 np0000006047 devstack@neutron-api.service[90945]: DEBUG neutron.api.extensions [None req-441c10a3-f43c-4159-93c9-000658caec59 None None] Loading extension file: qos_pps_minimum_rule_alias.py {{(pid=90945) _load_all_extensions_from_path /opt/stack/neutron/neutron/api/extensions.py:449}}
Jul 28 19:28:48.087961 np0000006047 devstack@neutron-api.service[90942]: DEBUG neutron.api.v2.resource_helper [None req-98ada4a0-e07e-4339-b24b-19ffaecd5f86 None None] Service L3_ROUTER_NAT assigned prefix: {{(pid=90942) build_resource_info /opt/stack/neutron/neutron/api/v2/resource_helper.py:77}}
Jul 28 19:28:48.087961 np0000006047 devstack@neutron-api.service[90942]: INFO neutron.quota.resource_registry [None req-98ada4a0-e07e-4339-b24b-19ffaecd5f86 None None] Creating instance of TrackedResource for resource:router
Jul 28 19:28:48.088081 np0000006047 devstack@neutron-api.service[90945]: DEBUG neutron.api.extensions [None req-441c10a3-f43c-4159-93c9-000658caec59 None None] Ext name="QoS minimum packet rate rule alias" alias="qos-pps-minimum-rule-alias" description="API to enable GET, PUT and DELETE operations on QoS minimum packet rate rule without specifying policy ID" updated="2021-10-22T10:00:00-00:00" {{(pid=90945) _check_extension /opt/stack/neutron/neutron/api/extensions.py:415}}
Jul 28 19:28:48.088206 np0000006047 devstack@neutron-api.service[90942]: WARNING neutron.quota.resource_registry [None req-98ada4a0-e07e-4339-b24b-19ffaecd5f86 None None] router is already registered
Jul 28 19:28:48.088415 np0000006047 devstack@neutron-api.service[90945]: INFO neutron.api.extensions [None req-441c10a3-f43c-4159-93c9-000658caec59 None None] Extension qos-pps-minimum-rule-alias not supported by any of loaded plugins
Jul 28 19:28:48.088546 np0000006047 devstack@neutron-api.service[90944]: DEBUG neutron_lib.callbacks.manager [None req-27220171-704c-46eb-b58b-37299c7bfd22 None None] Publish callbacks ['neutron.plugins.ml2.drivers.ovn.mech_driver.mech_driver.OVNMechanismDriver.post_fork_initialize-504533', 'neutron.services.pvlan.drivers.ovn.driver._initialize_pvlan_pg_drop-8367664896404', 'neutron.services.ovn_l3.plugin.OVNL3RouterPlugin._post_fork_initialize-1948355'] for process (None), after_init {{(pid=90944) _notify_loop /opt/stack/data/venv/lib/python3.12/site-packages/neutron_lib/callbacks/manager.py:184}}
Jul 28 19:28:48.088733 np0000006047 devstack@neutron-api.service[90945]: DEBUG neutron.api.extensions [None req-441c10a3-f43c-4159-93c9-000658caec59 None None] Loading extension file: qos_pps_rule.py {{(pid=90945) _load_all_extensions_from_path /opt/stack/neutron/neutron/api/extensions.py:449}}
Jul 28 19:28:48.088832 np0000006047 devstack@neutron-api.service[90942]: INFO neutron.quota.resource_registry [None req-98ada4a0-e07e-4339-b24b-19ffaecd5f86 None None] Creating instance of TrackedResource for resource:floatingip
Jul 28 19:28:48.088832 np0000006047 devstack@neutron-api.service[90942]: WARNING neutron.quota.resource_registry [None req-98ada4a0-e07e-4339-b24b-19ffaecd5f86 None None] floatingip is already registered
Jul 28 19:28:48.089060 np0000006047 devstack@neutron-api.service[90945]: DEBUG neutron.api.extensions [None req-441c10a3-f43c-4159-93c9-000658caec59 None None] Ext name="QoS Rule Type Packet per Second Extension" alias="qos-pps" description="Add QoS Rule Type Packet per Second" updated="2021-05-12T10:00:00-00:00" {{(pid=90945) _check_extension /opt/stack/neutron/neutron/api/extensions.py:415}}
Jul 28 19:28:48.089181 np0000006047 devstack@neutron-api.service[90944]: DEBUG oslo_concurrency.lockutils [None req-27220171-704c-46eb-b58b-37299c7bfd22 None None] Acquiring lock "singleton_lock" {{(pid=90944) lock /opt/stack/data/venv/lib/python3.12/site-packages/oslo_concurrency/lockutils.py:396}}
Jul 28 19:28:48.089276 np0000006047 devstack@neutron-api.service[90945]: INFO neutron.api.extensions [None req-441c10a3-f43c-4159-93c9-000658caec59 None None] Extension qos-pps not supported by any of loaded plugins
Jul 28 19:28:48.089376 np0000006047 devstack@neutron-api.service[90944]: DEBUG oslo_concurrency.lockutils [None req-27220171-704c-46eb-b58b-37299c7bfd22 None None] Acquired lock "singleton_lock" {{(pid=90944) lock /opt/stack/data/venv/lib/python3.12/site-packages/oslo_concurrency/lockutils.py:399}}
Jul 28 19:28:48.089459 np0000006047 devstack@neutron-api.service[90945]: DEBUG neutron.api.extensions [None req-441c10a3-f43c-4159-93c9-000658caec59 None None] Loading extension file: qos_rule_type_details.py {{(pid=90945) _load_all_extensions_from_path /opt/stack/neutron/neutron/api/extensions.py:449}}
Jul 28 19:28:48.089567 np0000006047 devstack@neutron-api.service[90944]: DEBUG oslo_concurrency.lockutils [None req-27220171-704c-46eb-b58b-37299c7bfd22 None None] Releasing lock "singleton_lock" {{(pid=90944) lock /opt/stack/data/venv/lib/python3.12/site-packages/oslo_concurrency/lockutils.py:419}}
Jul 28 19:28:48.089704 np0000006047 devstack@neutron-api.service[90945]: DEBUG neutron.api.extensions [None req-441c10a3-f43c-4159-93c9-000658caec59 None None] Ext name="Details of QoS rule types" alias="qos-rule-type-details" description="Expose details about QoS rule types supported by loaded backend drivers" updated="2017-06-22T10:00:00-00:00" {{(pid=90945) _check_extension /opt/stack/neutron/neutron/api/extensions.py:415}}
Jul 28 19:28:48.089704 np0000006047 devstack@neutron-api.service[90945]: INFO neutron.api.extensions [None req-441c10a3-f43c-4159-93c9-000658caec59 None None] Extension qos-rule-type-details not supported by any of loaded plugins
Jul 28 19:28:48.089704 np0000006047 devstack@neutron-api.service[90945]: DEBUG neutron.api.extensions [None req-441c10a3-f43c-4159-93c9-000658caec59 None None] Loading extension file: qos_rule_type_filter.py {{(pid=90945) _load_all_extensions_from_path /opt/stack/neutron/neutron/api/extensions.py:449}}
Jul 28 19:28:48.089874 np0000006047 devstack@neutron-api.service[90942]: INFO neutron.quota.resource_registry [None req-98ada4a0-e07e-4339-b24b-19ffaecd5f86 None None] Creating instance of CountableResource for resource:rbac_policy
Jul 28 19:28:48.089967 np0000006047 devstack@neutron-api.service[90945]: DEBUG neutron.api.extensions [None req-441c10a3-f43c-4159-93c9-000658caec59 None None] Ext name="Allow to filter the list of QoS rule types" alias="qos-rule-type-filter" description="Allows to filter the QoS rule type list adding two new flags. "all_rules" prints all implemented QoS rule types."all_supported" prints all supported QoS rule types by the loaded mechanism drivers" updated="2022-02-02T10:00:00-00:00" {{(pid=90945) _check_extension /opt/stack/neutron/neutron/api/extensions.py:415}}
Jul 28 19:28:48.090073 np0000006047 devstack@neutron-api.service[90942]: WARNING neutron.quota.resource_registry [None req-98ada4a0-e07e-4339-b24b-19ffaecd5f86 None None] rbac_policy is already registered
Jul 28 19:28:48.090166 np0000006047 devstack@neutron-api.service[90945]: INFO neutron.api.extensions [None req-441c10a3-f43c-4159-93c9-000658caec59 None None] Extension qos-rule-type-filter not supported by any of loaded plugins
Jul 28 19:28:48.090166 np0000006047 devstack@neutron-api.service[90945]: DEBUG neutron.api.extensions [None req-441c10a3-f43c-4159-93c9-000658caec59 None None] Loading extension file: qos_rules_alias.py {{(pid=90945) _load_all_extensions_from_path /opt/stack/neutron/neutron/api/extensions.py:449}}
Jul 28 19:28:48.090443 np0000006047 devstack@neutron-api.service[90945]: DEBUG neutron.api.extensions [None req-441c10a3-f43c-4159-93c9-000658caec59 None None] Ext name="Quality of Service rules alias API" alias="qos-rules-alias" description="API to enable GET, PUT and DELETE operations on QoS policy rules without specifying policy ID" updated="2018-10-07T10:00:00-00:00" {{(pid=90945) _check_extension /opt/stack/neutron/neutron/api/extensions.py:415}}
Jul 28 19:28:48.090538 np0000006047 devstack@neutron-api.service[90942]: INFO neutron.quota.resource_registry [None req-98ada4a0-e07e-4339-b24b-19ffaecd5f86 None None] Creating instance of TrackedResource for resource:security_group
Jul 28 19:28:48.090704 np0000006047 devstack@neutron-api.service[90945]: INFO neutron.api.extensions [None req-441c10a3-f43c-4159-93c9-000658caec59 None None] Extension qos-rules-alias not supported by any of loaded plugins
Jul 28 19:28:48.090807 np0000006047 devstack@neutron-api.service[90942]: WARNING neutron.quota.resource_registry [None req-98ada4a0-e07e-4339-b24b-19ffaecd5f86 None None] security_group is already registered
Jul 28 19:28:48.090916 np0000006047 devstack@neutron-api.service[90945]: DEBUG neutron.api.extensions [None req-441c10a3-f43c-4159-93c9-000658caec59 None None] Loading extension file: quota_check_limit.py {{(pid=90945) _load_all_extensions_from_path /opt/stack/neutron/neutron/api/extensions.py:449}}
Jul 28 19:28:48.090916 np0000006047 devstack@neutron-api.service[90945]: DEBUG neutron.api.extensions [None req-441c10a3-f43c-4159-93c9-000658caec59 None None] Ext name="Quota engine limit check" alias="quota-check-limit" description="Support for checking the resource usage before applying a new quota limit" updated="2021-09-08T16:00:00-00:00" {{(pid=90945) _check_extension /opt/stack/neutron/neutron/api/extensions.py:415}}
Jul 28 19:28:48.091054 np0000006047 devstack@neutron-api.service[90942]: INFO neutron.quota.resource_registry [None req-98ada4a0-e07e-4339-b24b-19ffaecd5f86 None None] Creating instance of TrackedResource for resource:security_group_rule
Jul 28 19:28:48.091054 np0000006047 devstack@neutron-api.service[90942]: WARNING neutron.quota.resource_registry [None req-98ada4a0-e07e-4339-b24b-19ffaecd5f86 None None] security_group_rule is already registered
Jul 28 19:28:48.091197 np0000006047 devstack@neutron-api.service[90945]: INFO neutron.api.extensions [None req-441c10a3-f43c-4159-93c9-000658caec59 None None] Loaded extension: quota-check-limit
Jul 28 19:28:48.091197 np0000006047 devstack@neutron-api.service[90945]: DEBUG neutron.api.extensions [None req-441c10a3-f43c-4159-93c9-000658caec59 None None] Loading extension file: quota_check_limit_default.py {{(pid=90945) _load_all_extensions_from_path /opt/stack/neutron/neutron/api/extensions.py:449}}
Jul 28 19:28:48.091436 np0000006047 devstack@neutron-api.service[90944]: DEBUG neutron.plugins.ml2.drivers.ovn.mech_driver.mech_driver [None req-27220171-704c-46eb-b58b-37299c7bfd22 None None] Hash Ring setup using WSGI start time 2026-07-28 19:28:41+00:00 {{(pid=90944) _init_hash_ring /opt/stack/neutron/neutron/plugins/ml2/drivers/ovn/mech_driver/mech_driver.py:404}}
Jul 28 19:28:48.091545 np0000006047 devstack@neutron-api.service[90945]: DEBUG neutron.api.extensions [None req-441c10a3-f43c-4159-93c9-000658caec59 None None] Ext name="Quota engine limit check by default" alias="quota-check-limit-default" description="By default, the Neutron quota engine checks the resource usage before applying a new quota limit" updated="2024-08-21T16:00:00-00:00" {{(pid=90945) _check_extension /opt/stack/neutron/neutron/api/extensions.py:415}}
Jul 28 19:28:48.091652 np0000006047 devstack@neutron-api.service[90942]: DEBUG neutron.api.v2.resource_helper [None req-98ada4a0-e07e-4339-b24b-19ffaecd5f86 None None] Service CORE assigned prefix: {{(pid=90942) build_resource_info /opt/stack/neutron/neutron/api/v2/resource_helper.py:77}}
Jul 28 19:28:48.091763 np0000006047 devstack@neutron-api.service[90945]: INFO neutron.api.extensions [None req-441c10a3-f43c-4159-93c9-000658caec59 None None] Loaded extension: quota-check-limit-default
Jul 28 19:28:48.091859 np0000006047 devstack@neutron-api.service[90942]: INFO neutron.quota.resource_registry [None req-98ada4a0-e07e-4339-b24b-19ffaecd5f86 None None] Creating instance of TrackedResource for resource:subnetpool
Jul 28 19:28:48.091963 np0000006047 devstack@neutron-api.service[90945]: DEBUG neutron.api.extensions [None req-441c10a3-f43c-4159-93c9-000658caec59 None None] Loading extension file: quotasv2.py {{(pid=90945) _load_all_extensions_from_path /opt/stack/neutron/neutron/api/extensions.py:449}}
Jul 28 19:28:48.092062 np0000006047 devstack@neutron-api.service[90942]: WARNING neutron.quota.resource_registry [None req-98ada4a0-e07e-4339-b24b-19ffaecd5f86 None None] subnetpool is already registered
Jul 28 19:28:48.092256 np0000006047 devstack@neutron-api.service[90942]: DEBUG neutron.api.v2.resource_helper [None req-98ada4a0-e07e-4339-b24b-19ffaecd5f86 None None] Service CORE assigned prefix: {{(pid=90942) build_resource_info /opt/stack/neutron/neutron/api/v2/resource_helper.py:77}}
Jul 28 19:28:48.092405 np0000006047 devstack@neutron-api.service[90942]: INFO neutron.quota.resource_registry [None req-98ada4a0-e07e-4339-b24b-19ffaecd5f86 None None] Creating instance of TrackedResource for resource:subnetpool
Jul 28 19:28:48.092501 np0000006047 devstack@neutron-api.service[90945]: DEBUG neutron.api.extensions [None req-441c10a3-f43c-4159-93c9-000658caec59 None None] Ext name="Quota management support" alias="quotas" description="Expose functions for quotas management per project" updated="2012-07-29T10:00:00-00:00" {{(pid=90945) _check_extension /opt/stack/neutron/neutron/api/extensions.py:415}}
Jul 28 19:28:48.092600 np0000006047 devstack@neutron-api.service[90942]: WARNING neutron.quota.resource_registry [None req-98ada4a0-e07e-4339-b24b-19ffaecd5f86 None None] subnetpool is already registered
Jul 28 19:28:48.092698 np0000006047 devstack@neutron-api.service[90945]: INFO neutron.api.extensions [None req-441c10a3-f43c-4159-93c9-000658caec59 None None] Loaded extension: quotas
Jul 28 19:28:48.092698 np0000006047 devstack@neutron-api.service[90945]: DEBUG neutron.api.extensions [None req-441c10a3-f43c-4159-93c9-000658caec59 None None] Loading extension file: quotasv2_detail.py {{(pid=90945) _load_all_extensions_from_path /opt/stack/neutron/neutron/api/extensions.py:449}}
Jul 28 19:28:48.093013 np0000006047 devstack@neutron-api.service[90942]: DEBUG neutron.api.extensions [None req-98ada4a0-e07e-4339-b24b-19ffaecd5f86 None None] Extended resource: extensions {{(pid=90942) __init__ /opt/stack/neutron/neutron/api/extensions.py:156}}
Jul 28 19:28:48.093109 np0000006047 devstack@neutron-api.service[90945]: DEBUG neutron.api.extensions [None req-441c10a3-f43c-4159-93c9-000658caec59 None None] Ext name="Quota details management support" alias="quota_details" description="Expose functions for quotas usage statistics per project" updated="2017-02-10T10:00:00-00:00" {{(pid=90945) _check_extension /opt/stack/neutron/neutron/api/extensions.py:415}}
Jul 28 19:28:48.093109 np0000006047 devstack@neutron-api.service[90945]: INFO neutron.api.extensions [None req-441c10a3-f43c-4159-93c9-000658caec59 None None] Loaded extension: quota_details
Jul 28 19:28:48.093247 np0000006047 devstack@neutron-api.service[90945]: DEBUG neutron.api.extensions [None req-441c10a3-f43c-4159-93c9-000658caec59 None None] Loading extension file: rbac.py {{(pid=90945) _load_all_extensions_from_path /opt/stack/neutron/neutron/api/extensions.py:449}}
Jul 28 19:28:48.093690 np0000006047 devstack@neutron-api.service[90942]: DEBUG neutron.api.extensions [None req-98ada4a0-e07e-4339-b24b-19ffaecd5f86 None None] Extended resource: address-groups {{(pid=90942) __init__ /opt/stack/neutron/neutron/api/extensions.py:156}}
Jul 28 19:28:48.094216 np0000006047 devstack@neutron-api.service[90945]: DEBUG neutron.api.extensions [None req-441c10a3-f43c-4159-93c9-000658caec59 None None] Ext name="RBAC Policies" alias="rbac-policies" description="Allows creation and modification of policies that control project access to resources." updated="2015-06-17T12:15:12-00:00" {{(pid=90945) _check_extension /opt/stack/neutron/neutron/api/extensions.py:415}}
Jul 28 19:28:48.094216 np0000006047 devstack@neutron-api.service[90945]: INFO neutron.api.extensions [None req-441c10a3-f43c-4159-93c9-000658caec59 None None] Loaded extension: rbac-policies
Jul 28 19:28:48.094356 np0000006047 devstack@neutron-api.service[90942]: DEBUG neutron.api.extensions [None req-98ada4a0-e07e-4339-b24b-19ffaecd5f86 None None] Extended resource: address-scopes {{(pid=90942) __init__ /opt/stack/neutron/neutron/api/extensions.py:156}}
Jul 28 19:28:48.094535 np0000006047 devstack@neutron-api.service[90945]: DEBUG neutron.api.extensions [None req-441c10a3-f43c-4159-93c9-000658caec59 None None] Loading extension file: rbac_address_group.py {{(pid=90945) _load_all_extensions_from_path /opt/stack/neutron/neutron/api/extensions.py:449}}
Jul 28 19:28:48.094684 np0000006047 devstack@neutron-api.service[90945]: DEBUG neutron.api.extensions [None req-441c10a3-f43c-4159-93c9-000658caec59 None None] Ext name="Add address_group type to RBAC" alias="rbac-address-group" description="Add address_group type to network RBAC" updated="2021-01-20T00:00:00-00:00" {{(pid=90945) _check_extension /opt/stack/neutron/neutron/api/extensions.py:415}}
Jul 28 19:28:48.094784 np0000006047 devstack@neutron-api.service[90942]: DEBUG neutron.api.extensions [None req-98ada4a0-e07e-4339-b24b-19ffaecd5f86 None None] Extended resource: agents {{(pid=90942) __init__ /opt/stack/neutron/neutron/api/extensions.py:156}}
Jul 28 19:28:48.094864 np0000006047 devstack@neutron-api.service[90945]: INFO neutron.api.extensions [None req-441c10a3-f43c-4159-93c9-000658caec59 None None] Extension rbac-address-group not supported by any of loaded plugins
Jul 28 19:28:48.094864 np0000006047 devstack@neutron-api.service[90945]: DEBUG neutron.api.extensions [None req-441c10a3-f43c-4159-93c9-000658caec59 None None] Loading extension file: rbac_address_scope.py {{(pid=90945) _load_all_extensions_from_path /opt/stack/neutron/neutron/api/extensions.py:449}}
Jul 28 19:28:48.095128 np0000006047 devstack@neutron-api.service[90942]: DEBUG neutron.api.extensions [None req-98ada4a0-e07e-4339-b24b-19ffaecd5f86 None None] Extended resource: auto-allocated-topology {{(pid=90942) __init__ /opt/stack/neutron/neutron/api/extensions.py:156}}
Jul 28 19:28:48.095289 np0000006047 devstack@neutron-api.service[90945]: DEBUG neutron.api.extensions [None req-441c10a3-f43c-4159-93c9-000658caec59 None None] Ext name="Add address_scope type to RBAC" alias="rbac-address-scope" description="Add address_scope type to RBAC" updated="2020-02-12T00:00:00-00:00" {{(pid=90945) _check_extension /opt/stack/neutron/neutron/api/extensions.py:415}}
Jul 28 19:28:48.095520 np0000006047 devstack@neutron-api.service[90945]: INFO neutron.api.extensions [None req-441c10a3-f43c-4159-93c9-000658caec59 None None] Loaded extension: rbac-address-scope
Jul 28 19:28:48.095669 np0000006047 devstack@neutron-api.service[90945]: DEBUG neutron.api.extensions [None req-441c10a3-f43c-4159-93c9-000658caec59 None None] Loading extension file: rbac_security_groups.py {{(pid=90945) _load_all_extensions_from_path /opt/stack/neutron/neutron/api/extensions.py:449}}
Jul 28 19:28:48.095782 np0000006047 devstack@neutron-api.service[90942]: DEBUG neutron.api.extensions [None req-98ada4a0-e07e-4339-b24b-19ffaecd5f86 None None] Extended resource: availability_zones {{(pid=90942) __init__ /opt/stack/neutron/neutron/api/extensions.py:156}}
Jul 28 19:28:48.095997 np0000006047 devstack@neutron-api.service[90945]: DEBUG neutron.api.extensions [None req-441c10a3-f43c-4159-93c9-000658caec59 None None] Ext name="Add security_group type to network RBAC" alias="rbac-security-groups" description="Add security_group type to network RBAC" updated="2019-02-14T00:00:00-00:00" {{(pid=90945) _check_extension /opt/stack/neutron/neutron/api/extensions.py:415}}
Jul 28 19:28:48.096136 np0000006047 devstack@neutron-api.service[90942]: DEBUG neutron.api.extensions [None req-98ada4a0-e07e-4339-b24b-19ffaecd5f86 None None] Extended resource: dhcp-networks {{(pid=90942) __init__ /opt/stack/neutron/neutron/api/extensions.py:156}}
Jul 28 19:28:48.096245 np0000006047 devstack@neutron-api.service[90945]: INFO neutron.api.extensions [None req-441c10a3-f43c-4159-93c9-000658caec59 None None] Loaded extension: rbac-security-groups
Jul 28 19:28:48.096384 np0000006047 devstack@neutron-api.service[90945]: DEBUG neutron.api.extensions [None req-441c10a3-f43c-4159-93c9-000658caec59 None None] Loading extension file: rbac_subnetpool.py {{(pid=90945) _load_all_extensions_from_path /opt/stack/neutron/neutron/api/extensions.py:449}}
Jul 28 19:28:48.097275 np0000006047 devstack@neutron-api.service[90945]: DEBUG neutron.api.extensions [None req-441c10a3-f43c-4159-93c9-000658caec59 None None] Ext name="Add subnetpool type to RBAC" alias="rbac-subnetpool" description="Add subnetpool type to RBAC" updated="2020-02-05T00:00:00-00:00" {{(pid=90945) _check_extension /opt/stack/neutron/neutron/api/extensions.py:415}}
Jul 28 19:28:48.097388 np0000006047 devstack@neutron-api.service[90942]: DEBUG neutron.api.extensions [None req-98ada4a0-e07e-4339-b24b-19ffaecd5f86 None None] Extended resource: dhcp-agents {{(pid=90942) __init__ /opt/stack/neutron/neutron/api/extensions.py:156}}
Jul 28 19:28:48.097498 np0000006047 devstack@neutron-api.service[90945]: INFO neutron.api.extensions [None req-441c10a3-f43c-4159-93c9-000658caec59 None None] Extension rbac-subnetpool not supported by any of loaded plugins
Jul 28 19:28:48.097498 np0000006047 devstack@neutron-api.service[90945]: DEBUG neutron.api.extensions [None req-441c10a3-f43c-4159-93c9-000658caec59 None None] Loading extension file: revisionifmatch.py {{(pid=90945) _load_all_extensions_from_path /opt/stack/neutron/neutron/api/extensions.py:449}}
Jul 28 19:28:48.097628 np0000006047 devstack@neutron-api.service[90942]: DEBUG neutron.api.extensions [None req-98ada4a0-e07e-4339-b24b-19ffaecd5f86 None None] Extended resource: routers {{(pid=90942) __init__ /opt/stack/neutron/neutron/api/extensions.py:156}}
Jul 28 19:28:48.097726 np0000006047 devstack@neutron-api.service[90945]: DEBUG neutron.api.extensions [None req-441c10a3-f43c-4159-93c9-000658caec59 None None] Ext name="If-Match constraints based on revision_number" alias="revision-if-match" description="Extension indicating that If-Match based on revision_number is supported." updated="2016-12-11T00:00:00-00:00" {{(pid=90945) _check_extension /opt/stack/neutron/neutron/api/extensions.py:415}}
Jul 28 19:28:48.097726 np0000006047 devstack@neutron-api.service[90945]: INFO neutron.api.extensions [None req-441c10a3-f43c-4159-93c9-000658caec59 None None] Loaded extension: revision-if-match
Jul 28 19:28:48.097881 np0000006047 devstack@neutron-api.service[90944]: INFO neutron.db.ovn_hash_ring_db [None req-27220171-704c-46eb-b58b-37299c7bfd22 None None] Nodes from host "np0000006047" and group "mechanism_driver" removed from the Hash Ring created at 2026-07-28 19:28:41+00:00
Jul 28 19:28:48.097980 np0000006047 devstack@neutron-api.service[90945]: DEBUG neutron.api.extensions [None req-441c10a3-f43c-4159-93c9-000658caec59 None None] Loading extension file: revisions.py {{(pid=90945) _load_all_extensions_from_path /opt/stack/neutron/neutron/api/extensions.py:449}}
Jul 28 19:28:48.098086 np0000006047 devstack@neutron-api.service[90942]: DEBUG neutron.api.extensions [None req-98ada4a0-e07e-4339-b24b-19ffaecd5f86 None None] Extended resource: flavors {{(pid=90942) __init__ /opt/stack/neutron/neutron/api/extensions.py:156}}
Jul 28 19:28:48.098197 np0000006047 devstack@neutron-api.service[90945]: DEBUG neutron.api.extensions [None req-441c10a3-f43c-4159-93c9-000658caec59 None None] Ext name="Resource revision numbers" alias="standard-attr-revisions" description="This extension will display the revision number of neutron resources." updated="2016-04-11T10:00:00-00:00" {{(pid=90945) _check_extension /opt/stack/neutron/neutron/api/extensions.py:415}}
Jul 28 19:28:48.098302 np0000006047 devstack@neutron-api.service[90945]: INFO neutron.api.extensions [None req-441c10a3-f43c-4159-93c9-000658caec59 None None] Loaded extension: standard-attr-revisions
Jul 28 19:28:48.098401 np0000006047 devstack@neutron-api.service[90945]: DEBUG neutron.api.extensions [None req-441c10a3-f43c-4159-93c9-000658caec59 None None] Loading extension file: router_availability_zone.py {{(pid=90945) _load_all_extensions_from_path /opt/stack/neutron/neutron/api/extensions.py:449}}
Jul 28 19:28:48.098509 np0000006047 devstack@neutron-api.service[90942]: DEBUG neutron.api.extensions [None req-98ada4a0-e07e-4339-b24b-19ffaecd5f86 None None] Extended resource: service_profiles {{(pid=90942) __init__ /opt/stack/neutron/neutron/api/extensions.py:156}}
Jul 28 19:28:48.098735 np0000006047 devstack@neutron-api.service[90945]: DEBUG neutron.api.extensions [None req-441c10a3-f43c-4159-93c9-000658caec59 None None] Ext name="Router Availability Zone" alias="router_availability_zone" description="Availability zone support for router." updated="2015-01-01T10:00:00-00:00" {{(pid=90945) _check_extension /opt/stack/neutron/neutron/api/extensions.py:415}}
Jul 28 19:28:48.098955 np0000006047 devstack@neutron-api.service[90945]: INFO neutron.api.extensions [None req-441c10a3-f43c-4159-93c9-000658caec59 None None] Loaded extension: router_availability_zone
Jul 28 19:28:48.099125 np0000006047 devstack@neutron-api.service[90942]: DEBUG neutron.api.extensions [None req-98ada4a0-e07e-4339-b24b-19ffaecd5f86 None None] Extended resource: next_providers {{(pid=90942) __init__ /opt/stack/neutron/neutron/api/extensions.py:156}}
Jul 28 19:28:48.099298 np0000006047 devstack@neutron-api.service[90945]: DEBUG neutron.api.extensions [None req-441c10a3-f43c-4159-93c9-000658caec59 None None] Loading extension file: router_enable_snat.py {{(pid=90945) _load_all_extensions_from_path /opt/stack/neutron/neutron/api/extensions.py:449}}
Jul 28 19:28:48.099424 np0000006047 devstack@neutron-api.service[90945]: DEBUG neutron.api.extensions [None req-441c10a3-f43c-4159-93c9-000658caec59 None None] Ext name="Exposes the router "enable_snat" read-only configuration flag" alias="router-enable-snat" description="Exposes the router "enable_snat" read-only configuration flag" updated="2025-09-18T18:00:00-00:00" {{(pid=90945) _check_extension /opt/stack/neutron/neutron/api/extensions.py:415}}
Jul 28 19:28:48.099525 np0000006047 devstack@neutron-api.service[90942]: DEBUG neutron.api.extensions [None req-98ada4a0-e07e-4339-b24b-19ffaecd5f86 None None] Extended resource: service_profiles {{(pid=90942) __init__ /opt/stack/neutron/neutron/api/extensions.py:156}}
Jul 28 19:28:48.100010 np0000006047 devstack@neutron-api.service[90945]: INFO neutron.api.extensions [None req-441c10a3-f43c-4159-93c9-000658caec59 None None] Loaded extension: router-enable-snat
Jul 28 19:28:48.100010 np0000006047 devstack@neutron-api.service[90945]: DEBUG neutron.api.extensions [None req-441c10a3-f43c-4159-93c9-000658caec59 None None] Loading extension file: routerservicetype.py {{(pid=90945) _load_all_extensions_from_path /opt/stack/neutron/neutron/api/extensions.py:449}}
Jul 28 19:28:48.100273 np0000006047 devstack@neutron-api.service[90942]: DEBUG neutron.api.extensions [None req-98ada4a0-e07e-4339-b24b-19ffaecd5f86 None None] Extended resource: floatingip-pools {{(pid=90942) __init__ /opt/stack/neutron/neutron/api/extensions.py:156}}
Jul 28 19:28:48.100474 np0000006047 devstack@neutron-api.service[90945]: DEBUG neutron.api.extensions [None req-441c10a3-f43c-4159-93c9-000658caec59 None None] Ext name="Router Service Type" alias="router-service-type" description="Provides router service type" updated="2013-01-29T00:00:00-00:00" {{(pid=90945) _check_extension /opt/stack/neutron/neutron/api/extensions.py:415}}
Jul 28 19:28:48.100474 np0000006047 devstack@neutron-api.service[90945]: INFO neutron.api.extensions [None req-441c10a3-f43c-4159-93c9-000658caec59 None None] Extension router-service-type not supported by any of loaded plugins
Jul 28 19:28:48.100474 np0000006047 devstack@neutron-api.service[90945]: DEBUG neutron.api.extensions [None req-441c10a3-f43c-4159-93c9-000658caec59 None None] Loading extension file: security_groups_default_rules.py {{(pid=90945) _load_all_extensions_from_path /opt/stack/neutron/neutron/api/extensions.py:449}}
Jul 28 19:28:48.100650 np0000006047 devstack@neutron-api.service[90942]: DEBUG neutron.api.extensions [None req-98ada4a0-e07e-4339-b24b-19ffaecd5f86 None None] Extended resource: routers {{(pid=90942) __init__ /opt/stack/neutron/neutron/api/extensions.py:156}}
Jul 28 19:28:48.100761 np0000006047 devstack@neutron-api.service[90944]: INFO neutron.db.ovn_hash_ring_db [None req-27220171-704c-46eb-b58b-37299c7bfd22 None None] Node 6496a6535603536ca031c4c9ad1ef56c from host "np0000006047" and group "mechanism_driver" added to the Hash Ring
Jul 28 19:28:48.101053 np0000006047 devstack@neutron-api.service[90945]: DEBUG neutron.api.extensions [None req-441c10a3-f43c-4159-93c9-000658caec59 None None] Ext name="Default rules for security groups" alias="security-groups-default-rules" description="Configure set of security group rules used as default rules for every new security group" updated="2022-12-19T10:00:00-00:00" {{(pid=90945) _check_extension /opt/stack/neutron/neutron/api/extensions.py:415}}
Jul 28 19:28:48.101313 np0000006047 devstack@neutron-api.service[90945]: INFO neutron.api.extensions [None req-441c10a3-f43c-4159-93c9-000658caec59 None None] Loaded extension: security-groups-default-rules
Jul 28 19:28:48.101447 np0000006047 devstack@neutron-api.service[90945]: DEBUG neutron.api.extensions [None req-441c10a3-f43c-4159-93c9-000658caec59 None None] Loading extension file: security_groups_default_statefulness.py {{(pid=90945) _load_all_extensions_from_path /opt/stack/neutron/neutron/api/extensions.py:449}}
Jul 28 19:28:48.101552 np0000006047 devstack@neutron-api.service[90942]: DEBUG neutron.api.extensions [None req-98ada4a0-e07e-4339-b24b-19ffaecd5f86 None None] Extended resource: floatingips {{(pid=90942) __init__ /opt/stack/neutron/neutron/api/extensions.py:156}}
Jul 28 19:28:48.101704 np0000006047 devstack@neutron-api.service[90945]: DEBUG neutron.api.extensions [None req-441c10a3-f43c-4159-93c9-000658caec59 None None] Ext name="Security Groups Default Statefulness" alias="security-groups-default-statefulness" description="Allows configuring the default value of the 'stateful' attribute for new security groups, on a per-project or system-wide basis" updated="2026-04-13T00:00:00-00:00" {{(pid=90945) _check_extension /opt/stack/neutron/neutron/api/extensions.py:415}}
Jul 28 19:28:48.101860 np0000006047 devstack@neutron-api.service[90942]: DEBUG neutron.api.extensions [None req-98ada4a0-e07e-4339-b24b-19ffaecd5f86 None None] Extended resource: l3-routers {{(pid=90942) __init__ /opt/stack/neutron/neutron/api/extensions.py:156}}
Jul 28 19:28:48.101986 np0000006047 devstack@neutron-api.service[90945]: INFO neutron.api.extensions [None req-441c10a3-f43c-4159-93c9-000658caec59 None None] Loaded extension: security-groups-default-statefulness
Jul 28 19:28:48.102203 np0000006047 devstack@neutron-api.service[90945]: DEBUG neutron.api.extensions [None req-441c10a3-f43c-4159-93c9-000658caec59 None None] Loading extension file: security_groups_normalized_cidr.py {{(pid=90945) _load_all_extensions_from_path /opt/stack/neutron/neutron/api/extensions.py:449}}
Jul 28 19:28:48.102427 np0000006047 devstack@neutron-api.service[90945]: DEBUG neutron.api.extensions [None req-441c10a3-f43c-4159-93c9-000658caec59 None None] Ext name="Normalized CIDR field for security group rules" alias="security-groups-normalized-cidr" description="Add new field with normalized remote_ip_prefix cidr in SG rule" updated="2020-07-28T10:00:00-00:00" {{(pid=90945) _check_extension /opt/stack/neutron/neutron/api/extensions.py:415}}
Jul 28 19:28:48.102589 np0000006047 devstack@neutron-api.service[90942]: DEBUG neutron.api.extensions [None req-98ada4a0-e07e-4339-b24b-19ffaecd5f86 None None] Extended resource: l3-agents {{(pid=90942) __init__ /opt/stack/neutron/neutron/api/extensions.py:156}}
Jul 28 19:28:48.102691 np0000006047 devstack@neutron-api.service[90945]: INFO neutron.api.extensions [None req-441c10a3-f43c-4159-93c9-000658caec59 None None] Loaded extension: security-groups-normalized-cidr
Jul 28 19:28:48.102791 np0000006047 devstack@neutron-api.service[90945]: DEBUG neutron.api.extensions [None req-441c10a3-f43c-4159-93c9-000658caec59 None None] Loading extension file: security_groups_port_filtering.py {{(pid=90945) _load_all_extensions_from_path /opt/stack/neutron/neutron/api/extensions.py:449}}
Jul 28 19:28:48.102994 np0000006047 devstack@neutron-api.service[90942]: DEBUG neutron.api.extensions [None req-98ada4a0-e07e-4339-b24b-19ffaecd5f86 None None] Extended resource: network-ip-availabilities {{(pid=90942) __init__ /opt/stack/neutron/neutron/api/extensions.py:156}}
Jul 28 19:28:48.103091 np0000006047 devstack@neutron-api.service[90945]: DEBUG neutron.api.extensions [None req-441c10a3-f43c-4159-93c9-000658caec59 None None] Ext name="Port filtering on security groups" alias="port-security-groups-filtering" description="Provides security groups filtering when listing ports" updated="2018-01-09T09:00:00-00:00" {{(pid=90945) _check_extension /opt/stack/neutron/neutron/api/extensions.py:415}}
Jul 28 19:28:48.103364 np0000006047 devstack@neutron-api.service[90945]: INFO neutron.api.extensions [None req-441c10a3-f43c-4159-93c9-000658caec59 None None] Extension port-security-groups-filtering not supported by any of loaded plugins
Jul 28 19:28:48.103466 np0000006047 devstack@neutron-api.service[90945]: DEBUG neutron.api.extensions [None req-441c10a3-f43c-4159-93c9-000658caec59 None None] Loading extension file: security_groups_remote_address_group.py {{(pid=90945) _load_all_extensions_from_path /opt/stack/neutron/neutron/api/extensions.py:449}}
Jul 28 19:28:48.103575 np0000006047 devstack@neutron-api.service[90942]: DEBUG neutron.api.extensions [None req-98ada4a0-e07e-4339-b24b-19ffaecd5f86 None None] Extended resource: network-ip-availabilities {{(pid=90942) __init__ /opt/stack/neutron/neutron/api/extensions.py:156}}
Jul 28 19:28:48.103788 np0000006047 devstack@neutron-api.service[90945]: DEBUG neutron.api.extensions [None req-441c10a3-f43c-4159-93c9-000658caec59 None None] Ext name="Remote address group id field for security group rules" alias="security-groups-remote-address-group" description="Add new field of remote address group id in SG rules" updated="2020-08-25T10:00:00-00:00" {{(pid=90945) _check_extension /opt/stack/neutron/neutron/api/extensions.py:415}}
Jul 28 19:28:48.104077 np0000006047 devstack@neutron-api.service[90945]: INFO neutron.api.extensions [None req-441c10a3-f43c-4159-93c9-000658caec59 None None] Loaded extension: security-groups-remote-address-group
Jul 28 19:28:48.104195 np0000006047 devstack@neutron-api.service[90945]: DEBUG neutron.api.extensions [None req-441c10a3-f43c-4159-93c9-000658caec59 None None] Loading extension file: security_groups_rules_belongs_to_default_sg.py {{(pid=90945) _load_all_extensions_from_path /opt/stack/neutron/neutron/api/extensions.py:449}}
Jul 28 19:28:48.104624 np0000006047 devstack@neutron-api.service[90945]: DEBUG neutron.api.extensions [None req-441c10a3-f43c-4159-93c9-000658caec59 None None] Ext name="Security group rule belongs to the project's default security group" alias="security-groups-rules-belongs-to-default-sg" description="Flag to determine if the security group rule belongs to the project's default security group" updated="2023-05-23T10:00:00-00:00" {{(pid=90945) _check_extension /opt/stack/neutron/neutron/api/extensions.py:415}}
Jul 28 19:28:48.104793 np0000006047 devstack@neutron-api.service[90945]: INFO neutron.api.extensions [None req-441c10a3-f43c-4159-93c9-000658caec59 None None] Loaded extension: security-groups-rules-belongs-to-default-sg
Jul 28 19:28:48.104893 np0000006047 devstack@neutron-api.service[90945]: DEBUG neutron.api.extensions [None req-441c10a3-f43c-4159-93c9-000658caec59 None None] Loading extension file: security_groups_shared_filtering.py {{(pid=90945) _load_all_extensions_from_path /opt/stack/neutron/neutron/api/extensions.py:449}}
Jul 28 19:28:48.105072 np0000006047 devstack@neutron-api.service[90942]: DEBUG neutron.api.extensions [None req-98ada4a0-e07e-4339-b24b-19ffaecd5f86 None None] Extended resource: bindings {{(pid=90942) __init__ /opt/stack/neutron/neutron/api/extensions.py:156}}
Jul 28 19:28:48.105236 np0000006047 devstack@neutron-api.service[90945]: DEBUG neutron.api.extensions [None req-441c10a3-f43c-4159-93c9-000658caec59 None None] Ext name="Security group filtering on the shared field" alias="security-groups-shared-filtering" description="Support filtering security groups on the shared field" updated="2021-10-05T09:00:00-00:00" {{(pid=90945) _check_extension /opt/stack/neutron/neutron/api/extensions.py:415}}
Jul 28 19:28:48.105461 np0000006047 devstack@neutron-api.service[90945]: INFO neutron.api.extensions [None req-441c10a3-f43c-4159-93c9-000658caec59 None None] Loaded extension: security-groups-shared-filtering
Jul 28 19:28:48.105607 np0000006047 devstack@neutron-api.service[90945]: DEBUG neutron.api.extensions [None req-441c10a3-f43c-4159-93c9-000658caec59 None None] Loading extension file: securitygroup.py {{(pid=90945) _load_all_extensions_from_path /opt/stack/neutron/neutron/api/extensions.py:449}}
Jul 28 19:28:48.105704 np0000006047 devstack@neutron-api.service[90942]: DEBUG neutron.api.extensions [None req-98ada4a0-e07e-4339-b24b-19ffaecd5f86 None None] Extended resource: quotas {{(pid=90942) __init__ /opt/stack/neutron/neutron/api/extensions.py:156}}
Jul 28 19:28:48.106379 np0000006047 devstack@neutron-api.service[90944]: DEBUG neutron.plugins.ml2.drivers.ovn.mech_driver.mech_driver [None req-27220171-704c-46eb-b58b-37299c7bfd22 None None] Hash Ring setup, this worker has detected 2 OVN hash ring registers in the database {{(pid=90944) _init_hash_ring /opt/stack/neutron/neutron/plugins/ml2/drivers/ovn/mech_driver/mech_driver.py:414}}
Jul 28 19:28:48.106487 np0000006047 devstack@neutron-api.service[90942]: DEBUG neutron.api.extensions [None req-98ada4a0-e07e-4339-b24b-19ffaecd5f86 None None] Extended resource: quotas {{(pid=90942) __init__ /opt/stack/neutron/neutron/api/extensions.py:156}}
Jul 28 19:28:48.107233 np0000006047 devstack@neutron-api.service[90942]: DEBUG neutron.api.extensions [None req-98ada4a0-e07e-4339-b24b-19ffaecd5f86 None None] Extended resource: rbac-policies {{(pid=90942) __init__ /opt/stack/neutron/neutron/api/extensions.py:156}}
Jul 28 19:28:48.107681 np0000006047 devstack@neutron-api.service[90942]: DEBUG neutron.api.extensions [None req-98ada4a0-e07e-4339-b24b-19ffaecd5f86 None None] Extended resource: default-security-group-rules {{(pid=90942) __init__ /opt/stack/neutron/neutron/api/extensions.py:156}}
Jul 28 19:28:48.108015 np0000006047 devstack@neutron-api.service[90945]: DEBUG neutron.api.extensions [None req-441c10a3-f43c-4159-93c9-000658caec59 None None] Ext name="security-group" alias="security-group" description="The security groups extension." updated="2012-10-05T10:00:00-00:00" {{(pid=90945) _check_extension /opt/stack/neutron/neutron/api/extensions.py:415}}
Jul 28 19:28:48.108113 np0000006047 devstack@neutron-api.service[90942]: DEBUG neutron.api.extensions [None req-98ada4a0-e07e-4339-b24b-19ffaecd5f86 None None] Extended resource: security-groups-default-statefulness {{(pid=90942) __init__ /opt/stack/neutron/neutron/api/extensions.py:156}}
Jul 28 19:28:48.108311 np0000006047 devstack@neutron-api.service[90945]: INFO neutron.api.extensions [None req-441c10a3-f43c-4159-93c9-000658caec59 None None] Loaded extension: security-group
Jul 28 19:28:48.108414 np0000006047 devstack@neutron-api.service[90945]: DEBUG neutron.api.extensions [None req-441c10a3-f43c-4159-93c9-000658caec59 None None] Loading extension file: segment.py {{(pid=90945) _load_all_extensions_from_path /opt/stack/neutron/neutron/api/extensions.py:449}}
Jul 28 19:28:48.108684 np0000006047 devstack@neutron-api.service[90942]: DEBUG neutron.api.extensions [None req-98ada4a0-e07e-4339-b24b-19ffaecd5f86 None None] Extended resource: security-groups {{(pid=90942) __init__ /opt/stack/neutron/neutron/api/extensions.py:156}}
Jul 28 19:28:48.108924 np0000006047 devstack@neutron-api.service[90945]: DEBUG neutron.api.extensions [None req-441c10a3-f43c-4159-93c9-000658caec59 None None] Ext name="Segment" alias="segment" description="Segments extension." updated="2016-02-24T17:00:00-00:00" {{(pid=90945) _check_extension /opt/stack/neutron/neutron/api/extensions.py:415}}
Jul 28 19:28:48.109198 np0000006047 devstack@neutron-api.service[90945]: INFO neutron.api.extensions [None req-441c10a3-f43c-4159-93c9-000658caec59 None None] Extension segment not supported by any of loaded plugins
Jul 28 19:28:48.109476 np0000006047 devstack@neutron-api.service[90942]: DEBUG neutron.api.extensions [None req-98ada4a0-e07e-4339-b24b-19ffaecd5f86 None None] Extended resource: security-group-rules {{(pid=90942) __init__ /opt/stack/neutron/neutron/api/extensions.py:156}}
Jul 28 19:28:48.109584 np0000006047 devstack@neutron-api.service[90945]: DEBUG neutron.api.extensions [None req-441c10a3-f43c-4159-93c9-000658caec59 None None] Loading extension file: segments_peer_subnet_host_routes.py {{(pid=90945) _load_all_extensions_from_path /opt/stack/neutron/neutron/api/extensions.py:449}}
Jul 28 19:28:48.109681 np0000006047 devstack@neutron-api.service[90942]: DEBUG neutron.api.extensions [None req-98ada4a0-e07e-4339-b24b-19ffaecd5f86 None None] Extended resource: service-providers {{(pid=90942) __init__ /opt/stack/neutron/neutron/api/extensions.py:156}}
Jul 28 19:28:48.109804 np0000006047 devstack@neutron-api.service[90945]: DEBUG neutron.api.extensions [None req-441c10a3-f43c-4159-93c9-000658caec59 None None] Ext name="Segments peer-subnet host routes" alias="segments-peer-subnet-host-routes" description="Add host routes to subnets on a routed network (segments)" updated="2018-06-12T10:00:00-00:00" {{(pid=90945) _check_extension /opt/stack/neutron/neutron/api/extensions.py:415}}
Jul 28 19:28:48.109936 np0000006047 devstack@neutron-api.service[90945]: INFO neutron.api.extensions [None req-441c10a3-f43c-4159-93c9-000658caec59 None None] Extension segments-peer-subnet-host-routes not supported by any of loaded plugins
Jul 28 19:28:48.110083 np0000006047 devstack@neutron-api.service[90945]: DEBUG neutron.api.extensions [None req-441c10a3-f43c-4159-93c9-000658caec59 None None] Loading extension file: servicetype.py {{(pid=90945) _load_all_extensions_from_path /opt/stack/neutron/neutron/api/extensions.py:449}}
Jul 28 19:28:48.110203 np0000006047 devstack@neutron-api.service[90942]: DEBUG neutron.api.extensions [None req-98ada4a0-e07e-4339-b24b-19ffaecd5f86 None None] Extended resource: subnetpools {{(pid=90942) __init__ /opt/stack/neutron/neutron/api/extensions.py:156}}
Jul 28 19:28:48.110414 np0000006047 devstack@neutron-api.service[90945]: DEBUG neutron.api.extensions [None req-441c10a3-f43c-4159-93c9-000658caec59 None None] Ext name="Neutron Service Type Management" alias="service-type" description="API for retrieving service providers for Neutron advanced services" updated="2013-01-20T00:00:00-00:00" {{(pid=90945) _check_extension /opt/stack/neutron/neutron/api/extensions.py:415}}
Jul 28 19:28:48.110558 np0000006047 devstack@neutron-api.service[90945]: INFO neutron.api.extensions [None req-441c10a3-f43c-4159-93c9-000658caec59 None None] Loaded extension: service-type
Jul 28 19:28:48.110706 np0000006047 devstack@neutron-api.service[90945]: DEBUG neutron.api.extensions [None req-441c10a3-f43c-4159-93c9-000658caec59 None None] Loading extension file: sorting.py {{(pid=90945) _load_all_extensions_from_path /opt/stack/neutron/neutron/api/extensions.py:449}}
Jul 28 19:28:48.110859 np0000006047 devstack@neutron-api.service[90942]: DEBUG neutron.api.extensions [None req-98ada4a0-e07e-4339-b24b-19ffaecd5f86 None None] Extended resource: subnetpools {{(pid=90942) __init__ /opt/stack/neutron/neutron/api/extensions.py:156}}
Jul 28 19:28:48.111002 np0000006047 devstack@neutron-api.service[90945]: DEBUG neutron.api.extensions [None req-441c10a3-f43c-4159-93c9-000658caec59 None None] Ext name="Sorting support" alias="sorting" description="Extension that indicates that sorting is enabled." updated="2016-06-12T00:00:00-00:00" {{(pid=90945) _check_extension /opt/stack/neutron/neutron/api/extensions.py:415}}
Jul 28 19:28:48.111181 np0000006047 devstack@neutron-api.service[90945]: INFO neutron.api.extensions [None req-441c10a3-f43c-4159-93c9-000658caec59 None None] Loaded extension: sorting
Jul 28 19:28:48.111310 np0000006047 devstack@neutron-api.service[90945]: DEBUG neutron.api.extensions [None req-441c10a3-f43c-4159-93c9-000658caec59 None None] Loading extension file: standard_attr_segment.py {{(pid=90945) _load_all_extensions_from_path /opt/stack/neutron/neutron/api/extensions.py:449}}
Jul 28 19:28:48.111481 np0000006047 devstack@neutron-api.service[90942]: DEBUG neutron.api.extensions [None req-98ada4a0-e07e-4339-b24b-19ffaecd5f86 None None] Extended resource: tags {{(pid=90942) __init__ /opt/stack/neutron/neutron/api/extensions.py:156}}
Jul 28 19:28:48.111564 np0000006047 devstack@neutron-api.service[90945]: DEBUG neutron.api.extensions [None req-441c10a3-f43c-4159-93c9-000658caec59 None None] Ext name="Standard Attribute Segment Extension" alias="standard-attr-segment" description="Add standard attributes to Segment resource" updated="2018-04-09T10:00:00-00:00" {{(pid=90945) _check_extension /opt/stack/neutron/neutron/api/extensions.py:415}}
Jul 28 19:28:48.111689 np0000006047 devstack@neutron-api.service[90945]: INFO neutron.api.extensions [None req-441c10a3-f43c-4159-93c9-000658caec59 None None] Extension standard-attr-segment not supported by any of loaded plugins
