Jul 03 08:02:23.235018 np0000004388 nova-conductor[98929]: DEBUG cotyledon.oslo_config_glue [-] profiler.es_scroll_size = 10000 {{(pid=98929) log_opt_values /opt/stack/data/venv/lib/python3.12/site-packages/oslo_config/cfg.py:3253}}
Jul 03 08:02:23.235018 np0000004388 nova-conductor[98929]: DEBUG cotyledon.oslo_config_glue [-] profiler.es_scroll_time = 2m {{(pid=98929) log_opt_values /opt/stack/data/venv/lib/python3.12/site-packages/oslo_config/cfg.py:3253}}
Jul 03 08:02:23.235018 np0000004388 nova-conductor[98929]: DEBUG cotyledon.oslo_config_glue [-] profiler.filter_error_trace = False {{(pid=98929) log_opt_values /opt/stack/data/venv/lib/python3.12/site-packages/oslo_config/cfg.py:3253}}
Jul 03 08:02:23.235018 np0000004388 nova-conductor[98929]: DEBUG cotyledon.oslo_config_glue [-] profiler.hmac_keys = **** {{(pid=98929) log_opt_values /opt/stack/data/venv/lib/python3.12/site-packages/oslo_config/cfg.py:3253}}
Jul 03 08:02:23.235246 np0000004388 nova-conductor[98929]: DEBUG cotyledon.oslo_config_glue [-] profiler.sentinel_service_name = mymaster {{(pid=98929) log_opt_values /opt/stack/data/venv/lib/python3.12/site-packages/oslo_config/cfg.py:3253}}
Jul 03 08:02:23.235246 np0000004388 nova-conductor[98929]: DEBUG cotyledon.oslo_config_glue [-] profiler.socket_timeout = 0.1 {{(pid=98929) log_opt_values /opt/stack/data/venv/lib/python3.12/site-packages/oslo_config/cfg.py:3253}}
Jul 03 08:02:23.235246 np0000004388 nova-conductor[98929]: DEBUG cotyledon.oslo_config_glue [-] profiler.trace_requests = False {{(pid=98929) log_opt_values /opt/stack/data/venv/lib/python3.12/site-packages/oslo_config/cfg.py:3253}}
Jul 03 08:02:23.235246 np0000004388 nova-conductor[98929]: DEBUG cotyledon.oslo_config_glue [-] profiler.trace_sqlalchemy = False {{(pid=98929) log_opt_values /opt/stack/data/venv/lib/python3.12/site-packages/oslo_config/cfg.py:3253}}
Jul 03 08:02:23.235246 np0000004388 nova-conductor[98929]: DEBUG cotyledon.oslo_config_glue [-] profiler_jaeger.process_tags = {} {{(pid=98929) log_opt_values /opt/stack/data/venv/lib/python3.12/site-packages/oslo_config/cfg.py:3253}}
Jul 03 08:02:23.235246 np0000004388 nova-conductor[98929]: DEBUG cotyledon.oslo_config_glue [-] profiler_jaeger.service_name_prefix = None {{(pid=98929) log_opt_values /opt/stack/data/venv/lib/python3.12/site-packages/oslo_config/cfg.py:3253}}
Jul 03 08:02:23.235246 np0000004388 nova-conductor[98929]: DEBUG cotyledon.oslo_config_glue [-] profiler_otlp.service_name_prefix = None {{(pid=98929) log_opt_values /opt/stack/data/venv/lib/python3.12/site-packages/oslo_config/cfg.py:3253}}
Jul 03 08:02:23.235246 np0000004388 nova-conductor[98929]: DEBUG cotyledon.oslo_config_glue [-] oslo_messaging_rabbit.amqp_auto_delete = False {{(pid=98929) log_opt_values /opt/stack/data/venv/lib/python3.12/site-packages/oslo_config/cfg.py:3253}}
Jul 03 08:02:23.235246 np0000004388 nova-conductor[98929]: DEBUG cotyledon.oslo_config_glue [-] oslo_messaging_rabbit.amqp_durable_queues = False {{(pid=98929) log_opt_values /opt/stack/data/venv/lib/python3.12/site-packages/oslo_config/cfg.py:3253}}
Jul 03 08:02:23.235423 np0000004388 nova-conductor[98929]: DEBUG cotyledon.oslo_config_glue [-] oslo_messaging_rabbit.conn_pool_min_size = 2 {{(pid=98929) log_opt_values /opt/stack/data/venv/lib/python3.12/site-packages/oslo_config/cfg.py:3253}}
Jul 03 08:02:23.235423 np0000004388 nova-conductor[98929]: DEBUG cotyledon.oslo_config_glue [-] oslo_messaging_rabbit.conn_pool_ttl = 1200 {{(pid=98929) log_opt_values /opt/stack/data/venv/lib/python3.12/site-packages/oslo_config/cfg.py:3253}}
Jul 03 08:02:23.235423 np0000004388 nova-conductor[98929]: DEBUG cotyledon.oslo_config_glue [-] oslo_messaging_rabbit.direct_mandatory_flag = True {{(pid=98929) log_opt_values /opt/stack/data/venv/lib/python3.12/site-packages/oslo_config/cfg.py:3253}}
Jul 03 08:02:23.235423 np0000004388 nova-conductor[98929]: DEBUG cotyledon.oslo_config_glue [-] oslo_messaging_rabbit.enable_cancel_on_failover = False {{(pid=98929) log_opt_values /opt/stack/data/venv/lib/python3.12/site-packages/oslo_config/cfg.py:3253}}
Jul 03 08:02:23.235423 np0000004388 nova-conductor[98929]: DEBUG cotyledon.oslo_config_glue [-] oslo_messaging_rabbit.heartbeat_rate = 3 {{(pid=98929) log_opt_values /opt/stack/data/venv/lib/python3.12/site-packages/oslo_config/cfg.py:3253}}
Jul 03 08:02:23.235423 np0000004388 nova-conductor[98929]: DEBUG cotyledon.oslo_config_glue [-] oslo_messaging_rabbit.heartbeat_timeout_threshold = 60 {{(pid=98929) log_opt_values /opt/stack/data/venv/lib/python3.12/site-packages/oslo_config/cfg.py:3253}}
Jul 03 08:02:23.235423 np0000004388 nova-conductor[98929]: DEBUG cotyledon.oslo_config_glue [-] oslo_messaging_rabbit.hostname = np0000004388 {{(pid=98929) log_opt_values /opt/stack/data/venv/lib/python3.12/site-packages/oslo_config/cfg.py:3253}}
Jul 03 08:02:23.235423 np0000004388 nova-conductor[98929]: DEBUG cotyledon.oslo_config_glue [-] oslo_messaging_rabbit.kombu_compression = None {{(pid=98929) log_opt_values /opt/stack/data/venv/lib/python3.12/site-packages/oslo_config/cfg.py:3253}}
Jul 03 08:02:23.235423 np0000004388 nova-conductor[98929]: DEBUG cotyledon.oslo_config_glue [-] oslo_messaging_rabbit.kombu_failover_strategy = round-robin {{(pid=98929) log_opt_values /opt/stack/data/venv/lib/python3.12/site-packages/oslo_config/cfg.py:3253}}
Jul 03 08:02:23.235615 np0000004388 nova-conductor[98929]: DEBUG cotyledon.oslo_config_glue [-] oslo_messaging_rabbit.kombu_missing_consumer_retry_timeout = 60 {{(pid=98929) log_opt_values /opt/stack/data/venv/lib/python3.12/site-packages/oslo_config/cfg.py:3253}}
Jul 03 08:02:23.235615 np0000004388 nova-conductor[98929]: DEBUG cotyledon.oslo_config_glue [-] oslo_messaging_rabbit.kombu_reconnect_delay = 1.0 {{(pid=98929) log_opt_values /opt/stack/data/venv/lib/python3.12/site-packages/oslo_config/cfg.py:3253}}
Jul 03 08:02:23.235615 np0000004388 nova-conductor[98929]: DEBUG cotyledon.oslo_config_glue [-] oslo_messaging_rabbit.kombu_reconnect_splay = 0.0 {{(pid=98929) log_opt_values /opt/stack/data/venv/lib/python3.12/site-packages/oslo_config/cfg.py:3253}}
Jul 03 08:02:23.235615 np0000004388 nova-conductor[98929]: DEBUG cotyledon.oslo_config_glue [-] oslo_messaging_rabbit.processname = nova-conductor {{(pid=98929) log_opt_values /opt/stack/data/venv/lib/python3.12/site-packages/oslo_config/cfg.py:3253}}
Jul 03 08:02:23.235615 np0000004388 nova-conductor[98929]: DEBUG cotyledon.oslo_config_glue [-] oslo_messaging_rabbit.rabbit_ha_queues = False {{(pid=98929) log_opt_values /opt/stack/data/venv/lib/python3.12/site-packages/oslo_config/cfg.py:3253}}
Jul 03 08:02:23.235615 np0000004388 nova-conductor[98929]: DEBUG cotyledon.oslo_config_glue [-] oslo_messaging_rabbit.rabbit_interval_max = 30 {{(pid=98929) log_opt_values /opt/stack/data/venv/lib/python3.12/site-packages/oslo_config/cfg.py:3253}}
Jul 03 08:02:23.235615 np0000004388 nova-conductor[98929]: DEBUG cotyledon.oslo_config_glue [-] oslo_messaging_rabbit.rabbit_login_method = AMQPLAIN {{(pid=98929) log_opt_values /opt/stack/data/venv/lib/python3.12/site-packages/oslo_config/cfg.py:3253}}
Jul 03 08:02:23.235615 np0000004388 nova-conductor[98929]: DEBUG cotyledon.oslo_config_glue [-] oslo_messaging_rabbit.rabbit_qos_prefetch_count = 0 {{(pid=98929) log_opt_values /opt/stack/data/venv/lib/python3.12/site-packages/oslo_config/cfg.py:3253}}
Jul 03 08:02:23.235615 np0000004388 nova-conductor[98929]: DEBUG cotyledon.oslo_config_glue [-] oslo_messaging_rabbit.rabbit_quorum_delivery_limit = 0 {{(pid=98929) log_opt_values /opt/stack/data/venv/lib/python3.12/site-packages/oslo_config/cfg.py:3253}}
Jul 03 08:02:23.235785 np0000004388 nova-conductor[98929]: DEBUG cotyledon.oslo_config_glue [-] oslo_messaging_rabbit.rabbit_quorum_max_memory_bytes = 0 {{(pid=98929) log_opt_values /opt/stack/data/venv/lib/python3.12/site-packages/oslo_config/cfg.py:3253}}
Jul 03 08:02:23.235785 np0000004388 nova-conductor[98929]: DEBUG cotyledon.oslo_config_glue [-] oslo_messaging_rabbit.rabbit_quorum_max_memory_length = 0 {{(pid=98929) log_opt_values /opt/stack/data/venv/lib/python3.12/site-packages/oslo_config/cfg.py:3253}}
Jul 03 08:02:23.235785 np0000004388 nova-conductor[98929]: DEBUG cotyledon.oslo_config_glue [-] oslo_messaging_rabbit.rabbit_quorum_queue = False {{(pid=98929) log_opt_values /opt/stack/data/venv/lib/python3.12/site-packages/oslo_config/cfg.py:3253}}
Jul 03 08:02:23.235785 np0000004388 nova-conductor[98929]: DEBUG cotyledon.oslo_config_glue [-] oslo_messaging_rabbit.rabbit_retry_backoff = 2 {{(pid=98929) log_opt_values /opt/stack/data/venv/lib/python3.12/site-packages/oslo_config/cfg.py:3253}}
Jul 03 08:02:23.235785 np0000004388 nova-conductor[98929]: DEBUG cotyledon.oslo_config_glue [-] oslo_messaging_rabbit.rabbit_retry_interval = 1 {{(pid=98929) log_opt_values /opt/stack/data/venv/lib/python3.12/site-packages/oslo_config/cfg.py:3253}}
Jul 03 08:02:23.235785 np0000004388 nova-conductor[98929]: DEBUG cotyledon.oslo_config_glue [-] oslo_messaging_rabbit.rabbit_stream_fanout = False {{(pid=98929) log_opt_values /opt/stack/data/venv/lib/python3.12/site-packages/oslo_config/cfg.py:3253}}
Jul 03 08:02:23.235785 np0000004388 nova-conductor[98929]: DEBUG cotyledon.oslo_config_glue [-] oslo_messaging_rabbit.rabbit_transient_queues_ttl = 1800 {{(pid=98929) log_opt_values /opt/stack/data/venv/lib/python3.12/site-packages/oslo_config/cfg.py:3253}}
Jul 03 08:02:23.235785 np0000004388 nova-conductor[98929]: DEBUG cotyledon.oslo_config_glue [-] oslo_messaging_rabbit.rabbit_transient_quorum_queue = False {{(pid=98929) log_opt_values /opt/stack/data/venv/lib/python3.12/site-packages/oslo_config/cfg.py:3253}}
Jul 03 08:02:23.235931 np0000004388 nova-conductor[98929]: DEBUG cotyledon.oslo_config_glue [-] oslo_messaging_rabbit.rpc_conn_pool_size = 30 {{(pid=98929) log_opt_values /opt/stack/data/venv/lib/python3.12/site-packages/oslo_config/cfg.py:3253}}
Jul 03 08:02:23.235931 np0000004388 nova-conductor[98929]: DEBUG cotyledon.oslo_config_glue [-] oslo_messaging_rabbit.ssl = False {{(pid=98929) log_opt_values /opt/stack/data/venv/lib/python3.12/site-packages/oslo_config/cfg.py:3253}}
Jul 03 08:02:23.235931 np0000004388 nova-conductor[98929]: DEBUG cotyledon.oslo_config_glue [-] oslo_messaging_rabbit.ssl_ca_file = {{(pid=98929) log_opt_values /opt/stack/data/venv/lib/python3.12/site-packages/oslo_config/cfg.py:3253}}
Jul 03 08:02:23.235931 np0000004388 nova-conductor[98929]: DEBUG cotyledon.oslo_config_glue [-] oslo_messaging_rabbit.ssl_cert_file = {{(pid=98929) log_opt_values /opt/stack/data/venv/lib/python3.12/site-packages/oslo_config/cfg.py:3253}}
Jul 03 08:02:23.235931 np0000004388 nova-conductor[98929]: DEBUG cotyledon.oslo_config_glue [-] oslo_messaging_rabbit.ssl_enforce_fips_mode = False {{(pid=98929) log_opt_values /opt/stack/data/venv/lib/python3.12/site-packages/oslo_config/cfg.py:3253}}
Jul 03 08:02:23.235931 np0000004388 nova-conductor[98929]: DEBUG cotyledon.oslo_config_glue [-] oslo_messaging_rabbit.ssl_enforce_hostname_verification = True {{(pid=98929) log_opt_values /opt/stack/data/venv/lib/python3.12/site-packages/oslo_config/cfg.py:3253}}
Jul 03 08:02:23.235931 np0000004388 nova-conductor[98929]: DEBUG cotyledon.oslo_config_glue [-] oslo_messaging_rabbit.ssl_key_file = {{(pid=98929) log_opt_values /opt/stack/data/venv/lib/python3.12/site-packages/oslo_config/cfg.py:3253}}
Jul 03 08:02:23.235931 np0000004388 nova-conductor[98929]: DEBUG cotyledon.oslo_config_glue [-] oslo_messaging_rabbit.ssl_version = {{(pid=98929) log_opt_values /opt/stack/data/venv/lib/python3.12/site-packages/oslo_config/cfg.py:3253}}
Jul 03 08:02:23.235931 np0000004388 nova-conductor[98929]: DEBUG cotyledon.oslo_config_glue [-] oslo_messaging_rabbit.use_queue_manager = False {{(pid=98929) log_opt_values /opt/stack/data/venv/lib/python3.12/site-packages/oslo_config/cfg.py:3253}}
Jul 03 08:02:23.236103 np0000004388 nova-conductor[98929]: DEBUG cotyledon.oslo_config_glue [-] oslo_messaging_notifications.driver = ['messagingv2'] {{(pid=98929) log_opt_values /opt/stack/data/venv/lib/python3.12/site-packages/oslo_config/cfg.py:3253}}
Jul 03 08:02:23.236103 np0000004388 nova-conductor[98929]: DEBUG cotyledon.oslo_config_glue [-] oslo_messaging_notifications.retry = -1 {{(pid=98929) log_opt_values /opt/stack/data/venv/lib/python3.12/site-packages/oslo_config/cfg.py:3253}}
Jul 03 08:02:23.236103 np0000004388 nova-conductor[98929]: DEBUG cotyledon.oslo_config_glue [-] oslo_messaging_notifications.topics = ['notifications'] {{(pid=98929) log_opt_values /opt/stack/data/venv/lib/python3.12/site-packages/oslo_config/cfg.py:3253}}
Jul 03 08:02:23.236103 np0000004388 nova-conductor[98929]: DEBUG cotyledon.oslo_config_glue [-] oslo_messaging_notifications.transport_url = **** {{(pid=98929) log_opt_values /opt/stack/data/venv/lib/python3.12/site-packages/oslo_config/cfg.py:3253}}
Jul 03 08:02:23.236103 np0000004388 nova-conductor[98929]: DEBUG cotyledon.oslo_config_glue [-] oslo_limit.auth_section = None {{(pid=98929) log_opt_values /opt/stack/data/venv/lib/python3.12/site-packages/oslo_config/cfg.py:3253}}
Jul 03 08:02:23.236103 np0000004388 nova-conductor[98929]: DEBUG cotyledon.oslo_config_glue [-] oslo_limit.auth_type = None {{(pid=98929) log_opt_values /opt/stack/data/venv/lib/python3.12/site-packages/oslo_config/cfg.py:3253}}
Jul 03 08:02:23.236103 np0000004388 nova-conductor[98929]: DEBUG cotyledon.oslo_config_glue [-] oslo_limit.cafile = None {{(pid=98929) log_opt_values /opt/stack/data/venv/lib/python3.12/site-packages/oslo_config/cfg.py:3253}}
Jul 03 08:02:23.236103 np0000004388 nova-conductor[98929]: DEBUG cotyledon.oslo_config_glue [-] oslo_limit.certfile = None {{(pid=98929) log_opt_values /opt/stack/data/venv/lib/python3.12/site-packages/oslo_config/cfg.py:3253}}
Jul 03 08:02:23.236103 np0000004388 nova-conductor[98929]: DEBUG cotyledon.oslo_config_glue [-] oslo_limit.collect_timing = False {{(pid=98929) log_opt_values /opt/stack/data/venv/lib/python3.12/site-packages/oslo_config/cfg.py:3253}}
Jul 03 08:02:23.236275 np0000004388 nova-conductor[98929]: DEBUG cotyledon.oslo_config_glue [-] oslo_limit.connect_retries = None {{(pid=98929) log_opt_values /opt/stack/data/venv/lib/python3.12/site-packages/oslo_config/cfg.py:3253}}
Jul 03 08:02:23.236275 np0000004388 nova-conductor[98929]: DEBUG cotyledon.oslo_config_glue [-] oslo_limit.connect_retry_delay = None {{(pid=98929) log_opt_values /opt/stack/data/venv/lib/python3.12/site-packages/oslo_config/cfg.py:3253}}
Jul 03 08:02:23.236275 np0000004388 nova-conductor[98929]: DEBUG cotyledon.oslo_config_glue [-] oslo_limit.endpoint_id = None {{(pid=98929) log_opt_values /opt/stack/data/venv/lib/python3.12/site-packages/oslo_config/cfg.py:3253}}
Jul 03 08:02:23.236275 np0000004388 nova-conductor[98929]: DEBUG cotyledon.oslo_config_glue [-] oslo_limit.endpoint_interface = public {{(pid=98929) log_opt_values /opt/stack/data/venv/lib/python3.12/site-packages/oslo_config/cfg.py:3253}}
Jul 03 08:02:23.236275 np0000004388 nova-conductor[98929]: DEBUG cotyledon.oslo_config_glue [-] oslo_limit.endpoint_override = None {{(pid=98929) log_opt_values /opt/stack/data/venv/lib/python3.12/site-packages/oslo_config/cfg.py:3253}}
Jul 03 08:02:23.236275 np0000004388 nova-conductor[98929]: DEBUG cotyledon.oslo_config_glue [-] oslo_limit.endpoint_region_name = None {{(pid=98929) log_opt_values /opt/stack/data/venv/lib/python3.12/site-packages/oslo_config/cfg.py:3253}}
Jul 03 08:02:23.236275 np0000004388 nova-conductor[98929]: DEBUG cotyledon.oslo_config_glue [-] oslo_limit.endpoint_service_name = None {{(pid=98929) log_opt_values /opt/stack/data/venv/lib/python3.12/site-packages/oslo_config/cfg.py:3253}}
Jul 03 08:02:23.236275 np0000004388 nova-conductor[98929]: DEBUG cotyledon.oslo_config_glue [-] oslo_limit.endpoint_service_type = None {{(pid=98929) log_opt_values /opt/stack/data/venv/lib/python3.12/site-packages/oslo_config/cfg.py:3253}}
Jul 03 08:02:23.236275 np0000004388 nova-conductor[98929]: DEBUG cotyledon.oslo_config_glue [-] oslo_limit.insecure = False {{(pid=98929) log_opt_values /opt/stack/data/venv/lib/python3.12/site-packages/oslo_config/cfg.py:3253}}
Jul 03 08:02:23.236453 np0000004388 nova-conductor[98929]: DEBUG cotyledon.oslo_config_glue [-] oslo_limit.keyfile = None {{(pid=98929) log_opt_values /opt/stack/data/venv/lib/python3.12/site-packages/oslo_config/cfg.py:3253}}
Jul 03 08:02:23.236453 np0000004388 nova-conductor[98929]: DEBUG cotyledon.oslo_config_glue [-] oslo_limit.max_version = None {{(pid=98929) log_opt_values /opt/stack/data/venv/lib/python3.12/site-packages/oslo_config/cfg.py:3253}}
Jul 03 08:02:23.236453 np0000004388 nova-conductor[98929]: DEBUG cotyledon.oslo_config_glue [-] oslo_limit.min_version = None {{(pid=98929) log_opt_values /opt/stack/data/venv/lib/python3.12/site-packages/oslo_config/cfg.py:3253}}
Jul 03 08:02:23.236453 np0000004388 nova-conductor[98929]: DEBUG cotyledon.oslo_config_glue [-] oslo_limit.region_name = None {{(pid=98929) log_opt_values /opt/stack/data/venv/lib/python3.12/site-packages/oslo_config/cfg.py:3253}}
Jul 03 08:02:23.236453 np0000004388 nova-conductor[98929]: DEBUG cotyledon.oslo_config_glue [-] oslo_limit.retriable_status_codes = None {{(pid=98929) log_opt_values /opt/stack/data/venv/lib/python3.12/site-packages/oslo_config/cfg.py:3253}}
Jul 03 08:02:23.236453 np0000004388 nova-conductor[98929]: DEBUG cotyledon.oslo_config_glue [-] oslo_limit.service_name = None {{(pid=98929) log_opt_values /opt/stack/data/venv/lib/python3.12/site-packages/oslo_config/cfg.py:3253}}
Jul 03 08:02:23.236453 np0000004388 nova-conductor[98929]: DEBUG cotyledon.oslo_config_glue [-] oslo_limit.service_type = None {{(pid=98929) log_opt_values /opt/stack/data/venv/lib/python3.12/site-packages/oslo_config/cfg.py:3253}}
Jul 03 08:02:23.236453 np0000004388 nova-conductor[98929]: DEBUG cotyledon.oslo_config_glue [-] oslo_limit.split_loggers = False {{(pid=98929) log_opt_values /opt/stack/data/venv/lib/python3.12/site-packages/oslo_config/cfg.py:3253}}
Jul 03 08:02:23.236453 np0000004388 nova-conductor[98929]: DEBUG cotyledon.oslo_config_glue [-] oslo_limit.status_code_retries = None {{(pid=98929) log_opt_values /opt/stack/data/venv/lib/python3.12/site-packages/oslo_config/cfg.py:3253}}
Jul 03 08:02:23.236664 np0000004388 nova-conductor[98929]: DEBUG cotyledon.oslo_config_glue [-] oslo_limit.status_code_retry_delay = None {{(pid=98929) log_opt_values /opt/stack/data/venv/lib/python3.12/site-packages/oslo_config/cfg.py:3253}}
Jul 03 08:02:23.236664 np0000004388 nova-conductor[98929]: DEBUG cotyledon.oslo_config_glue [-] oslo_limit.timeout = None {{(pid=98929) log_opt_values /opt/stack/data/venv/lib/python3.12/site-packages/oslo_config/cfg.py:3253}}
Jul 03 08:02:23.236664 np0000004388 nova-conductor[98929]: DEBUG cotyledon.oslo_config_glue [-] oslo_limit.valid_interfaces = None {{(pid=98929) log_opt_values /opt/stack/data/venv/lib/python3.12/site-packages/oslo_config/cfg.py:3253}}
Jul 03 08:02:23.236664 np0000004388 nova-conductor[98929]: DEBUG cotyledon.oslo_config_glue [-] oslo_limit.version = None {{(pid=98929) log_opt_values /opt/stack/data/venv/lib/python3.12/site-packages/oslo_config/cfg.py:3253}}
Jul 03 08:02:23.236664 np0000004388 nova-conductor[98929]: DEBUG cotyledon.oslo_config_glue [-] oslo_reports.file_event_handler = None {{(pid=98929) log_opt_values /opt/stack/data/venv/lib/python3.12/site-packages/oslo_config/cfg.py:3253}}
Jul 03 08:02:23.236664 np0000004388 nova-conductor[98929]: DEBUG cotyledon.oslo_config_glue [-] oslo_reports.file_event_handler_interval = 1 {{(pid=98929) log_opt_values /opt/stack/data/venv/lib/python3.12/site-packages/oslo_config/cfg.py:3253}}
Jul 03 08:02:23.236664 np0000004388 nova-conductor[98929]: DEBUG cotyledon.oslo_config_glue [-] oslo_reports.log_dir = None {{(pid=98929) log_opt_values /opt/stack/data/venv/lib/python3.12/site-packages/oslo_config/cfg.py:3253}}
Jul 03 08:02:23.236664 np0000004388 nova-conductor[98929]: DEBUG cotyledon.oslo_config_glue [-] ******************************************************************************** {{(pid=98929) log_opt_values /opt/stack/data/venv/lib/python3.12/site-packages/oslo_config/cfg.py:3260}}
Jul 03 08:02:23.236664 np0000004388 nova-conductor[98929]: DEBUG cotyledon._service_worker [-] Run service ServiceWrapper(3) [98929] {{(pid=98929) wait_forever /opt/stack/data/venv/lib/python3.12/site-packages/cotyledon/_service_worker.py:218}}
Jul 03 08:02:23.236844 np0000004388 nova-conductor[98929]: INFO nova.service [-] Starting conductor node (version 33.1.0)
Jul 03 08:02:23.236844 np0000004388 nova-conductor[98929]: INFO dbcounter [None req-30c31714-7c69-4e6c-b5e2-596206b791f4 None None] Registered counter for database nova_cell0
Jul 03 08:02:23.236887 np0000004388 nova-conductor[98910]: DEBUG oslo_db.sqlalchemy.engines [None req-ec4a1a9d-bbb0-43a2-bc62-deddf1aed5df None None] MySQL server mode set to STRICT_TRANS_TABLES,STRICT_ALL_TABLES,NO_ZERO_IN_DATE,NO_ZERO_DATE,ERROR_FOR_DIVISION_BY_ZERO,TRADITIONAL,NO_ENGINE_SUBSTITUTION {{(pid=98910) _check_effective_sql_mode /opt/stack/data/venv/lib/python3.12/site-packages/oslo_db/sqlalchemy/engines.py:325}}
Jul 03 08:02:23.236921 np0000004388 nova-conductor[98918]: DEBUG oslo_db.sqlalchemy.engines [None req-45bba4a3-601d-41b8-a1f4-e0abace89b89 None None] MySQL server mode set to STRICT_TRANS_TABLES,STRICT_ALL_TABLES,NO_ZERO_IN_DATE,NO_ZERO_DATE,ERROR_FOR_DIVISION_BY_ZERO,TRADITIONAL,NO_ENGINE_SUBSTITUTION {{(pid=98918) _check_effective_sql_mode /opt/stack/data/venv/lib/python3.12/site-packages/oslo_db/sqlalchemy/engines.py:325}}
Jul 03 08:02:23.236954 np0000004388 nova-conductor[98910]: DEBUG dbcounter [-] [98910] Writer thread running {{(pid=98910) stat_writer /opt/stack/data/venv/lib/python3.12/site-packages/dbcounter.py:102}}
Jul 03 08:02:23.239721 np0000004388 nova-conductor[98918]: DEBUG dbcounter [-] [98918] Writer thread running {{(pid=98918) stat_writer /opt/stack/data/venv/lib/python3.12/site-packages/dbcounter.py:102}}
Jul 03 08:02:23.240817 np0000004388 nova-conductor[98925]: DEBUG oslo_db.sqlalchemy.engines [None req-4a7a987f-fdcc-4f14-af87-0543c5950a02 None None] MySQL server mode set to STRICT_TRANS_TABLES,STRICT_ALL_TABLES,NO_ZERO_IN_DATE,NO_ZERO_DATE,ERROR_FOR_DIVISION_BY_ZERO,TRADITIONAL,NO_ENGINE_SUBSTITUTION {{(pid=98925) _check_effective_sql_mode /opt/stack/data/venv/lib/python3.12/site-packages/oslo_db/sqlalchemy/engines.py:325}}
Jul 03 08:02:23.249760 np0000004388 nova-conductor[98925]: DEBUG dbcounter [-] [98925] Writer thread running {{(pid=98925) stat_writer /opt/stack/data/venv/lib/python3.12/site-packages/dbcounter.py:102}}
Jul 03 08:02:23.261942 np0000004388 nova-conductor[98929]: DEBUG oslo_db.sqlalchemy.engines [None req-30c31714-7c69-4e6c-b5e2-596206b791f4 None None] MySQL server mode set to STRICT_TRANS_TABLES,STRICT_ALL_TABLES,NO_ZERO_IN_DATE,NO_ZERO_DATE,ERROR_FOR_DIVISION_BY_ZERO,TRADITIONAL,NO_ENGINE_SUBSTITUTION {{(pid=98929) _check_effective_sql_mode /opt/stack/data/venv/lib/python3.12/site-packages/oslo_db/sqlalchemy/engines.py:325}}
Jul 03 08:02:23.264161 np0000004388 nova-conductor[98910]: DEBUG nova.service [None req-ec4a1a9d-bbb0-43a2-bc62-deddf1aed5df None None] Creating RPC server for service: nova-conductor on topic: conductor {{(pid=98910) start /opt/stack/nova/nova/service.py:196}}
Jul 03 08:02:23.272500 np0000004388 nova-conductor[98929]: DEBUG dbcounter [-] [98929] Writer thread running {{(pid=98929) stat_writer /opt/stack/data/venv/lib/python3.12/site-packages/dbcounter.py:102}}
Jul 03 08:02:23.275393 np0000004388 nova-conductor[98929]: DEBUG nova.service [None req-30c31714-7c69-4e6c-b5e2-596206b791f4 None None] Creating RPC server for service: nova-conductor on topic: conductor {{(pid=98929) start /opt/stack/nova/nova/service.py:196}}
Jul 03 08:02:23.276222 np0000004388 nova-conductor[98918]: DEBUG nova.service [None req-45bba4a3-601d-41b8-a1f4-e0abace89b89 None None] Creating RPC server for service: nova-conductor on topic: conductor {{(pid=98918) start /opt/stack/nova/nova/service.py:196}}
Jul 03 08:02:23.283295 np0000004388 nova-conductor[98925]: DEBUG nova.service [None req-4a7a987f-fdcc-4f14-af87-0543c5950a02 None None] Creating RPC server for service: nova-conductor on topic: conductor {{(pid=98925) start /opt/stack/nova/nova/service.py:196}}
Jul 03 08:02:23.292871 np0000004388 nova-conductor[98910]: DEBUG nova.service [None req-ec4a1a9d-bbb0-43a2-bc62-deddf1aed5df None None] Join ServiceGroup membership for this service conductor {{(pid=98910) start /opt/stack/nova/nova/service.py:222}}
Jul 03 08:02:23.293130 np0000004388 nova-conductor[98910]: DEBUG nova.servicegroup.drivers.db [None req-ec4a1a9d-bbb0-43a2-bc62-deddf1aed5df None None] DB_Driver: join new ServiceGroup member np0000004388 to the conductor group, service = {{(pid=98910) join /opt/stack/nova/nova/servicegroup/drivers/db.py:44}}
Jul 03 08:02:23.296129 np0000004388 nova-conductor[98929]: DEBUG nova.service [None req-30c31714-7c69-4e6c-b5e2-596206b791f4 None None] Join ServiceGroup membership for this service conductor {{(pid=98929) start /opt/stack/nova/nova/service.py:222}}
Jul 03 08:02:23.296328 np0000004388 nova-conductor[98929]: DEBUG nova.servicegroup.drivers.db [None req-30c31714-7c69-4e6c-b5e2-596206b791f4 None None] DB_Driver: join new ServiceGroup member np0000004388 to the conductor group, service = {{(pid=98929) join /opt/stack/nova/nova/servicegroup/drivers/db.py:44}}
Jul 03 08:02:23.297317 np0000004388 nova-conductor[98918]: DEBUG nova.service [None req-45bba4a3-601d-41b8-a1f4-e0abace89b89 None None] Join ServiceGroup membership for this service conductor {{(pid=98918) start /opt/stack/nova/nova/service.py:222}}
Jul 03 08:02:23.297505 np0000004388 nova-conductor[98918]: DEBUG nova.servicegroup.drivers.db [None req-45bba4a3-601d-41b8-a1f4-e0abace89b89 None None] DB_Driver: join new ServiceGroup member np0000004388 to the conductor group, service = {{(pid=98918) join /opt/stack/nova/nova/servicegroup/drivers/db.py:44}}
Jul 03 08:02:23.301646 np0000004388 nova-conductor[98925]: DEBUG nova.service [None req-4a7a987f-fdcc-4f14-af87-0543c5950a02 None None] Join ServiceGroup membership for this service conductor {{(pid=98925) start /opt/stack/nova/nova/service.py:222}}
Jul 03 08:02:23.301826 np0000004388 nova-conductor[98925]: DEBUG nova.servicegroup.drivers.db [None req-4a7a987f-fdcc-4f14-af87-0543c5950a02 None None] DB_Driver: join new ServiceGroup member np0000004388 to the conductor group, service = {{(pid=98925) join /opt/stack/nova/nova/servicegroup/drivers/db.py:44}}
Jul 03 08:02:28.320411 np0000004388 nova-conductor[98910]: DEBUG oslo.service.backend._threading.loopingcall [-] Fixed interval looping call 'nova.servicegroup.drivers.db.DbDriver._report_state' sleeping for 119.97 seconds {{(pid=98910) _run_loop /opt/stack/data/venv/lib/python3.12/site-packages/oslo_service/backend/_threading/loopingcall.py:125}}
Jul 03 08:02:28.321525 np0000004388 nova-conductor[98918]: DEBUG oslo.service.backend._threading.loopingcall [-] Fixed interval looping call 'nova.servicegroup.drivers.db.DbDriver._report_state' sleeping for 119.98 seconds {{(pid=98918) _run_loop /opt/stack/data/venv/lib/python3.12/site-packages/oslo_service/backend/_threading/loopingcall.py:125}}
Jul 03 08:02:28.323514 np0000004388 nova-conductor[98929]: DEBUG oslo.service.backend._threading.loopingcall [-] Fixed interval looping call 'nova.servicegroup.drivers.db.DbDriver._report_state' sleeping for 119.98 seconds {{(pid=98929) _run_loop /opt/stack/data/venv/lib/python3.12/site-packages/oslo_service/backend/_threading/loopingcall.py:125}}
Jul 03 08:02:28.324116 np0000004388 nova-conductor[98925]: DEBUG oslo.service.backend._threading.loopingcall [-] Fixed interval looping call 'nova.servicegroup.drivers.db.DbDriver._report_state' sleeping for 119.98 seconds {{(pid=98925) _run_loop /opt/stack/data/venv/lib/python3.12/site-packages/oslo_service/backend/_threading/loopingcall.py:125}}
Jul 03 08:02:31.299460 np0000004388 nova-conductor[98918]: DEBUG oslo.service.backend._threading.loopingcall [None req-c081ff9b-e9b8-4e71-bb12-959a3e5a2d5b None None] Dynamic interval looping call 'nova.service.Service.periodic_tasks' sleeping for 60.00 seconds {{(pid=98918) _run_loop /opt/stack/data/venv/lib/python3.12/site-packages/oslo_service/backend/_threading/loopingcall.py:125}}
Jul 03 08:02:31.852056 np0000004388 nova-conductor[97417]: DEBUG dbcounter [-] [97417] Writing DB stats nova_api:SELECT=1 {{(pid=97417) stat_writer /opt/stack/data/venv/lib/python3.12/site-packages/dbcounter.py:115}}
Jul 03 08:02:31.982885 np0000004388 nova-conductor[97417]: DEBUG dbcounter [-] [97417] Writing DB stats nova_cell0:SELECT=1 {{(pid=97417) stat_writer /opt/stack/data/venv/lib/python3.12/site-packages/dbcounter.py:115}}
Jul 03 08:02:31.987137 np0000004388 nova-conductor[97417]: DEBUG dbcounter [-] [97417] Writing DB stats nova_cell1:SELECT=1 {{(pid=97417) stat_writer /opt/stack/data/venv/lib/python3.12/site-packages/dbcounter.py:115}}
Jul 03 08:02:38.302085 np0000004388 nova-conductor[98910]: DEBUG dbcounter [-] [98910] Writing DB stats nova_cell0:SELECT=4,nova_cell0:INSERT=1,nova_cell0:UPDATE=1 {{(pid=98910) stat_writer /opt/stack/data/venv/lib/python3.12/site-packages/dbcounter.py:115}}
Jul 03 08:02:38.307831 np0000004388 nova-conductor[98918]: DEBUG dbcounter [-] [98918] Writing DB stats nova_cell0:SELECT=5,nova_cell0:INSERT=1,nova_cell0:UPDATE=1 {{(pid=98918) stat_writer /opt/stack/data/venv/lib/python3.12/site-packages/dbcounter.py:115}}
Jul 03 08:02:38.313194 np0000004388 nova-conductor[98929]: DEBUG dbcounter [-] [98929] Writing DB stats nova_cell0:SELECT=3,nova_cell0:UPDATE=1 {{(pid=98929) stat_writer /opt/stack/data/venv/lib/python3.12/site-packages/dbcounter.py:115}}
Jul 03 08:02:38.315422 np0000004388 nova-conductor[98925]: DEBUG dbcounter [-] [98925] Writing DB stats nova_cell0:SELECT=5,nova_cell0:INSERT=1,nova_cell0:UPDATE=1 {{(pid=98925) stat_writer /opt/stack/data/venv/lib/python3.12/site-packages/dbcounter.py:115}}
Jul 03 08:02:39.304167 np0000004388 nova-conductor[98925]: DEBUG oslo.service.backend._threading.loopingcall [None req-735480a1-6959-46cd-b18d-a02f7a18d442 None None] Dynamic interval looping call 'nova.service.Service.periodic_tasks' sleeping for 60.00 seconds {{(pid=98925) _run_loop /opt/stack/data/venv/lib/python3.12/site-packages/oslo_service/backend/_threading/loopingcall.py:125}}
Jul 03 08:02:57.298848 np0000004388 nova-conductor[98929]: DEBUG oslo.service.backend._threading.loopingcall [None req-5e1b6af8-c151-4357-b699-d3610015084b None None] Dynamic interval looping call 'nova.service.Service.periodic_tasks' sleeping for 60.00 seconds {{(pid=98929) _run_loop /opt/stack/data/venv/lib/python3.12/site-packages/oslo_service/backend/_threading/loopingcall.py:125}}
Jul 03 08:03:16.295230 np0000004388 nova-conductor[98910]: DEBUG oslo.service.backend._threading.loopingcall [None req-0f6402d5-3916-45b9-b64b-4189e2a3b171 None None] Dynamic interval looping call 'nova.service.Service.periodic_tasks' sleeping for 60.00 seconds {{(pid=98910) _run_loop /opt/stack/data/venv/lib/python3.12/site-packages/oslo_service/backend/_threading/loopingcall.py:125}}
Jul 03 08:03:31.299997 np0000004388 nova-conductor[98918]: DEBUG oslo.service.backend._threading.loopingcall [None req-c081ff9b-e9b8-4e71-bb12-959a3e5a2d5b None None] Dynamic interval looping call 'nova.service.Service.periodic_tasks' sleeping for 60.00 seconds {{(pid=98918) _run_loop /opt/stack/data/venv/lib/python3.12/site-packages/oslo_service/backend/_threading/loopingcall.py:125}}
Jul 03 08:03:39.305000 np0000004388 nova-conductor[98925]: DEBUG oslo.service.backend._threading.loopingcall [None req-735480a1-6959-46cd-b18d-a02f7a18d442 None None] Dynamic interval looping call 'nova.service.Service.periodic_tasks' sleeping for 60.00 seconds {{(pid=98925) _run_loop /opt/stack/data/venv/lib/python3.12/site-packages/oslo_service/backend/_threading/loopingcall.py:125}}
Jul 03 08:03:57.299366 np0000004388 nova-conductor[98929]: DEBUG oslo.service.backend._threading.loopingcall [None req-5e1b6af8-c151-4357-b699-d3610015084b None None] Dynamic interval looping call 'nova.service.Service.periodic_tasks' sleeping for 60.00 seconds {{(pid=98929) _run_loop /opt/stack/data/venv/lib/python3.12/site-packages/oslo_service/backend/_threading/loopingcall.py:125}}
Jul 03 08:04:16.295747 np0000004388 nova-conductor[98910]: DEBUG oslo.service.backend._threading.loopingcall [None req-0f6402d5-3916-45b9-b64b-4189e2a3b171 None None] Dynamic interval looping call 'nova.service.Service.periodic_tasks' sleeping for 60.00 seconds {{(pid=98910) _run_loop /opt/stack/data/venv/lib/python3.12/site-packages/oslo_service/backend/_threading/loopingcall.py:125}}
Jul 03 08:04:28.298121 np0000004388 nova-conductor[98910]: DEBUG oslo.service.backend._threading.loopingcall [-] Fixed interval looping call 'nova.servicegroup.drivers.db.DbDriver._report_state' sleeping for 119.99 seconds {{(pid=98910) _run_loop /opt/stack/data/venv/lib/python3.12/site-packages/oslo_service/backend/_threading/loopingcall.py:125}}
Jul 03 08:04:28.305321 np0000004388 nova-conductor[98918]: DEBUG oslo.service.backend._threading.loopingcall [-] Fixed interval looping call 'nova.servicegroup.drivers.db.DbDriver._report_state' sleeping for 120.00 seconds {{(pid=98918) _run_loop /opt/stack/data/venv/lib/python3.12/site-packages/oslo_service/backend/_threading/loopingcall.py:125}}
Jul 03 08:04:28.308175 np0000004388 nova-conductor[98929]: DEBUG oslo.service.backend._threading.loopingcall [-] Fixed interval looping call 'nova.servicegroup.drivers.db.DbDriver._report_state' sleeping for 120.00 seconds {{(pid=98929) _run_loop /opt/stack/data/venv/lib/python3.12/site-packages/oslo_service/backend/_threading/loopingcall.py:125}}
Jul 03 08:04:28.308815 np0000004388 nova-conductor[98925]: DEBUG oslo.service.backend._threading.loopingcall [-] Fixed interval looping call 'nova.servicegroup.drivers.db.DbDriver._report_state' sleeping for 120.00 seconds {{(pid=98925) _run_loop /opt/stack/data/venv/lib/python3.12/site-packages/oslo_service/backend/_threading/loopingcall.py:125}}
Jul 03 08:04:31.300560 np0000004388 nova-conductor[98918]: DEBUG oslo.service.backend._threading.loopingcall [None req-c081ff9b-e9b8-4e71-bb12-959a3e5a2d5b None None] Dynamic interval looping call 'nova.service.Service.periodic_tasks' sleeping for 60.00 seconds {{(pid=98918) _run_loop /opt/stack/data/venv/lib/python3.12/site-packages/oslo_service/backend/_threading/loopingcall.py:125}}