Jul 28 12:28:33.434269 np0000005996 nova-conductor[99081]: DEBUG cotyledon.oslo_config_glue [-] workarounds.disable_group_policy_check_upcall = False {{(pid=99081) log_opt_values /opt/stack/data/venv/lib/python3.12/site-packages/oslo_config/cfg.py:3253}}
Jul 28 12:28:33.434544 np0000005996 nova-conductor[99081]: DEBUG cotyledon.oslo_config_glue [-] workarounds.disable_libvirt_livesnapshot = False {{(pid=99081) log_opt_values /opt/stack/data/venv/lib/python3.12/site-packages/oslo_config/cfg.py:3253}}
Jul 28 12:28:33.434544 np0000005996 nova-conductor[99081]: DEBUG cotyledon.oslo_config_glue [-] workarounds.disable_rootwrap = False {{(pid=99081) log_opt_values /opt/stack/data/venv/lib/python3.12/site-packages/oslo_config/cfg.py:3253}}
Jul 28 12:28:33.434544 np0000005996 nova-conductor[99081]: DEBUG cotyledon.oslo_config_glue [-] workarounds.enable_numa_live_migration = False {{(pid=99081) log_opt_values /opt/stack/data/venv/lib/python3.12/site-packages/oslo_config/cfg.py:3253}}
Jul 28 12:28:33.434544 np0000005996 nova-conductor[99081]: DEBUG cotyledon.oslo_config_glue [-] workarounds.enable_qemu_monitor_announce_self = False {{(pid=99081) log_opt_values /opt/stack/data/venv/lib/python3.12/site-packages/oslo_config/cfg.py:3253}}
Jul 28 12:28:33.434544 np0000005996 nova-conductor[99081]: DEBUG cotyledon.oslo_config_glue [-] workarounds.ensure_libvirt_rbd_instance_dir_cleanup = False {{(pid=99081) log_opt_values /opt/stack/data/venv/lib/python3.12/site-packages/oslo_config/cfg.py:3253}}
Jul 28 12:28:33.434544 np0000005996 nova-conductor[99081]: DEBUG cotyledon.oslo_config_glue [-] workarounds.handle_virt_lifecycle_events = True {{(pid=99081) log_opt_values /opt/stack/data/venv/lib/python3.12/site-packages/oslo_config/cfg.py:3253}}
Jul 28 12:28:33.434544 np0000005996 nova-conductor[99081]: DEBUG cotyledon.oslo_config_glue [-] workarounds.libvirt_disable_apic = False {{(pid=99081) log_opt_values /opt/stack/data/venv/lib/python3.12/site-packages/oslo_config/cfg.py:3253}}
Jul 28 12:28:33.434544 np0000005996 nova-conductor[99081]: DEBUG cotyledon.oslo_config_glue [-] workarounds.never_download_image_if_on_rbd = False {{(pid=99081) log_opt_values /opt/stack/data/venv/lib/python3.12/site-packages/oslo_config/cfg.py:3253}}
Jul 28 12:28:33.434544 np0000005996 nova-conductor[99081]: DEBUG cotyledon.oslo_config_glue [-] workarounds.qemu_monitor_announce_self_count = 3 {{(pid=99081) log_opt_values /opt/stack/data/venv/lib/python3.12/site-packages/oslo_config/cfg.py:3253}}
Jul 28 12:28:33.434856 np0000005996 nova-conductor[99081]: DEBUG cotyledon.oslo_config_glue [-] workarounds.qemu_monitor_announce_self_interval = 1 {{(pid=99081) log_opt_values /opt/stack/data/venv/lib/python3.12/site-packages/oslo_config/cfg.py:3253}}
Jul 28 12:28:33.434856 np0000005996 nova-conductor[99081]: DEBUG cotyledon.oslo_config_glue [-] workarounds.reserve_disk_resource_for_image_cache = False {{(pid=99081) log_opt_values /opt/stack/data/venv/lib/python3.12/site-packages/oslo_config/cfg.py:3253}}
Jul 28 12:28:33.434856 np0000005996 nova-conductor[99081]: DEBUG cotyledon.oslo_config_glue [-] workarounds.skip_cpu_compare_at_startup = False {{(pid=99081) log_opt_values /opt/stack/data/venv/lib/python3.12/site-packages/oslo_config/cfg.py:3253}}
Jul 28 12:28:33.434856 np0000005996 nova-conductor[99081]: DEBUG cotyledon.oslo_config_glue [-] workarounds.skip_cpu_compare_on_dest = False {{(pid=99081) log_opt_values /opt/stack/data/venv/lib/python3.12/site-packages/oslo_config/cfg.py:3253}}
Jul 28 12:28:33.434856 np0000005996 nova-conductor[99081]: DEBUG cotyledon.oslo_config_glue [-] workarounds.skip_hypervisor_version_check_on_lm = False {{(pid=99081) log_opt_values /opt/stack/data/venv/lib/python3.12/site-packages/oslo_config/cfg.py:3253}}
Jul 28 12:28:33.434856 np0000005996 nova-conductor[99081]: DEBUG cotyledon.oslo_config_glue [-] workarounds.skip_reserve_in_use_ironic_nodes = False {{(pid=99081) log_opt_values /opt/stack/data/venv/lib/python3.12/site-packages/oslo_config/cfg.py:3253}}
Jul 28 12:28:33.434856 np0000005996 nova-conductor[99081]: DEBUG cotyledon.oslo_config_glue [-] workarounds.unified_limits_count_pcpu_as_vcpu = False {{(pid=99081) log_opt_values /opt/stack/data/venv/lib/python3.12/site-packages/oslo_config/cfg.py:3253}}
Jul 28 12:28:33.434856 np0000005996 nova-conductor[99081]: DEBUG cotyledon.oslo_config_glue [-] workarounds.wait_for_vif_plugged_event_during_hard_reboot = [] {{(pid=99081) log_opt_values /opt/stack/data/venv/lib/python3.12/site-packages/oslo_config/cfg.py:3253}}
Jul 28 12:28:33.435118 np0000005996 nova-conductor[99081]: DEBUG cotyledon.oslo_config_glue [-] wsgi.api_paste_config = /etc/nova/api-paste.ini {{(pid=99081) log_opt_values /opt/stack/data/venv/lib/python3.12/site-packages/oslo_config/cfg.py:3253}}
Jul 28 12:28:33.435118 np0000005996 nova-conductor[99081]: DEBUG cotyledon.oslo_config_glue [-] wsgi.secure_proxy_ssl_header = None {{(pid=99081) log_opt_values /opt/stack/data/venv/lib/python3.12/site-packages/oslo_config/cfg.py:3253}}
Jul 28 12:28:33.435118 np0000005996 nova-conductor[99081]: DEBUG cotyledon.oslo_config_glue [-] zvm.ca_file = None {{(pid=99081) log_opt_values /opt/stack/data/venv/lib/python3.12/site-packages/oslo_config/cfg.py:3253}}
Jul 28 12:28:33.435118 np0000005996 nova-conductor[99081]: DEBUG cotyledon.oslo_config_glue [-] zvm.cloud_connector_url = None {{(pid=99081) log_opt_values /opt/stack/data/venv/lib/python3.12/site-packages/oslo_config/cfg.py:3253}}
Jul 28 12:28:33.435118 np0000005996 nova-conductor[99081]: DEBUG cotyledon.oslo_config_glue [-] zvm.image_tmp_path = /opt/stack/data/nova/images {{(pid=99081) log_opt_values /opt/stack/data/venv/lib/python3.12/site-packages/oslo_config/cfg.py:3253}}
Jul 28 12:28:33.435118 np0000005996 nova-conductor[99081]: DEBUG cotyledon.oslo_config_glue [-] zvm.reachable_timeout = 300 {{(pid=99081) log_opt_values /opt/stack/data/venv/lib/python3.12/site-packages/oslo_config/cfg.py:3253}}
Jul 28 12:28:33.435118 np0000005996 nova-conductor[99081]: DEBUG cotyledon.oslo_config_glue [-] oslo_versionedobjects.fatal_exception_format_errors = False {{(pid=99081) log_opt_values /opt/stack/data/venv/lib/python3.12/site-packages/oslo_config/cfg.py:3253}}
Jul 28 12:28:33.435118 np0000005996 nova-conductor[99081]: DEBUG cotyledon.oslo_config_glue [-] oslo_middleware.http_basic_auth_user_file = /etc/htpasswd {{(pid=99081) log_opt_values /opt/stack/data/venv/lib/python3.12/site-packages/oslo_config/cfg.py:3253}}
Jul 28 12:28:33.435118 np0000005996 nova-conductor[99081]: DEBUG cotyledon.oslo_config_glue [-] profiler.connection_string = messaging:// {{(pid=99081) log_opt_values /opt/stack/data/venv/lib/python3.12/site-packages/oslo_config/cfg.py:3253}}
Jul 28 12:28:33.435389 np0000005996 nova-conductor[99081]: DEBUG cotyledon.oslo_config_glue [-] profiler.enabled = False {{(pid=99081) log_opt_values /opt/stack/data/venv/lib/python3.12/site-packages/oslo_config/cfg.py:3253}}
Jul 28 12:28:33.435389 np0000005996 nova-conductor[99081]: DEBUG cotyledon.oslo_config_glue [-] profiler.es_doc_type = notification {{(pid=99081) log_opt_values /opt/stack/data/venv/lib/python3.12/site-packages/oslo_config/cfg.py:3253}}
Jul 28 12:28:33.435389 np0000005996 nova-conductor[99081]: DEBUG cotyledon.oslo_config_glue [-] profiler.es_scroll_size = 10000 {{(pid=99081) log_opt_values /opt/stack/data/venv/lib/python3.12/site-packages/oslo_config/cfg.py:3253}}
Jul 28 12:28:33.435389 np0000005996 nova-conductor[99081]: DEBUG cotyledon.oslo_config_glue [-] profiler.es_scroll_time = 2m {{(pid=99081) log_opt_values /opt/stack/data/venv/lib/python3.12/site-packages/oslo_config/cfg.py:3253}}
Jul 28 12:28:33.435389 np0000005996 nova-conductor[99081]: DEBUG cotyledon.oslo_config_glue [-] profiler.filter_error_trace = False {{(pid=99081) log_opt_values /opt/stack/data/venv/lib/python3.12/site-packages/oslo_config/cfg.py:3253}}
Jul 28 12:28:33.435389 np0000005996 nova-conductor[99081]: DEBUG cotyledon.oslo_config_glue [-] profiler.hmac_keys = **** {{(pid=99081) log_opt_values /opt/stack/data/venv/lib/python3.12/site-packages/oslo_config/cfg.py:3253}}
Jul 28 12:28:33.435389 np0000005996 nova-conductor[99081]: DEBUG cotyledon.oslo_config_glue [-] profiler.sentinel_service_name = mymaster {{(pid=99081) log_opt_values /opt/stack/data/venv/lib/python3.12/site-packages/oslo_config/cfg.py:3253}}
Jul 28 12:28:33.435389 np0000005996 nova-conductor[99081]: DEBUG cotyledon.oslo_config_glue [-] profiler.socket_timeout = 0.1 {{(pid=99081) log_opt_values /opt/stack/data/venv/lib/python3.12/site-packages/oslo_config/cfg.py:3253}}
Jul 28 12:28:33.435389 np0000005996 nova-conductor[99081]: DEBUG cotyledon.oslo_config_glue [-] profiler.trace_requests = False {{(pid=99081) log_opt_values /opt/stack/data/venv/lib/python3.12/site-packages/oslo_config/cfg.py:3253}}
Jul 28 12:28:33.435689 np0000005996 nova-conductor[99081]: DEBUG cotyledon.oslo_config_glue [-] profiler.trace_sqlalchemy = False {{(pid=99081) log_opt_values /opt/stack/data/venv/lib/python3.12/site-packages/oslo_config/cfg.py:3253}}
Jul 28 12:28:33.435689 np0000005996 nova-conductor[99081]: DEBUG cotyledon.oslo_config_glue [-] profiler_jaeger.process_tags = {} {{(pid=99081) log_opt_values /opt/stack/data/venv/lib/python3.12/site-packages/oslo_config/cfg.py:3253}}
Jul 28 12:28:33.435689 np0000005996 nova-conductor[99081]: DEBUG cotyledon.oslo_config_glue [-] profiler_jaeger.service_name_prefix = None {{(pid=99081) log_opt_values /opt/stack/data/venv/lib/python3.12/site-packages/oslo_config/cfg.py:3253}}
Jul 28 12:28:33.435689 np0000005996 nova-conductor[99081]: DEBUG cotyledon.oslo_config_glue [-] profiler_otlp.service_name_prefix = None {{(pid=99081) log_opt_values /opt/stack/data/venv/lib/python3.12/site-packages/oslo_config/cfg.py:3253}}
Jul 28 12:28:33.435689 np0000005996 nova-conductor[99081]: DEBUG cotyledon.oslo_config_glue [-] oslo_messaging_rabbit.amqp_auto_delete = False {{(pid=99081) log_opt_values /opt/stack/data/venv/lib/python3.12/site-packages/oslo_config/cfg.py:3253}}
Jul 28 12:28:33.435689 np0000005996 nova-conductor[99081]: DEBUG cotyledon.oslo_config_glue [-] oslo_messaging_rabbit.amqp_durable_queues = False {{(pid=99081) log_opt_values /opt/stack/data/venv/lib/python3.12/site-packages/oslo_config/cfg.py:3253}}
Jul 28 12:28:33.435689 np0000005996 nova-conductor[99081]: DEBUG cotyledon.oslo_config_glue [-] oslo_messaging_rabbit.conn_pool_min_size = 2 {{(pid=99081) log_opt_values /opt/stack/data/venv/lib/python3.12/site-packages/oslo_config/cfg.py:3253}}
Jul 28 12:28:33.435689 np0000005996 nova-conductor[99081]: DEBUG cotyledon.oslo_config_glue [-] oslo_messaging_rabbit.conn_pool_ttl = 1200 {{(pid=99081) log_opt_values /opt/stack/data/venv/lib/python3.12/site-packages/oslo_config/cfg.py:3253}}
Jul 28 12:28:33.435689 np0000005996 nova-conductor[99081]: DEBUG cotyledon.oslo_config_glue [-] oslo_messaging_rabbit.direct_mandatory_flag = True {{(pid=99081) log_opt_values /opt/stack/data/venv/lib/python3.12/site-packages/oslo_config/cfg.py:3253}}
Jul 28 12:28:33.436001 np0000005996 nova-conductor[99081]: DEBUG cotyledon.oslo_config_glue [-] oslo_messaging_rabbit.enable_cancel_on_failover = False {{(pid=99081) log_opt_values /opt/stack/data/venv/lib/python3.12/site-packages/oslo_config/cfg.py:3253}}
Jul 28 12:28:33.436001 np0000005996 nova-conductor[99081]: DEBUG cotyledon.oslo_config_glue [-] oslo_messaging_rabbit.heartbeat_rate = 3 {{(pid=99081) log_opt_values /opt/stack/data/venv/lib/python3.12/site-packages/oslo_config/cfg.py:3253}}
Jul 28 12:28:33.436001 np0000005996 nova-conductor[99081]: DEBUG cotyledon.oslo_config_glue [-] oslo_messaging_rabbit.heartbeat_timeout_threshold = 60 {{(pid=99081) log_opt_values /opt/stack/data/venv/lib/python3.12/site-packages/oslo_config/cfg.py:3253}}
Jul 28 12:28:33.436001 np0000005996 nova-conductor[99081]: DEBUG cotyledon.oslo_config_glue [-] oslo_messaging_rabbit.hostname = np0000005996 {{(pid=99081) log_opt_values /opt/stack/data/venv/lib/python3.12/site-packages/oslo_config/cfg.py:3253}}
Jul 28 12:28:33.436001 np0000005996 nova-conductor[99081]: DEBUG cotyledon.oslo_config_glue [-] oslo_messaging_rabbit.kombu_compression = None {{(pid=99081) log_opt_values /opt/stack/data/venv/lib/python3.12/site-packages/oslo_config/cfg.py:3253}}
Jul 28 12:28:33.436001 np0000005996 nova-conductor[99081]: DEBUG cotyledon.oslo_config_glue [-] oslo_messaging_rabbit.kombu_failover_strategy = round-robin {{(pid=99081) log_opt_values /opt/stack/data/venv/lib/python3.12/site-packages/oslo_config/cfg.py:3253}}
Jul 28 12:28:33.436001 np0000005996 nova-conductor[99081]: DEBUG cotyledon.oslo_config_glue [-] oslo_messaging_rabbit.kombu_missing_consumer_retry_timeout = 60 {{(pid=99081) log_opt_values /opt/stack/data/venv/lib/python3.12/site-packages/oslo_config/cfg.py:3253}}
Jul 28 12:28:33.436001 np0000005996 nova-conductor[99081]: DEBUG cotyledon.oslo_config_glue [-] oslo_messaging_rabbit.kombu_reconnect_delay = 1.0 {{(pid=99081) log_opt_values /opt/stack/data/venv/lib/python3.12/site-packages/oslo_config/cfg.py:3253}}
Jul 28 12:28:33.436001 np0000005996 nova-conductor[99081]: DEBUG cotyledon.oslo_config_glue [-] oslo_messaging_rabbit.kombu_reconnect_splay = 0.0 {{(pid=99081) log_opt_values /opt/stack/data/venv/lib/python3.12/site-packages/oslo_config/cfg.py:3253}}
Jul 28 12:28:33.436358 np0000005996 nova-conductor[99081]: DEBUG cotyledon.oslo_config_glue [-] oslo_messaging_rabbit.processname = nova-conductor {{(pid=99081) log_opt_values /opt/stack/data/venv/lib/python3.12/site-packages/oslo_config/cfg.py:3253}}
Jul 28 12:28:33.436358 np0000005996 nova-conductor[99081]: DEBUG cotyledon.oslo_config_glue [-] oslo_messaging_rabbit.rabbit_ha_queues = False {{(pid=99081) log_opt_values /opt/stack/data/venv/lib/python3.12/site-packages/oslo_config/cfg.py:3253}}
Jul 28 12:28:33.436358 np0000005996 nova-conductor[99081]: DEBUG cotyledon.oslo_config_glue [-] oslo_messaging_rabbit.rabbit_interval_max = 30 {{(pid=99081) log_opt_values /opt/stack/data/venv/lib/python3.12/site-packages/oslo_config/cfg.py:3253}}
Jul 28 12:28:33.436358 np0000005996 nova-conductor[99081]: DEBUG cotyledon.oslo_config_glue [-] oslo_messaging_rabbit.rabbit_login_method = AMQPLAIN {{(pid=99081) log_opt_values /opt/stack/data/venv/lib/python3.12/site-packages/oslo_config/cfg.py:3253}}
Jul 28 12:28:33.436358 np0000005996 nova-conductor[99081]: DEBUG cotyledon.oslo_config_glue [-] oslo_messaging_rabbit.rabbit_qos_prefetch_count = 0 {{(pid=99081) log_opt_values /opt/stack/data/venv/lib/python3.12/site-packages/oslo_config/cfg.py:3253}}
Jul 28 12:28:33.436358 np0000005996 nova-conductor[99081]: DEBUG cotyledon.oslo_config_glue [-] oslo_messaging_rabbit.rabbit_quorum_delivery_limit = 0 {{(pid=99081) log_opt_values /opt/stack/data/venv/lib/python3.12/site-packages/oslo_config/cfg.py:3253}}
Jul 28 12:28:33.436358 np0000005996 nova-conductor[99081]: DEBUG cotyledon.oslo_config_glue [-] oslo_messaging_rabbit.rabbit_quorum_max_memory_bytes = 0 {{(pid=99081) log_opt_values /opt/stack/data/venv/lib/python3.12/site-packages/oslo_config/cfg.py:3253}}
Jul 28 12:28:33.436358 np0000005996 nova-conductor[99081]: DEBUG cotyledon.oslo_config_glue [-] oslo_messaging_rabbit.rabbit_quorum_max_memory_length = 0 {{(pid=99081) log_opt_values /opt/stack/data/venv/lib/python3.12/site-packages/oslo_config/cfg.py:3253}}
Jul 28 12:28:33.436358 np0000005996 nova-conductor[99081]: DEBUG cotyledon.oslo_config_glue [-] oslo_messaging_rabbit.rabbit_quorum_queue = False {{(pid=99081) log_opt_values /opt/stack/data/venv/lib/python3.12/site-packages/oslo_config/cfg.py:3253}}
Jul 28 12:28:33.436646 np0000005996 nova-conductor[99081]: DEBUG cotyledon.oslo_config_glue [-] oslo_messaging_rabbit.rabbit_retry_backoff = 2 {{(pid=99081) log_opt_values /opt/stack/data/venv/lib/python3.12/site-packages/oslo_config/cfg.py:3253}}
Jul 28 12:28:33.436646 np0000005996 nova-conductor[99081]: DEBUG cotyledon.oslo_config_glue [-] oslo_messaging_rabbit.rabbit_retry_interval = 1 {{(pid=99081) log_opt_values /opt/stack/data/venv/lib/python3.12/site-packages/oslo_config/cfg.py:3253}}
Jul 28 12:28:33.436646 np0000005996 nova-conductor[99081]: DEBUG cotyledon.oslo_config_glue [-] oslo_messaging_rabbit.rabbit_stream_fanout = False {{(pid=99081) log_opt_values /opt/stack/data/venv/lib/python3.12/site-packages/oslo_config/cfg.py:3253}}
Jul 28 12:28:33.436646 np0000005996 nova-conductor[99081]: DEBUG cotyledon.oslo_config_glue [-] oslo_messaging_rabbit.rabbit_transient_queues_ttl = 1800 {{(pid=99081) log_opt_values /opt/stack/data/venv/lib/python3.12/site-packages/oslo_config/cfg.py:3253}}
Jul 28 12:28:33.436646 np0000005996 nova-conductor[99081]: DEBUG cotyledon.oslo_config_glue [-] oslo_messaging_rabbit.rabbit_transient_quorum_queue = False {{(pid=99081) log_opt_values /opt/stack/data/venv/lib/python3.12/site-packages/oslo_config/cfg.py:3253}}
Jul 28 12:28:33.436646 np0000005996 nova-conductor[99081]: DEBUG cotyledon.oslo_config_glue [-] oslo_messaging_rabbit.rpc_conn_pool_size = 30 {{(pid=99081) log_opt_values /opt/stack/data/venv/lib/python3.12/site-packages/oslo_config/cfg.py:3253}}
Jul 28 12:28:33.436646 np0000005996 nova-conductor[99081]: DEBUG cotyledon.oslo_config_glue [-] oslo_messaging_rabbit.ssl = False {{(pid=99081) log_opt_values /opt/stack/data/venv/lib/python3.12/site-packages/oslo_config/cfg.py:3253}}
Jul 28 12:28:33.436646 np0000005996 nova-conductor[99081]: DEBUG cotyledon.oslo_config_glue [-] oslo_messaging_rabbit.ssl_ca_file = {{(pid=99081) log_opt_values /opt/stack/data/venv/lib/python3.12/site-packages/oslo_config/cfg.py:3253}}
Jul 28 12:28:33.436646 np0000005996 nova-conductor[99081]: DEBUG cotyledon.oslo_config_glue [-] oslo_messaging_rabbit.ssl_cert_file = {{(pid=99081) log_opt_values /opt/stack/data/venv/lib/python3.12/site-packages/oslo_config/cfg.py:3253}}
Jul 28 12:28:33.436966 np0000005996 nova-conductor[99081]: DEBUG cotyledon.oslo_config_glue [-] oslo_messaging_rabbit.ssl_enforce_fips_mode = False {{(pid=99081) log_opt_values /opt/stack/data/venv/lib/python3.12/site-packages/oslo_config/cfg.py:3253}}
Jul 28 12:28:33.436966 np0000005996 nova-conductor[99081]: DEBUG cotyledon.oslo_config_glue [-] oslo_messaging_rabbit.ssl_enforce_hostname_verification = True {{(pid=99081) log_opt_values /opt/stack/data/venv/lib/python3.12/site-packages/oslo_config/cfg.py:3253}}
Jul 28 12:28:33.436966 np0000005996 nova-conductor[99081]: DEBUG cotyledon.oslo_config_glue [-] oslo_messaging_rabbit.ssl_key_file = {{(pid=99081) log_opt_values /opt/stack/data/venv/lib/python3.12/site-packages/oslo_config/cfg.py:3253}}
Jul 28 12:28:33.436966 np0000005996 nova-conductor[99081]: DEBUG cotyledon.oslo_config_glue [-] oslo_messaging_rabbit.ssl_version = {{(pid=99081) log_opt_values /opt/stack/data/venv/lib/python3.12/site-packages/oslo_config/cfg.py:3253}}
Jul 28 12:28:33.436966 np0000005996 nova-conductor[99081]: DEBUG cotyledon.oslo_config_glue [-] oslo_messaging_rabbit.use_queue_manager = False {{(pid=99081) log_opt_values /opt/stack/data/venv/lib/python3.12/site-packages/oslo_config/cfg.py:3253}}
Jul 28 12:28:33.436966 np0000005996 nova-conductor[99081]: DEBUG cotyledon.oslo_config_glue [-] oslo_messaging_notifications.driver = ['messagingv2'] {{(pid=99081) log_opt_values /opt/stack/data/venv/lib/python3.12/site-packages/oslo_config/cfg.py:3253}}
Jul 28 12:28:33.436966 np0000005996 nova-conductor[99081]: DEBUG cotyledon.oslo_config_glue [-] oslo_messaging_notifications.retry = -1 {{(pid=99081) log_opt_values /opt/stack/data/venv/lib/python3.12/site-packages/oslo_config/cfg.py:3253}}
Jul 28 12:28:33.436966 np0000005996 nova-conductor[99081]: DEBUG cotyledon.oslo_config_glue [-] oslo_messaging_notifications.topics = ['notifications'] {{(pid=99081) log_opt_values /opt/stack/data/venv/lib/python3.12/site-packages/oslo_config/cfg.py:3253}}
Jul 28 12:28:33.436966 np0000005996 nova-conductor[99081]: DEBUG cotyledon.oslo_config_glue [-] oslo_messaging_notifications.transport_url = **** {{(pid=99081) log_opt_values /opt/stack/data/venv/lib/python3.12/site-packages/oslo_config/cfg.py:3253}}
Jul 28 12:28:33.437280 np0000005996 nova-conductor[99081]: DEBUG cotyledon.oslo_config_glue [-] oslo_limit.auth_section = None {{(pid=99081) log_opt_values /opt/stack/data/venv/lib/python3.12/site-packages/oslo_config/cfg.py:3253}}
Jul 28 12:28:33.437280 np0000005996 nova-conductor[99081]: DEBUG cotyledon.oslo_config_glue [-] oslo_limit.auth_type = None {{(pid=99081) log_opt_values /opt/stack/data/venv/lib/python3.12/site-packages/oslo_config/cfg.py:3253}}
Jul 28 12:28:33.437280 np0000005996 nova-conductor[99081]: DEBUG cotyledon.oslo_config_glue [-] oslo_limit.cafile = None {{(pid=99081) log_opt_values /opt/stack/data/venv/lib/python3.12/site-packages/oslo_config/cfg.py:3253}}
Jul 28 12:28:33.437280 np0000005996 nova-conductor[99081]: DEBUG cotyledon.oslo_config_glue [-] oslo_limit.certfile = None {{(pid=99081) log_opt_values /opt/stack/data/venv/lib/python3.12/site-packages/oslo_config/cfg.py:3253}}
Jul 28 12:28:33.437280 np0000005996 nova-conductor[99081]: DEBUG cotyledon.oslo_config_glue [-] oslo_limit.collect_timing = False {{(pid=99081) log_opt_values /opt/stack/data/venv/lib/python3.12/site-packages/oslo_config/cfg.py:3253}}
Jul 28 12:28:33.437280 np0000005996 nova-conductor[99081]: DEBUG cotyledon.oslo_config_glue [-] oslo_limit.connect_retries = None {{(pid=99081) log_opt_values /opt/stack/data/venv/lib/python3.12/site-packages/oslo_config/cfg.py:3253}}
Jul 28 12:28:33.437280 np0000005996 nova-conductor[99081]: DEBUG cotyledon.oslo_config_glue [-] oslo_limit.connect_retry_delay = None {{(pid=99081) log_opt_values /opt/stack/data/venv/lib/python3.12/site-packages/oslo_config/cfg.py:3253}}
Jul 28 12:28:33.437280 np0000005996 nova-conductor[99081]: DEBUG cotyledon.oslo_config_glue [-] oslo_limit.endpoint_id = None {{(pid=99081) log_opt_values /opt/stack/data/venv/lib/python3.12/site-packages/oslo_config/cfg.py:3253}}
Jul 28 12:28:33.437280 np0000005996 nova-conductor[99081]: DEBUG cotyledon.oslo_config_glue [-] oslo_limit.endpoint_interface = public {{(pid=99081) log_opt_values /opt/stack/data/venv/lib/python3.12/site-packages/oslo_config/cfg.py:3253}}
Jul 28 12:28:33.437533 np0000005996 nova-conductor[99081]: DEBUG cotyledon.oslo_config_glue [-] oslo_limit.endpoint_override = None {{(pid=99081) log_opt_values /opt/stack/data/venv/lib/python3.12/site-packages/oslo_config/cfg.py:3253}}
Jul 28 12:28:33.437533 np0000005996 nova-conductor[99081]: DEBUG cotyledon.oslo_config_glue [-] oslo_limit.endpoint_region_name = None {{(pid=99081) log_opt_values /opt/stack/data/venv/lib/python3.12/site-packages/oslo_config/cfg.py:3253}}
Jul 28 12:28:33.437533 np0000005996 nova-conductor[99081]: DEBUG cotyledon.oslo_config_glue [-] oslo_limit.endpoint_service_name = None {{(pid=99081) log_opt_values /opt/stack/data/venv/lib/python3.12/site-packages/oslo_config/cfg.py:3253}}
Jul 28 12:28:33.437533 np0000005996 nova-conductor[99081]: DEBUG cotyledon.oslo_config_glue [-] oslo_limit.endpoint_service_type = None {{(pid=99081) log_opt_values /opt/stack/data/venv/lib/python3.12/site-packages/oslo_config/cfg.py:3253}}
Jul 28 12:28:33.437533 np0000005996 nova-conductor[99081]: DEBUG cotyledon.oslo_config_glue [-] oslo_limit.insecure = False {{(pid=99081) log_opt_values /opt/stack/data/venv/lib/python3.12/site-packages/oslo_config/cfg.py:3253}}
Jul 28 12:28:33.437533 np0000005996 nova-conductor[99081]: DEBUG cotyledon.oslo_config_glue [-] oslo_limit.keyfile = None {{(pid=99081) log_opt_values /opt/stack/data/venv/lib/python3.12/site-packages/oslo_config/cfg.py:3253}}
Jul 28 12:28:33.437533 np0000005996 nova-conductor[99081]: DEBUG cotyledon.oslo_config_glue [-] oslo_limit.max_version = None {{(pid=99081) log_opt_values /opt/stack/data/venv/lib/python3.12/site-packages/oslo_config/cfg.py:3253}}
Jul 28 12:28:33.437533 np0000005996 nova-conductor[99081]: DEBUG cotyledon.oslo_config_glue [-] oslo_limit.min_version = None {{(pid=99081) log_opt_values /opt/stack/data/venv/lib/python3.12/site-packages/oslo_config/cfg.py:3253}}
Jul 28 12:28:33.437533 np0000005996 nova-conductor[99081]: DEBUG cotyledon.oslo_config_glue [-] oslo_limit.region_name = None {{(pid=99081) log_opt_values /opt/stack/data/venv/lib/python3.12/site-packages/oslo_config/cfg.py:3253}}
Jul 28 12:28:33.437857 np0000005996 nova-conductor[99081]: DEBUG cotyledon.oslo_config_glue [-] oslo_limit.retriable_status_codes = None {{(pid=99081) log_opt_values /opt/stack/data/venv/lib/python3.12/site-packages/oslo_config/cfg.py:3253}}
Jul 28 12:28:33.437857 np0000005996 nova-conductor[99081]: DEBUG cotyledon.oslo_config_glue [-] oslo_limit.service_name = None {{(pid=99081) log_opt_values /opt/stack/data/venv/lib/python3.12/site-packages/oslo_config/cfg.py:3253}}
Jul 28 12:28:33.437857 np0000005996 nova-conductor[99081]: DEBUG cotyledon.oslo_config_glue [-] oslo_limit.service_type = None {{(pid=99081) log_opt_values /opt/stack/data/venv/lib/python3.12/site-packages/oslo_config/cfg.py:3253}}
Jul 28 12:28:33.437857 np0000005996 nova-conductor[99081]: DEBUG cotyledon.oslo_config_glue [-] oslo_limit.split_loggers = False {{(pid=99081) log_opt_values /opt/stack/data/venv/lib/python3.12/site-packages/oslo_config/cfg.py:3253}}
Jul 28 12:28:33.437857 np0000005996 nova-conductor[99081]: DEBUG cotyledon.oslo_config_glue [-] oslo_limit.status_code_retries = None {{(pid=99081) log_opt_values /opt/stack/data/venv/lib/python3.12/site-packages/oslo_config/cfg.py:3253}}
Jul 28 12:28:33.437857 np0000005996 nova-conductor[99081]: DEBUG cotyledon.oslo_config_glue [-] oslo_limit.status_code_retry_delay = None {{(pid=99081) log_opt_values /opt/stack/data/venv/lib/python3.12/site-packages/oslo_config/cfg.py:3253}}
Jul 28 12:28:33.437857 np0000005996 nova-conductor[99081]: DEBUG cotyledon.oslo_config_glue [-] oslo_limit.timeout = None {{(pid=99081) log_opt_values /opt/stack/data/venv/lib/python3.12/site-packages/oslo_config/cfg.py:3253}}
Jul 28 12:28:33.437857 np0000005996 nova-conductor[99081]: DEBUG cotyledon.oslo_config_glue [-] oslo_limit.valid_interfaces = None {{(pid=99081) log_opt_values /opt/stack/data/venv/lib/python3.12/site-packages/oslo_config/cfg.py:3253}}
Jul 28 12:28:33.437857 np0000005996 nova-conductor[99081]: DEBUG cotyledon.oslo_config_glue [-] oslo_limit.version = None {{(pid=99081) log_opt_values /opt/stack/data/venv/lib/python3.12/site-packages/oslo_config/cfg.py:3253}}
Jul 28 12:28:33.438152 np0000005996 nova-conductor[99081]: DEBUG cotyledon.oslo_config_glue [-] oslo_reports.file_event_handler = None {{(pid=99081) log_opt_values /opt/stack/data/venv/lib/python3.12/site-packages/oslo_config/cfg.py:3253}}
Jul 28 12:28:33.438190 np0000005996 nova-conductor[99072]: INFO dbcounter [None req-2ebdc839-0df3-4e97-acb9-f523d6bb7c0d None None] Registered counter for database nova_cell0
Jul 28 12:28:33.438233 np0000005996 nova-conductor[99081]: DEBUG cotyledon.oslo_config_glue [-] oslo_reports.file_event_handler_interval = 1 {{(pid=99081) log_opt_values /opt/stack/data/venv/lib/python3.12/site-packages/oslo_config/cfg.py:3253}}
Jul 28 12:28:33.438233 np0000005996 nova-conductor[99081]: DEBUG cotyledon.oslo_config_glue [-] oslo_reports.log_dir = None {{(pid=99081) log_opt_values /opt/stack/data/venv/lib/python3.12/site-packages/oslo_config/cfg.py:3253}}
Jul 28 12:28:33.438233 np0000005996 nova-conductor[99081]: DEBUG cotyledon.oslo_config_glue [-] ******************************************************************************** {{(pid=99081) log_opt_values /opt/stack/data/venv/lib/python3.12/site-packages/oslo_config/cfg.py:3260}}
Jul 28 12:28:33.438233 np0000005996 nova-conductor[99081]: DEBUG cotyledon._service_worker [-] Run service ServiceWrapper(3) [99081] {{(pid=99081) wait_forever /opt/stack/data/venv/lib/python3.12/site-packages/cotyledon/_service_worker.py:218}}
Jul 28 12:28:33.438233 np0000005996 nova-conductor[99081]: INFO nova.service [-] Starting conductor node (version 33.1.0)
Jul 28 12:28:33.438397 np0000005996 nova-conductor[99063]: DEBUG oslo_db.sqlalchemy.engines [None req-370f149a-ebf4-4af3-92f3-e6bed3001228 None None] MySQL server mode set to STRICT_TRANS_TABLES,STRICT_ALL_TABLES,NO_ZERO_IN_DATE,NO_ZERO_DATE,ERROR_FOR_DIVISION_BY_ZERO,TRADITIONAL,NO_ENGINE_SUBSTITUTION {{(pid=99063) _check_effective_sql_mode /opt/stack/data/venv/lib/python3.12/site-packages/oslo_db/sqlalchemy/engines.py:325}}
Jul 28 12:28:33.438443 np0000005996 nova-conductor[99081]: INFO dbcounter [None req-0f2dea85-6e92-41e9-9114-ff9e9c049149 None None] Registered counter for database nova_cell0
Jul 28 12:28:33.438481 np0000005996 nova-conductor[99063]: DEBUG dbcounter [-] [99063] Writer thread running {{(pid=99063) stat_writer /opt/stack/data/venv/lib/python3.12/site-packages/dbcounter.py:102}}
Jul 28 12:28:33.438520 np0000005996 nova-conductor[99069]: DEBUG oslo_db.sqlalchemy.engines [None req-9f5083be-24db-444b-8f81-6bec6e79bc79 None None] MySQL server mode set to STRICT_TRANS_TABLES,STRICT_ALL_TABLES,NO_ZERO_IN_DATE,NO_ZERO_DATE,ERROR_FOR_DIVISION_BY_ZERO,TRADITIONAL,NO_ENGINE_SUBSTITUTION {{(pid=99069) _check_effective_sql_mode /opt/stack/data/venv/lib/python3.12/site-packages/oslo_db/sqlalchemy/engines.py:325}}
Jul 28 12:28:33.438561 np0000005996 nova-conductor[99063]: DEBUG nova.service [None req-370f149a-ebf4-4af3-92f3-e6bed3001228 None None] Creating RPC server for service: nova-conductor on topic: conductor {{(pid=99063) start /opt/stack/nova/nova/service.py:196}}
Jul 28 12:28:33.445943 np0000005996 nova-conductor[99069]: DEBUG dbcounter [-] [99069] Writer thread running {{(pid=99069) stat_writer /opt/stack/data/venv/lib/python3.12/site-packages/dbcounter.py:102}}
Jul 28 12:28:33.449533 np0000005996 nova-conductor[99069]: DEBUG nova.service [None req-9f5083be-24db-444b-8f81-6bec6e79bc79 None None] Creating RPC server for service: nova-conductor on topic: conductor {{(pid=99069) start /opt/stack/nova/nova/service.py:196}}
Jul 28 12:28:33.453786 np0000005996 nova-conductor[99081]: DEBUG oslo_db.sqlalchemy.engines [None req-0f2dea85-6e92-41e9-9114-ff9e9c049149 None None] MySQL server mode set to STRICT_TRANS_TABLES,STRICT_ALL_TABLES,NO_ZERO_IN_DATE,NO_ZERO_DATE,ERROR_FOR_DIVISION_BY_ZERO,TRADITIONAL,NO_ENGINE_SUBSTITUTION {{(pid=99081) _check_effective_sql_mode /opt/stack/data/venv/lib/python3.12/site-packages/oslo_db/sqlalchemy/engines.py:325}}
Jul 28 12:28:33.458214 np0000005996 nova-conductor[99063]: DEBUG nova.service [None req-370f149a-ebf4-4af3-92f3-e6bed3001228 None None] Join ServiceGroup membership for this service conductor {{(pid=99063) start /opt/stack/nova/nova/service.py:222}}
Jul 28 12:28:33.458418 np0000005996 nova-conductor[99072]: DEBUG oslo_db.sqlalchemy.engines [None req-2ebdc839-0df3-4e97-acb9-f523d6bb7c0d None None] MySQL server mode set to STRICT_TRANS_TABLES,STRICT_ALL_TABLES,NO_ZERO_IN_DATE,NO_ZERO_DATE,ERROR_FOR_DIVISION_BY_ZERO,TRADITIONAL,NO_ENGINE_SUBSTITUTION {{(pid=99072) _check_effective_sql_mode /opt/stack/data/venv/lib/python3.12/site-packages/oslo_db/sqlalchemy/engines.py:325}}
Jul 28 12:28:33.458526 np0000005996 nova-conductor[99063]: DEBUG nova.servicegroup.drivers.db [None req-370f149a-ebf4-4af3-92f3-e6bed3001228 None None] DB_Driver: join new ServiceGroup member np0000005996 to the conductor group, service = {{(pid=99063) join /opt/stack/nova/nova/servicegroup/drivers/db.py:44}}
Jul 28 12:28:33.463387 np0000005996 nova-conductor[99081]: DEBUG dbcounter [-] [99081] Writer thread running {{(pid=99081) stat_writer /opt/stack/data/venv/lib/python3.12/site-packages/dbcounter.py:102}}
Jul 28 12:28:33.466343 np0000005996 nova-conductor[99081]: DEBUG nova.service [None req-0f2dea85-6e92-41e9-9114-ff9e9c049149 None None] Creating RPC server for service: nova-conductor on topic: conductor {{(pid=99081) start /opt/stack/nova/nova/service.py:196}}
Jul 28 12:28:33.467306 np0000005996 nova-conductor[99069]: DEBUG nova.service [None req-9f5083be-24db-444b-8f81-6bec6e79bc79 None None] Join ServiceGroup membership for this service conductor {{(pid=99069) start /opt/stack/nova/nova/service.py:222}}
Jul 28 12:28:33.467528 np0000005996 nova-conductor[99069]: DEBUG nova.servicegroup.drivers.db [None req-9f5083be-24db-444b-8f81-6bec6e79bc79 None None] DB_Driver: join new ServiceGroup member np0000005996 to the conductor group, service = {{(pid=99069) join /opt/stack/nova/nova/servicegroup/drivers/db.py:44}}
Jul 28 12:28:33.468687 np0000005996 nova-conductor[99072]: DEBUG dbcounter [-] [99072] Writer thread running {{(pid=99072) stat_writer /opt/stack/data/venv/lib/python3.12/site-packages/dbcounter.py:102}}
Jul 28 12:28:33.471479 np0000005996 nova-conductor[99072]: DEBUG nova.service [None req-2ebdc839-0df3-4e97-acb9-f523d6bb7c0d None None] Creating RPC server for service: nova-conductor on topic: conductor {{(pid=99072) start /opt/stack/nova/nova/service.py:196}}
Jul 28 12:28:33.485228 np0000005996 nova-conductor[99081]: DEBUG nova.service [None req-0f2dea85-6e92-41e9-9114-ff9e9c049149 None None] Join ServiceGroup membership for this service conductor {{(pid=99081) start /opt/stack/nova/nova/service.py:222}}
Jul 28 12:28:33.485462 np0000005996 nova-conductor[99081]: DEBUG nova.servicegroup.drivers.db [None req-0f2dea85-6e92-41e9-9114-ff9e9c049149 None None] DB_Driver: join new ServiceGroup member np0000005996 to the conductor group, service = {{(pid=99081) join /opt/stack/nova/nova/servicegroup/drivers/db.py:44}}
Jul 28 12:28:33.490209 np0000005996 nova-conductor[99072]: DEBUG nova.service [None req-2ebdc839-0df3-4e97-acb9-f523d6bb7c0d None None] Join ServiceGroup membership for this service conductor {{(pid=99072) start /opt/stack/nova/nova/service.py:222}}
Jul 28 12:28:33.490472 np0000005996 nova-conductor[99072]: DEBUG nova.servicegroup.drivers.db [None req-2ebdc839-0df3-4e97-acb9-f523d6bb7c0d None None] DB_Driver: join new ServiceGroup member np0000005996 to the conductor group, service = {{(pid=99072) join /opt/stack/nova/nova/servicegroup/drivers/db.py:44}}
Jul 28 12:28:34.492490 np0000005996 nova-conductor[99072]: DEBUG oslo.service.backend._threading.loopingcall [None req-4aec76cd-ae43-4f10-9ff2-901c609a4028 None None] Dynamic interval looping call 'nova.service.Service.periodic_tasks' sleeping for 60.00 seconds {{(pid=99072) _run_loop /opt/stack/data/venv/lib/python3.12/site-packages/oslo_service/backend/_threading/loopingcall.py:125}}
Jul 28 12:28:38.475023 np0000005996 nova-conductor[99063]: DEBUG oslo.service.backend._threading.loopingcall [-] Fixed interval looping call 'nova.servicegroup.drivers.db.DbDriver._report_state' sleeping for 119.99 seconds {{(pid=99063) _run_loop /opt/stack/data/venv/lib/python3.12/site-packages/oslo_service/backend/_threading/loopingcall.py:125}}
Jul 28 12:28:38.482722 np0000005996 nova-conductor[99069]: DEBUG oslo.service.backend._threading.loopingcall [-] Fixed interval looping call 'nova.servicegroup.drivers.db.DbDriver._report_state' sleeping for 119.99 seconds {{(pid=99069) _run_loop /opt/stack/data/venv/lib/python3.12/site-packages/oslo_service/backend/_threading/loopingcall.py:125}}
Jul 28 12:28:38.495319 np0000005996 nova-conductor[99081]: DEBUG oslo.service.backend._threading.loopingcall [-] Fixed interval looping call 'nova.servicegroup.drivers.db.DbDriver._report_state' sleeping for 119.99 seconds {{(pid=99081) _run_loop /opt/stack/data/venv/lib/python3.12/site-packages/oslo_service/backend/_threading/loopingcall.py:125}}
Jul 28 12:28:38.503754 np0000005996 nova-conductor[99072]: DEBUG oslo.service.backend._threading.loopingcall [-] Fixed interval looping call 'nova.servicegroup.drivers.db.DbDriver._report_state' sleeping for 119.99 seconds {{(pid=99072) _run_loop /opt/stack/data/venv/lib/python3.12/site-packages/oslo_service/backend/_threading/loopingcall.py:125}}
Jul 28 12:28:42.048933 np0000005996 nova-conductor[97546]: DEBUG dbcounter [-] [97546] Writing DB stats nova_api:SELECT=1 {{(pid=97546) stat_writer /opt/stack/data/venv/lib/python3.12/site-packages/dbcounter.py:115}}
Jul 28 12:28:42.173011 np0000005996 nova-conductor[97546]: DEBUG dbcounter [-] [97546] Writing DB stats nova_cell0:SELECT=1 {{(pid=97546) stat_writer /opt/stack/data/venv/lib/python3.12/site-packages/dbcounter.py:115}}
Jul 28 12:28:42.177045 np0000005996 nova-conductor[97546]: DEBUG dbcounter [-] [97546] Writing DB stats nova_cell1:SELECT=1 {{(pid=97546) stat_writer /opt/stack/data/venv/lib/python3.12/site-packages/dbcounter.py:115}}
Jul 28 12:28:45.469656 np0000005996 nova-conductor[99069]: DEBUG oslo.service.backend._threading.loopingcall [None req-dd34edff-41fa-4ce1-8923-0d7ce1009b16 None None] Dynamic interval looping call 'nova.service.Service.periodic_tasks' sleeping for 60.00 seconds {{(pid=99069) _run_loop /opt/stack/data/venv/lib/python3.12/site-packages/oslo_service/backend/_threading/loopingcall.py:125}}
Jul 28 12:28:46.460579 np0000005996 nova-conductor[99063]: DEBUG oslo.service.backend._threading.loopingcall [None req-04eae173-fd54-4985-8806-0089d3d56fd8 None None] Dynamic interval looping call 'nova.service.Service.periodic_tasks' sleeping for 60.00 seconds {{(pid=99063) _run_loop /opt/stack/data/venv/lib/python3.12/site-packages/oslo_service/backend/_threading/loopingcall.py:125}}
Jul 28 12:28:48.469949 np0000005996 nova-conductor[99063]: DEBUG dbcounter [-] [99063] Writing DB stats nova_cell0:SELECT=4,nova_cell0:INSERT=1,nova_cell0:UPDATE=1 {{(pid=99063) stat_writer /opt/stack/data/venv/lib/python3.12/site-packages/dbcounter.py:115}}
Jul 28 12:28:48.478739 np0000005996 nova-conductor[99069]: DEBUG dbcounter [-] [99069] Writing DB stats nova_cell0:SELECT=3 {{(pid=99069) stat_writer /opt/stack/data/venv/lib/python3.12/site-packages/dbcounter.py:115}}
Jul 28 12:28:48.492881 np0000005996 nova-conductor[99081]: DEBUG dbcounter [-] [99081] Writing DB stats nova_cell0:SELECT=3 {{(pid=99081) stat_writer /opt/stack/data/venv/lib/python3.12/site-packages/dbcounter.py:115}}
Jul 28 12:28:48.503120 np0000005996 nova-conductor[99072]: DEBUG dbcounter [-] [99072] Writing DB stats nova_cell0:SELECT=3 {{(pid=99072) stat_writer /opt/stack/data/venv/lib/python3.12/site-packages/dbcounter.py:115}}
Jul 28 12:28:51.487736 np0000005996 nova-conductor[99081]: DEBUG oslo.service.backend._threading.loopingcall [None req-e38e881e-2fd2-4a14-a6af-1358d6d386ba None None] Dynamic interval looping call 'nova.service.Service.periodic_tasks' sleeping for 60.00 seconds {{(pid=99081) _run_loop /opt/stack/data/venv/lib/python3.12/site-packages/oslo_service/backend/_threading/loopingcall.py:125}}
Jul 28 12:29:34.492998 np0000005996 nova-conductor[99072]: DEBUG oslo.service.backend._threading.loopingcall [None req-4aec76cd-ae43-4f10-9ff2-901c609a4028 None None] Dynamic interval looping call 'nova.service.Service.periodic_tasks' sleeping for 60.00 seconds {{(pid=99072) _run_loop /opt/stack/data/venv/lib/python3.12/site-packages/oslo_service/backend/_threading/loopingcall.py:125}}
Jul 28 12:29:45.470167 np0000005996 nova-conductor[99069]: DEBUG oslo.service.backend._threading.loopingcall [None req-dd34edff-41fa-4ce1-8923-0d7ce1009b16 None None] Dynamic interval looping call 'nova.service.Service.periodic_tasks' sleeping for 60.00 seconds {{(pid=99069) _run_loop /opt/stack/data/venv/lib/python3.12/site-packages/oslo_service/backend/_threading/loopingcall.py:125}}
Jul 28 12:29:46.460985 np0000005996 nova-conductor[99063]: DEBUG oslo.service.backend._threading.loopingcall [None req-04eae173-fd54-4985-8806-0089d3d56fd8 None None] Dynamic interval looping call 'nova.service.Service.periodic_tasks' sleeping for 60.00 seconds {{(pid=99063) _run_loop /opt/stack/data/venv/lib/python3.12/site-packages/oslo_service/backend/_threading/loopingcall.py:125}}
Jul 28 12:29:51.488231 np0000005996 nova-conductor[99081]: DEBUG oslo.service.backend._threading.loopingcall [None req-e38e881e-2fd2-4a14-a6af-1358d6d386ba None None] Dynamic interval looping call 'nova.service.Service.periodic_tasks' sleeping for 60.00 seconds {{(pid=99081) _run_loop /opt/stack/data/venv/lib/python3.12/site-packages/oslo_service/backend/_threading/loopingcall.py:125}}
Jul 28 12:30:34.493442 np0000005996 nova-conductor[99072]: DEBUG oslo.service.backend._threading.loopingcall [None req-4aec76cd-ae43-4f10-9ff2-901c609a4028 None None] Dynamic interval looping call 'nova.service.Service.periodic_tasks' sleeping for 60.00 seconds {{(pid=99072) _run_loop /opt/stack/data/venv/lib/python3.12/site-packages/oslo_service/backend/_threading/loopingcall.py:125}}
Jul 28 12:30:38.473488 np0000005996 nova-conductor[99063]: DEBUG oslo.service.backend._threading.loopingcall [-] Fixed interval looping call 'nova.servicegroup.drivers.db.DbDriver._report_state' sleeping for 119.99 seconds {{(pid=99063) _run_loop /opt/stack/data/venv/lib/python3.12/site-packages/oslo_service/backend/_threading/loopingcall.py:125}}
Jul 28 12:30:38.476422 np0000005996 nova-conductor[99069]: DEBUG oslo.service.backend._threading.loopingcall [-] Fixed interval looping call 'nova.servicegroup.drivers.db.DbDriver._report_state' sleeping for 120.00 seconds {{(pid=99069) _run_loop /opt/stack/data/venv/lib/python3.12/site-packages/oslo_service/backend/_threading/loopingcall.py:125}}
Jul 28 12:30:38.488943 np0000005996 nova-conductor[99081]: DEBUG oslo.service.backend._threading.loopingcall [-] Fixed interval looping call 'nova.servicegroup.drivers.db.DbDriver._report_state' sleeping for 120.00 seconds {{(pid=99081) _run_loop /opt/stack/data/venv/lib/python3.12/site-packages/oslo_service/backend/_threading/loopingcall.py:125}}
Jul 28 12:30:38.500554 np0000005996 nova-conductor[99072]: DEBUG oslo.service.backend._threading.loopingcall [-] Fixed interval looping call 'nova.servicegroup.drivers.db.DbDriver._report_state' sleeping for 119.99 seconds {{(pid=99072) _run_loop /opt/stack/data/venv/lib/python3.12/site-packages/oslo_service/backend/_threading/loopingcall.py:125}}
Jul 28 12:30:45.470517 np0000005996 nova-conductor[99069]: DEBUG oslo.service.backend._threading.loopingcall [None req-dd34edff-41fa-4ce1-8923-0d7ce1009b16 None None] Dynamic interval looping call 'nova.service.Service.periodic_tasks' sleeping for 60.00 seconds {{(pid=99069) _run_loop /opt/stack/data/venv/lib/python3.12/site-packages/oslo_service/backend/_threading/loopingcall.py:125}}
Jul 28 12:30:46.461581 np0000005996 nova-conductor[99063]: DEBUG oslo.service.backend._threading.loopingcall [None req-04eae173-fd54-4985-8806-0089d3d56fd8 None None] Dynamic interval looping call 'nova.service.Service.periodic_tasks' sleeping for 60.00 seconds {{(pid=99063) _run_loop /opt/stack/data/venv/lib/python3.12/site-packages/oslo_service/backend/_threading/loopingcall.py:125}}
Jul 28 12:30:46.919955 np0000005996 nova-conductor[99063]: DEBUG oslo_db.sqlalchemy.engines [None req-6f8389eb-df02-403f-be61-03378c7dc14f tempest-ServersNegativeTestJSON-467435465 tempest-ServersNegativeTestJSON-467435465-project-member] Parent process 97546 forked (99063) with an open database connection, which is being discarded and recreated. {{(pid=99063) checkout /opt/stack/data/venv/lib/python3.12/site-packages/oslo_db/sqlalchemy/engines.py:402}}
Jul 28 12:30:46.968816 np0000005996 nova-conductor[99063]: DEBUG dbcounter [-] [99063] Writer thread running {{(pid=99063) stat_writer /opt/stack/data/venv/lib/python3.12/site-packages/dbcounter.py:102}}
Jul 28 12:30:47.801304 np0000005996 nova-conductor[99063]: DEBUG nova.conductor.manager [None req-6f8389eb-df02-403f-be61-03378c7dc14f tempest-ServersNegativeTestJSON-467435465 tempest-ServersNegativeTestJSON-467435465-project-member] Took 0.83 seconds to select destinations for 1 instance(s). {{(pid=99063) _schedule_instances /opt/stack/nova/nova/conductor/manager.py:968}}
Jul 28 12:30:47.830237 np0000005996 nova-conductor[99063]: DEBUG oslo_concurrency.lockutils [None req-6f8389eb-df02-403f-be61-03378c7dc14f tempest-ServersNegativeTestJSON-467435465 tempest-ServersNegativeTestJSON-467435465-project-member] Acquiring lock "14b88288-e1e7-4a9c-9367-7d642ea155ad" by "nova.context.set_target_cell..get_or_set_cached_cell_and_set_connections" {{(pid=99063) inner /opt/stack/data/venv/lib/python3.12/site-packages/oslo_concurrency/lockutils.py:512}}
Jul 28 12:30:47.830407 np0000005996 nova-conductor[99063]: DEBUG oslo_concurrency.lockutils [None req-6f8389eb-df02-403f-be61-03378c7dc14f tempest-ServersNegativeTestJSON-467435465 tempest-ServersNegativeTestJSON-467435465-project-member] Lock "14b88288-e1e7-4a9c-9367-7d642ea155ad" acquired by "nova.context.set_target_cell..get_or_set_cached_cell_and_set_connections" :: waited 0.000s {{(pid=99063) inner /opt/stack/data/venv/lib/python3.12/site-packages/oslo_concurrency/lockutils.py:525}}
Jul 28 12:30:47.832024 np0000005996 nova-conductor[99063]: DEBUG oslo_concurrency.lockutils [None req-6f8389eb-df02-403f-be61-03378c7dc14f tempest-ServersNegativeTestJSON-467435465 tempest-ServersNegativeTestJSON-467435465-project-member] Lock "14b88288-e1e7-4a9c-9367-7d642ea155ad" "released" by "nova.context.set_target_cell..get_or_set_cached_cell_and_set_connections" :: held 0.002s {{(pid=99063) inner /opt/stack/data/venv/lib/python3.12/site-packages/oslo_concurrency/lockutils.py:544}}
Jul 28 12:30:47.833911 np0000005996 nova-conductor[99063]: INFO dbcounter [None req-6f8389eb-df02-403f-be61-03378c7dc14f tempest-ServersNegativeTestJSON-467435465 tempest-ServersNegativeTestJSON-467435465-project-member] Registered counter for database nova_cell1
Jul 28 12:30:47.876731 np0000005996 nova-conductor[99063]: DEBUG oslo_db.sqlalchemy.engines [None req-6f8389eb-df02-403f-be61-03378c7dc14f tempest-ServersNegativeTestJSON-467435465 tempest-ServersNegativeTestJSON-467435465-project-member] MySQL server mode set to STRICT_TRANS_TABLES,STRICT_ALL_TABLES,NO_ZERO_IN_DATE,NO_ZERO_DATE,ERROR_FOR_DIVISION_BY_ZERO,TRADITIONAL,NO_ENGINE_SUBSTITUTION {{(pid=99063) _check_effective_sql_mode /opt/stack/data/venv/lib/python3.12/site-packages/oslo_db/sqlalchemy/engines.py:325}}
Jul 28 12:30:47.883753 np0000005996 nova-conductor[99063]: DEBUG dbcounter [-] [99063] Writer thread running {{(pid=99063) stat_writer /opt/stack/data/venv/lib/python3.12/site-packages/dbcounter.py:102}}
Jul 28 12:30:47.960532 np0000005996 nova-conductor[99063]: INFO nova.utils [None req-6f8389eb-df02-403f-be61-03378c7dc14f tempest-ServersNegativeTestJSON-467435465 tempest-ServersNegativeTestJSON-467435465-project-member] The cell worker thread pool ForkProcess-1.cell_worker is initialized
Jul 28 12:30:47.960732 np0000005996 nova-conductor[99063]: DEBUG oslo_concurrency.lockutils [None req-6f8389eb-df02-403f-be61-03378c7dc14f tempest-ServersNegativeTestJSON-467435465 tempest-ServersNegativeTestJSON-467435465-project-member] Acquiring lock "00000000-0000-0000-0000-000000000000" by "nova.context.set_target_cell..get_or_set_cached_cell_and_set_connections" {{(pid=99063) inner /opt/stack/data/venv/lib/python3.12/site-packages/oslo_concurrency/lockutils.py:512}}
Jul 28 12:30:47.961843 np0000005996 nova-conductor[99063]: DEBUG oslo_concurrency.lockutils [None req-6f8389eb-df02-403f-be61-03378c7dc14f tempest-ServersNegativeTestJSON-467435465 tempest-ServersNegativeTestJSON-467435465-project-member] Lock "00000000-0000-0000-0000-000000000000" acquired by "nova.context.set_target_cell..get_or_set_cached_cell_and_set_connections" :: waited 0.000s {{(pid=99063) inner /opt/stack/data/venv/lib/python3.12/site-packages/oslo_concurrency/lockutils.py:525}}
Jul 28 12:30:47.962595 np0000005996 nova-conductor[99063]: DEBUG oslo_concurrency.lockutils [None req-6f8389eb-df02-403f-be61-03378c7dc14f tempest-ServersNegativeTestJSON-467435465 tempest-ServersNegativeTestJSON-467435465-project-member] Lock "00000000-0000-0000-0000-000000000000" "released" by "nova.context.set_target_cell..get_or_set_cached_cell_and_set_connections" :: held 0.001s {{(pid=99063) inner /opt/stack/data/venv/lib/python3.12/site-packages/oslo_concurrency/lockutils.py:544}}
Jul 28 12:30:47.964190 np0000005996 nova-conductor[99063]: DEBUG oslo_concurrency.lockutils [None req-6f8389eb-df02-403f-be61-03378c7dc14f tempest-ServersNegativeTestJSON-467435465 tempest-ServersNegativeTestJSON-467435465-project-member] Acquiring lock "14b88288-e1e7-4a9c-9367-7d642ea155ad" by "nova.context.set_target_cell..get_or_set_cached_cell_and_set_connections" {{(pid=99063) inner /opt/stack/data/venv/lib/python3.12/site-packages/oslo_concurrency/lockutils.py:512}}
Jul 28 12:30:47.966032 np0000005996 nova-conductor[99063]: DEBUG oslo_concurrency.lockutils [None req-6f8389eb-df02-403f-be61-03378c7dc14f tempest-ServersNegativeTestJSON-467435465 tempest-ServersNegativeTestJSON-467435465-project-member] Lock "14b88288-e1e7-4a9c-9367-7d642ea155ad" acquired by "nova.context.set_target_cell..get_or_set_cached_cell_and_set_connections" :: waited 0.000s {{(pid=99063) inner /opt/stack/data/venv/lib/python3.12/site-packages/oslo_concurrency/lockutils.py:525}}
Jul 28 12:30:47.966129 np0000005996 nova-conductor[99063]: DEBUG oslo_concurrency.lockutils [None req-6f8389eb-df02-403f-be61-03378c7dc14f tempest-ServersNegativeTestJSON-467435465 tempest-ServersNegativeTestJSON-467435465-project-member] Lock "14b88288-e1e7-4a9c-9367-7d642ea155ad" "released" by "nova.context.set_target_cell..get_or_set_cached_cell_and_set_connections" :: held 0.001s {{(pid=99063) inner /opt/stack/data/venv/lib/python3.12/site-packages/oslo_concurrency/lockutils.py:544}}
Jul 28 12:30:47.968954 np0000005996 nova-conductor[99063]: INFO dbcounter [None req-6f8389eb-df02-403f-be61-03378c7dc14f tempest-ServersNegativeTestJSON-467435465 tempest-ServersNegativeTestJSON-467435465-project-member] Registered counter for database nova_cell0
