Aug 12 14:49:33.680923 np0000007067 devstack@g-api.service[103034]: DEBUG glance.api.middleware.version_negotiation [None req-d90a3bce-5efa-42b6-8452-92b6e5872ac3 tempest-TaggedBootDevicesTest-2013914368 tempest-TaggedBootDevicesTest-2013914368-project-member] Using url versioning {{(pid=103034) process_request /opt/stack/glance/glance/api/middleware/version_negotiation.py:57}}
Aug 12 14:49:33.681542 np0000007067 devstack@g-api.service[103034]: DEBUG glance.api.middleware.version_negotiation [None req-d90a3bce-5efa-42b6-8452-92b6e5872ac3 tempest-TaggedBootDevicesTest-2013914368 tempest-TaggedBootDevicesTest-2013914368-project-member] Matched version: v2 {{(pid=103034) process_request /opt/stack/glance/glance/api/middleware/version_negotiation.py:69}}
Aug 12 14:49:33.681542 np0000007067 devstack@g-api.service[103034]: DEBUG glance.api.middleware.version_negotiation [None req-d90a3bce-5efa-42b6-8452-92b6e5872ac3 tempest-TaggedBootDevicesTest-2013914368 tempest-TaggedBootDevicesTest-2013914368-project-member] new path /v2/schemas/image {{(pid=103034) process_request /opt/stack/glance/glance/api/middleware/version_negotiation.py:70}}
Aug 12 14:49:33.684910 np0000007067 devstack@g-api.service[103034]: [pid: 103034|app: 0|req: 59/228] 127.0.0.1 () {44 vars in 1055 bytes} [Wed Aug 12 14:49:33 2026] GET /v2/schemas/image => generated 6083 bytes in 5 msecs (HTTP/1.1 200) 4 headers in 158 bytes (1 switches on core 0)
Aug 12 14:49:33.951613 np0000007067 devstack@g-api.service[103033]: DEBUG glance.api.middleware.version_negotiation [None req-68820788-d296-4914-905d-bb4b46f24800 tempest-VolumesActionsTest-1641012969 tempest-VolumesActionsTest-1641012969-project-member] Determining version of request: GET /v2/images/2881b3db-e4c6-4d77-bcbf-840a560de45c Accept: application/json {{(pid=103033) process_request /opt/stack/glance/glance/api/middleware/version_negotiation.py:44}}
Aug 12 14:49:33.952070 np0000007067 devstack@g-api.service[103033]: DEBUG glance.api.middleware.version_negotiation [None req-68820788-d296-4914-905d-bb4b46f24800 tempest-VolumesActionsTest-1641012969 tempest-VolumesActionsTest-1641012969-project-member] Using url versioning {{(pid=103033) process_request /opt/stack/glance/glance/api/middleware/version_negotiation.py:57}}
Aug 12 14:49:33.952320 np0000007067 devstack@g-api.service[103033]: DEBUG glance.api.middleware.version_negotiation [None req-68820788-d296-4914-905d-bb4b46f24800 tempest-VolumesActionsTest-1641012969 tempest-VolumesActionsTest-1641012969-project-member] Matched version: v2 {{(pid=103033) process_request /opt/stack/glance/glance/api/middleware/version_negotiation.py:69}}
Aug 12 14:49:33.952895 np0000007067 devstack@g-api.service[103033]: DEBUG glance.api.middleware.version_negotiation [None req-68820788-d296-4914-905d-bb4b46f24800 tempest-VolumesActionsTest-1641012969 tempest-VolumesActionsTest-1641012969-project-member] new path /v2/images/2881b3db-e4c6-4d77-bcbf-840a560de45c {{(pid=103033) process_request /opt/stack/glance/glance/api/middleware/version_negotiation.py:70}}
Aug 12 14:49:33.967842 np0000007067 devstack@g-api.service[103033]: [pid: 103033|app: 0|req: 60/229] 127.0.0.1 () {40 vars in 838 bytes} [Wed Aug 12 14:49:33 2026] GET /v2/images/2881b3db-e4c6-4d77-bcbf-840a560de45c => generated 650 bytes in 16 msecs (HTTP/1.1 200) 4 headers in 157 bytes (1 switches on core 0)
Aug 12 14:49:33.982249 np0000007067 devstack@g-api.service[103036]: INFO glance.api.v2.image_data [None req-6df27915-4122-47af-97e8-ae9ec6e38acd tempest-VolumesActionsTest-1641012969 tempest-VolumesActionsTest-1641012969-project-member] Unable to create trust: no such option collect_timing in group [keystone_authtoken] Use the existing user token.
Aug 12 14:49:34.707628 np0000007067 devstack@g-api.service[103036]: DEBUG glance.location [None req-6df27915-4122-47af-97e8-ae9ec6e38acd tempest-VolumesActionsTest-1641012969 tempest-VolumesActionsTest-1641012969-project-member] Enabling in-flight format inspection for raw {{(pid=103036) set_data /opt/stack/glance/glance/location.py:596}}
Aug 12 14:49:34.708195 np0000007067 devstack@g-api.service[103036]: DEBUG glance_store.backend [None req-6df27915-4122-47af-97e8-ae9ec6e38acd tempest-VolumesActionsTest-1641012969 tempest-VolumesActionsTest-1641012969-project-member] Attempting to import store swift {{(pid=103036) _load_store /opt/stack/data/venv/lib/python3.12/site-packages/glance_store/backend.py:215}}
Aug 12 14:49:34.710273 np0000007067 devstack@g-api.service[103036]: DEBUG glance_store.capabilities [None req-6df27915-4122-47af-97e8-ae9ec6e38acd tempest-VolumesActionsTest-1641012969 tempest-VolumesActionsTest-1641012969-project-member] Store glance_store._drivers.swift.store.SingleTenantStore doesn't support updating dynamic storage capabilities. Please overwrite 'update_capabilities' method of the store to implement updating logics if needed. {{(pid=103036) update_capabilities /opt/stack/data/venv/lib/python3.12/site-packages/glance_store/capabilities.py:91}}
Aug 12 14:49:34.710473 np0000007067 devstack@g-api.service[103036]: DEBUG glance_store.driver [None req-6df27915-4122-47af-97e8-ae9ec6e38acd tempest-VolumesActionsTest-1641012969 tempest-VolumesActionsTest-1641012969-project-member] Late loading location class glance_store._drivers.swift.store.StoreLocation {{(pid=103036) get_store_location_class /opt/stack/data/venv/lib/python3.12/site-packages/glance_store/driver.py:134}}
Aug 12 14:49:34.710629 np0000007067 devstack@g-api.service[103036]: DEBUG glance_store.location [None req-6df27915-4122-47af-97e8-ae9ec6e38acd tempest-VolumesActionsTest-1641012969 tempest-VolumesActionsTest-1641012969-project-member] Registering scheme swift+https with {'store': , 'location_class': , 'store_entry': 'swift'} {{(pid=103036) register_scheme_map /opt/stack/data/venv/lib/python3.12/site-packages/glance_store/location.py:146}}
Aug 12 14:49:34.710733 np0000007067 devstack@g-api.service[103036]: DEBUG glance_store.location [None req-6df27915-4122-47af-97e8-ae9ec6e38acd tempest-VolumesActionsTest-1641012969 tempest-VolumesActionsTest-1641012969-project-member] Registering scheme swift+https with {'store': , 'location_class': , 'store_entry': 'swift'} {{(pid=103036) register_scheme_map /opt/stack/data/venv/lib/python3.12/site-packages/glance_store/location.py:146}}
Aug 12 14:49:34.711068 np0000007067 devstack@g-api.service[103036]: DEBUG glance_store.location [None req-6df27915-4122-47af-97e8-ae9ec6e38acd tempest-VolumesActionsTest-1641012969 tempest-VolumesActionsTest-1641012969-project-member] Registering scheme swift with {'store': , 'location_class': , 'store_entry': 'swift'} {{(pid=103036) register_scheme_map /opt/stack/data/venv/lib/python3.12/site-packages/glance_store/location.py:146}}
Aug 12 14:49:34.711068 np0000007067 devstack@g-api.service[103036]: DEBUG glance_store.location [None req-6df27915-4122-47af-97e8-ae9ec6e38acd tempest-VolumesActionsTest-1641012969 tempest-VolumesActionsTest-1641012969-project-member] Registering scheme swift+https with {'store': , 'location_class': , 'store_entry': 'swift'} {{(pid=103036) register_scheme_map /opt/stack/data/venv/lib/python3.12/site-packages/glance_store/location.py:146}}
Aug 12 14:49:34.711068 np0000007067 devstack@g-api.service[103036]: DEBUG glance_store.location [None req-6df27915-4122-47af-97e8-ae9ec6e38acd tempest-VolumesActionsTest-1641012969 tempest-VolumesActionsTest-1641012969-project-member] Registering scheme swift with {'store': , 'location_class': , 'store_entry': 'swift'} {{(pid=103036) register_scheme_map /opt/stack/data/venv/lib/python3.12/site-packages/glance_store/location.py:146}}
Aug 12 14:49:34.711251 np0000007067 devstack@g-api.service[103036]: DEBUG glance_store.location [None req-6df27915-4122-47af-97e8-ae9ec6e38acd tempest-VolumesActionsTest-1641012969 tempest-VolumesActionsTest-1641012969-project-member] Registering scheme swift+http with {'store': , 'location_class': , 'store_entry': 'swift'} {{(pid=103036) register_scheme_map /opt/stack/data/venv/lib/python3.12/site-packages/glance_store/location.py:146}}
Aug 12 14:49:34.711348 np0000007067 devstack@g-api.service[103036]: DEBUG glance_store.location [None req-6df27915-4122-47af-97e8-ae9ec6e38acd tempest-VolumesActionsTest-1641012969 tempest-VolumesActionsTest-1641012969-project-member] Registering scheme swift+https with {'store': , 'location_class': , 'store_entry': 'swift'} {{(pid=103036) register_scheme_map /opt/stack/data/venv/lib/python3.12/site-packages/glance_store/location.py:146}}
Aug 12 14:49:34.711826 np0000007067 devstack@g-api.service[103036]: DEBUG glance_store.location [None req-6df27915-4122-47af-97e8-ae9ec6e38acd tempest-VolumesActionsTest-1641012969 tempest-VolumesActionsTest-1641012969-project-member] Registering scheme swift with {'store': , 'location_class': , 'store_entry': 'swift'} {{(pid=103036) register_scheme_map /opt/stack/data/venv/lib/python3.12/site-packages/glance_store/location.py:146}}
Aug 12 14:49:34.711826 np0000007067 devstack@g-api.service[103036]: DEBUG glance_store.location [None req-6df27915-4122-47af-97e8-ae9ec6e38acd tempest-VolumesActionsTest-1641012969 tempest-VolumesActionsTest-1641012969-project-member] Registering scheme swift+http with {'store': , 'location_class': , 'store_entry': 'swift'} {{(pid=103036) register_scheme_map /opt/stack/data/venv/lib/python3.12/site-packages/glance_store/location.py:146}}
Aug 12 14:49:34.711826 np0000007067 devstack@g-api.service[103036]: DEBUG glance_store.location [None req-6df27915-4122-47af-97e8-ae9ec6e38acd tempest-VolumesActionsTest-1641012969 tempest-VolumesActionsTest-1641012969-project-member] Registering scheme swift+config with {'store': , 'location_class': , 'store_entry': 'swift'} {{(pid=103036) register_scheme_map /opt/stack/data/venv/lib/python3.12/site-packages/glance_store/location.py:146}}
Aug 12 14:49:34.749949 np0000007067 devstack@g-api.service[103035]: DEBUG glance.api.middleware.version_negotiation [None req-d373f080-0da6-4b90-bc92-6c3ce8f2de08 tempest-ServerRescueNegativeTestJSON-1595868166 tempest-ServerRescueNegativeTestJSON-1595868166-project-member] Determining version of request: GET /v2/images/1b390252-0abb-4cf6-9728-1cc8de97afdd Accept: */* {{(pid=103035) process_request /opt/stack/glance/glance/api/middleware/version_negotiation.py:44}}
Aug 12 14:49:34.750449 np0000007067 devstack@g-api.service[103035]: DEBUG glance.api.middleware.version_negotiation [None req-d373f080-0da6-4b90-bc92-6c3ce8f2de08 tempest-ServerRescueNegativeTestJSON-1595868166 tempest-ServerRescueNegativeTestJSON-1595868166-project-member] Using url versioning {{(pid=103035) process_request /opt/stack/glance/glance/api/middleware/version_negotiation.py:57}}
Aug 12 14:49:34.750449 np0000007067 devstack@g-api.service[103035]: DEBUG glance.api.middleware.version_negotiation [None req-d373f080-0da6-4b90-bc92-6c3ce8f2de08 tempest-ServerRescueNegativeTestJSON-1595868166 tempest-ServerRescueNegativeTestJSON-1595868166-project-member] Matched version: v2 {{(pid=103035) process_request /opt/stack/glance/glance/api/middleware/version_negotiation.py:69}}
Aug 12 14:49:34.750449 np0000007067 devstack@g-api.service[103035]: DEBUG glance.api.middleware.version_negotiation [None req-d373f080-0da6-4b90-bc92-6c3ce8f2de08 tempest-ServerRescueNegativeTestJSON-1595868166 tempest-ServerRescueNegativeTestJSON-1595868166-project-member] new path /v2/images/1b390252-0abb-4cf6-9728-1cc8de97afdd {{(pid=103035) process_request /opt/stack/glance/glance/api/middleware/version_negotiation.py:70}}
Aug 12 14:49:34.768885 np0000007067 devstack@g-api.service[103035]: [pid: 103035|app: 0|req: 52/230] 127.0.0.1 () {44 vars in 1115 bytes} [Wed Aug 12 14:49:34 2026] GET /v2/images/1b390252-0abb-4cf6-9728-1cc8de97afdd => generated 1044 bytes in 19 msecs (HTTP/1.1 200) 4 headers in 158 bytes (1 switches on core 0)
Aug 12 14:49:34.810527 np0000007067 devstack@g-api.service[103034]: DEBUG glance.api.middleware.version_negotiation [None req-d373f080-0da6-4b90-bc92-6c3ce8f2de08 tempest-ServerRescueNegativeTestJSON-1595868166 tempest-ServerRescueNegativeTestJSON-1595868166-project-member] Determining version of request: GET /v2/schemas/image Accept: */* {{(pid=103034) process_request /opt/stack/glance/glance/api/middleware/version_negotiation.py:44}}
Aug 12 14:49:34.810969 np0000007067 devstack@g-api.service[103034]: DEBUG glance.api.middleware.version_negotiation [None req-d373f080-0da6-4b90-bc92-6c3ce8f2de08 tempest-ServerRescueNegativeTestJSON-1595868166 tempest-ServerRescueNegativeTestJSON-1595868166-project-member] Using url versioning {{(pid=103034) process_request /opt/stack/glance/glance/api/middleware/version_negotiation.py:57}}
Aug 12 14:49:34.810969 np0000007067 devstack@g-api.service[103034]: DEBUG glance.api.middleware.version_negotiation [None req-d373f080-0da6-4b90-bc92-6c3ce8f2de08 tempest-ServerRescueNegativeTestJSON-1595868166 tempest-ServerRescueNegativeTestJSON-1595868166-project-member] Matched version: v2 {{(pid=103034) process_request /opt/stack/glance/glance/api/middleware/version_negotiation.py:69}}
Aug 12 14:49:34.811098 np0000007067 devstack@g-api.service[103034]: DEBUG glance.api.middleware.version_negotiation [None req-d373f080-0da6-4b90-bc92-6c3ce8f2de08 tempest-ServerRescueNegativeTestJSON-1595868166 tempest-ServerRescueNegativeTestJSON-1595868166-project-member] new path /v2/schemas/image {{(pid=103034) process_request /opt/stack/glance/glance/api/middleware/version_negotiation.py:70}}
Aug 12 14:49:34.815987 np0000007067 devstack@g-api.service[103034]: [pid: 103034|app: 0|req: 60/231] 127.0.0.1 () {44 vars in 1055 bytes} [Wed Aug 12 14:49:34 2026] GET /v2/schemas/image => generated 6083 bytes in 5 msecs (HTTP/1.1 200) 4 headers in 158 bytes (1 switches on core 0)
Aug 12 14:49:34.983761 np0000007067 devstack@g-api.service[103033]: DEBUG glance.api.middleware.version_negotiation [None req-4a1c51ff-c6c6-4013-83f1-e0161f316209 tempest-VolumesActionsTest-1641012969 tempest-VolumesActionsTest-1641012969-project-member] Determining version of request: GET /v2/images/2881b3db-e4c6-4d77-bcbf-840a560de45c Accept: application/json {{(pid=103033) process_request /opt/stack/glance/glance/api/middleware/version_negotiation.py:44}}
Aug 12 14:49:34.983761 np0000007067 devstack@g-api.service[103033]: DEBUG glance.api.middleware.version_negotiation [None req-4a1c51ff-c6c6-4013-83f1-e0161f316209 tempest-VolumesActionsTest-1641012969 tempest-VolumesActionsTest-1641012969-project-member] Using url versioning {{(pid=103033) process_request /opt/stack/glance/glance/api/middleware/version_negotiation.py:57}}
Aug 12 14:49:34.985219 np0000007067 devstack@g-api.service[103033]: DEBUG glance.api.middleware.version_negotiation [None req-4a1c51ff-c6c6-4013-83f1-e0161f316209 tempest-VolumesActionsTest-1641012969 tempest-VolumesActionsTest-1641012969-project-member] Matched version: v2 {{(pid=103033) process_request /opt/stack/glance/glance/api/middleware/version_negotiation.py:69}}
Aug 12 14:49:34.985219 np0000007067 devstack@g-api.service[103033]: DEBUG glance.api.middleware.version_negotiation [None req-4a1c51ff-c6c6-4013-83f1-e0161f316209 tempest-VolumesActionsTest-1641012969 tempest-VolumesActionsTest-1641012969-project-member] new path /v2/images/2881b3db-e4c6-4d77-bcbf-840a560de45c {{(pid=103033) process_request /opt/stack/glance/glance/api/middleware/version_negotiation.py:70}}
Aug 12 14:49:35.000371 np0000007067 devstack@g-api.service[103033]: [pid: 103033|app: 0|req: 61/232] 127.0.0.1 () {40 vars in 838 bytes} [Wed Aug 12 14:49:34 2026] GET /v2/images/2881b3db-e4c6-4d77-bcbf-840a560de45c => generated 650 bytes in 17 msecs (HTTP/1.1 200) 4 headers in 157 bytes (1 switches on core 0)
Aug 12 14:49:35.153539 np0000007067 devstack@g-api.service[103036]: DEBUG swiftclient [None req-6df27915-4122-47af-97e8-ae9ec6e38acd tempest-VolumesActionsTest-1641012969 tempest-VolumesActionsTest-1641012969-project-member] REQ: curl -i https://10.4.3.100:8080/v1/AUTH_5dd050f353554cabb8cf1aa171da1d4e/glance -I -H "X-Auth-Token: gAAAAABqfIf-q0sv..." {{(pid=103036) http_log /opt/stack/data/venv/lib/python3.12/site-packages/swiftclient/client.py:160}}
Aug 12 14:49:35.153918 np0000007067 devstack@g-api.service[103036]: DEBUG swiftclient [None req-6df27915-4122-47af-97e8-ae9ec6e38acd tempest-VolumesActionsTest-1641012969 tempest-VolumesActionsTest-1641012969-project-member] RESP STATUS: 204 No Content {{(pid=103036) http_log /opt/stack/data/venv/lib/python3.12/site-packages/swiftclient/client.py:161}}
Aug 12 14:49:35.153918 np0000007067 devstack@g-api.service[103036]: DEBUG swiftclient [None req-6df27915-4122-47af-97e8-ae9ec6e38acd tempest-VolumesActionsTest-1641012969 tempest-VolumesActionsTest-1641012969-project-member] RESP HEADERS: {'Date': 'Wed, 12 Aug 2026 14:49:35 GMT', 'Server': 'Apache/2.4.58 (Ubuntu)', 'Content-Type': 'text/plain; charset=utf-8', 'X-Container-Object-Count': '3', 'X-Container-Bytes-Used': '64356352', 'X-Timestamp': '1786545833.12754', 'Last-Modified': 'Wed, 12 Aug 2026 14:43:54 GMT', 'Accept-Ranges': 'bytes', 'X-Storage-Policy': 'Policy-0', 'X-Container-Sharding': 'False', 'Vary': 'Accept', 'X-Trans-Id': 'txd181353013754e3b8b2b5-006a7c87fe', 'X-Openstack-Request-Id': 'txd181353013754e3b8b2b5-006a7c87fe', 'Connection': 'close'} {{(pid=103036) http_log /opt/stack/data/venv/lib/python3.12/site-packages/swiftclient/client.py:162}}
Aug 12 14:49:35.154242 np0000007067 devstack@g-api.service[103036]: DEBUG glance_store._drivers.swift.store [None req-6df27915-4122-47af-97e8-ae9ec6e38acd tempest-VolumesActionsTest-1641012969 tempest-VolumesActionsTest-1641012969-project-member] Adding image object '2881b3db-e4c6-4d77-bcbf-840a560de45c' to Swift {{(pid=103036) add /opt/stack/data/venv/lib/python3.12/site-packages/glance_store/_drivers/swift/store.py:970}}
Aug 12 14:49:35.154242 np0000007067 devstack@g-api.service[103036]: DEBUG glance_store._drivers.swift.store [None req-6df27915-4122-47af-97e8-ae9ec6e38acd tempest-VolumesActionsTest-1641012969 tempest-VolumesActionsTest-1641012969-project-member] Cannot determine image size because it is either not provided in the request or chunked-transfer encoding is used. Adding image as a segmented object to Swift. {{(pid=103036) add /opt/stack/data/venv/lib/python3.12/site-packages/glance_store/_drivers/swift/store.py:994}}
Aug 12 14:49:35.162250 np0000007067 devstack@g-api.service[103036]: DEBUG oslo_utils.imageutils.format_inspector [None req-6df27915-4122-47af-97e8-ae9ec6e38acd tempest-VolumesActionsTest-1641012969 tempest-VolumesActionsTest-1641012969-project-member] Format inspector for vmdk does not match, excluding from consideration (Signature KDMV not found: b'\x00\x00\x00\x00') {{(pid=103036) _process_chunk /opt/stack/data/venv/lib/python3.12/site-packages/oslo_utils/imageutils/format_inspector.py:1758}}
Aug 12 14:49:35.164219 np0000007067 devstack@g-api.service[103036]: DEBUG oslo_utils.imageutils.format_inspector [None req-6df27915-4122-47af-97e8-ae9ec6e38acd tempest-VolumesActionsTest-1641012969 tempest-VolumesActionsTest-1641012969-project-member] Format inspector for vhdx does not match, excluding from consideration (Region signature not found at 30000) {{(pid=103036) _process_chunk /opt/stack/data/venv/lib/python3.12/site-packages/oslo_utils/imageutils/format_inspector.py:1758}}
Aug 12 14:49:36.016507 np0000007067 devstack@g-api.service[103035]: DEBUG glance.api.middleware.version_negotiation [None req-a5a2aa05-398e-4317-9339-5268af054143 tempest-ServerRescueNegativeTestJSON-1595868166 tempest-ServerRescueNegativeTestJSON-1595868166-project-member] Determining version of request: GET /v2/images/2881b3db-e4c6-4d77-bcbf-840a560de45c Accept: application/json {{(pid=103035) process_request /opt/stack/glance/glance/api/middleware/version_negotiation.py:44}}
Aug 12 14:49:36.016939 np0000007067 devstack@g-api.service[103035]: DEBUG glance.api.middleware.version_negotiation [None req-a5a2aa05-398e-4317-9339-5268af054143 tempest-ServerRescueNegativeTestJSON-1595868166 tempest-ServerRescueNegativeTestJSON-1595868166-project-member] Using url versioning {{(pid=103035) process_request /opt/stack/glance/glance/api/middleware/version_negotiation.py:57}}
Aug 12 14:49:36.016939 np0000007067 devstack@g-api.service[103035]: DEBUG glance.api.middleware.version_negotiation [None req-a5a2aa05-398e-4317-9339-5268af054143 tempest-ServerRescueNegativeTestJSON-1595868166 tempest-ServerRescueNegativeTestJSON-1595868166-project-member] Matched version: v2 {{(pid=103035) process_request /opt/stack/glance/glance/api/middleware/version_negotiation.py:69}}
Aug 12 14:49:36.017130 np0000007067 devstack@g-api.service[103035]: DEBUG glance.api.middleware.version_negotiation [None req-a5a2aa05-398e-4317-9339-5268af054143 tempest-ServerRescueNegativeTestJSON-1595868166 tempest-ServerRescueNegativeTestJSON-1595868166-project-member] new path /v2/images/2881b3db-e4c6-4d77-bcbf-840a560de45c {{(pid=103035) process_request /opt/stack/glance/glance/api/middleware/version_negotiation.py:70}}
Aug 12 14:49:36.047260 np0000007067 devstack@g-api.service[103035]: [pid: 103035|app: 0|req: 53/233] 127.0.0.1 () {40 vars in 838 bytes} [Wed Aug 12 14:49:36 2026] GET /v2/images/2881b3db-e4c6-4d77-bcbf-840a560de45c => generated 650 bytes in 32 msecs (HTTP/1.1 200) 4 headers in 157 bytes (1 switches on core 0)
Aug 12 14:49:36.940485 np0000007067 devstack@g-api.service[103034]: DEBUG glance.api.middleware.version_negotiation [None req-a5a2aa05-398e-4317-9339-5268af054143 tempest-ServerRescueNegativeTestJSON-1595868166 tempest-ServerRescueNegativeTestJSON-1595868166-project-member] Determining version of request: GET /v2/images/1b390252-0abb-4cf6-9728-1cc8de97afdd Accept: */* {{(pid=103034) process_request /opt/stack/glance/glance/api/middleware/version_negotiation.py:44}}
Aug 12 14:49:36.940485 np0000007067 devstack@g-api.service[103034]: DEBUG glance.api.middleware.version_negotiation [None req-a5a2aa05-398e-4317-9339-5268af054143 tempest-ServerRescueNegativeTestJSON-1595868166 tempest-ServerRescueNegativeTestJSON-1595868166-project-member] Using url versioning {{(pid=103034) process_request /opt/stack/glance/glance/api/middleware/version_negotiation.py:57}}
Aug 12 14:49:36.940485 np0000007067 devstack@g-api.service[103034]: DEBUG glance.api.middleware.version_negotiation [None req-a5a2aa05-398e-4317-9339-5268af054143 tempest-ServerRescueNegativeTestJSON-1595868166 tempest-ServerRescueNegativeTestJSON-1595868166-project-member] Matched version: v2 {{(pid=103034) process_request /opt/stack/glance/glance/api/middleware/version_negotiation.py:69}}
Aug 12 14:49:36.940485 np0000007067 devstack@g-api.service[103034]: DEBUG glance.api.middleware.version_negotiation [None req-a5a2aa05-398e-4317-9339-5268af054143 tempest-ServerRescueNegativeTestJSON-1595868166 tempest-ServerRescueNegativeTestJSON-1595868166-project-member] new path /v2/images/1b390252-0abb-4cf6-9728-1cc8de97afdd {{(pid=103034) process_request /opt/stack/glance/glance/api/middleware/version_negotiation.py:70}}
Aug 12 14:49:36.977786 np0000007067 devstack@g-api.service[103034]: [pid: 103034|app: 0|req: 61/234] 127.0.0.1 () {44 vars in 1115 bytes} [Wed Aug 12 14:49:36 2026] GET /v2/images/1b390252-0abb-4cf6-9728-1cc8de97afdd => generated 1044 bytes in 40 msecs (HTTP/1.1 200) 4 headers in 158 bytes (1 switches on core 0)
Aug 12 14:49:37.034496 np0000007067 devstack@g-api.service[103033]: DEBUG glance.api.middleware.version_negotiation [None req-a237292f-49cf-484e-91c0-96f1c1fe98a5 tempest-VolumesActionsTest-1641012969 tempest-VolumesActionsTest-1641012969-project-member] Determining version of request: GET /v2/schemas/image Accept: */* {{(pid=103033) process_request /opt/stack/glance/glance/api/middleware/version_negotiation.py:44}}
Aug 12 14:49:37.034496 np0000007067 devstack@g-api.service[103033]: DEBUG glance.api.middleware.version_negotiation [None req-a237292f-49cf-484e-91c0-96f1c1fe98a5 tempest-VolumesActionsTest-1641012969 tempest-VolumesActionsTest-1641012969-project-member] Using url versioning {{(pid=103033) process_request /opt/stack/glance/glance/api/middleware/version_negotiation.py:57}}
Aug 12 14:49:37.034496 np0000007067 devstack@g-api.service[103033]: DEBUG glance.api.middleware.version_negotiation [None req-a237292f-49cf-484e-91c0-96f1c1fe98a5 tempest-VolumesActionsTest-1641012969 tempest-VolumesActionsTest-1641012969-project-member] Matched version: v2 {{(pid=103033) process_request /opt/stack/glance/glance/api/middleware/version_negotiation.py:69}}
Aug 12 14:49:37.034496 np0000007067 devstack@g-api.service[103033]: DEBUG glance.api.middleware.version_negotiation [None req-a237292f-49cf-484e-91c0-96f1c1fe98a5 tempest-VolumesActionsTest-1641012969 tempest-VolumesActionsTest-1641012969-project-member] new path /v2/schemas/image {{(pid=103033) process_request /opt/stack/glance/glance/api/middleware/version_negotiation.py:70}}
Aug 12 14:49:37.038558 np0000007067 devstack@g-api.service[103033]: [pid: 103033|app: 0|req: 62/235] 127.0.0.1 () {44 vars in 1055 bytes} [Wed Aug 12 14:49:37 2026] GET /v2/schemas/image => generated 6083 bytes in 5 msecs (HTTP/1.1 200) 4 headers in 158 bytes (1 switches on core 0)
Aug 12 14:49:37.068656 np0000007067 devstack@g-api.service[103035]: DEBUG glance.api.middleware.version_negotiation [None req-ce289668-2c49-49ed-8cb5-c26fcf313719 tempest-VolumesActionsTest-1641012969 tempest-VolumesActionsTest-1641012969-project-member] Determining version of request: GET /v2/images/2881b3db-e4c6-4d77-bcbf-840a560de45c Accept: application/json {{(pid=103035) process_request /opt/stack/glance/glance/api/middleware/version_negotiation.py:44}}
Aug 12 14:49:37.068656 np0000007067 devstack@g-api.service[103035]: DEBUG glance.api.middleware.version_negotiation [None req-ce289668-2c49-49ed-8cb5-c26fcf313719 tempest-VolumesActionsTest-1641012969 tempest-VolumesActionsTest-1641012969-project-member] Using url versioning {{(pid=103035) process_request /opt/stack/glance/glance/api/middleware/version_negotiation.py:57}}
Aug 12 14:49:37.068656 np0000007067 devstack@g-api.service[103035]: DEBUG glance.api.middleware.version_negotiation [None req-ce289668-2c49-49ed-8cb5-c26fcf313719 tempest-VolumesActionsTest-1641012969 tempest-VolumesActionsTest-1641012969-project-member] Matched version: v2 {{(pid=103035) process_request /opt/stack/glance/glance/api/middleware/version_negotiation.py:69}}
Aug 12 14:49:37.068656 np0000007067 devstack@g-api.service[103035]: DEBUG glance.api.middleware.version_negotiation [None req-ce289668-2c49-49ed-8cb5-c26fcf313719 tempest-VolumesActionsTest-1641012969 tempest-VolumesActionsTest-1641012969-project-member] new path /v2/images/2881b3db-e4c6-4d77-bcbf-840a560de45c {{(pid=103035) process_request /opt/stack/glance/glance/api/middleware/version_negotiation.py:70}}
Aug 12 14:49:37.095814 np0000007067 devstack@g-api.service[103035]: [pid: 103035|app: 0|req: 54/236] 127.0.0.1 () {40 vars in 838 bytes} [Wed Aug 12 14:49:37 2026] GET /v2/images/2881b3db-e4c6-4d77-bcbf-840a560de45c => generated 650 bytes in 31 msecs (HTTP/1.1 200) 4 headers in 157 bytes (1 switches on core 0)
Aug 12 14:49:37.898314 np0000007067 devstack@g-api.service[103036]: DEBUG swiftclient [None req-6df27915-4122-47af-97e8-ae9ec6e38acd tempest-VolumesActionsTest-1641012969 tempest-VolumesActionsTest-1641012969-project-member] REQ: curl -i https://10.4.3.100:8080/v1/AUTH_5dd050f353554cabb8cf1aa171da1d4e/glance/2881b3db-e4c6-4d77-bcbf-840a560de45c-00001 -X PUT -H "X-Auth-Token: gAAAAABqfIf-q0sv..." {{(pid=103036) http_log /opt/stack/data/venv/lib/python3.12/site-packages/swiftclient/client.py:160}}
Aug 12 14:49:37.898314 np0000007067 devstack@g-api.service[103036]: DEBUG swiftclient [None req-6df27915-4122-47af-97e8-ae9ec6e38acd tempest-VolumesActionsTest-1641012969 tempest-VolumesActionsTest-1641012969-project-member] RESP STATUS: 201 Created {{(pid=103036) http_log /opt/stack/data/venv/lib/python3.12/site-packages/swiftclient/client.py:161}}
Aug 12 14:49:37.898314 np0000007067 devstack@g-api.service[103036]: DEBUG swiftclient [None req-6df27915-4122-47af-97e8-ae9ec6e38acd tempest-VolumesActionsTest-1641012969 tempest-VolumesActionsTest-1641012969-project-member] RESP HEADERS: {'Date': 'Wed, 12 Aug 2026 14:49:37 GMT', 'Server': 'Apache/2.4.58 (Ubuntu)', 'Content-Type': 'text/html; charset=UTF-8', 'Content-Length': '0', 'Etag': 'eda9a9889837ac4bc81d6387d92c1bec', 'Last-Modified': 'Wed, 12 Aug 2026 14:49:36 GMT', 'X-Trans-Id': 'txe7311bdad1184f0092935-006a7c87ff', 'X-Openstack-Request-Id': 'txe7311bdad1184f0092935-006a7c87ff', 'Connection': 'close'} {{(pid=103036) http_log /opt/stack/data/venv/lib/python3.12/site-packages/swiftclient/client.py:162}}
Aug 12 14:49:37.899207 np0000007067 devstack@g-api.service[103036]: DEBUG glance_store._drivers.swift.store [None req-6df27915-4122-47af-97e8-ae9ec6e38acd tempest-VolumesActionsTest-1641012969 tempest-VolumesActionsTest-1641012969-project-member] Wrote chunk 2881b3db-e4c6-4d77-bcbf-840a560de45c-00001 (1/?) of length 204800000 to Swift returning MD5 of content: eda9a9889837ac4bc81d6387d92c1bec {{(pid=103036) add /opt/stack/data/venv/lib/python3.12/site-packages/glance_store/_drivers/swift/store.py:1059}}
Aug 12 14:49:38.109389 np0000007067 devstack@g-api.service[103034]: DEBUG glance.api.middleware.version_negotiation [None req-22b26f71-1a88-4e72-8d25-af63ff7e9ea0 tempest-VolumesNegativeTest-1772655854 tempest-VolumesNegativeTest-1772655854-project-member] Determining version of request: GET /v2/images/2881b3db-e4c6-4d77-bcbf-840a560de45c Accept: application/json {{(pid=103034) process_request /opt/stack/glance/glance/api/middleware/version_negotiation.py:44}}
Aug 12 14:49:38.109865 np0000007067 devstack@g-api.service[103034]: DEBUG glance.api.middleware.version_negotiation [None req-22b26f71-1a88-4e72-8d25-af63ff7e9ea0 tempest-VolumesNegativeTest-1772655854 tempest-VolumesNegativeTest-1772655854-project-member] Using url versioning {{(pid=103034) process_request /opt/stack/glance/glance/api/middleware/version_negotiation.py:57}}
Aug 12 14:49:38.109865 np0000007067 devstack@g-api.service[103034]: DEBUG glance.api.middleware.version_negotiation [None req-22b26f71-1a88-4e72-8d25-af63ff7e9ea0 tempest-VolumesNegativeTest-1772655854 tempest-VolumesNegativeTest-1772655854-project-member] Matched version: v2 {{(pid=103034) process_request /opt/stack/glance/glance/api/middleware/version_negotiation.py:69}}
Aug 12 14:49:38.109865 np0000007067 devstack@g-api.service[103034]: DEBUG glance.api.middleware.version_negotiation [None req-22b26f71-1a88-4e72-8d25-af63ff7e9ea0 tempest-VolumesNegativeTest-1772655854 tempest-VolumesNegativeTest-1772655854-project-member] new path /v2/images/2881b3db-e4c6-4d77-bcbf-840a560de45c {{(pid=103034) process_request /opt/stack/glance/glance/api/middleware/version_negotiation.py:70}}
Aug 12 14:49:38.127004 np0000007067 devstack@g-api.service[103034]: [pid: 103034|app: 0|req: 62/237] 127.0.0.1 () {40 vars in 838 bytes} [Wed Aug 12 14:49:38 2026] GET /v2/images/2881b3db-e4c6-4d77-bcbf-840a560de45c => generated 650 bytes in 18 msecs (HTTP/1.1 200) 4 headers in 157 bytes (1 switches on core 0)
Aug 12 14:49:39.137415 np0000007067 devstack@g-api.service[103033]: DEBUG glance.api.middleware.version_negotiation [None req-22b26f71-1a88-4e72-8d25-af63ff7e9ea0 tempest-VolumesNegativeTest-1772655854 tempest-VolumesNegativeTest-1772655854-project-member] Determining version of request: GET /v2/images/2881b3db-e4c6-4d77-bcbf-840a560de45c Accept: application/json {{(pid=103033) process_request /opt/stack/glance/glance/api/middleware/version_negotiation.py:44}}
Aug 12 14:49:39.137415 np0000007067 devstack@g-api.service[103033]: DEBUG glance.api.middleware.version_negotiation [None req-22b26f71-1a88-4e72-8d25-af63ff7e9ea0 tempest-VolumesNegativeTest-1772655854 tempest-VolumesNegativeTest-1772655854-project-member] Using url versioning {{(pid=103033) process_request /opt/stack/glance/glance/api/middleware/version_negotiation.py:57}}
Aug 12 14:49:39.137771 np0000007067 devstack@g-api.service[103033]: DEBUG glance.api.middleware.version_negotiation [None req-22b26f71-1a88-4e72-8d25-af63ff7e9ea0 tempest-VolumesNegativeTest-1772655854 tempest-VolumesNegativeTest-1772655854-project-member] Matched version: v2 {{(pid=103033) process_request /opt/stack/glance/glance/api/middleware/version_negotiation.py:69}}
Aug 12 14:49:39.137771 np0000007067 devstack@g-api.service[103033]: DEBUG glance.api.middleware.version_negotiation [None req-22b26f71-1a88-4e72-8d25-af63ff7e9ea0 tempest-VolumesNegativeTest-1772655854 tempest-VolumesNegativeTest-1772655854-project-member] new path /v2/images/2881b3db-e4c6-4d77-bcbf-840a560de45c {{(pid=103033) process_request /opt/stack/glance/glance/api/middleware/version_negotiation.py:70}}
Aug 12 14:49:39.165324 np0000007067 devstack@g-api.service[103033]: [pid: 103033|app: 0|req: 63/238] 127.0.0.1 () {40 vars in 838 bytes} [Wed Aug 12 14:49:39 2026] GET /v2/images/2881b3db-e4c6-4d77-bcbf-840a560de45c => generated 650 bytes in 28 msecs (HTTP/1.1 200) 4 headers in 157 bytes (1 switches on core 0)
Aug 12 14:49:40.188374 np0000007067 devstack@g-api.service[103035]: DEBUG glance.api.middleware.version_negotiation [None req-b798d8a0-545f-495f-824d-44c6998fa05f tempest-VolumesActionsTest-1641012969 tempest-VolumesActionsTest-1641012969-project-member] Determining version of request: GET /v2/images/2881b3db-e4c6-4d77-bcbf-840a560de45c Accept: application/json {{(pid=103035) process_request /opt/stack/glance/glance/api/middleware/version_negotiation.py:44}}
Aug 12 14:49:40.189858 np0000007067 devstack@g-api.service[103035]: DEBUG glance.api.middleware.version_negotiation [None req-b798d8a0-545f-495f-824d-44c6998fa05f tempest-VolumesActionsTest-1641012969 tempest-VolumesActionsTest-1641012969-project-member] Using url versioning {{(pid=103035) process_request /opt/stack/glance/glance/api/middleware/version_negotiation.py:57}}
Aug 12 14:49:40.189858 np0000007067 devstack@g-api.service[103035]: DEBUG glance.api.middleware.version_negotiation [None req-b798d8a0-545f-495f-824d-44c6998fa05f tempest-VolumesActionsTest-1641012969 tempest-VolumesActionsTest-1641012969-project-member] Matched version: v2 {{(pid=103035) process_request /opt/stack/glance/glance/api/middleware/version_negotiation.py:69}}
Aug 12 14:49:40.189858 np0000007067 devstack@g-api.service[103035]: DEBUG glance.api.middleware.version_negotiation [None req-b798d8a0-545f-495f-824d-44c6998fa05f tempest-VolumesActionsTest-1641012969 tempest-VolumesActionsTest-1641012969-project-member] new path /v2/images/2881b3db-e4c6-4d77-bcbf-840a560de45c {{(pid=103035) process_request /opt/stack/glance/glance/api/middleware/version_negotiation.py:70}}
Aug 12 14:49:40.205519 np0000007067 devstack@g-api.service[103035]: [pid: 103035|app: 0|req: 55/239] 127.0.0.1 () {40 vars in 838 bytes} [Wed Aug 12 14:49:40 2026] GET /v2/images/2881b3db-e4c6-4d77-bcbf-840a560de45c => generated 650 bytes in 17 msecs (HTTP/1.1 200) 4 headers in 157 bytes (1 switches on core 0)
Aug 12 14:49:40.418074 np0000007067 devstack@g-api.service[103036]: DEBUG swiftclient [None req-6df27915-4122-47af-97e8-ae9ec6e38acd tempest-VolumesActionsTest-1641012969 tempest-VolumesActionsTest-1641012969-project-member] REQ: curl -i https://10.4.3.100:8080/v1/AUTH_5dd050f353554cabb8cf1aa171da1d4e/glance/2881b3db-e4c6-4d77-bcbf-840a560de45c-00002 -X PUT -H "X-Auth-Token: gAAAAABqfIf-q0sv..." {{(pid=103036) http_log /opt/stack/data/venv/lib/python3.12/site-packages/swiftclient/client.py:160}}
Aug 12 14:49:40.418074 np0000007067 devstack@g-api.service[103036]: DEBUG swiftclient [None req-6df27915-4122-47af-97e8-ae9ec6e38acd tempest-VolumesActionsTest-1641012969 tempest-VolumesActionsTest-1641012969-project-member] RESP STATUS: 201 Created {{(pid=103036) http_log /opt/stack/data/venv/lib/python3.12/site-packages/swiftclient/client.py:161}}
Aug 12 14:49:40.418074 np0000007067 devstack@g-api.service[103036]: DEBUG swiftclient [None req-6df27915-4122-47af-97e8-ae9ec6e38acd tempest-VolumesActionsTest-1641012969 tempest-VolumesActionsTest-1641012969-project-member] RESP HEADERS: {'Date': 'Wed, 12 Aug 2026 14:49:40 GMT', 'Server': 'Apache/2.4.58 (Ubuntu)', 'Content-Type': 'text/html; charset=UTF-8', 'Content-Length': '0', 'Etag': 'eda9a9889837ac4bc81d6387d92c1bec', 'Last-Modified': 'Wed, 12 Aug 2026 14:49:38 GMT', 'X-Trans-Id': 'tx5024638e2333488794b83-006a7c8801', 'X-Openstack-Request-Id': 'tx5024638e2333488794b83-006a7c8801', 'Connection': 'close'} {{(pid=103036) http_log /opt/stack/data/venv/lib/python3.12/site-packages/swiftclient/client.py:162}}
Aug 12 14:49:40.418074 np0000007067 devstack@g-api.service[103036]: DEBUG glance_store._drivers.swift.store [None req-6df27915-4122-47af-97e8-ae9ec6e38acd tempest-VolumesActionsTest-1641012969 tempest-VolumesActionsTest-1641012969-project-member] Wrote chunk 2881b3db-e4c6-4d77-bcbf-840a560de45c-00002 (2/?) of length 204800000 to Swift returning MD5 of content: eda9a9889837ac4bc81d6387d92c1bec {{(pid=103036) add /opt/stack/data/venv/lib/python3.12/site-packages/glance_store/_drivers/swift/store.py:1059}}
Aug 12 14:49:41.218552 np0000007067 devstack@g-api.service[103034]: DEBUG glance.api.middleware.version_negotiation [None req-40e74de1-6041-452c-83c3-ff2303554013 tempest-VolumesActionsTest-1641012969 tempest-VolumesActionsTest-1641012969-project-member] Determining version of request: GET /v2/images/2881b3db-e4c6-4d77-bcbf-840a560de45c Accept: application/json {{(pid=103034) process_request /opt/stack/glance/glance/api/middleware/version_negotiation.py:44}}
Aug 12 14:49:41.218964 np0000007067 devstack@g-api.service[103034]: DEBUG glance.api.middleware.version_negotiation [None req-40e74de1-6041-452c-83c3-ff2303554013 tempest-VolumesActionsTest-1641012969 tempest-VolumesActionsTest-1641012969-project-member] Using url versioning {{(pid=103034) process_request /opt/stack/glance/glance/api/middleware/version_negotiation.py:57}}
Aug 12 14:49:41.218964 np0000007067 devstack@g-api.service[103034]: DEBUG glance.api.middleware.version_negotiation [None req-40e74de1-6041-452c-83c3-ff2303554013 tempest-VolumesActionsTest-1641012969 tempest-VolumesActionsTest-1641012969-project-member] Matched version: v2 {{(pid=103034) process_request /opt/stack/glance/glance/api/middleware/version_negotiation.py:69}}
Aug 12 14:49:41.219098 np0000007067 devstack@g-api.service[103034]: DEBUG glance.api.middleware.version_negotiation [None req-40e74de1-6041-452c-83c3-ff2303554013 tempest-VolumesActionsTest-1641012969 tempest-VolumesActionsTest-1641012969-project-member] new path /v2/images/2881b3db-e4c6-4d77-bcbf-840a560de45c {{(pid=103034) process_request /opt/stack/glance/glance/api/middleware/version_negotiation.py:70}}
Aug 12 14:49:41.244299 np0000007067 devstack@g-api.service[103034]: [pid: 103034|app: 0|req: 63/240] 127.0.0.1 () {40 vars in 838 bytes} [Wed Aug 12 14:49:41 2026] GET /v2/images/2881b3db-e4c6-4d77-bcbf-840a560de45c => generated 650 bytes in 26 msecs (HTTP/1.1 200) 4 headers in 157 bytes (1 switches on core 0)
Aug 12 14:49:42.256962 np0000007067 devstack@g-api.service[103033]: DEBUG glance.api.middleware.version_negotiation [None req-eac42ea0-21cb-42fc-9b39-5428f2aa6ebc tempest-VolumesActionsTest-1641012969 tempest-VolumesActionsTest-1641012969-project-member] Determining version of request: GET /v2/images/2881b3db-e4c6-4d77-bcbf-840a560de45c Accept: application/json {{(pid=103033) process_request /opt/stack/glance/glance/api/middleware/version_negotiation.py:44}}
Aug 12 14:49:42.257400 np0000007067 devstack@g-api.service[103033]: DEBUG glance.api.middleware.version_negotiation [None req-eac42ea0-21cb-42fc-9b39-5428f2aa6ebc tempest-VolumesActionsTest-1641012969 tempest-VolumesActionsTest-1641012969-project-member] Using url versioning {{(pid=103033) process_request /opt/stack/glance/glance/api/middleware/version_negotiation.py:57}}
Aug 12 14:49:42.257400 np0000007067 devstack@g-api.service[103033]: DEBUG glance.api.middleware.version_negotiation [None req-eac42ea0-21cb-42fc-9b39-5428f2aa6ebc tempest-VolumesActionsTest-1641012969 tempest-VolumesActionsTest-1641012969-project-member] Matched version: v2 {{(pid=103033) process_request /opt/stack/glance/glance/api/middleware/version_negotiation.py:69}}
Aug 12 14:49:42.257400 np0000007067 devstack@g-api.service[103033]: DEBUG glance.api.middleware.version_negotiation [None req-eac42ea0-21cb-42fc-9b39-5428f2aa6ebc tempest-VolumesActionsTest-1641012969 tempest-VolumesActionsTest-1641012969-project-member] new path /v2/images/2881b3db-e4c6-4d77-bcbf-840a560de45c {{(pid=103033) process_request /opt/stack/glance/glance/api/middleware/version_negotiation.py:70}}
Aug 12 14:49:42.270063 np0000007067 devstack@g-api.service[103033]: [pid: 103033|app: 0|req: 64/241] 127.0.0.1 () {40 vars in 838 bytes} [Wed Aug 12 14:49:42 2026] GET /v2/images/2881b3db-e4c6-4d77-bcbf-840a560de45c => generated 650 bytes in 13 msecs (HTTP/1.1 200) 4 headers in 157 bytes (1 switches on core 0)
Aug 12 14:49:42.810278 np0000007067 devstack@g-api.service[103036]: DEBUG swiftclient [None req-6df27915-4122-47af-97e8-ae9ec6e38acd tempest-VolumesActionsTest-1641012969 tempest-VolumesActionsTest-1641012969-project-member] REQ: curl -i https://10.4.3.100:8080/v1/AUTH_5dd050f353554cabb8cf1aa171da1d4e/glance/2881b3db-e4c6-4d77-bcbf-840a560de45c-00003 -X PUT -H "X-Auth-Token: gAAAAABqfIf-q0sv..." {{(pid=103036) http_log /opt/stack/data/venv/lib/python3.12/site-packages/swiftclient/client.py:160}}
Aug 12 14:49:42.812586 np0000007067 devstack@g-api.service[103036]: DEBUG swiftclient [None req-6df27915-4122-47af-97e8-ae9ec6e38acd tempest-VolumesActionsTest-1641012969 tempest-VolumesActionsTest-1641012969-project-member] RESP STATUS: 201 Created {{(pid=103036) http_log /opt/stack/data/venv/lib/python3.12/site-packages/swiftclient/client.py:161}}
Aug 12 14:49:42.812586 np0000007067 devstack@g-api.service[103036]: DEBUG swiftclient [None req-6df27915-4122-47af-97e8-ae9ec6e38acd tempest-VolumesActionsTest-1641012969 tempest-VolumesActionsTest-1641012969-project-member] RESP HEADERS: {'Date': 'Wed, 12 Aug 2026 14:49:42 GMT', 'Server': 'Apache/2.4.58 (Ubuntu)', 'Content-Type': 'text/html; charset=UTF-8', 'Content-Length': '0', 'Etag': 'eda9a9889837ac4bc81d6387d92c1bec', 'Last-Modified': 'Wed, 12 Aug 2026 14:49:41 GMT', 'X-Trans-Id': 'tx598f918d6a1e42fe8e640-006a7c8804', 'X-Openstack-Request-Id': 'tx598f918d6a1e42fe8e640-006a7c8804', 'Connection': 'close'} {{(pid=103036) http_log /opt/stack/data/venv/lib/python3.12/site-packages/swiftclient/client.py:162}}
Aug 12 14:49:42.812586 np0000007067 devstack@g-api.service[103036]: DEBUG glance_store._drivers.swift.store [None req-6df27915-4122-47af-97e8-ae9ec6e38acd tempest-VolumesActionsTest-1641012969 tempest-VolumesActionsTest-1641012969-project-member] Wrote chunk 2881b3db-e4c6-4d77-bcbf-840a560de45c-00003 (3/?) of length 204800000 to Swift returning MD5 of content: eda9a9889837ac4bc81d6387d92c1bec {{(pid=103036) add /opt/stack/data/venv/lib/python3.12/site-packages/glance_store/_drivers/swift/store.py:1059}}
Aug 12 14:49:43.285714 np0000007067 devstack@g-api.service[103035]: DEBUG glance.api.middleware.version_negotiation [None req-59ab5223-a6b1-4440-90cd-fc8dabcc98ea tempest-VolumesActionsTest-1641012969 tempest-VolumesActionsTest-1641012969-project-member] Determining version of request: GET /v2/images/2881b3db-e4c6-4d77-bcbf-840a560de45c Accept: application/json {{(pid=103035) process_request /opt/stack/glance/glance/api/middleware/version_negotiation.py:44}}
Aug 12 14:49:43.285714 np0000007067 devstack@g-api.service[103035]: DEBUG glance.api.middleware.version_negotiation [None req-59ab5223-a6b1-4440-90cd-fc8dabcc98ea tempest-VolumesActionsTest-1641012969 tempest-VolumesActionsTest-1641012969-project-member] Using url versioning {{(pid=103035) process_request /opt/stack/glance/glance/api/middleware/version_negotiation.py:57}}
Aug 12 14:49:43.285714 np0000007067 devstack@g-api.service[103035]: DEBUG glance.api.middleware.version_negotiation [None req-59ab5223-a6b1-4440-90cd-fc8dabcc98ea tempest-VolumesActionsTest-1641012969 tempest-VolumesActionsTest-1641012969-project-member] Matched version: v2 {{(pid=103035) process_request /opt/stack/glance/glance/api/middleware/version_negotiation.py:69}}
Aug 12 14:49:43.285714 np0000007067 devstack@g-api.service[103035]: DEBUG glance.api.middleware.version_negotiation [None req-59ab5223-a6b1-4440-90cd-fc8dabcc98ea tempest-VolumesActionsTest-1641012969 tempest-VolumesActionsTest-1641012969-project-member] new path /v2/images/2881b3db-e4c6-4d77-bcbf-840a560de45c {{(pid=103035) process_request /opt/stack/glance/glance/api/middleware/version_negotiation.py:70}}
Aug 12 14:49:43.320522 np0000007067 devstack@g-api.service[103035]: [pid: 103035|app: 0|req: 56/242] 127.0.0.1 () {40 vars in 838 bytes} [Wed Aug 12 14:49:43 2026] GET /v2/images/2881b3db-e4c6-4d77-bcbf-840a560de45c => generated 650 bytes in 37 msecs (HTTP/1.1 200) 4 headers in 157 bytes (1 switches on core 0)
Aug 12 14:49:44.344123 np0000007067 devstack@g-api.service[103034]: DEBUG glance.api.middleware.version_negotiation [None req-59fddfcb-87cb-4d3b-8689-224574a29c29 tempest-VolumesActionsTest-1641012969 tempest-VolumesActionsTest-1641012969-project-member] Determining version of request: GET /v2/images/2881b3db-e4c6-4d77-bcbf-840a560de45c Accept: application/json {{(pid=103034) process_request /opt/stack/glance/glance/api/middleware/version_negotiation.py:44}}
Aug 12 14:49:44.344123 np0000007067 devstack@g-api.service[103034]: DEBUG glance.api.middleware.version_negotiation [None req-59fddfcb-87cb-4d3b-8689-224574a29c29 tempest-VolumesActionsTest-1641012969 tempest-VolumesActionsTest-1641012969-project-member] Using url versioning {{(pid=103034) process_request /opt/stack/glance/glance/api/middleware/version_negotiation.py:57}}
Aug 12 14:49:44.344123 np0000007067 devstack@g-api.service[103034]: DEBUG glance.api.middleware.version_negotiation [None req-59fddfcb-87cb-4d3b-8689-224574a29c29 tempest-VolumesActionsTest-1641012969 tempest-VolumesActionsTest-1641012969-project-member] Matched version: v2 {{(pid=103034) process_request /opt/stack/glance/glance/api/middleware/version_negotiation.py:69}}
Aug 12 14:49:44.344123 np0000007067 devstack@g-api.service[103034]: DEBUG glance.api.middleware.version_negotiation [None req-59fddfcb-87cb-4d3b-8689-224574a29c29 tempest-VolumesActionsTest-1641012969 tempest-VolumesActionsTest-1641012969-project-member] new path /v2/images/2881b3db-e4c6-4d77-bcbf-840a560de45c {{(pid=103034) process_request /opt/stack/glance/glance/api/middleware/version_negotiation.py:70}}
Aug 12 14:49:44.370280 np0000007067 devstack@g-api.service[103034]: [pid: 103034|app: 0|req: 64/243] 127.0.0.1 () {40 vars in 838 bytes} [Wed Aug 12 14:49:44 2026] GET /v2/images/2881b3db-e4c6-4d77-bcbf-840a560de45c => generated 650 bytes in 27 msecs (HTTP/1.1 200) 4 headers in 157 bytes (1 switches on core 0)
Aug 12 14:49:44.695052 np0000007067 devstack@g-api.service[103033]: DEBUG glance.api.middleware.version_negotiation [None req-689a547b-1992-4638-ab1e-23711a386649 tempest-VolumesActionsTest-1641012969 tempest-VolumesActionsTest-1641012969-project-member] Determining version of request: GET /v2/images/1b390252-0abb-4cf6-9728-1cc8de97afdd Accept: */* {{(pid=103033) process_request /opt/stack/glance/glance/api/middleware/version_negotiation.py:44}}
Aug 12 14:49:44.695707 np0000007067 devstack@g-api.service[103033]: DEBUG glance.api.middleware.version_negotiation [None req-689a547b-1992-4638-ab1e-23711a386649 tempest-VolumesActionsTest-1641012969 tempest-VolumesActionsTest-1641012969-project-member] Using url versioning {{(pid=103033) process_request /opt/stack/glance/glance/api/middleware/version_negotiation.py:57}}
Aug 12 14:49:44.695707 np0000007067 devstack@g-api.service[103033]: DEBUG glance.api.middleware.version_negotiation [None req-689a547b-1992-4638-ab1e-23711a386649 tempest-VolumesActionsTest-1641012969 tempest-VolumesActionsTest-1641012969-project-member] Matched version: v2 {{(pid=103033) process_request /opt/stack/glance/glance/api/middleware/version_negotiation.py:69}}
Aug 12 14:49:44.695707 np0000007067 devstack@g-api.service[103033]: DEBUG glance.api.middleware.version_negotiation [None req-689a547b-1992-4638-ab1e-23711a386649 tempest-VolumesActionsTest-1641012969 tempest-VolumesActionsTest-1641012969-project-member] new path /v2/images/1b390252-0abb-4cf6-9728-1cc8de97afdd {{(pid=103033) process_request /opt/stack/glance/glance/api/middleware/version_negotiation.py:70}}
Aug 12 14:49:44.704696 np0000007067 devstack@g-api.service[103036]: DEBUG dbcounter [-] [103036] Writing DB stats glance:SELECT=16,glance:UPDATE=1 {{(pid=103036) stat_writer /opt/stack/data/venv/lib/python3.12/site-packages/dbcounter.py:115}}
Aug 12 14:49:44.727747 np0000007067 devstack@g-api.service[103033]: [pid: 103033|app: 0|req: 65/244] 127.0.0.1 () {44 vars in 1115 bytes} [Wed Aug 12 14:49:44 2026] GET /v2/images/1b390252-0abb-4cf6-9728-1cc8de97afdd => generated 1044 bytes in 33 msecs (HTTP/1.1 200) 4 headers in 158 bytes (1 switches on core 0)
Aug 12 14:49:44.799072 np0000007067 devstack@g-api.service[103035]: DEBUG glance.api.middleware.version_negotiation [None req-ab7fa8a3-f135-469a-ab61-b30bc9e1966e tempest-VolumesActionsTest-1641012969 tempest-VolumesActionsTest-1641012969-project-member] Determining version of request: GET /v2/schemas/image Accept: */* {{(pid=103035) process_request /opt/stack/glance/glance/api/middleware/version_negotiation.py:44}}
Aug 12 14:49:44.799072 np0000007067 devstack@g-api.service[103035]: DEBUG glance.api.middleware.version_negotiation [None req-ab7fa8a3-f135-469a-ab61-b30bc9e1966e tempest-VolumesActionsTest-1641012969 tempest-VolumesActionsTest-1641012969-project-member] Using url versioning {{(pid=103035) process_request /opt/stack/glance/glance/api/middleware/version_negotiation.py:57}}
