Aug 12 14:43:24.289175 np0000007067 nova-scheduler[96596]: DEBUG cotyledon.oslo_config_glue [-] workarounds.handle_virt_lifecycle_events = True {{(pid=96596) log_opt_values /opt/stack/data/venv/lib/python3.12/site-packages/oslo_config/cfg.py:3545}}
Aug 12 14:43:24.289175 np0000007067 nova-scheduler[96596]: DEBUG cotyledon.oslo_config_glue [-] workarounds.libvirt_disable_apic = False {{(pid=96596) log_opt_values /opt/stack/data/venv/lib/python3.12/site-packages/oslo_config/cfg.py:3545}}
Aug 12 14:43:24.289175 np0000007067 nova-scheduler[96596]: DEBUG cotyledon.oslo_config_glue [-] workarounds.never_download_image_if_on_rbd = False {{(pid=96596) log_opt_values /opt/stack/data/venv/lib/python3.12/site-packages/oslo_config/cfg.py:3545}}
Aug 12 14:43:24.289476 np0000007067 nova-scheduler[96596]: DEBUG cotyledon.oslo_config_glue [-] workarounds.qemu_monitor_announce_self_count = 3 {{(pid=96596) log_opt_values /opt/stack/data/venv/lib/python3.12/site-packages/oslo_config/cfg.py:3545}}
Aug 12 14:43:24.289476 np0000007067 nova-scheduler[96596]: DEBUG cotyledon.oslo_config_glue [-] workarounds.qemu_monitor_announce_self_interval = 1 {{(pid=96596) log_opt_values /opt/stack/data/venv/lib/python3.12/site-packages/oslo_config/cfg.py:3545}}
Aug 12 14:43:24.289476 np0000007067 nova-scheduler[96596]: DEBUG cotyledon.oslo_config_glue [-] workarounds.reserve_disk_resource_for_image_cache = False {{(pid=96596) log_opt_values /opt/stack/data/venv/lib/python3.12/site-packages/oslo_config/cfg.py:3545}}
Aug 12 14:43:24.289476 np0000007067 nova-scheduler[96596]: DEBUG cotyledon.oslo_config_glue [-] workarounds.skip_cpu_compare_at_startup = False {{(pid=96596) log_opt_values /opt/stack/data/venv/lib/python3.12/site-packages/oslo_config/cfg.py:3545}}
Aug 12 14:43:24.289476 np0000007067 nova-scheduler[96596]: DEBUG cotyledon.oslo_config_glue [-] workarounds.skip_cpu_compare_on_dest = False {{(pid=96596) log_opt_values /opt/stack/data/venv/lib/python3.12/site-packages/oslo_config/cfg.py:3545}}
Aug 12 14:43:24.289476 np0000007067 nova-scheduler[96596]: DEBUG cotyledon.oslo_config_glue [-] workarounds.skip_hypervisor_version_check_on_lm = False {{(pid=96596) log_opt_values /opt/stack/data/venv/lib/python3.12/site-packages/oslo_config/cfg.py:3545}}
Aug 12 14:43:24.289476 np0000007067 nova-scheduler[96596]: DEBUG cotyledon.oslo_config_glue [-] workarounds.skip_reserve_in_use_ironic_nodes = False {{(pid=96596) log_opt_values /opt/stack/data/venv/lib/python3.12/site-packages/oslo_config/cfg.py:3545}}
Aug 12 14:43:24.289476 np0000007067 nova-scheduler[96596]: DEBUG cotyledon.oslo_config_glue [-] workarounds.unified_limits_count_pcpu_as_vcpu = False {{(pid=96596) log_opt_values /opt/stack/data/venv/lib/python3.12/site-packages/oslo_config/cfg.py:3545}}
Aug 12 14:43:24.289784 np0000007067 nova-scheduler[96596]: DEBUG cotyledon.oslo_config_glue [-] workarounds.wait_for_vif_plugged_event_during_hard_reboot = [] {{(pid=96596) log_opt_values /opt/stack/data/venv/lib/python3.12/site-packages/oslo_config/cfg.py:3545}}
Aug 12 14:43:24.289784 np0000007067 nova-scheduler[96596]: DEBUG cotyledon.oslo_config_glue [-] wsgi.api_paste_config = /etc/nova/api-paste.ini {{(pid=96596) log_opt_values /opt/stack/data/venv/lib/python3.12/site-packages/oslo_config/cfg.py:3545}}
Aug 12 14:43:24.289784 np0000007067 nova-scheduler[96596]: DEBUG cotyledon.oslo_config_glue [-] wsgi.secure_proxy_ssl_header = None {{(pid=96596) log_opt_values /opt/stack/data/venv/lib/python3.12/site-packages/oslo_config/cfg.py:3545}}
Aug 12 14:43:24.289784 np0000007067 nova-scheduler[96596]: DEBUG cotyledon.oslo_config_glue [-] zvm.ca_file = None {{(pid=96596) log_opt_values /opt/stack/data/venv/lib/python3.12/site-packages/oslo_config/cfg.py:3545}}
Aug 12 14:43:24.289784 np0000007067 nova-scheduler[96596]: DEBUG cotyledon.oslo_config_glue [-] zvm.cloud_connector_url = None {{(pid=96596) log_opt_values /opt/stack/data/venv/lib/python3.12/site-packages/oslo_config/cfg.py:3545}}
Aug 12 14:43:24.289784 np0000007067 nova-scheduler[96596]: DEBUG cotyledon.oslo_config_glue [-] zvm.image_tmp_path = /opt/stack/data/nova/images {{(pid=96596) log_opt_values /opt/stack/data/venv/lib/python3.12/site-packages/oslo_config/cfg.py:3545}}
Aug 12 14:43:24.289784 np0000007067 nova-scheduler[96596]: DEBUG cotyledon.oslo_config_glue [-] zvm.reachable_timeout = 300 {{(pid=96596) log_opt_values /opt/stack/data/venv/lib/python3.12/site-packages/oslo_config/cfg.py:3545}}
Aug 12 14:43:24.289784 np0000007067 nova-scheduler[96596]: DEBUG cotyledon.oslo_config_glue [-] oslo_versionedobjects.fatal_exception_format_errors = False {{(pid=96596) log_opt_values /opt/stack/data/venv/lib/python3.12/site-packages/oslo_config/cfg.py:3545}}
Aug 12 14:43:24.289784 np0000007067 nova-scheduler[96596]: DEBUG cotyledon.oslo_config_glue [-] oslo_middleware.http_basic_auth_user_file = /etc/htpasswd {{(pid=96596) log_opt_values /opt/stack/data/venv/lib/python3.12/site-packages/oslo_config/cfg.py:3545}}
Aug 12 14:43:24.290136 np0000007067 nova-scheduler[96596]: DEBUG cotyledon.oslo_config_glue [-] oslo_messaging_metrics.metrics_buffer_size = 1000 {{(pid=96596) log_opt_values /opt/stack/data/venv/lib/python3.12/site-packages/oslo_config/cfg.py:3545}}
Aug 12 14:43:24.290136 np0000007067 nova-scheduler[96596]: DEBUG cotyledon.oslo_config_glue [-] oslo_messaging_metrics.metrics_enabled = False {{(pid=96596) log_opt_values /opt/stack/data/venv/lib/python3.12/site-packages/oslo_config/cfg.py:3545}}
Aug 12 14:43:24.290136 np0000007067 nova-scheduler[96596]: DEBUG cotyledon.oslo_config_glue [-] oslo_messaging_metrics.metrics_process_name = {{(pid=96596) log_opt_values /opt/stack/data/venv/lib/python3.12/site-packages/oslo_config/cfg.py:3545}}
Aug 12 14:43:24.290136 np0000007067 nova-scheduler[96596]: DEBUG cotyledon.oslo_config_glue [-] oslo_messaging_metrics.metrics_socket_file = /var/tmp/metrics_collector.sock {{(pid=96596) log_opt_values /opt/stack/data/venv/lib/python3.12/site-packages/oslo_config/cfg.py:3545}}
Aug 12 14:43:24.290136 np0000007067 nova-scheduler[96596]: DEBUG cotyledon.oslo_config_glue [-] oslo_messaging_metrics.metrics_thread_stop_timeout = 10 {{(pid=96596) log_opt_values /opt/stack/data/venv/lib/python3.12/site-packages/oslo_config/cfg.py:3545}}
Aug 12 14:43:24.290136 np0000007067 nova-scheduler[96596]: DEBUG cotyledon.oslo_config_glue [-] profiler.connection_string = messaging:// {{(pid=96596) log_opt_values /opt/stack/data/venv/lib/python3.12/site-packages/oslo_config/cfg.py:3545}}
Aug 12 14:43:24.290136 np0000007067 nova-scheduler[96596]: DEBUG cotyledon.oslo_config_glue [-] profiler.enabled = False {{(pid=96596) log_opt_values /opt/stack/data/venv/lib/python3.12/site-packages/oslo_config/cfg.py:3545}}
Aug 12 14:43:24.290136 np0000007067 nova-scheduler[96596]: DEBUG cotyledon.oslo_config_glue [-] profiler.es_doc_type = notification {{(pid=96596) log_opt_values /opt/stack/data/venv/lib/python3.12/site-packages/oslo_config/cfg.py:3545}}
Aug 12 14:43:24.290136 np0000007067 nova-scheduler[96596]: DEBUG cotyledon.oslo_config_glue [-] profiler.es_scroll_size = 10000 {{(pid=96596) log_opt_values /opt/stack/data/venv/lib/python3.12/site-packages/oslo_config/cfg.py:3545}}
Aug 12 14:43:24.290493 np0000007067 nova-scheduler[96596]: DEBUG cotyledon.oslo_config_glue [-] profiler.es_scroll_time = 2m {{(pid=96596) log_opt_values /opt/stack/data/venv/lib/python3.12/site-packages/oslo_config/cfg.py:3545}}
Aug 12 14:43:24.290493 np0000007067 nova-scheduler[96596]: DEBUG cotyledon.oslo_config_glue [-] profiler.filter_error_trace = False {{(pid=96596) log_opt_values /opt/stack/data/venv/lib/python3.12/site-packages/oslo_config/cfg.py:3545}}
Aug 12 14:43:24.290493 np0000007067 nova-scheduler[96596]: DEBUG cotyledon.oslo_config_glue [-] profiler.hmac_keys = **** {{(pid=96596) log_opt_values /opt/stack/data/venv/lib/python3.12/site-packages/oslo_config/cfg.py:3545}}
Aug 12 14:43:24.290493 np0000007067 nova-scheduler[96596]: DEBUG cotyledon.oslo_config_glue [-] profiler.sentinel_service_name = mymaster {{(pid=96596) log_opt_values /opt/stack/data/venv/lib/python3.12/site-packages/oslo_config/cfg.py:3545}}
Aug 12 14:43:24.290493 np0000007067 nova-scheduler[96596]: DEBUG cotyledon.oslo_config_glue [-] profiler.socket_timeout = 0.1 {{(pid=96596) log_opt_values /opt/stack/data/venv/lib/python3.12/site-packages/oslo_config/cfg.py:3545}}
Aug 12 14:43:24.290493 np0000007067 nova-scheduler[96596]: DEBUG cotyledon.oslo_config_glue [-] profiler.trace_requests = False {{(pid=96596) log_opt_values /opt/stack/data/venv/lib/python3.12/site-packages/oslo_config/cfg.py:3545}}
Aug 12 14:43:24.290493 np0000007067 nova-scheduler[96596]: DEBUG cotyledon.oslo_config_glue [-] profiler.trace_sqlalchemy = False {{(pid=96596) log_opt_values /opt/stack/data/venv/lib/python3.12/site-packages/oslo_config/cfg.py:3545}}
Aug 12 14:43:24.290493 np0000007067 nova-scheduler[96596]: DEBUG cotyledon.oslo_config_glue [-] profiler_jaeger.process_tags = {} {{(pid=96596) log_opt_values /opt/stack/data/venv/lib/python3.12/site-packages/oslo_config/cfg.py:3545}}
Aug 12 14:43:24.290493 np0000007067 nova-scheduler[96596]: DEBUG cotyledon.oslo_config_glue [-] profiler_jaeger.service_name_prefix = None {{(pid=96596) log_opt_values /opt/stack/data/venv/lib/python3.12/site-packages/oslo_config/cfg.py:3545}}
Aug 12 14:43:24.290855 np0000007067 nova-scheduler[96596]: DEBUG cotyledon.oslo_config_glue [-] profiler_otlp.service_name_prefix = None {{(pid=96596) log_opt_values /opt/stack/data/venv/lib/python3.12/site-packages/oslo_config/cfg.py:3545}}
Aug 12 14:43:24.290855 np0000007067 nova-scheduler[96596]: DEBUG cotyledon.oslo_config_glue [-] oslo_messaging_rabbit.amqp_auto_delete = False {{(pid=96596) log_opt_values /opt/stack/data/venv/lib/python3.12/site-packages/oslo_config/cfg.py:3545}}
Aug 12 14:43:24.290855 np0000007067 nova-scheduler[96596]: DEBUG cotyledon.oslo_config_glue [-] oslo_messaging_rabbit.amqp_durable_queues = False {{(pid=96596) log_opt_values /opt/stack/data/venv/lib/python3.12/site-packages/oslo_config/cfg.py:3545}}
Aug 12 14:43:24.290855 np0000007067 nova-scheduler[96596]: DEBUG cotyledon.oslo_config_glue [-] oslo_messaging_rabbit.conn_pool_min_size = 2 {{(pid=96596) log_opt_values /opt/stack/data/venv/lib/python3.12/site-packages/oslo_config/cfg.py:3545}}
Aug 12 14:43:24.290855 np0000007067 nova-scheduler[96596]: DEBUG cotyledon.oslo_config_glue [-] oslo_messaging_rabbit.conn_pool_ttl = 1200 {{(pid=96596) log_opt_values /opt/stack/data/venv/lib/python3.12/site-packages/oslo_config/cfg.py:3545}}
Aug 12 14:43:24.290855 np0000007067 nova-scheduler[96596]: DEBUG cotyledon.oslo_config_glue [-] oslo_messaging_rabbit.direct_mandatory_flag = True {{(pid=96596) log_opt_values /opt/stack/data/venv/lib/python3.12/site-packages/oslo_config/cfg.py:3545}}
Aug 12 14:43:24.290855 np0000007067 nova-scheduler[96596]: DEBUG cotyledon.oslo_config_glue [-] oslo_messaging_rabbit.enable_cancel_on_failover = False {{(pid=96596) log_opt_values /opt/stack/data/venv/lib/python3.12/site-packages/oslo_config/cfg.py:3545}}
Aug 12 14:43:24.290855 np0000007067 nova-scheduler[96596]: DEBUG cotyledon.oslo_config_glue [-] oslo_messaging_rabbit.heartbeat_rate = 3 {{(pid=96596) log_opt_values /opt/stack/data/venv/lib/python3.12/site-packages/oslo_config/cfg.py:3545}}
Aug 12 14:43:24.290855 np0000007067 nova-scheduler[96596]: DEBUG cotyledon.oslo_config_glue [-] oslo_messaging_rabbit.heartbeat_timeout_threshold = 60 {{(pid=96596) log_opt_values /opt/stack/data/venv/lib/python3.12/site-packages/oslo_config/cfg.py:3545}}
Aug 12 14:43:24.291182 np0000007067 nova-scheduler[96596]: DEBUG cotyledon.oslo_config_glue [-] oslo_messaging_rabbit.hostname = np0000007067 {{(pid=96596) log_opt_values /opt/stack/data/venv/lib/python3.12/site-packages/oslo_config/cfg.py:3545}}
Aug 12 14:43:24.291182 np0000007067 nova-scheduler[96596]: DEBUG cotyledon.oslo_config_glue [-] oslo_messaging_rabbit.kombu_compression = None {{(pid=96596) log_opt_values /opt/stack/data/venv/lib/python3.12/site-packages/oslo_config/cfg.py:3545}}
Aug 12 14:43:24.291182 np0000007067 nova-scheduler[96596]: DEBUG cotyledon.oslo_config_glue [-] oslo_messaging_rabbit.kombu_failover_strategy = round-robin {{(pid=96596) log_opt_values /opt/stack/data/venv/lib/python3.12/site-packages/oslo_config/cfg.py:3545}}
Aug 12 14:43:24.291182 np0000007067 nova-scheduler[96596]: DEBUG cotyledon.oslo_config_glue [-] oslo_messaging_rabbit.kombu_missing_consumer_retry_timeout = 60 {{(pid=96596) log_opt_values /opt/stack/data/venv/lib/python3.12/site-packages/oslo_config/cfg.py:3545}}
Aug 12 14:43:24.291182 np0000007067 nova-scheduler[96596]: DEBUG cotyledon.oslo_config_glue [-] oslo_messaging_rabbit.kombu_reconnect_delay = 1.0 {{(pid=96596) log_opt_values /opt/stack/data/venv/lib/python3.12/site-packages/oslo_config/cfg.py:3545}}
Aug 12 14:43:24.291182 np0000007067 nova-scheduler[96596]: DEBUG cotyledon.oslo_config_glue [-] oslo_messaging_rabbit.kombu_reconnect_splay = 0.0 {{(pid=96596) log_opt_values /opt/stack/data/venv/lib/python3.12/site-packages/oslo_config/cfg.py:3545}}
Aug 12 14:43:24.291182 np0000007067 nova-scheduler[96596]: DEBUG cotyledon.oslo_config_glue [-] oslo_messaging_rabbit.processname = nova-scheduler {{(pid=96596) log_opt_values /opt/stack/data/venv/lib/python3.12/site-packages/oslo_config/cfg.py:3545}}
Aug 12 14:43:24.291182 np0000007067 nova-scheduler[96596]: DEBUG cotyledon.oslo_config_glue [-] oslo_messaging_rabbit.rabbit_ha_queues = False {{(pid=96596) log_opt_values /opt/stack/data/venv/lib/python3.12/site-packages/oslo_config/cfg.py:3545}}
Aug 12 14:43:24.291182 np0000007067 nova-scheduler[96596]: DEBUG cotyledon.oslo_config_glue [-] oslo_messaging_rabbit.rabbit_interval_max = 30 {{(pid=96596) log_opt_values /opt/stack/data/venv/lib/python3.12/site-packages/oslo_config/cfg.py:3545}}
Aug 12 14:43:24.291560 np0000007067 nova-scheduler[96596]: DEBUG cotyledon.oslo_config_glue [-] oslo_messaging_rabbit.rabbit_login_method = AMQPLAIN {{(pid=96596) log_opt_values /opt/stack/data/venv/lib/python3.12/site-packages/oslo_config/cfg.py:3545}}
Aug 12 14:43:24.291560 np0000007067 nova-scheduler[96596]: DEBUG cotyledon.oslo_config_glue [-] oslo_messaging_rabbit.rabbit_qos_prefetch_count = 0 {{(pid=96596) log_opt_values /opt/stack/data/venv/lib/python3.12/site-packages/oslo_config/cfg.py:3545}}
Aug 12 14:43:24.291560 np0000007067 nova-scheduler[96596]: DEBUG cotyledon.oslo_config_glue [-] oslo_messaging_rabbit.rabbit_quorum_delivery_limit = 0 {{(pid=96596) log_opt_values /opt/stack/data/venv/lib/python3.12/site-packages/oslo_config/cfg.py:3545}}
Aug 12 14:43:24.291560 np0000007067 nova-scheduler[96596]: DEBUG cotyledon.oslo_config_glue [-] oslo_messaging_rabbit.rabbit_quorum_max_memory_bytes = 0 {{(pid=96596) log_opt_values /opt/stack/data/venv/lib/python3.12/site-packages/oslo_config/cfg.py:3545}}
Aug 12 14:43:24.291560 np0000007067 nova-scheduler[96596]: DEBUG cotyledon.oslo_config_glue [-] oslo_messaging_rabbit.rabbit_quorum_max_memory_length = 0 {{(pid=96596) log_opt_values /opt/stack/data/venv/lib/python3.12/site-packages/oslo_config/cfg.py:3545}}
Aug 12 14:43:24.291560 np0000007067 nova-scheduler[96596]: DEBUG cotyledon.oslo_config_glue [-] oslo_messaging_rabbit.rabbit_quorum_queue = False {{(pid=96596) log_opt_values /opt/stack/data/venv/lib/python3.12/site-packages/oslo_config/cfg.py:3545}}
Aug 12 14:43:24.291560 np0000007067 nova-scheduler[96596]: DEBUG cotyledon.oslo_config_glue [-] oslo_messaging_rabbit.rabbit_retry_backoff = 2 {{(pid=96596) log_opt_values /opt/stack/data/venv/lib/python3.12/site-packages/oslo_config/cfg.py:3545}}
Aug 12 14:43:24.291560 np0000007067 nova-scheduler[96596]: DEBUG cotyledon.oslo_config_glue [-] oslo_messaging_rabbit.rabbit_retry_interval = 1 {{(pid=96596) log_opt_values /opt/stack/data/venv/lib/python3.12/site-packages/oslo_config/cfg.py:3545}}
Aug 12 14:43:24.291560 np0000007067 nova-scheduler[96596]: DEBUG cotyledon.oslo_config_glue [-] oslo_messaging_rabbit.rabbit_stream_fanout = False {{(pid=96596) log_opt_values /opt/stack/data/venv/lib/python3.12/site-packages/oslo_config/cfg.py:3545}}
Aug 12 14:43:24.291936 np0000007067 nova-scheduler[96596]: DEBUG cotyledon.oslo_config_glue [-] oslo_messaging_rabbit.rabbit_transient_queues_ttl = 1800 {{(pid=96596) log_opt_values /opt/stack/data/venv/lib/python3.12/site-packages/oslo_config/cfg.py:3545}}
Aug 12 14:43:24.291936 np0000007067 nova-scheduler[96596]: DEBUG cotyledon.oslo_config_glue [-] oslo_messaging_rabbit.rabbit_transient_quorum_queue = False {{(pid=96596) log_opt_values /opt/stack/data/venv/lib/python3.12/site-packages/oslo_config/cfg.py:3545}}
Aug 12 14:43:24.291936 np0000007067 nova-scheduler[96596]: DEBUG cotyledon.oslo_config_glue [-] oslo_messaging_rabbit.rpc_conn_pool_size = 30 {{(pid=96596) log_opt_values /opt/stack/data/venv/lib/python3.12/site-packages/oslo_config/cfg.py:3545}}
Aug 12 14:43:24.291936 np0000007067 nova-scheduler[96596]: DEBUG cotyledon.oslo_config_glue [-] oslo_messaging_rabbit.ssl = False {{(pid=96596) log_opt_values /opt/stack/data/venv/lib/python3.12/site-packages/oslo_config/cfg.py:3545}}
Aug 12 14:43:24.291936 np0000007067 nova-scheduler[96596]: DEBUG cotyledon.oslo_config_glue [-] oslo_messaging_rabbit.ssl_ca_file = {{(pid=96596) log_opt_values /opt/stack/data/venv/lib/python3.12/site-packages/oslo_config/cfg.py:3545}}
Aug 12 14:43:24.291936 np0000007067 nova-scheduler[96596]: DEBUG cotyledon.oslo_config_glue [-] oslo_messaging_rabbit.ssl_cert_file = {{(pid=96596) log_opt_values /opt/stack/data/venv/lib/python3.12/site-packages/oslo_config/cfg.py:3545}}
Aug 12 14:43:24.291936 np0000007067 nova-scheduler[96596]: DEBUG cotyledon.oslo_config_glue [-] oslo_messaging_rabbit.ssl_enforce_fips_mode = False {{(pid=96596) log_opt_values /opt/stack/data/venv/lib/python3.12/site-packages/oslo_config/cfg.py:3545}}
Aug 12 14:43:24.291936 np0000007067 nova-scheduler[96596]: DEBUG cotyledon.oslo_config_glue [-] oslo_messaging_rabbit.ssl_enforce_hostname_verification = True {{(pid=96596) log_opt_values /opt/stack/data/venv/lib/python3.12/site-packages/oslo_config/cfg.py:3545}}
Aug 12 14:43:24.291936 np0000007067 nova-scheduler[96596]: DEBUG cotyledon.oslo_config_glue [-] oslo_messaging_rabbit.ssl_key_file = {{(pid=96596) log_opt_values /opt/stack/data/venv/lib/python3.12/site-packages/oslo_config/cfg.py:3545}}
Aug 12 14:43:24.292280 np0000007067 nova-scheduler[96596]: DEBUG cotyledon.oslo_config_glue [-] oslo_messaging_rabbit.ssl_version = {{(pid=96596) log_opt_values /opt/stack/data/venv/lib/python3.12/site-packages/oslo_config/cfg.py:3545}}
Aug 12 14:43:24.292280 np0000007067 nova-scheduler[96596]: DEBUG cotyledon.oslo_config_glue [-] oslo_messaging_rabbit.use_queue_manager = False {{(pid=96596) log_opt_values /opt/stack/data/venv/lib/python3.12/site-packages/oslo_config/cfg.py:3545}}
Aug 12 14:43:24.292280 np0000007067 nova-scheduler[96596]: DEBUG cotyledon.oslo_config_glue [-] oslo_messaging_notifications.driver = ['messagingv2'] {{(pid=96596) log_opt_values /opt/stack/data/venv/lib/python3.12/site-packages/oslo_config/cfg.py:3545}}
Aug 12 14:43:24.292280 np0000007067 nova-scheduler[96596]: DEBUG cotyledon.oslo_config_glue [-] oslo_messaging_notifications.retry = -1 {{(pid=96596) log_opt_values /opt/stack/data/venv/lib/python3.12/site-packages/oslo_config/cfg.py:3545}}
Aug 12 14:43:24.292280 np0000007067 nova-scheduler[96596]: DEBUG cotyledon.oslo_config_glue [-] oslo_messaging_notifications.topics = ['notifications'] {{(pid=96596) log_opt_values /opt/stack/data/venv/lib/python3.12/site-packages/oslo_config/cfg.py:3545}}
Aug 12 14:43:24.292280 np0000007067 nova-scheduler[96596]: DEBUG cotyledon.oslo_config_glue [-] oslo_messaging_notifications.transport_url = **** {{(pid=96596) log_opt_values /opt/stack/data/venv/lib/python3.12/site-packages/oslo_config/cfg.py:3545}}
Aug 12 14:43:24.292280 np0000007067 nova-scheduler[96596]: DEBUG cotyledon.oslo_config_glue [-] oslo_limit.auth_section = None {{(pid=96596) log_opt_values /opt/stack/data/venv/lib/python3.12/site-packages/oslo_config/cfg.py:3545}}
Aug 12 14:43:24.292280 np0000007067 nova-scheduler[96596]: DEBUG cotyledon.oslo_config_glue [-] oslo_limit.auth_type = None {{(pid=96596) log_opt_values /opt/stack/data/venv/lib/python3.12/site-packages/oslo_config/cfg.py:3545}}
Aug 12 14:43:24.292280 np0000007067 nova-scheduler[96596]: DEBUG cotyledon.oslo_config_glue [-] oslo_limit.cafile = None {{(pid=96596) log_opt_values /opt/stack/data/venv/lib/python3.12/site-packages/oslo_config/cfg.py:3545}}
Aug 12 14:43:24.292960 np0000007067 nova-scheduler[96596]: DEBUG cotyledon.oslo_config_glue [-] oslo_limit.certfile = None {{(pid=96596) log_opt_values /opt/stack/data/venv/lib/python3.12/site-packages/oslo_config/cfg.py:3545}}
Aug 12 14:43:24.292960 np0000007067 nova-scheduler[96596]: DEBUG cotyledon.oslo_config_glue [-] oslo_limit.collect_timing = False {{(pid=96596) log_opt_values /opt/stack/data/venv/lib/python3.12/site-packages/oslo_config/cfg.py:3545}}
Aug 12 14:43:24.292960 np0000007067 nova-scheduler[96596]: DEBUG cotyledon.oslo_config_glue [-] oslo_limit.connect_retries = None {{(pid=96596) log_opt_values /opt/stack/data/venv/lib/python3.12/site-packages/oslo_config/cfg.py:3545}}
Aug 12 14:43:24.292960 np0000007067 nova-scheduler[96596]: DEBUG cotyledon.oslo_config_glue [-] oslo_limit.connect_retry_delay = None {{(pid=96596) log_opt_values /opt/stack/data/venv/lib/python3.12/site-packages/oslo_config/cfg.py:3545}}
Aug 12 14:43:24.292960 np0000007067 nova-scheduler[96596]: DEBUG cotyledon.oslo_config_glue [-] oslo_limit.endpoint_id = None {{(pid=96596) log_opt_values /opt/stack/data/venv/lib/python3.12/site-packages/oslo_config/cfg.py:3545}}
Aug 12 14:43:24.292960 np0000007067 nova-scheduler[96596]: DEBUG cotyledon.oslo_config_glue [-] oslo_limit.endpoint_interface = public {{(pid=96596) log_opt_values /opt/stack/data/venv/lib/python3.12/site-packages/oslo_config/cfg.py:3545}}
Aug 12 14:43:24.292960 np0000007067 nova-scheduler[96596]: DEBUG cotyledon.oslo_config_glue [-] oslo_limit.endpoint_override = None {{(pid=96596) log_opt_values /opt/stack/data/venv/lib/python3.12/site-packages/oslo_config/cfg.py:3545}}
Aug 12 14:43:24.292960 np0000007067 nova-scheduler[96596]: DEBUG cotyledon.oslo_config_glue [-] oslo_limit.endpoint_region_name = None {{(pid=96596) log_opt_values /opt/stack/data/venv/lib/python3.12/site-packages/oslo_config/cfg.py:3545}}
Aug 12 14:43:24.292960 np0000007067 nova-scheduler[96596]: DEBUG cotyledon.oslo_config_glue [-] oslo_limit.endpoint_service_name = None {{(pid=96596) log_opt_values /opt/stack/data/venv/lib/python3.12/site-packages/oslo_config/cfg.py:3545}}
Aug 12 14:43:24.293145 np0000007067 nova-scheduler[96596]: DEBUG cotyledon.oslo_config_glue [-] oslo_limit.endpoint_service_type = None {{(pid=96596) log_opt_values /opt/stack/data/venv/lib/python3.12/site-packages/oslo_config/cfg.py:3545}}
Aug 12 14:43:24.293171 np0000007067 nova-scheduler[96594]: INFO dbcounter [None req-c4c63c37-d3d4-423d-9051-08d63609a627 None None] Registered counter for database nova_cell0
Aug 12 14:43:24.293201 np0000007067 nova-scheduler[96596]: DEBUG cotyledon.oslo_config_glue [-] oslo_limit.insecure = False {{(pid=96596) log_opt_values /opt/stack/data/venv/lib/python3.12/site-packages/oslo_config/cfg.py:3545}}
Aug 12 14:43:24.293201 np0000007067 nova-scheduler[96596]: DEBUG cotyledon.oslo_config_glue [-] oslo_limit.keyfile = None {{(pid=96596) log_opt_values /opt/stack/data/venv/lib/python3.12/site-packages/oslo_config/cfg.py:3545}}
Aug 12 14:43:24.293201 np0000007067 nova-scheduler[96596]: DEBUG cotyledon.oslo_config_glue [-] oslo_limit.max_version = None {{(pid=96596) log_opt_values /opt/stack/data/venv/lib/python3.12/site-packages/oslo_config/cfg.py:3545}}
Aug 12 14:43:24.293201 np0000007067 nova-scheduler[96596]: DEBUG cotyledon.oslo_config_glue [-] oslo_limit.min_version = None {{(pid=96596) log_opt_values /opt/stack/data/venv/lib/python3.12/site-packages/oslo_config/cfg.py:3545}}
Aug 12 14:43:24.293201 np0000007067 nova-scheduler[96596]: DEBUG cotyledon.oslo_config_glue [-] oslo_limit.region_name = None {{(pid=96596) log_opt_values /opt/stack/data/venv/lib/python3.12/site-packages/oslo_config/cfg.py:3545}}
Aug 12 14:43:24.293201 np0000007067 nova-scheduler[96596]: DEBUG cotyledon.oslo_config_glue [-] oslo_limit.retriable_status_codes = None {{(pid=96596) log_opt_values /opt/stack/data/venv/lib/python3.12/site-packages/oslo_config/cfg.py:3545}}
Aug 12 14:43:24.293201 np0000007067 nova-scheduler[96596]: DEBUG cotyledon.oslo_config_glue [-] oslo_limit.service_name = None {{(pid=96596) log_opt_values /opt/stack/data/venv/lib/python3.12/site-packages/oslo_config/cfg.py:3545}}
Aug 12 14:43:24.293201 np0000007067 nova-scheduler[96596]: DEBUG cotyledon.oslo_config_glue [-] oslo_limit.service_type = None {{(pid=96596) log_opt_values /opt/stack/data/venv/lib/python3.12/site-packages/oslo_config/cfg.py:3545}}
Aug 12 14:43:24.293201 np0000007067 nova-scheduler[96596]: DEBUG cotyledon.oslo_config_glue [-] oslo_limit.split_loggers = False {{(pid=96596) log_opt_values /opt/stack/data/venv/lib/python3.12/site-packages/oslo_config/cfg.py:3545}}
Aug 12 14:43:24.293386 np0000007067 nova-scheduler[96596]: DEBUG cotyledon.oslo_config_glue [-] oslo_limit.status_code_retries = None {{(pid=96596) log_opt_values /opt/stack/data/venv/lib/python3.12/site-packages/oslo_config/cfg.py:3545}}
Aug 12 14:43:24.293386 np0000007067 nova-scheduler[96596]: DEBUG cotyledon.oslo_config_glue [-] oslo_limit.status_code_retry_delay = None {{(pid=96596) log_opt_values /opt/stack/data/venv/lib/python3.12/site-packages/oslo_config/cfg.py:3545}}
Aug 12 14:43:24.293386 np0000007067 nova-scheduler[96596]: DEBUG cotyledon.oslo_config_glue [-] oslo_limit.timeout = None {{(pid=96596) log_opt_values /opt/stack/data/venv/lib/python3.12/site-packages/oslo_config/cfg.py:3545}}
Aug 12 14:43:24.293386 np0000007067 nova-scheduler[96596]: DEBUG cotyledon.oslo_config_glue [-] oslo_limit.valid_interfaces = None {{(pid=96596) log_opt_values /opt/stack/data/venv/lib/python3.12/site-packages/oslo_config/cfg.py:3545}}
Aug 12 14:43:24.293386 np0000007067 nova-scheduler[96596]: DEBUG cotyledon.oslo_config_glue [-] oslo_limit.version = None {{(pid=96596) log_opt_values /opt/stack/data/venv/lib/python3.12/site-packages/oslo_config/cfg.py:3545}}
Aug 12 14:43:24.293386 np0000007067 nova-scheduler[96596]: DEBUG cotyledon.oslo_config_glue [-] oslo_reports.file_event_handler = None {{(pid=96596) log_opt_values /opt/stack/data/venv/lib/python3.12/site-packages/oslo_config/cfg.py:3545}}
Aug 12 14:43:24.293386 np0000007067 nova-scheduler[96596]: DEBUG cotyledon.oslo_config_glue [-] oslo_reports.file_event_handler_interval = 1 {{(pid=96596) log_opt_values /opt/stack/data/venv/lib/python3.12/site-packages/oslo_config/cfg.py:3545}}
Aug 12 14:43:24.293386 np0000007067 nova-scheduler[96596]: DEBUG cotyledon.oslo_config_glue [-] oslo_reports.log_dir = None {{(pid=96596) log_opt_values /opt/stack/data/venv/lib/python3.12/site-packages/oslo_config/cfg.py:3545}}
Aug 12 14:43:24.293386 np0000007067 nova-scheduler[96596]: DEBUG cotyledon.oslo_config_glue [-] ******************************************************************************** {{(pid=96596) log_opt_values /opt/stack/data/venv/lib/python3.12/site-packages/oslo_config/cfg.py:3552}}
Aug 12 14:43:24.293586 np0000007067 nova-scheduler[96596]: DEBUG cotyledon._service_worker [-] Run service ServiceWrapper(3) [96596] {{(pid=96596) wait_forever /opt/stack/data/venv/lib/python3.12/site-packages/cotyledon/_service_worker.py:218}}
Aug 12 14:43:24.293586 np0000007067 nova-scheduler[96596]: INFO nova.service [-] Starting scheduler node (version 33.1.0)
Aug 12 14:43:24.293586 np0000007067 nova-scheduler[96596]: INFO dbcounter [None req-fa703e56-7e90-4d12-ba6a-bfdc19ce7a80 None None] Registered counter for database nova_cell0
Aug 12 14:43:24.293674 np0000007067 nova-scheduler[96591]: DEBUG oslo_db.sqlalchemy.engines [None req-d5a1a433-0d67-484c-884c-b63c1d6b8f5b None None] MySQL server mode set to STRICT_TRANS_TABLES,STRICT_ALL_TABLES,NO_ZERO_IN_DATE,NO_ZERO_DATE,ERROR_FOR_DIVISION_BY_ZERO,TRADITIONAL,NO_ENGINE_SUBSTITUTION {{(pid=96591) _check_effective_sql_mode /opt/stack/data/venv/lib/python3.12/site-packages/oslo_db/sqlalchemy/engines.py:325}}
Aug 12 14:43:24.293704 np0000007067 nova-scheduler[96585]: DEBUG oslo_db.sqlalchemy.engines [None req-0e131852-1f24-4f82-8378-1e2a2013d10d None None] MySQL server mode set to STRICT_TRANS_TABLES,STRICT_ALL_TABLES,NO_ZERO_IN_DATE,NO_ZERO_DATE,ERROR_FOR_DIVISION_BY_ZERO,TRADITIONAL,NO_ENGINE_SUBSTITUTION {{(pid=96585) _check_effective_sql_mode /opt/stack/data/venv/lib/python3.12/site-packages/oslo_db/sqlalchemy/engines.py:325}}
Aug 12 14:43:24.293734 np0000007067 nova-scheduler[96591]: DEBUG dbcounter [-] [96591] Writer thread running {{(pid=96591) stat_writer /opt/stack/data/venv/lib/python3.12/site-packages/dbcounter.py:102}}
Aug 12 14:43:24.294089 np0000007067 nova-scheduler[96585]: DEBUG dbcounter [-] [96585] Writer thread running {{(pid=96585) stat_writer /opt/stack/data/venv/lib/python3.12/site-packages/dbcounter.py:102}}
Aug 12 14:43:24.304099 np0000007067 nova-scheduler[96596]: DEBUG oslo_db.sqlalchemy.engines [None req-fa703e56-7e90-4d12-ba6a-bfdc19ce7a80 None None] MySQL server mode set to STRICT_TRANS_TABLES,STRICT_ALL_TABLES,NO_ZERO_IN_DATE,NO_ZERO_DATE,ERROR_FOR_DIVISION_BY_ZERO,TRADITIONAL,NO_ENGINE_SUBSTITUTION {{(pid=96596) _check_effective_sql_mode /opt/stack/data/venv/lib/python3.12/site-packages/oslo_db/sqlalchemy/engines.py:325}}
Aug 12 14:43:24.307796 np0000007067 nova-scheduler[96594]: DEBUG oslo_db.sqlalchemy.engines [None req-c4c63c37-d3d4-423d-9051-08d63609a627 None None] MySQL server mode set to STRICT_TRANS_TABLES,STRICT_ALL_TABLES,NO_ZERO_IN_DATE,NO_ZERO_DATE,ERROR_FOR_DIVISION_BY_ZERO,TRADITIONAL,NO_ENGINE_SUBSTITUTION {{(pid=96594) _check_effective_sql_mode /opt/stack/data/venv/lib/python3.12/site-packages/oslo_db/sqlalchemy/engines.py:325}}
Aug 12 14:43:24.308963 np0000007067 nova-scheduler[96591]: DEBUG nova.service [None req-d5a1a433-0d67-484c-884c-b63c1d6b8f5b None None] Creating RPC server for service: nova-scheduler on topic: scheduler {{(pid=96591) start /opt/stack/nova/nova/service.py:196}}
Aug 12 14:43:24.313291 np0000007067 nova-scheduler[96585]: DEBUG nova.service [None req-0e131852-1f24-4f82-8378-1e2a2013d10d None None] Creating RPC server for service: nova-scheduler on topic: scheduler {{(pid=96585) start /opt/stack/nova/nova/service.py:196}}
Aug 12 14:43:24.316047 np0000007067 nova-scheduler[96596]: DEBUG dbcounter [-] [96596] Writer thread running {{(pid=96596) stat_writer /opt/stack/data/venv/lib/python3.12/site-packages/dbcounter.py:102}}
Aug 12 14:43:24.317325 np0000007067 nova-scheduler[96594]: DEBUG dbcounter [-] [96594] Writer thread running {{(pid=96594) stat_writer /opt/stack/data/venv/lib/python3.12/site-packages/dbcounter.py:102}}
Aug 12 14:43:24.319804 np0000007067 nova-scheduler[96596]: DEBUG nova.service [None req-fa703e56-7e90-4d12-ba6a-bfdc19ce7a80 None None] Creating RPC server for service: nova-scheduler on topic: scheduler {{(pid=96596) start /opt/stack/nova/nova/service.py:196}}
Aug 12 14:43:24.321221 np0000007067 nova-scheduler[96594]: DEBUG nova.service [None req-c4c63c37-d3d4-423d-9051-08d63609a627 None None] Creating RPC server for service: nova-scheduler on topic: scheduler {{(pid=96594) start /opt/stack/nova/nova/service.py:196}}
Aug 12 14:43:24.335251 np0000007067 nova-scheduler[96591]: DEBUG nova.service [None req-d5a1a433-0d67-484c-884c-b63c1d6b8f5b None None] Join ServiceGroup membership for this service scheduler {{(pid=96591) start /opt/stack/nova/nova/service.py:222}}
Aug 12 14:43:24.335489 np0000007067 nova-scheduler[96591]: DEBUG nova.servicegroup.drivers.db [None req-d5a1a433-0d67-484c-884c-b63c1d6b8f5b None None] DB_Driver: join new ServiceGroup member np0000007067 to the scheduler group, service = {{(pid=96591) join /opt/stack/nova/nova/servicegroup/drivers/db.py:44}}
Aug 12 14:43:24.337493 np0000007067 nova-scheduler[96585]: DEBUG nova.service [None req-0e131852-1f24-4f82-8378-1e2a2013d10d None None] Join ServiceGroup membership for this service scheduler {{(pid=96585) start /opt/stack/nova/nova/service.py:222}}
Aug 12 14:43:24.338055 np0000007067 nova-scheduler[96585]: DEBUG nova.servicegroup.drivers.db [None req-0e131852-1f24-4f82-8378-1e2a2013d10d None None] DB_Driver: join new ServiceGroup member np0000007067 to the scheduler group, service = {{(pid=96585) join /opt/stack/nova/nova/servicegroup/drivers/db.py:44}}
Aug 12 14:43:24.341705 np0000007067 nova-scheduler[96594]: DEBUG nova.service [None req-c4c63c37-d3d4-423d-9051-08d63609a627 None None] Join ServiceGroup membership for this service scheduler {{(pid=96594) start /opt/stack/nova/nova/service.py:222}}
Aug 12 14:43:24.341842 np0000007067 nova-scheduler[96596]: DEBUG nova.service [None req-fa703e56-7e90-4d12-ba6a-bfdc19ce7a80 None None] Join ServiceGroup membership for this service scheduler {{(pid=96596) start /opt/stack/nova/nova/service.py:222}}
Aug 12 14:43:24.341977 np0000007067 nova-scheduler[96594]: DEBUG nova.servicegroup.drivers.db [None req-c4c63c37-d3d4-423d-9051-08d63609a627 None None] DB_Driver: join new ServiceGroup member np0000007067 to the scheduler group, service = {{(pid=96594) join /opt/stack/nova/nova/servicegroup/drivers/db.py:44}}
Aug 12 14:43:24.342103 np0000007067 nova-scheduler[96596]: DEBUG nova.servicegroup.drivers.db [None req-fa703e56-7e90-4d12-ba6a-bfdc19ce7a80 None None] DB_Driver: join new ServiceGroup member np0000007067 to the scheduler group, service = {{(pid=96596) join /opt/stack/nova/nova/servicegroup/drivers/db.py:44}}
Aug 12 14:43:29.353630 np0000007067 nova-scheduler[96591]: DEBUG oslo.service.backend._threading.loopingcall [-] Fixed interval looping call 'nova.servicegroup.drivers.db.DbDriver._report_state' sleeping for 119.98 seconds {{(pid=96591) _run_loop /opt/stack/data/venv/lib/python3.12/site-packages/oslo_service/backend/_threading/loopingcall.py:125}}
Aug 12 14:43:29.355190 np0000007067 nova-scheduler[96585]: DEBUG oslo.service.backend._threading.loopingcall [-] Fixed interval looping call 'nova.servicegroup.drivers.db.DbDriver._report_state' sleeping for 119.98 seconds {{(pid=96585) _run_loop /opt/stack/data/venv/lib/python3.12/site-packages/oslo_service/backend/_threading/loopingcall.py:125}}
Aug 12 14:43:29.356605 np0000007067 nova-scheduler[96596]: DEBUG oslo.service.backend._threading.loopingcall [-] Fixed interval looping call 'nova.servicegroup.drivers.db.DbDriver._report_state' sleeping for 119.99 seconds {{(pid=96596) _run_loop /opt/stack/data/venv/lib/python3.12/site-packages/oslo_service/backend/_threading/loopingcall.py:125}}
Aug 12 14:43:29.357677 np0000007067 nova-scheduler[96594]: DEBUG oslo.service.backend._threading.loopingcall [-] Fixed interval looping call 'nova.servicegroup.drivers.db.DbDriver._report_state' sleeping for 119.99 seconds {{(pid=96594) _run_loop /opt/stack/data/venv/lib/python3.12/site-packages/oslo_service/backend/_threading/loopingcall.py:125}}
Aug 12 14:43:32.874904 np0000007067 nova-scheduler[95376]: DEBUG dbcounter [-] [95376] Writing DB stats nova_api:SELECT=3 {{(pid=95376) stat_writer /opt/stack/data/venv/lib/python3.12/site-packages/dbcounter.py:115}}
Aug 12 14:43:33.002488 np0000007067 nova-scheduler[95376]: DEBUG dbcounter [-] [95376] Writing DB stats nova_cell0:SELECT=1 {{(pid=95376) stat_writer /opt/stack/data/venv/lib/python3.12/site-packages/dbcounter.py:115}}
Aug 12 14:43:33.008440 np0000007067 nova-scheduler[95376]: DEBUG dbcounter [-] [95376] Writing DB stats nova_cell1:SELECT=1 {{(pid=95376) stat_writer /opt/stack/data/venv/lib/python3.12/site-packages/dbcounter.py:115}}
Aug 12 14:43:39.348118 np0000007067 nova-scheduler[96591]: DEBUG dbcounter [-] [96591] Writing DB stats nova_cell0:SELECT=4,nova_cell0:INSERT=1,nova_cell0:UPDATE=1 {{(pid=96591) stat_writer /opt/stack/data/venv/lib/python3.12/site-packages/dbcounter.py:115}}
Aug 12 14:43:39.350004 np0000007067 nova-scheduler[96585]: DEBUG dbcounter [-] [96585] Writing DB stats nova_cell0:SELECT=5,nova_cell0:INSERT=1,nova_cell0:UPDATE=1 {{(pid=96585) stat_writer /opt/stack/data/venv/lib/python3.12/site-packages/dbcounter.py:115}}
Aug 12 14:43:39.354805 np0000007067 nova-scheduler[96596]: DEBUG dbcounter [-] [96596] Writing DB stats nova_cell0:SELECT=3,nova_cell0:UPDATE=1 {{(pid=96596) stat_writer /opt/stack/data/venv/lib/python3.12/site-packages/dbcounter.py:115}}
Aug 12 14:43:39.355645 np0000007067 nova-scheduler[96594]: DEBUG dbcounter [-] [96594] Writing DB stats nova_cell0:SELECT=3 {{(pid=96594) stat_writer /opt/stack/data/venv/lib/python3.12/site-packages/dbcounter.py:115}}
Aug 12 14:43:54.337985 np0000007067 nova-scheduler[96591]: DEBUG oslo.service.backend._threading.loopingcall [None req-bf69ffc3-8bf9-452c-8d2a-16fdb748b6ff None None] Dynamic interval looping call 'nova.service.Service.periodic_tasks' sleeping for 60.00 seconds {{(pid=96591) _run_loop /opt/stack/data/venv/lib/python3.12/site-packages/oslo_service/backend/_threading/loopingcall.py:125}}
Aug 12 14:43:54.344966 np0000007067 nova-scheduler[96594]: DEBUG oslo.service.backend._threading.loopingcall [None req-1a40bdd0-9e48-4750-a143-03779b56dfc0 None None] Dynamic interval looping call 'nova.service.Service.periodic_tasks' sleeping for 60.00 seconds {{(pid=96594) _run_loop /opt/stack/data/venv/lib/python3.12/site-packages/oslo_service/backend/_threading/loopingcall.py:125}}
Aug 12 14:43:59.344944 np0000007067 nova-scheduler[96596]: DEBUG oslo.service.backend._threading.loopingcall [None req-5c5cb6ed-95ec-42c7-893c-01e992d07ffd None None] Dynamic interval looping call 'nova.service.Service.periodic_tasks' sleeping for 60.00 seconds {{(pid=96596) _run_loop /opt/stack/data/venv/lib/python3.12/site-packages/oslo_service/backend/_threading/loopingcall.py:125}}
Aug 12 14:44:18.340276 np0000007067 nova-scheduler[96585]: DEBUG oslo.service.backend._threading.loopingcall [None req-bddfddc3-c1a4-4344-8b23-7f7cfb950cb5 None None] Dynamic interval looping call 'nova.service.Service.periodic_tasks' sleeping for 60.00 seconds {{(pid=96585) _run_loop /opt/stack/data/venv/lib/python3.12/site-packages/oslo_service/backend/_threading/loopingcall.py:125}}
Aug 12 14:44:54.338426 np0000007067 nova-scheduler[96591]: DEBUG oslo.service.backend._threading.loopingcall [None req-bf69ffc3-8bf9-452c-8d2a-16fdb748b6ff None None] Dynamic interval looping call 'nova.service.Service.periodic_tasks' sleeping for 60.00 seconds {{(pid=96591) _run_loop /opt/stack/data/venv/lib/python3.12/site-packages/oslo_service/backend/_threading/loopingcall.py:125}}
Aug 12 14:44:54.345422 np0000007067 nova-scheduler[96594]: DEBUG oslo.service.backend._threading.loopingcall [None req-1a40bdd0-9e48-4750-a143-03779b56dfc0 None None] Dynamic interval looping call 'nova.service.Service.periodic_tasks' sleeping for 60.00 seconds {{(pid=96594) _run_loop /opt/stack/data/venv/lib/python3.12/site-packages/oslo_service/backend/_threading/loopingcall.py:125}}
Aug 12 14:44:59.345373 np0000007067 nova-scheduler[96596]: DEBUG oslo.service.backend._threading.loopingcall [None req-5c5cb6ed-95ec-42c7-893c-01e992d07ffd None None] Dynamic interval looping call 'nova.service.Service.periodic_tasks' sleeping for 60.00 seconds {{(pid=96596) _run_loop /opt/stack/data/venv/lib/python3.12/site-packages/oslo_service/backend/_threading/loopingcall.py:125}}
Aug 12 14:45:18.340831 np0000007067 nova-scheduler[96585]: DEBUG oslo.service.backend._threading.loopingcall [None req-bddfddc3-c1a4-4344-8b23-7f7cfb950cb5 None None] Dynamic interval looping call 'nova.service.Service.periodic_tasks' sleeping for 60.00 seconds {{(pid=96585) _run_loop /opt/stack/data/venv/lib/python3.12/site-packages/oslo_service/backend/_threading/loopingcall.py:125}}
Aug 12 14:45:29.340699 np0000007067 nova-scheduler[96591]: DEBUG oslo.service.backend._threading.loopingcall [-] Fixed interval looping call 'nova.servicegroup.drivers.db.DbDriver._report_state' sleeping for 119.99 seconds {{(pid=96591) _run_loop /opt/stack/data/venv/lib/python3.12/site-packages/oslo_service/backend/_threading/loopingcall.py:125}}
Aug 12 14:45:29.341268 np0000007067 nova-scheduler[96585]: DEBUG oslo.service.backend._threading.loopingcall [-] Fixed interval looping call 'nova.servicegroup.drivers.db.DbDriver._report_state' sleeping for 119.99 seconds {{(pid=96585) _run_loop /opt/stack/data/venv/lib/python3.12/site-packages/oslo_service/backend/_threading/loopingcall.py:125}}
Aug 12 14:45:29.350935 np0000007067 nova-scheduler[96596]: DEBUG oslo.service.backend._threading.loopingcall [-] Fixed interval looping call 'nova.servicegroup.drivers.db.DbDriver._report_state' sleeping for 120.00 seconds {{(pid=96596) _run_loop /opt/stack/data/venv/lib/python3.12/site-packages/oslo_service/backend/_threading/loopingcall.py:125}}
Aug 12 14:45:29.351841 np0000007067 nova-scheduler[96594]: DEBUG oslo.service.backend._threading.loopingcall [-] Fixed interval looping call 'nova.servicegroup.drivers.db.DbDriver._report_state' sleeping for 120.00 seconds {{(pid=96594) _run_loop /opt/stack/data/venv/lib/python3.12/site-packages/oslo_service/backend/_threading/loopingcall.py:125}}
Aug 12 14:45:39.337394 np0000007067 nova-scheduler[96591]: DEBUG dbcounter [-] [96591] Writing DB stats nova_cell0:SELECT=1,nova_cell0:UPDATE=1 {{(pid=96591) stat_writer /opt/stack/data/venv/lib/python3.12/site-packages/dbcounter.py:115}}
Aug 12 14:45:39.338579 np0000007067 nova-scheduler[96585]: DEBUG dbcounter [-] [96585] Writing DB stats nova_cell0:SELECT=1,nova_cell0:UPDATE=1 {{(pid=96585) stat_writer /opt/stack/data/venv/lib/python3.12/site-packages/dbcounter.py:115}}
Aug 12 14:45:39.349077 np0000007067 nova-scheduler[96596]: DEBUG dbcounter [-] [96596] Writing DB stats nova_cell0:SELECT=1 {{(pid=96596) stat_writer /opt/stack/data/venv/lib/python3.12/site-packages/dbcounter.py:115}}
Aug 12 14:45:39.349847 np0000007067 nova-scheduler[96594]: DEBUG dbcounter [-] [96594] Writing DB stats nova_cell0:SELECT=1 {{(pid=96594) stat_writer /opt/stack/data/venv/lib/python3.12/site-packages/dbcounter.py:115}}
Aug 12 14:45:54.339018 np0000007067 nova-scheduler[96591]: DEBUG oslo.service.backend._threading.loopingcall [None req-bf69ffc3-8bf9-452c-8d2a-16fdb748b6ff None None] Dynamic interval looping call 'nova.service.Service.periodic_tasks' sleeping for 60.00 seconds {{(pid=96591) _run_loop /opt/stack/data/venv/lib/python3.12/site-packages/oslo_service/backend/_threading/loopingcall.py:125}}
Aug 12 14:45:54.346639 np0000007067 nova-scheduler[96594]: DEBUG oslo.service.backend._threading.loopingcall [None req-1a40bdd0-9e48-4750-a143-03779b56dfc0 None None] Dynamic interval looping call 'nova.service.Service.periodic_tasks' sleeping for 60.00 seconds {{(pid=96594) _run_loop /opt/stack/data/venv/lib/python3.12/site-packages/oslo_service/backend/_threading/loopingcall.py:125}}
Aug 12 14:45:56.018650 np0000007067 nova-scheduler[96591]: DEBUG nova.scheduler.manager [None req-30ca0b92-9dc4-46c4-9698-d7a55a5a54c1 tempest-ServerActionsTestOtherA-46147619 tempest-ServerActionsTestOtherA-46147619-project-member] Starting to schedule for instances: ['e347037c-19ee-4f4b-87d7-5a8dda8c37a7'] {{(pid=96591) select_destinations /opt/stack/nova/nova/scheduler/manager.py:209}}
Aug 12 14:45:56.020172 np0000007067 nova-scheduler[96591]: DEBUG nova.scheduler.request_filter [None req-30ca0b92-9dc4-46c4-9698-d7a55a5a54c1 tempest-ServerActionsTestOtherA-46147619 tempest-ServerActionsTestOtherA-46147619-project-member] compute_status_filter request filter added forbidden trait COMPUTE_STATUS_DISABLED {{(pid=96591) compute_status_filter /opt/stack/nova/nova/scheduler/request_filter.py:253}}
Aug 12 14:45:56.020172 np0000007067 nova-scheduler[96591]: DEBUG nova.scheduler.request_filter [None req-30ca0b92-9dc4-46c4-9698-d7a55a5a54c1 tempest-ServerActionsTestOtherA-46147619 tempest-ServerActionsTestOtherA-46147619-project-member] Request filter 'compute_status_filter' took 0.0 seconds {{(pid=96591) wrapper /opt/stack/nova/nova/scheduler/request_filter.py:46}}
Aug 12 14:45:56.020172 np0000007067 nova-scheduler[96591]: DEBUG nova.scheduler.request_filter [None req-30ca0b92-9dc4-46c4-9698-d7a55a5a54c1 tempest-ServerActionsTestOtherA-46147619 tempest-ServerActionsTestOtherA-46147619-project-member] Request filter 'accelerators_filter' took 0.0 seconds {{(pid=96591) wrapper /opt/stack/nova/nova/scheduler/request_filter.py:46}}
Aug 12 14:45:56.020172 np0000007067 nova-scheduler[96591]: DEBUG nova.scheduler.request_filter [None req-30ca0b92-9dc4-46c4-9698-d7a55a5a54c1 tempest-ServerActionsTestOtherA-46147619 tempest-ServerActionsTestOtherA-46147619-project-member] Request filter 'packed_virtqueue_filter' took 0.0 seconds {{(pid=96591) wrapper /opt/stack/nova/nova/scheduler/request_filter.py:46}}
Aug 12 14:45:56.020374 np0000007067 nova-scheduler[96591]: DEBUG nova.scheduler.request_filter [None req-30ca0b92-9dc4-46c4-9698-d7a55a5a54c1 tempest-ServerActionsTestOtherA-46147619 tempest-ServerActionsTestOtherA-46147619-project-member] Request filter 'remote_managed_ports_filter' took 0.0 seconds {{(pid=96591) wrapper /opt/stack/nova/nova/scheduler/request_filter.py:46}}
Aug 12 14:45:56.020988 np0000007067 nova-scheduler[96591]: DEBUG nova.scheduler.request_filter [None req-30ca0b92-9dc4-46c4-9698-d7a55a5a54c1 tempest-ServerActionsTestOtherA-46147619 tempest-ServerActionsTestOtherA-46147619-project-member] ephemeral_encryption_filter skipped {{(pid=96591) ephemeral_encryption_filter /opt/stack/nova/nova/scheduler/request_filter.py:426}}
Aug 12 14:45:56.021217 np0000007067 nova-scheduler[96591]: DEBUG nova.scheduler.request_filter [None req-30ca0b92-9dc4-46c4-9698-d7a55a5a54c1 tempest-ServerActionsTestOtherA-46147619 tempest-ServerActionsTestOtherA-46147619-project-member] virtio_sound_filter skipped {{(pid=96591) virtio_sound_filter /opt/stack/nova/nova/scheduler/request_filter.py:460}}
Aug 12 14:45:56.021405 np0000007067 nova-scheduler[96591]: DEBUG nova.scheduler.request_filter [None req-30ca0b92-9dc4-46c4-9698-d7a55a5a54c1 tempest-ServerActionsTestOtherA-46147619 tempest-ServerActionsTestOtherA-46147619-project-member] tpm_secret_security_filter skipped {{(pid=96591) tpm_secret_security_filter /opt/stack/nova/nova/scheduler/request_filter.py:477}}
Aug 12 14:45:56.211508 np0000007067 nova-scheduler[96585]: DEBUG nova.scheduler.manager [None req-c1532c90-fa1c-43be-9d37-1afcbed985d5 tempest-ServerActionsTestOtherB-2101624470 tempest-ServerActionsTestOtherB-2101624470-project-member] Starting to schedule for instances: ['f90ab55e-4f9e-47cd-9e1b-f018bd53742a'] {{(pid=96585) select_destinations /opt/stack/nova/nova/scheduler/manager.py:209}}
Aug 12 14:45:56.212649 np0000007067 nova-scheduler[96585]: DEBUG nova.scheduler.request_filter [None req-c1532c90-fa1c-43be-9d37-1afcbed985d5 tempest-ServerActionsTestOtherB-2101624470 tempest-ServerActionsTestOtherB-2101624470-project-member] compute_status_filter request filter added forbidden trait COMPUTE_STATUS_DISABLED {{(pid=96585) compute_status_filter /opt/stack/nova/nova/scheduler/request_filter.py:253}}
Aug 12 14:45:56.212649 np0000007067 nova-scheduler[96585]: DEBUG nova.scheduler.request_filter [None req-c1532c90-fa1c-43be-9d37-1afcbed985d5 tempest-ServerActionsTestOtherB-2101624470 tempest-ServerActionsTestOtherB-2101624470-project-member] Request filter 'compute_status_filter' took 0.0 seconds {{(pid=96585) wrapper /opt/stack/nova/nova/scheduler/request_filter.py:46}}
Aug 12 14:45:56.212649 np0000007067 nova-scheduler[96585]: DEBUG nova.scheduler.request_filter [None req-c1532c90-fa1c-43be-9d37-1afcbed985d5 tempest-ServerActionsTestOtherB-2101624470 tempest-ServerActionsTestOtherB-2101624470-project-member] Request filter 'accelerators_filter' took 0.0 seconds {{(pid=96585) wrapper /opt/stack/nova/nova/scheduler/request_filter.py:46}}
Aug 12 14:45:56.214169 np0000007067 nova-scheduler[96585]: DEBUG nova.scheduler.request_filter [None req-c1532c90-fa1c-43be-9d37-1afcbed985d5 tempest-ServerActionsTestOtherB-2101624470 tempest-ServerActionsTestOtherB-2101624470-project-member] Request filter 'packed_virtqueue_filter' took 0.0 seconds {{(pid=96585) wrapper /opt/stack/nova/nova/scheduler/request_filter.py:46}}
Aug 12 14:45:56.214528 np0000007067 nova-scheduler[96585]: DEBUG nova.scheduler.request_filter [None req-c1532c90-fa1c-43be-9d37-1afcbed985d5 tempest-ServerActionsTestOtherB-2101624470 tempest-ServerActionsTestOtherB-2101624470-project-member] Request filter 'remote_managed_ports_filter' took 0.0 seconds {{(pid=96585) wrapper /opt/stack/nova/nova/scheduler/request_filter.py:46}}
Aug 12 14:45:56.214740 np0000007067 nova-scheduler[96585]: DEBUG nova.scheduler.request_filter [None req-c1532c90-fa1c-43be-9d37-1afcbed985d5 tempest-ServerActionsTestOtherB-2101624470 tempest-ServerActionsTestOtherB-2101624470-project-member] ephemeral_encryption_filter skipped {{(pid=96585) ephemeral_encryption_filter /opt/stack/nova/nova/scheduler/request_filter.py:426}}
Aug 12 14:45:56.214900 np0000007067 nova-scheduler[96585]: DEBUG nova.scheduler.request_filter [None req-c1532c90-fa1c-43be-9d37-1afcbed985d5 tempest-ServerActionsTestOtherB-2101624470 tempest-ServerActionsTestOtherB-2101624470-project-member] virtio_sound_filter skipped {{(pid=96585) virtio_sound_filter /opt/stack/nova/nova/scheduler/request_filter.py:460}}
Aug 12 14:45:56.215068 np0000007067 nova-scheduler[96585]: DEBUG nova.scheduler.request_filter [None req-c1532c90-fa1c-43be-9d37-1afcbed985d5 tempest-ServerActionsTestOtherB-2101624470 tempest-ServerActionsTestOtherB-2101624470-project-member] tpm_secret_security_filter skipped {{(pid=96585) tpm_secret_security_filter /opt/stack/nova/nova/scheduler/request_filter.py:477}}
