Jun 12 02:28:34.249779 np0000002705 nova-scheduler[95620]: DEBUG cotyledon.oslo_config_glue [-] oslo_limit.collect_timing = False {{(pid=95620) log_opt_values /opt/stack/data/venv/lib/python3.12/site-packages/oslo_config/cfg.py:3253}}
Jun 12 02:28:34.249816 np0000002705 nova-scheduler[95620]: DEBUG cotyledon.oslo_config_glue [-] oslo_limit.connect_retries = None {{(pid=95620) log_opt_values /opt/stack/data/venv/lib/python3.12/site-packages/oslo_config/cfg.py:3253}}
Jun 12 02:28:34.249852 np0000002705 nova-scheduler[95620]: DEBUG cotyledon.oslo_config_glue [-] oslo_limit.connect_retry_delay = None {{(pid=95620) log_opt_values /opt/stack/data/venv/lib/python3.12/site-packages/oslo_config/cfg.py:3253}}
Jun 12 02:28:34.249907 np0000002705 nova-scheduler[95620]: DEBUG cotyledon.oslo_config_glue [-] oslo_limit.endpoint_id = None {{(pid=95620) log_opt_values /opt/stack/data/venv/lib/python3.12/site-packages/oslo_config/cfg.py:3253}}
Jun 12 02:28:34.249956 np0000002705 nova-scheduler[95620]: DEBUG cotyledon.oslo_config_glue [-] oslo_limit.endpoint_interface = public {{(pid=95620) log_opt_values /opt/stack/data/venv/lib/python3.12/site-packages/oslo_config/cfg.py:3253}}
Jun 12 02:28:34.249993 np0000002705 nova-scheduler[95620]: DEBUG cotyledon.oslo_config_glue [-] oslo_limit.endpoint_override = None {{(pid=95620) log_opt_values /opt/stack/data/venv/lib/python3.12/site-packages/oslo_config/cfg.py:3253}}
Jun 12 02:28:34.250029 np0000002705 nova-scheduler[95620]: DEBUG cotyledon.oslo_config_glue [-] oslo_limit.endpoint_region_name = None {{(pid=95620) log_opt_values /opt/stack/data/venv/lib/python3.12/site-packages/oslo_config/cfg.py:3253}}
Jun 12 02:28:34.250070 np0000002705 nova-scheduler[95620]: DEBUG cotyledon.oslo_config_glue [-] oslo_limit.endpoint_service_name = None {{(pid=95620) log_opt_values /opt/stack/data/venv/lib/python3.12/site-packages/oslo_config/cfg.py:3253}}
Jun 12 02:28:34.250129 np0000002705 nova-scheduler[95620]: DEBUG cotyledon.oslo_config_glue [-] oslo_limit.endpoint_service_type = None {{(pid=95620) log_opt_values /opt/stack/data/venv/lib/python3.12/site-packages/oslo_config/cfg.py:3253}}
Jun 12 02:28:34.250179 np0000002705 nova-scheduler[95620]: DEBUG cotyledon.oslo_config_glue [-] oslo_limit.insecure = False {{(pid=95620) log_opt_values /opt/stack/data/venv/lib/python3.12/site-packages/oslo_config/cfg.py:3253}}
Jun 12 02:28:34.250222 np0000002705 nova-scheduler[95620]: DEBUG cotyledon.oslo_config_glue [-] oslo_limit.keyfile = None {{(pid=95620) log_opt_values /opt/stack/data/venv/lib/python3.12/site-packages/oslo_config/cfg.py:3253}}
Jun 12 02:28:34.250222 np0000002705 nova-scheduler[95620]: DEBUG cotyledon.oslo_config_glue [-] oslo_limit.max_version = None {{(pid=95620) log_opt_values /opt/stack/data/venv/lib/python3.12/site-packages/oslo_config/cfg.py:3253}}
Jun 12 02:28:34.250286 np0000002705 nova-scheduler[95620]: DEBUG cotyledon.oslo_config_glue [-] oslo_limit.min_version = None {{(pid=95620) log_opt_values /opt/stack/data/venv/lib/python3.12/site-packages/oslo_config/cfg.py:3253}}
Jun 12 02:28:34.250286 np0000002705 nova-scheduler[95620]: DEBUG cotyledon.oslo_config_glue [-] oslo_limit.region_name = None {{(pid=95620) log_opt_values /opt/stack/data/venv/lib/python3.12/site-packages/oslo_config/cfg.py:3253}}
Jun 12 02:28:34.250358 np0000002705 nova-scheduler[95620]: DEBUG cotyledon.oslo_config_glue [-] oslo_limit.retriable_status_codes = None {{(pid=95620) log_opt_values /opt/stack/data/venv/lib/python3.12/site-packages/oslo_config/cfg.py:3253}}
Jun 12 02:28:34.250409 np0000002705 nova-scheduler[95620]: DEBUG cotyledon.oslo_config_glue [-] oslo_limit.service_name = None {{(pid=95620) log_opt_values /opt/stack/data/venv/lib/python3.12/site-packages/oslo_config/cfg.py:3253}}
Jun 12 02:28:34.250448 np0000002705 nova-scheduler[95620]: DEBUG cotyledon.oslo_config_glue [-] oslo_limit.service_type = None {{(pid=95620) log_opt_values /opt/stack/data/venv/lib/python3.12/site-packages/oslo_config/cfg.py:3253}}
Jun 12 02:28:34.250483 np0000002705 nova-scheduler[95620]: DEBUG cotyledon.oslo_config_glue [-] oslo_limit.split_loggers = False {{(pid=95620) log_opt_values /opt/stack/data/venv/lib/python3.12/site-packages/oslo_config/cfg.py:3253}}
Jun 12 02:28:34.250519 np0000002705 nova-scheduler[95620]: DEBUG cotyledon.oslo_config_glue [-] oslo_limit.status_code_retries = None {{(pid=95620) log_opt_values /opt/stack/data/venv/lib/python3.12/site-packages/oslo_config/cfg.py:3253}}
Jun 12 02:28:34.250555 np0000002705 nova-scheduler[95620]: DEBUG cotyledon.oslo_config_glue [-] oslo_limit.status_code_retry_delay = None {{(pid=95620) log_opt_values /opt/stack/data/venv/lib/python3.12/site-packages/oslo_config/cfg.py:3253}}
Jun 12 02:28:34.250591 np0000002705 nova-scheduler[95620]: DEBUG cotyledon.oslo_config_glue [-] oslo_limit.timeout = None {{(pid=95620) log_opt_values /opt/stack/data/venv/lib/python3.12/site-packages/oslo_config/cfg.py:3253}}
Jun 12 02:28:34.250626 np0000002705 nova-scheduler[95620]: DEBUG cotyledon.oslo_config_glue [-] oslo_limit.valid_interfaces = None {{(pid=95620) log_opt_values /opt/stack/data/venv/lib/python3.12/site-packages/oslo_config/cfg.py:3253}}
Jun 12 02:28:34.250662 np0000002705 nova-scheduler[95620]: DEBUG cotyledon.oslo_config_glue [-] oslo_limit.version = None {{(pid=95620) log_opt_values /opt/stack/data/venv/lib/python3.12/site-packages/oslo_config/cfg.py:3253}}
Jun 12 02:28:34.250704 np0000002705 nova-scheduler[95620]: DEBUG cotyledon.oslo_config_glue [-] oslo_reports.file_event_handler = None {{(pid=95620) log_opt_values /opt/stack/data/venv/lib/python3.12/site-packages/oslo_config/cfg.py:3253}}
Jun 12 02:28:34.250747 np0000002705 nova-scheduler[95620]: DEBUG cotyledon.oslo_config_glue [-] oslo_reports.file_event_handler_interval = 1 {{(pid=95620) log_opt_values /opt/stack/data/venv/lib/python3.12/site-packages/oslo_config/cfg.py:3253}}
Jun 12 02:28:34.250783 np0000002705 nova-scheduler[95620]: DEBUG cotyledon.oslo_config_glue [-] oslo_reports.log_dir = None {{(pid=95620) log_opt_values /opt/stack/data/venv/lib/python3.12/site-packages/oslo_config/cfg.py:3253}}
Jun 12 02:28:34.250819 np0000002705 nova-scheduler[95620]: DEBUG cotyledon.oslo_config_glue [-] ******************************************************************************** {{(pid=95620) log_opt_values /opt/stack/data/venv/lib/python3.12/site-packages/oslo_config/cfg.py:3260}}
Jun 12 02:28:34.250946 np0000002705 nova-scheduler[95620]: DEBUG cotyledon._service_worker [-] Run service ServiceWrapper(2) [95620] {{(pid=95620) wait_forever /opt/stack/data/venv/lib/python3.12/site-packages/cotyledon/_service_worker.py:218}}
Jun 12 02:28:34.252323 np0000002705 nova-scheduler[95620]: INFO nova.service [-] Starting scheduler node (version 33.1.0)
Jun 12 02:28:34.256139 np0000002705 nova-scheduler[95620]: INFO dbcounter [None req-9d759ad0-ffd0-4cf2-ab79-176503a87e12 None None] Registered counter for database nova_cell0
Jun 12 02:28:34.276602 np0000002705 nova-scheduler[95605]: DEBUG oslo_db.sqlalchemy.engines [None req-a5d3b5ce-f09d-4186-a367-53ca9d13b02d None None] MySQL server mode set to STRICT_TRANS_TABLES,STRICT_ALL_TABLES,NO_ZERO_IN_DATE,NO_ZERO_DATE,ERROR_FOR_DIVISION_BY_ZERO,TRADITIONAL,NO_ENGINE_SUBSTITUTION {{(pid=95605) _check_effective_sql_mode /opt/stack/data/venv/lib/python3.12/site-packages/oslo_db/sqlalchemy/engines.py:325}}
Jun 12 02:28:34.279947 np0000002705 nova-scheduler[95615]: DEBUG oslo_db.sqlalchemy.engines [None req-c558dc7a-f6a2-4ce7-ba76-4d7b328d1dc7 None None] MySQL server mode set to STRICT_TRANS_TABLES,STRICT_ALL_TABLES,NO_ZERO_IN_DATE,NO_ZERO_DATE,ERROR_FOR_DIVISION_BY_ZERO,TRADITIONAL,NO_ENGINE_SUBSTITUTION {{(pid=95615) _check_effective_sql_mode /opt/stack/data/venv/lib/python3.12/site-packages/oslo_db/sqlalchemy/engines.py:325}}
Jun 12 02:28:34.285204 np0000002705 nova-scheduler[95605]: DEBUG dbcounter [-] [95605] Writer thread running {{(pid=95605) stat_writer /opt/stack/data/venv/lib/python3.12/site-packages/dbcounter.py:102}}
Jun 12 02:28:34.289235 np0000002705 nova-scheduler[95615]: DEBUG dbcounter [-] [95615] Writer thread running {{(pid=95615) stat_writer /opt/stack/data/venv/lib/python3.12/site-packages/dbcounter.py:102}}
Jun 12 02:28:34.293762 np0000002705 nova-scheduler[95620]: DEBUG oslo_db.sqlalchemy.engines [None req-9d759ad0-ffd0-4cf2-ab79-176503a87e12 None None] MySQL server mode set to STRICT_TRANS_TABLES,STRICT_ALL_TABLES,NO_ZERO_IN_DATE,NO_ZERO_DATE,ERROR_FOR_DIVISION_BY_ZERO,TRADITIONAL,NO_ENGINE_SUBSTITUTION {{(pid=95620) _check_effective_sql_mode /opt/stack/data/venv/lib/python3.12/site-packages/oslo_db/sqlalchemy/engines.py:325}}
Jun 12 02:28:34.300690 np0000002705 nova-scheduler[95605]: DEBUG nova.service [None req-a5d3b5ce-f09d-4186-a367-53ca9d13b02d None None] Creating RPC server for service: nova-scheduler on topic: scheduler {{(pid=95605) start /opt/stack/nova/nova/service.py:196}}
Jun 12 02:28:34.302516 np0000002705 nova-scheduler[95620]: DEBUG dbcounter [-] [95620] Writer thread running {{(pid=95620) stat_writer /opt/stack/data/venv/lib/python3.12/site-packages/dbcounter.py:102}}
Jun 12 02:28:34.303891 np0000002705 nova-scheduler[95615]: DEBUG nova.service [None req-c558dc7a-f6a2-4ce7-ba76-4d7b328d1dc7 None None] Creating RPC server for service: nova-scheduler on topic: scheduler {{(pid=95615) start /opt/stack/nova/nova/service.py:196}}
Jun 12 02:28:34.304865 np0000002705 nova-scheduler[95620]: DEBUG nova.service [None req-9d759ad0-ffd0-4cf2-ab79-176503a87e12 None None] Creating RPC server for service: nova-scheduler on topic: scheduler {{(pid=95620) start /opt/stack/nova/nova/service.py:196}}
Jun 12 02:28:34.322061 np0000002705 nova-scheduler[95605]: DEBUG nova.service [None req-a5d3b5ce-f09d-4186-a367-53ca9d13b02d None None] Join ServiceGroup membership for this service scheduler {{(pid=95605) start /opt/stack/nova/nova/service.py:222}}
Jun 12 02:28:34.322360 np0000002705 nova-scheduler[95605]: DEBUG nova.servicegroup.drivers.db [None req-a5d3b5ce-f09d-4186-a367-53ca9d13b02d None None] DB_Driver: join new ServiceGroup member np0000002705 to the scheduler group, service = {{(pid=95605) join /opt/stack/nova/nova/servicegroup/drivers/db.py:44}}
Jun 12 02:28:34.325198 np0000002705 nova-scheduler[95615]: DEBUG nova.service [None req-c558dc7a-f6a2-4ce7-ba76-4d7b328d1dc7 None None] Join ServiceGroup membership for this service scheduler {{(pid=95615) start /opt/stack/nova/nova/service.py:222}}
Jun 12 02:28:34.325475 np0000002705 nova-scheduler[95615]: DEBUG nova.servicegroup.drivers.db [None req-c558dc7a-f6a2-4ce7-ba76-4d7b328d1dc7 None None] DB_Driver: join new ServiceGroup member np0000002705 to the scheduler group, service = {{(pid=95615) join /opt/stack/nova/nova/servicegroup/drivers/db.py:44}}
Jun 12 02:28:34.328053 np0000002705 nova-scheduler[95620]: DEBUG nova.service [None req-9d759ad0-ffd0-4cf2-ab79-176503a87e12 None None] Join ServiceGroup membership for this service scheduler {{(pid=95620) start /opt/stack/nova/nova/service.py:222}}
Jun 12 02:28:34.328167 np0000002705 nova-scheduler[95615]: DEBUG oslo.service.backend._threading.loopingcall [None req-a3397c46-ed1f-472f-b3b9-2dd4a1d0d5df None None] Dynamic interval looping call 'nova.service.Service.periodic_tasks' sleeping for 60.00 seconds {{(pid=95615) _run_loop /opt/stack/data/venv/lib/python3.12/site-packages/oslo_service/backend/_threading/loopingcall.py:125}}
Jun 12 02:28:34.328404 np0000002705 nova-scheduler[95620]: DEBUG nova.servicegroup.drivers.db [None req-9d759ad0-ffd0-4cf2-ab79-176503a87e12 None None] DB_Driver: join new ServiceGroup member np0000002705 to the scheduler group, service = {{(pid=95620) join /opt/stack/nova/nova/servicegroup/drivers/db.py:44}}
Jun 12 02:28:39.336299 np0000002705 nova-scheduler[95605]: DEBUG oslo.service.backend._threading.loopingcall [-] Fixed interval looping call 'nova.servicegroup.drivers.db.DbDriver._report_state' sleeping for 119.99 seconds {{(pid=95605) _run_loop /opt/stack/data/venv/lib/python3.12/site-packages/oslo_service/backend/_threading/loopingcall.py:125}}
Jun 12 02:28:39.338860 np0000002705 nova-scheduler[95615]: DEBUG oslo.service.backend._threading.loopingcall [-] Fixed interval looping call 'nova.servicegroup.drivers.db.DbDriver._report_state' sleeping for 119.99 seconds {{(pid=95615) _run_loop /opt/stack/data/venv/lib/python3.12/site-packages/oslo_service/backend/_threading/loopingcall.py:125}}
Jun 12 02:28:39.341762 np0000002705 nova-scheduler[95620]: DEBUG oslo.service.backend._threading.loopingcall [-] Fixed interval looping call 'nova.servicegroup.drivers.db.DbDriver._report_state' sleeping for 119.99 seconds {{(pid=95620) _run_loop /opt/stack/data/venv/lib/python3.12/site-packages/oslo_service/backend/_threading/loopingcall.py:125}}
Jun 12 02:28:42.867923 np0000002705 nova-scheduler[94369]: DEBUG dbcounter [-] [94369] Writing DB stats nova_api:SELECT=3 {{(pid=94369) stat_writer /opt/stack/data/venv/lib/python3.12/site-packages/dbcounter.py:115}}
Jun 12 02:28:43.001356 np0000002705 nova-scheduler[94369]: DEBUG dbcounter [-] [94369] Writing DB stats nova_cell0:SELECT=1 {{(pid=94369) stat_writer /opt/stack/data/venv/lib/python3.12/site-packages/dbcounter.py:115}}
Jun 12 02:28:43.008434 np0000002705 nova-scheduler[94369]: DEBUG dbcounter [-] [94369] Writing DB stats nova_cell1:SELECT=1 {{(pid=94369) stat_writer /opt/stack/data/venv/lib/python3.12/site-packages/dbcounter.py:115}}
Jun 12 02:28:49.332334 np0000002705 nova-scheduler[95605]: DEBUG dbcounter [-] [95605] Writing DB stats nova_cell0:SELECT=4,nova_cell0:INSERT=1,nova_cell0:UPDATE=1 {{(pid=95605) stat_writer /opt/stack/data/venv/lib/python3.12/site-packages/dbcounter.py:115}}
Jun 12 02:28:49.336027 np0000002705 nova-scheduler[95615]: DEBUG dbcounter [-] [95615] Writing DB stats nova_cell0:SELECT=5,nova_cell0:INSERT=1,nova_cell0:UPDATE=1 {{(pid=95615) stat_writer /opt/stack/data/venv/lib/python3.12/site-packages/dbcounter.py:115}}
Jun 12 02:28:49.338014 np0000002705 nova-scheduler[95620]: DEBUG dbcounter [-] [95620] Writing DB stats nova_cell0:SELECT=3 {{(pid=95620) stat_writer /opt/stack/data/venv/lib/python3.12/site-packages/dbcounter.py:115}}
Jun 12 02:29:16.324201 np0000002705 nova-scheduler[95605]: DEBUG oslo.service.backend._threading.loopingcall [None req-6ac886c9-57db-455b-8ca6-3c759b352ff2 None None] Dynamic interval looping call 'nova.service.Service.periodic_tasks' sleeping for 60.00 seconds {{(pid=95605) _run_loop /opt/stack/data/venv/lib/python3.12/site-packages/oslo_service/backend/_threading/loopingcall.py:125}}
Jun 12 02:29:34.328630 np0000002705 nova-scheduler[95615]: DEBUG oslo.service.backend._threading.loopingcall [None req-a3397c46-ed1f-472f-b3b9-2dd4a1d0d5df None None] Dynamic interval looping call 'nova.service.Service.periodic_tasks' sleeping for 60.00 seconds {{(pid=95615) _run_loop /opt/stack/data/venv/lib/python3.12/site-packages/oslo_service/backend/_threading/loopingcall.py:125}}
Jun 12 02:29:34.330189 np0000002705 nova-scheduler[95620]: DEBUG oslo.service.backend._threading.loopingcall [None req-69299e75-471d-4bfa-94a3-5e13d2434107 None None] Dynamic interval looping call 'nova.service.Service.periodic_tasks' sleeping for 60.00 seconds {{(pid=95620) _run_loop /opt/stack/data/venv/lib/python3.12/site-packages/oslo_service/backend/_threading/loopingcall.py:125}}
Jun 12 02:30:16.324659 np0000002705 nova-scheduler[95605]: DEBUG oslo.service.backend._threading.loopingcall [None req-6ac886c9-57db-455b-8ca6-3c759b352ff2 None None] Dynamic interval looping call 'nova.service.Service.periodic_tasks' sleeping for 60.00 seconds {{(pid=95605) _run_loop /opt/stack/data/venv/lib/python3.12/site-packages/oslo_service/backend/_threading/loopingcall.py:125}}
Jun 12 02:30:34.329058 np0000002705 nova-scheduler[95615]: DEBUG oslo.service.backend._threading.loopingcall [None req-a3397c46-ed1f-472f-b3b9-2dd4a1d0d5df None None] Dynamic interval looping call 'nova.service.Service.periodic_tasks' sleeping for 60.00 seconds {{(pid=95615) _run_loop /opt/stack/data/venv/lib/python3.12/site-packages/oslo_service/backend/_threading/loopingcall.py:125}}
Jun 12 02:30:34.330668 np0000002705 nova-scheduler[95620]: DEBUG oslo.service.backend._threading.loopingcall [None req-69299e75-471d-4bfa-94a3-5e13d2434107 None None] Dynamic interval looping call 'nova.service.Service.periodic_tasks' sleeping for 60.00 seconds {{(pid=95620) _run_loop /opt/stack/data/venv/lib/python3.12/site-packages/oslo_service/backend/_threading/loopingcall.py:125}}
Jun 12 02:30:39.334745 np0000002705 nova-scheduler[95605]: DEBUG oslo.service.backend._threading.loopingcall [-] Fixed interval looping call 'nova.servicegroup.drivers.db.DbDriver._report_state' sleeping for 119.99 seconds {{(pid=95605) _run_loop /opt/stack/data/venv/lib/python3.12/site-packages/oslo_service/backend/_threading/loopingcall.py:125}}
Jun 12 02:30:39.335769 np0000002705 nova-scheduler[95620]: DEBUG oslo.service.backend._threading.loopingcall [-] Fixed interval looping call 'nova.servicegroup.drivers.db.DbDriver._report_state' sleeping for 120.00 seconds {{(pid=95620) _run_loop /opt/stack/data/venv/lib/python3.12/site-packages/oslo_service/backend/_threading/loopingcall.py:125}}
Jun 12 02:30:39.336164 np0000002705 nova-scheduler[95615]: DEBUG oslo.service.backend._threading.loopingcall [-] Fixed interval looping call 'nova.servicegroup.drivers.db.DbDriver._report_state' sleeping for 119.99 seconds {{(pid=95615) _run_loop /opt/stack/data/venv/lib/python3.12/site-packages/oslo_service/backend/_threading/loopingcall.py:125}}
Jun 12 02:30:49.329850 np0000002705 nova-scheduler[95605]: DEBUG dbcounter [-] [95605] Writing DB stats nova_cell0:SELECT=1,nova_cell0:UPDATE=1 {{(pid=95605) stat_writer /opt/stack/data/venv/lib/python3.12/site-packages/dbcounter.py:115}}
Jun 12 02:30:49.331151 np0000002705 nova-scheduler[95615]: DEBUG dbcounter [-] [95615] Writing DB stats nova_cell0:SELECT=1,nova_cell0:UPDATE=1 {{(pid=95615) stat_writer /opt/stack/data/venv/lib/python3.12/site-packages/dbcounter.py:115}}
Jun 12 02:30:49.333925 np0000002705 nova-scheduler[95620]: DEBUG dbcounter [-] [95620] Writing DB stats nova_cell0:SELECT=1 {{(pid=95620) stat_writer /opt/stack/data/venv/lib/python3.12/site-packages/dbcounter.py:115}}
Jun 12 02:31:08.080813 np0000002705 nova-scheduler[95605]: DEBUG nova.scheduler.manager [None req-768f12da-71cb-4d15-a2ee-eef3956633d8 tempest-AttachVolumeShelveTestJSON-1193855774 tempest-AttachVolumeShelveTestJSON-1193855774-project-member] Starting to schedule for instances: ['faacbf4e-e67e-4aa5-8d12-548735550dd1'] {{(pid=95605) select_destinations /opt/stack/nova/nova/scheduler/manager.py:210}}
Jun 12 02:31:08.081275 np0000002705 nova-scheduler[95605]: DEBUG nova.scheduler.request_filter [None req-768f12da-71cb-4d15-a2ee-eef3956633d8 tempest-AttachVolumeShelveTestJSON-1193855774 tempest-AttachVolumeShelveTestJSON-1193855774-project-member] compute_status_filter request filter added forbidden trait COMPUTE_STATUS_DISABLED {{(pid=95605) compute_status_filter /opt/stack/nova/nova/scheduler/request_filter.py:253}}
Jun 12 02:31:08.081387 np0000002705 nova-scheduler[95605]: DEBUG nova.scheduler.request_filter [None req-768f12da-71cb-4d15-a2ee-eef3956633d8 tempest-AttachVolumeShelveTestJSON-1193855774 tempest-AttachVolumeShelveTestJSON-1193855774-project-member] Request filter 'compute_status_filter' took 0.0 seconds {{(pid=95605) wrapper /opt/stack/nova/nova/scheduler/request_filter.py:46}}
Jun 12 02:31:08.081564 np0000002705 nova-scheduler[95605]: DEBUG nova.scheduler.request_filter [None req-768f12da-71cb-4d15-a2ee-eef3956633d8 tempest-AttachVolumeShelveTestJSON-1193855774 tempest-AttachVolumeShelveTestJSON-1193855774-project-member] Request filter 'accelerators_filter' took 0.0 seconds {{(pid=95605) wrapper /opt/stack/nova/nova/scheduler/request_filter.py:46}}
Jun 12 02:31:08.082428 np0000002705 nova-scheduler[95605]: DEBUG nova.scheduler.request_filter [None req-768f12da-71cb-4d15-a2ee-eef3956633d8 tempest-AttachVolumeShelveTestJSON-1193855774 tempest-AttachVolumeShelveTestJSON-1193855774-project-member] Request filter 'packed_virtqueue_filter' took 0.0 seconds {{(pid=95605) wrapper /opt/stack/nova/nova/scheduler/request_filter.py:46}}
Jun 12 02:31:08.082684 np0000002705 nova-scheduler[95605]: DEBUG nova.scheduler.request_filter [None req-768f12da-71cb-4d15-a2ee-eef3956633d8 tempest-AttachVolumeShelveTestJSON-1193855774 tempest-AttachVolumeShelveTestJSON-1193855774-project-member] Request filter 'remote_managed_ports_filter' took 0.0 seconds {{(pid=95605) wrapper /opt/stack/nova/nova/scheduler/request_filter.py:46}}
Jun 12 02:31:08.082845 np0000002705 nova-scheduler[95605]: DEBUG nova.scheduler.request_filter [None req-768f12da-71cb-4d15-a2ee-eef3956633d8 tempest-AttachVolumeShelveTestJSON-1193855774 tempest-AttachVolumeShelveTestJSON-1193855774-project-member] ephemeral_encryption_filter skipped {{(pid=95605) ephemeral_encryption_filter /opt/stack/nova/nova/scheduler/request_filter.py:426}}
Jun 12 02:31:08.082977 np0000002705 nova-scheduler[95605]: DEBUG nova.scheduler.request_filter [None req-768f12da-71cb-4d15-a2ee-eef3956633d8 tempest-AttachVolumeShelveTestJSON-1193855774 tempest-AttachVolumeShelveTestJSON-1193855774-project-member] virtio_sound_filter skipped {{(pid=95605) virtio_sound_filter /opt/stack/nova/nova/scheduler/request_filter.py:460}}
Jun 12 02:31:08.083261 np0000002705 nova-scheduler[95605]: DEBUG nova.scheduler.request_filter [None req-768f12da-71cb-4d15-a2ee-eef3956633d8 tempest-AttachVolumeShelveTestJSON-1193855774 tempest-AttachVolumeShelveTestJSON-1193855774-project-member] tpm_secret_security_filter skipped {{(pid=95605) tpm_secret_security_filter /opt/stack/nova/nova/scheduler/request_filter.py:477}}
Jun 12 02:31:08.994562 np0000002705 nova-scheduler[95605]: INFO nova.utils [None req-768f12da-71cb-4d15-a2ee-eef3956633d8 tempest-AttachVolumeShelveTestJSON-1193855774 tempest-AttachVolumeShelveTestJSON-1193855774-project-member] The cell worker thread pool ForkProcess-1.cell_worker is initialized
Jun 12 02:31:08.994562 np0000002705 nova-scheduler[95605]: DEBUG oslo_concurrency.lockutils [None req-768f12da-71cb-4d15-a2ee-eef3956633d8 tempest-AttachVolumeShelveTestJSON-1193855774 tempest-AttachVolumeShelveTestJSON-1193855774-project-member] Acquiring lock "1e48fb6b-2d72-4d72-aee6-e2782880370e" by "nova.context.set_target_cell..get_or_set_cached_cell_and_set_connections" {{(pid=95605) inner /opt/stack/data/venv/lib/python3.12/site-packages/oslo_concurrency/lockutils.py:511}}
Jun 12 02:31:08.994764 np0000002705 nova-scheduler[95605]: DEBUG oslo_concurrency.lockutils [None req-768f12da-71cb-4d15-a2ee-eef3956633d8 tempest-AttachVolumeShelveTestJSON-1193855774 tempest-AttachVolumeShelveTestJSON-1193855774-project-member] Lock "1e48fb6b-2d72-4d72-aee6-e2782880370e" acquired by "nova.context.set_target_cell..get_or_set_cached_cell_and_set_connections" :: waited 0.000s {{(pid=95605) inner /opt/stack/data/venv/lib/python3.12/site-packages/oslo_concurrency/lockutils.py:524}}
Jun 12 02:31:08.996084 np0000002705 nova-scheduler[95605]: DEBUG oslo_concurrency.lockutils [None req-768f12da-71cb-4d15-a2ee-eef3956633d8 tempest-AttachVolumeShelveTestJSON-1193855774 tempest-AttachVolumeShelveTestJSON-1193855774-project-member] Lock "1e48fb6b-2d72-4d72-aee6-e2782880370e" "released" by "nova.context.set_target_cell..get_or_set_cached_cell_and_set_connections" :: held 0.001s {{(pid=95605) inner /opt/stack/data/venv/lib/python3.12/site-packages/oslo_concurrency/lockutils.py:543}}
Jun 12 02:31:08.999019 np0000002705 nova-scheduler[95605]: INFO dbcounter [None req-768f12da-71cb-4d15-a2ee-eef3956633d8 tempest-AttachVolumeShelveTestJSON-1193855774 tempest-AttachVolumeShelveTestJSON-1193855774-project-member] Registered counter for database nova_cell1
Jun 12 02:31:09.054057 np0000002705 nova-scheduler[95605]: DEBUG oslo_db.sqlalchemy.engines [None req-768f12da-71cb-4d15-a2ee-eef3956633d8 tempest-AttachVolumeShelveTestJSON-1193855774 tempest-AttachVolumeShelveTestJSON-1193855774-project-member] MySQL server mode set to STRICT_TRANS_TABLES,STRICT_ALL_TABLES,NO_ZERO_IN_DATE,NO_ZERO_DATE,ERROR_FOR_DIVISION_BY_ZERO,TRADITIONAL,NO_ENGINE_SUBSTITUTION {{(pid=95605) _check_effective_sql_mode /opt/stack/data/venv/lib/python3.12/site-packages/oslo_db/sqlalchemy/engines.py:325}}
Jun 12 02:31:09.060206 np0000002705 nova-scheduler[95605]: DEBUG dbcounter [-] [95605] Writer thread running {{(pid=95605) stat_writer /opt/stack/data/venv/lib/python3.12/site-packages/dbcounter.py:102}}
Jun 12 02:31:09.074772 np0000002705 nova-scheduler[95605]: DEBUG oslo_db.sqlalchemy.engines [None req-768f12da-71cb-4d15-a2ee-eef3956633d8 tempest-AttachVolumeShelveTestJSON-1193855774 tempest-AttachVolumeShelveTestJSON-1193855774-project-member] Parent process 94369 forked (95605) with an open database connection, which is being discarded and recreated. {{(pid=95605) checkout /opt/stack/data/venv/lib/python3.12/site-packages/oslo_db/sqlalchemy/engines.py:402}}
Jun 12 02:31:09.127720 np0000002705 nova-scheduler[95605]: DEBUG dbcounter [-] [95605] Writer thread running {{(pid=95605) stat_writer /opt/stack/data/venv/lib/python3.12/site-packages/dbcounter.py:102}}
Jun 12 02:31:09.130907 np0000002705 nova-scheduler[95605]: DEBUG oslo_concurrency.lockutils [None req-768f12da-71cb-4d15-a2ee-eef3956633d8 tempest-AttachVolumeShelveTestJSON-1193855774 tempest-AttachVolumeShelveTestJSON-1193855774-project-member] Acquiring lock "1e48fb6b-2d72-4d72-aee6-e2782880370e" by "nova.context.set_target_cell..get_or_set_cached_cell_and_set_connections" {{(pid=95605) inner /opt/stack/data/venv/lib/python3.12/site-packages/oslo_concurrency/lockutils.py:511}}
Jun 12 02:31:09.131110 np0000002705 nova-scheduler[95605]: DEBUG oslo_concurrency.lockutils [None req-768f12da-71cb-4d15-a2ee-eef3956633d8 tempest-AttachVolumeShelveTestJSON-1193855774 tempest-AttachVolumeShelveTestJSON-1193855774-project-member] Lock "1e48fb6b-2d72-4d72-aee6-e2782880370e" acquired by "nova.context.set_target_cell..get_or_set_cached_cell_and_set_connections" :: waited 0.000s {{(pid=95605) inner /opt/stack/data/venv/lib/python3.12/site-packages/oslo_concurrency/lockutils.py:524}}
Jun 12 02:31:09.131295 np0000002705 nova-scheduler[95605]: DEBUG oslo_concurrency.lockutils [None req-768f12da-71cb-4d15-a2ee-eef3956633d8 tempest-AttachVolumeShelveTestJSON-1193855774 tempest-AttachVolumeShelveTestJSON-1193855774-project-member] Lock "1e48fb6b-2d72-4d72-aee6-e2782880370e" "released" by "nova.context.set_target_cell..get_or_set_cached_cell_and_set_connections" :: held 0.000s {{(pid=95605) inner /opt/stack/data/venv/lib/python3.12/site-packages/oslo_concurrency/lockutils.py:543}}
Jun 12 02:31:09.134781 np0000002705 nova-scheduler[95605]: DEBUG oslo_concurrency.lockutils [None req-768f12da-71cb-4d15-a2ee-eef3956633d8 tempest-AttachVolumeShelveTestJSON-1193855774 tempest-AttachVolumeShelveTestJSON-1193855774-project-member] Acquiring lock "('np0000002705', 'np0000002705')" by "nova.scheduler.host_manager.HostState.update.._locked_update" {{(pid=95605) inner /opt/stack/data/venv/lib/python3.12/site-packages/oslo_concurrency/lockutils.py:511}}
Jun 12 02:31:09.134962 np0000002705 nova-scheduler[95605]: DEBUG oslo_concurrency.lockutils [None req-768f12da-71cb-4d15-a2ee-eef3956633d8 tempest-AttachVolumeShelveTestJSON-1193855774 tempest-AttachVolumeShelveTestJSON-1193855774-project-member] Lock "('np0000002705', 'np0000002705')" acquired by "nova.scheduler.host_manager.HostState.update.._locked_update" :: waited 0.000s {{(pid=95605) inner /opt/stack/data/venv/lib/python3.12/site-packages/oslo_concurrency/lockutils.py:524}}
Jun 12 02:31:09.136250 np0000002705 nova-scheduler[95605]: DEBUG nova.scheduler.host_manager [None req-768f12da-71cb-4d15-a2ee-eef3956633d8 tempest-AttachVolumeShelveTestJSON-1193855774 tempest-AttachVolumeShelveTestJSON-1193855774-project-member] Update host state from compute node: ComputeNode(cpu_allocation_ratio=4.0,cpu_info='{"arch": "x86_64", "model": "EPYC-Milan", "vendor": "AMD", "topology": {"cells": 1, "sockets": 12, "cores": 1, "threads": 1}, "maxphysaddr": {"mode": "emulate", "bits": 40}, "features": ["syscall", "pat", "apic", "aes", "rdseed", "rdtscp", "smap", "skip-l1dfl-vmentry", "misalignsse", "mtrr", "abm", "sse2", "npt", "msr", "lfence-always-serializing", "nrip-save", "cx8", "xsaves", "stibp-always-on", "pcid", "sha-ni", "clflush", "fsgsbase", "umip", "adx", "xgetbv1", "erms", "clzero", "pku", "cx16", "tsc-deadline", "fpu", "sse", "fxsr_opt", "lbrv", "avx", "pause-filter", "flushbyasid", "pfthreshold", "3dnowprefetch", "ssbd", "arch-capabilities", "rdrand", "pae", "gds-no", "amd-stibp", "mmx", "sse4.2", "amd-psfd", "xsaveopt", "pge", "ssse3", "f16c", "rdctl-no", "tsc_adjust", "x2apic", "mmxext", "vpclmulqdq", "mce", "pni", "v-vmsave-vmload", "mca", "pse36", "cmp_legacy", "no-nested-data-bp", "lm", "stibp", "vaes", "de", "movbe", "lahf_lm", "ibrs", "smep", "arat", "cr8legacy", "vgif", "osvw", "ibpb", "sse4a", "hypervisor", "amd-ssbd", "invpcid", "xsavec", "rdpid", "mds-no", "pdpe1gb", "wbnoinvd", "vmcb-clean", "nx", "cmov", "xsaveerptr", "sse4.1", "bmi2", "bmi1", "pschange-mc-no", "vme", "xsave", "sep", "avx2", "topoext", "tsc-scale", "pclmuldq", "virt-ssbd", "svm", "svme-addr-chk", "clflushopt", "perfctr_core", "fma", "null-sel-clr-base", "popcnt", "spec-ctrl", "tsc", "clwb", "pse", "fxsr", "fsrm"]}',created_at=2026-06-12T02:28:58Z,current_workload=0,deleted=False,deleted_at=None,disk_allocation_ratio=1.0,disk_available_least=74,free_disk_gb=95,free_ram_mb=23518,host='np0000002705',host_ip=10.4.3.42,hypervisor_hostname='np0000002705',hypervisor_type='QEMU',hypervisor_version=8002002,id=1,local_gb=95,local_gb_used=0,mapped=1,memory_mb=24030,memory_mb_used=512,metrics='[]',numa_topology='{"nova_object.name": "NUMATopology", "nova_object.namespace": "nova", "nova_object.version": "1.2", "nova_object.data": {"cells": [{"nova_object.name": "NUMACell", "nova_object.namespace": "nova", "nova_object.version": "1.5", "nova_object.data": {"id": 0, "cpuset": [0, 1, 2, 3, 4, 5, 6, 7, 8, 9, 10, 11], "pcpuset": [0, 1, 2, 3, 4, 5, 6, 7, 8, 9, 10, 11], "memory": 24030, "cpu_usage": 0, "memory_usage": 0, "pinned_cpus": [], "siblings": [[6], [2], [5], [11], [8], [4], [1], [7], [10], [0], [3], [9]], "mempages": [{"nova_object.name": "NUMAPagesTopology", "nova_object.namespace": "nova", "nova_object.version": "1.1", "nova_object.data": {"size_kb": 4, "total": 6151798, "used": 0, "reserved": 0}, "nova_object.changes": ["total", "reserved", "size_kb", "used"]}, {"nova_object.name": "NUMAPagesTopology", "nova_object.namespace": "nova", "nova_object.version": "1.1", "nova_object.data": {"size_kb": 2048, "total": 0, "used": 0, "reserved": 0}, "nova_object.changes": ["total", "reserved", "size_kb", "used"]}, {"nova_object.name": "NUMAPagesTopology", "nova_object.namespace": "nova", "nova_object.version": "1.1", "nova_object.data": {"size_kb": 1048576, "total": 0, "used": 0, "reserved": 0}, "nova_object.changes": ["total", "reserved", "size_kb", "used"]}], "network_metadata": {"nova_object.name": "NetworkMetadata", "nova_object.namespace": "nova", "nova_object.version": "1.0", "nova_object.data": {"physnets": [], "tunneled": false}, "nova_object.changes": ["physnets", "tunneled"]}, "socket": null}, "nova_object.changes": ["pcpuset", "memory_usage", "pinned_cpus", "network_metadata", "mempages", "socket", "cpuset", "memory", "siblings", "id", "cpu_usage"]}]}, "nova_object.changes": ["cells"]}',pci_device_pools=PciDevicePoolList,ram_allocation_ratio=1.0,running_vms=0,service_id=2,stats={failed_builds='0',uptime=' 02:30:45 up 25 min, 2 users, load average: 1.88, 1.58, 0.88
Jun 12 02:31:09.136250 np0000002705 nova-scheduler[95605]: '},supported_hv_specs=[HVSpec,HVSpec,HVSpec,HVSpec,HVSpec,HVSpec,HVSpec,HVSpec,HVSpec,HVSpec,HVSpec,HVSpec,HVSpec,HVSpec,HVSpec,HVSpec,HVSpec,HVSpec,HVSpec,HVSpec,HVSpec,HVSpec,HVSpec,HVSpec,HVSpec],updated_at=2026-06-12T02:30:47Z,uuid=b4e4939b-330d-46d9-94be-808b80000803,vcpus=12,vcpus_used=0) {{(pid=95605) _locked_update /opt/stack/nova/nova/scheduler/host_manager.py:168}}
Jun 12 02:31:09.137327 np0000002705 nova-scheduler[95605]: DEBUG nova.scheduler.host_manager [None req-768f12da-71cb-4d15-a2ee-eef3956633d8 tempest-AttachVolumeShelveTestJSON-1193855774 tempest-AttachVolumeShelveTestJSON-1193855774-project-member] Update host state with aggregates: [] {{(pid=95605) _locked_update /opt/stack/nova/nova/scheduler/host_manager.py:171}}
Jun 12 02:31:09.137464 np0000002705 nova-scheduler[95605]: DEBUG nova.scheduler.host_manager [None req-768f12da-71cb-4d15-a2ee-eef3956633d8 tempest-AttachVolumeShelveTestJSON-1193855774 tempest-AttachVolumeShelveTestJSON-1193855774-project-member] Update host state with service dict: {'id': 2, 'uuid': '0afab051-1d93-42b3-8bcf-e61222f11544', 'host': 'np0000002705', 'binary': 'nova-compute', 'topic': 'compute', 'report_count': 2, 'disabled': False, 'disabled_reason': None, 'last_seen_up': datetime.datetime(2026, 6, 12, 2, 31, 7, tzinfo=datetime.timezone.utc), 'forced_down': False, 'version': 72, 'created_at': datetime.datetime(2026, 6, 12, 2, 28, 57, tzinfo=datetime.timezone.utc), 'updated_at': datetime.datetime(2026, 6, 12, 2, 31, 7, tzinfo=datetime.timezone.utc), 'deleted_at': None, 'deleted': False} {{(pid=95605) _locked_update /opt/stack/nova/nova/scheduler/host_manager.py:174}}
Jun 12 02:31:09.137558 np0000002705 nova-scheduler[95605]: DEBUG nova.scheduler.host_manager [None req-768f12da-71cb-4d15-a2ee-eef3956633d8 tempest-AttachVolumeShelveTestJSON-1193855774 tempest-AttachVolumeShelveTestJSON-1193855774-project-member] Update host state with instances: [] {{(pid=95605) _locked_update /opt/stack/nova/nova/scheduler/host_manager.py:177}}
Jun 12 02:31:09.137700 np0000002705 nova-scheduler[95605]: DEBUG oslo_concurrency.lockutils [None req-768f12da-71cb-4d15-a2ee-eef3956633d8 tempest-AttachVolumeShelveTestJSON-1193855774 tempest-AttachVolumeShelveTestJSON-1193855774-project-member] Lock "('np0000002705', 'np0000002705')" "released" by "nova.scheduler.host_manager.HostState.update.._locked_update" :: held 0.003s {{(pid=95605) inner /opt/stack/data/venv/lib/python3.12/site-packages/oslo_concurrency/lockutils.py:543}}
Jun 12 02:31:09.138289 np0000002705 nova-scheduler[95605]: DEBUG nova.filters [None req-768f12da-71cb-4d15-a2ee-eef3956633d8 tempest-AttachVolumeShelveTestJSON-1193855774 tempest-AttachVolumeShelveTestJSON-1193855774-project-member] Starting with 1 host(s) {{(pid=95605) get_filtered_objects /opt/stack/nova/nova/filters.py:70}}
Jun 12 02:31:09.138561 np0000002705 nova-scheduler[95605]: DEBUG nova.filters [None req-768f12da-71cb-4d15-a2ee-eef3956633d8 tempest-AttachVolumeShelveTestJSON-1193855774 tempest-AttachVolumeShelveTestJSON-1193855774-project-member] Filter ComputeFilter returned 1 host(s) {{(pid=95605) get_filtered_objects /opt/stack/nova/nova/filters.py:102}}
Jun 12 02:31:09.138807 np0000002705 nova-scheduler[95605]: DEBUG nova.filters [None req-768f12da-71cb-4d15-a2ee-eef3956633d8 tempest-AttachVolumeShelveTestJSON-1193855774 tempest-AttachVolumeShelveTestJSON-1193855774-project-member] Filter ComputeCapabilitiesFilter returned 1 host(s) {{(pid=95605) get_filtered_objects /opt/stack/nova/nova/filters.py:102}}
Jun 12 02:31:09.138973 np0000002705 nova-scheduler[95605]: DEBUG nova.filters [None req-768f12da-71cb-4d15-a2ee-eef3956633d8 tempest-AttachVolumeShelveTestJSON-1193855774 tempest-AttachVolumeShelveTestJSON-1193855774-project-member] Filter ImagePropertiesFilter returned 1 host(s) {{(pid=95605) get_filtered_objects /opt/stack/nova/nova/filters.py:102}}
Jun 12 02:31:09.139133 np0000002705 nova-scheduler[95605]: DEBUG nova.filters [None req-768f12da-71cb-4d15-a2ee-eef3956633d8 tempest-AttachVolumeShelveTestJSON-1193855774 tempest-AttachVolumeShelveTestJSON-1193855774-project-member] Filter ServerGroupAntiAffinityFilter returned 1 host(s) {{(pid=95605) get_filtered_objects /opt/stack/nova/nova/filters.py:102}}
Jun 12 02:31:09.139348 np0000002705 nova-scheduler[95605]: DEBUG nova.filters [None req-768f12da-71cb-4d15-a2ee-eef3956633d8 tempest-AttachVolumeShelveTestJSON-1193855774 tempest-AttachVolumeShelveTestJSON-1193855774-project-member] Filter ServerGroupAffinityFilter returned 1 host(s) {{(pid=95605) get_filtered_objects /opt/stack/nova/nova/filters.py:102}}
Jun 12 02:31:09.139499 np0000002705 nova-scheduler[95605]: DEBUG nova.filters [None req-768f12da-71cb-4d15-a2ee-eef3956633d8 tempest-AttachVolumeShelveTestJSON-1193855774 tempest-AttachVolumeShelveTestJSON-1193855774-project-member] Filter SameHostFilter returned 1 host(s) {{(pid=95605) get_filtered_objects /opt/stack/nova/nova/filters.py:102}}
Jun 12 02:31:09.139681 np0000002705 nova-scheduler[95605]: DEBUG nova.filters [None req-768f12da-71cb-4d15-a2ee-eef3956633d8 tempest-AttachVolumeShelveTestJSON-1193855774 tempest-AttachVolumeShelveTestJSON-1193855774-project-member] Filter DifferentHostFilter returned 1 host(s) {{(pid=95605) get_filtered_objects /opt/stack/nova/nova/filters.py:102}}
Jun 12 02:31:09.139871 np0000002705 nova-scheduler[95605]: DEBUG nova.scheduler.manager [None req-768f12da-71cb-4d15-a2ee-eef3956633d8 tempest-AttachVolumeShelveTestJSON-1193855774 tempest-AttachVolumeShelveTestJSON-1193855774-project-member] Filtered [(np0000002705, np0000002705) ram: 23518MB disk: 75776MB io_ops: 0 instances: 0, allocation_candidates: 1] {{(pid=95605) _get_sorted_hosts /opt/stack/nova/nova/scheduler/manager.py:743}}
Jun 12 02:31:09.140157 np0000002705 nova-scheduler[95605]: DEBUG nova.scheduler.manager [None req-768f12da-71cb-4d15-a2ee-eef3956633d8 tempest-AttachVolumeShelveTestJSON-1193855774 tempest-AttachVolumeShelveTestJSON-1193855774-project-member] Weighed [WeighedHost [host: (np0000002705, np0000002705) ram: 23518MB disk: 75776MB io_ops: 0 instances: 0, allocation_candidates: 1, weight: 0.0]] {{(pid=95605) _get_sorted_hosts /opt/stack/nova/nova/scheduler/manager.py:765}}
Jun 12 02:31:09.140404 np0000002705 nova-scheduler[95605]: DEBUG nova.scheduler.utils [None req-768f12da-71cb-4d15-a2ee-eef3956633d8 tempest-AttachVolumeShelveTestJSON-1193855774 tempest-AttachVolumeShelveTestJSON-1193855774-project-member] Attempting to claim resources in the placement API for instance faacbf4e-e67e-4aa5-8d12-548735550dd1 {{(pid=95605) claim_resources /opt/stack/nova/nova/scheduler/utils.py:1345}}
Jun 12 02:31:09.331648 np0000002705 nova-scheduler[95605]: DEBUG nova.scheduler.manager [None req-768f12da-71cb-4d15-a2ee-eef3956633d8 tempest-AttachVolumeShelveTestJSON-1193855774 tempest-AttachVolumeShelveTestJSON-1193855774-project-member] [instance: faacbf4e-e67e-4aa5-8d12-548735550dd1] Selected host: (np0000002705, np0000002705) ram: 23518MB disk: 75776MB io_ops: 0 instances: 0, allocation_candidates: 1 {{(pid=95605) _consume_selected_host /opt/stack/nova/nova/scheduler/manager.py:625}}
Jun 12 02:31:09.331889 np0000002705 nova-scheduler[95605]: DEBUG oslo_concurrency.lockutils [None req-768f12da-71cb-4d15-a2ee-eef3956633d8 tempest-AttachVolumeShelveTestJSON-1193855774 tempest-AttachVolumeShelveTestJSON-1193855774-project-member] Acquiring lock "('np0000002705', 'np0000002705')" by "nova.scheduler.host_manager.HostState.consume_from_request.._locked" {{(pid=95605) inner /opt/stack/data/venv/lib/python3.12/site-packages/oslo_concurrency/lockutils.py:511}}
Jun 12 02:31:09.332140 np0000002705 nova-scheduler[95605]: DEBUG oslo_concurrency.lockutils [None req-768f12da-71cb-4d15-a2ee-eef3956633d8 tempest-AttachVolumeShelveTestJSON-1193855774 tempest-AttachVolumeShelveTestJSON-1193855774-project-member] Lock "('np0000002705', 'np0000002705')" acquired by "nova.scheduler.host_manager.HostState.consume_from_request.._locked" :: waited 0.000s {{(pid=95605) inner /opt/stack/data/venv/lib/python3.12/site-packages/oslo_concurrency/lockutils.py:524}}
Jun 12 02:31:09.332326 np0000002705 nova-scheduler[95605]: DEBUG oslo_concurrency.lockutils [None req-768f12da-71cb-4d15-a2ee-eef3956633d8 tempest-AttachVolumeShelveTestJSON-1193855774 tempest-AttachVolumeShelveTestJSON-1193855774-project-member] Lock "('np0000002705', 'np0000002705')" "released" by "nova.scheduler.host_manager.HostState.consume_from_request.._locked" :: held 0.000s {{(pid=95605) inner /opt/stack/data/venv/lib/python3.12/site-packages/oslo_concurrency/lockutils.py:543}}
Jun 12 02:31:12.967401 np0000002705 nova-scheduler[95615]: DEBUG nova.scheduler.manager [None req-71db0781-57de-48d6-8341-7e7b0c8fb1db tempest-AttachSCSIVolumeTestJSON-1579263720 tempest-AttachSCSIVolumeTestJSON-1579263720-project-member] Starting to schedule for instances: ['4c98b791-82bf-4bc6-95d1-e06bd509c7cb'] {{(pid=95615) select_destinations /opt/stack/nova/nova/scheduler/manager.py:210}}
Jun 12 02:31:12.968781 np0000002705 nova-scheduler[95615]: DEBUG nova.scheduler.request_filter [None req-71db0781-57de-48d6-8341-7e7b0c8fb1db tempest-AttachSCSIVolumeTestJSON-1579263720 tempest-AttachSCSIVolumeTestJSON-1579263720-project-member] compute_status_filter request filter added forbidden trait COMPUTE_STATUS_DISABLED {{(pid=95615) compute_status_filter /opt/stack/nova/nova/scheduler/request_filter.py:253}}
Jun 12 02:31:12.969110 np0000002705 nova-scheduler[95615]: DEBUG nova.scheduler.request_filter [None req-71db0781-57de-48d6-8341-7e7b0c8fb1db tempest-AttachSCSIVolumeTestJSON-1579263720 tempest-AttachSCSIVolumeTestJSON-1579263720-project-member] Request filter 'compute_status_filter' took 0.0 seconds {{(pid=95615) wrapper /opt/stack/nova/nova/scheduler/request_filter.py:46}}
Jun 12 02:31:12.969248 np0000002705 nova-scheduler[95615]: DEBUG nova.scheduler.request_filter [None req-71db0781-57de-48d6-8341-7e7b0c8fb1db tempest-AttachSCSIVolumeTestJSON-1579263720 tempest-AttachSCSIVolumeTestJSON-1579263720-project-member] Request filter 'accelerators_filter' took 0.0 seconds {{(pid=95615) wrapper /opt/stack/nova/nova/scheduler/request_filter.py:46}}
Jun 12 02:31:12.969483 np0000002705 nova-scheduler[95615]: DEBUG nova.scheduler.request_filter [None req-71db0781-57de-48d6-8341-7e7b0c8fb1db tempest-AttachSCSIVolumeTestJSON-1579263720 tempest-AttachSCSIVolumeTestJSON-1579263720-project-member] Request filter 'packed_virtqueue_filter' took 0.0 seconds {{(pid=95615) wrapper /opt/stack/nova/nova/scheduler/request_filter.py:46}}
Jun 12 02:31:12.969812 np0000002705 nova-scheduler[95615]: DEBUG nova.scheduler.request_filter [None req-71db0781-57de-48d6-8341-7e7b0c8fb1db tempest-AttachSCSIVolumeTestJSON-1579263720 tempest-AttachSCSIVolumeTestJSON-1579263720-project-member] Request filter 'remote_managed_ports_filter' took 0.0 seconds {{(pid=95615) wrapper /opt/stack/nova/nova/scheduler/request_filter.py:46}}
Jun 12 02:31:12.969985 np0000002705 nova-scheduler[95615]: DEBUG nova.scheduler.request_filter [None req-71db0781-57de-48d6-8341-7e7b0c8fb1db tempest-AttachSCSIVolumeTestJSON-1579263720 tempest-AttachSCSIVolumeTestJSON-1579263720-project-member] ephemeral_encryption_filter skipped {{(pid=95615) ephemeral_encryption_filter /opt/stack/nova/nova/scheduler/request_filter.py:426}}
Jun 12 02:31:12.970218 np0000002705 nova-scheduler[95615]: DEBUG nova.scheduler.request_filter [None req-71db0781-57de-48d6-8341-7e7b0c8fb1db tempest-AttachSCSIVolumeTestJSON-1579263720 tempest-AttachSCSIVolumeTestJSON-1579263720-project-member] virtio_sound_filter skipped {{(pid=95615) virtio_sound_filter /opt/stack/nova/nova/scheduler/request_filter.py:460}}
Jun 12 02:31:12.970391 np0000002705 nova-scheduler[95615]: DEBUG nova.scheduler.request_filter [None req-71db0781-57de-48d6-8341-7e7b0c8fb1db tempest-AttachSCSIVolumeTestJSON-1579263720 tempest-AttachSCSIVolumeTestJSON-1579263720-project-member] tpm_secret_security_filter skipped {{(pid=95615) tpm_secret_security_filter /opt/stack/nova/nova/scheduler/request_filter.py:477}}
Jun 12 02:31:13.075461 np0000002705 nova-scheduler[95615]: INFO nova.utils [None req-71db0781-57de-48d6-8341-7e7b0c8fb1db tempest-AttachSCSIVolumeTestJSON-1579263720 tempest-AttachSCSIVolumeTestJSON-1579263720-project-member] The cell worker thread pool ForkProcess-2.cell_worker is initialized
Jun 12 02:31:13.076138 np0000002705 nova-scheduler[95615]: DEBUG oslo_concurrency.lockutils [None req-71db0781-57de-48d6-8341-7e7b0c8fb1db tempest-AttachSCSIVolumeTestJSON-1579263720 tempest-AttachSCSIVolumeTestJSON-1579263720-project-member] Acquiring lock "1e48fb6b-2d72-4d72-aee6-e2782880370e" by "nova.context.set_target_cell..get_or_set_cached_cell_and_set_connections" {{(pid=95615) inner /opt/stack/data/venv/lib/python3.12/site-packages/oslo_concurrency/lockutils.py:511}}
Jun 12 02:31:13.076138 np0000002705 nova-scheduler[95615]: DEBUG oslo_concurrency.lockutils [None req-71db0781-57de-48d6-8341-7e7b0c8fb1db tempest-AttachSCSIVolumeTestJSON-1579263720 tempest-AttachSCSIVolumeTestJSON-1579263720-project-member] Lock "1e48fb6b-2d72-4d72-aee6-e2782880370e" acquired by "nova.context.set_target_cell..get_or_set_cached_cell_and_set_connections" :: waited 0.000s {{(pid=95615) inner /opt/stack/data/venv/lib/python3.12/site-packages/oslo_concurrency/lockutils.py:524}}
Jun 12 02:31:13.077266 np0000002705 nova-scheduler[95615]: DEBUG oslo_concurrency.lockutils [None req-71db0781-57de-48d6-8341-7e7b0c8fb1db tempest-AttachSCSIVolumeTestJSON-1579263720 tempest-AttachSCSIVolumeTestJSON-1579263720-project-member] Lock "1e48fb6b-2d72-4d72-aee6-e2782880370e" "released" by "nova.context.set_target_cell..get_or_set_cached_cell_and_set_connections" :: held 0.001s {{(pid=95615) inner /opt/stack/data/venv/lib/python3.12/site-packages/oslo_concurrency/lockutils.py:543}}
Jun 12 02:31:13.079016 np0000002705 nova-scheduler[95615]: INFO dbcounter [None req-71db0781-57de-48d6-8341-7e7b0c8fb1db tempest-AttachSCSIVolumeTestJSON-1579263720 tempest-AttachSCSIVolumeTestJSON-1579263720-project-member] Registered counter for database nova_cell1
Jun 12 02:31:13.122503 np0000002705 nova-scheduler[95615]: DEBUG oslo_db.sqlalchemy.engines [None req-71db0781-57de-48d6-8341-7e7b0c8fb1db tempest-AttachSCSIVolumeTestJSON-1579263720 tempest-AttachSCSIVolumeTestJSON-1579263720-project-member] MySQL server mode set to STRICT_TRANS_TABLES,STRICT_ALL_TABLES,NO_ZERO_IN_DATE,NO_ZERO_DATE,ERROR_FOR_DIVISION_BY_ZERO,TRADITIONAL,NO_ENGINE_SUBSTITUTION {{(pid=95615) _check_effective_sql_mode /opt/stack/data/venv/lib/python3.12/site-packages/oslo_db/sqlalchemy/engines.py:325}}
Jun 12 02:31:13.128055 np0000002705 nova-scheduler[95615]: DEBUG dbcounter [-] [95615] Writer thread running {{(pid=95615) stat_writer /opt/stack/data/venv/lib/python3.12/site-packages/dbcounter.py:102}}
Jun 12 02:31:13.174925 np0000002705 nova-scheduler[95620]: DEBUG nova.scheduler.manager [None req-e64312e2-75da-49c2-a7ba-f4bd8c173e25 tempest-TaggedAttachmentsTest-1953500165 tempest-TaggedAttachmentsTest-1953500165-project-member] Starting to schedule for instances: ['3356f73a-af0a-4f18-ae1c-edd01b2a4925'] {{(pid=95620) select_destinations /opt/stack/nova/nova/scheduler/manager.py:210}}
Jun 12 02:31:13.177125 np0000002705 nova-scheduler[95620]: DEBUG nova.scheduler.request_filter [None req-e64312e2-75da-49c2-a7ba-f4bd8c173e25 tempest-TaggedAttachmentsTest-1953500165 tempest-TaggedAttachmentsTest-1953500165-project-member] compute_status_filter request filter added forbidden trait COMPUTE_STATUS_DISABLED {{(pid=95620) compute_status_filter /opt/stack/nova/nova/scheduler/request_filter.py:253}}
Jun 12 02:31:13.177125 np0000002705 nova-scheduler[95620]: DEBUG nova.scheduler.request_filter [None req-e64312e2-75da-49c2-a7ba-f4bd8c173e25 tempest-TaggedAttachmentsTest-1953500165 tempest-TaggedAttachmentsTest-1953500165-project-member] Request filter 'compute_status_filter' took 0.0 seconds {{(pid=95620) wrapper /opt/stack/nova/nova/scheduler/request_filter.py:46}}
Jun 12 02:31:13.177511 np0000002705 nova-scheduler[95620]: DEBUG nova.scheduler.request_filter [None req-e64312e2-75da-49c2-a7ba-f4bd8c173e25 tempest-TaggedAttachmentsTest-1953500165 tempest-TaggedAttachmentsTest-1953500165-project-member] Request filter 'accelerators_filter' took 0.0 seconds {{(pid=95620) wrapper /opt/stack/nova/nova/scheduler/request_filter.py:46}}
Jun 12 02:31:13.177926 np0000002705 nova-scheduler[95620]: DEBUG nova.scheduler.request_filter [None req-e64312e2-75da-49c2-a7ba-f4bd8c173e25 tempest-TaggedAttachmentsTest-1953500165 tempest-TaggedAttachmentsTest-1953500165-project-member] Request filter 'packed_virtqueue_filter' took 0.0 seconds {{(pid=95620) wrapper /opt/stack/nova/nova/scheduler/request_filter.py:46}}
Jun 12 02:31:13.178219 np0000002705 nova-scheduler[95620]: DEBUG nova.scheduler.request_filter [None req-e64312e2-75da-49c2-a7ba-f4bd8c173e25 tempest-TaggedAttachmentsTest-1953500165 tempest-TaggedAttachmentsTest-1953500165-project-member] Request filter 'remote_managed_ports_filter' took 0.0 seconds {{(pid=95620) wrapper /opt/stack/nova/nova/scheduler/request_filter.py:46}}
Jun 12 02:31:13.178362 np0000002705 nova-scheduler[95620]: DEBUG nova.scheduler.request_filter [None req-e64312e2-75da-49c2-a7ba-f4bd8c173e25 tempest-TaggedAttachmentsTest-1953500165 tempest-TaggedAttachmentsTest-1953500165-project-member] ephemeral_encryption_filter skipped {{(pid=95620) ephemeral_encryption_filter /opt/stack/nova/nova/scheduler/request_filter.py:426}}
Jun 12 02:31:13.178483 np0000002705 nova-scheduler[95620]: DEBUG nova.scheduler.request_filter [None req-e64312e2-75da-49c2-a7ba-f4bd8c173e25 tempest-TaggedAttachmentsTest-1953500165 tempest-TaggedAttachmentsTest-1953500165-project-member] virtio_sound_filter skipped {{(pid=95620) virtio_sound_filter /opt/stack/nova/nova/scheduler/request_filter.py:460}}
Jun 12 02:31:13.178592 np0000002705 nova-scheduler[95620]: DEBUG nova.scheduler.request_filter [None req-e64312e2-75da-49c2-a7ba-f4bd8c173e25 tempest-TaggedAttachmentsTest-1953500165 tempest-TaggedAttachmentsTest-1953500165-project-member] tpm_secret_security_filter skipped {{(pid=95620) tpm_secret_security_filter /opt/stack/nova/nova/scheduler/request_filter.py:477}}
