Jul 10 20:56:01.994545 np0000005054 devstack@g-api.service[102862]: [pid: 102862|app: 0|req: 86/355] 127.0.0.1 () {40 vars in 834 bytes} [Fri Jul 10 20:56:01 2026] GET /v2/images/818736e9-96b4-4357-85f7-febcfa182c04 => generated 650 bytes in 13 msecs (HTTP/1.1 200) 4 headers in 157 bytes (1 switches on core 0)
Jul 10 20:56:02.048391 np0000005054 devstack@g-api.service[102863]: DEBUG swiftclient [None req-d6880bb4-d802-4024-8b84-6fa682671c9e tempest-VolumesActionsTest-427947760 tempest-VolumesActionsTest-427947760-project-member] REQ: curl -i https://10.4.3.45:8080/v1/AUTH_a6e47b6493914892a4f4ea661d758022/glance/818736e9-96b4-4357-85f7-febcfa182c04-00001 -X PUT -H "X-Auth-Token: gAAAAABqUVxf69na..." {{(pid=102863) http_log /opt/stack/data/venv/lib/python3.12/site-packages/swiftclient/client.py:160}}
Jul 10 20:56:02.048764 np0000005054 devstack@g-api.service[102863]: DEBUG swiftclient [None req-d6880bb4-d802-4024-8b84-6fa682671c9e tempest-VolumesActionsTest-427947760 tempest-VolumesActionsTest-427947760-project-member] RESP STATUS: 201 Created {{(pid=102863) http_log /opt/stack/data/venv/lib/python3.12/site-packages/swiftclient/client.py:161}}
Jul 10 20:56:02.048906 np0000005054 devstack@g-api.service[102863]: DEBUG swiftclient [None req-d6880bb4-d802-4024-8b84-6fa682671c9e tempest-VolumesActionsTest-427947760 tempest-VolumesActionsTest-427947760-project-member] RESP HEADERS: {'Date': 'Fri, 10 Jul 2026 20:56:02 GMT', 'Server': 'Apache/2.4.58 (Ubuntu)', 'Content-Type': 'text/html; charset=UTF-8', 'Content-Length': '0', 'Etag': 'eda9a9889837ac4bc81d6387d92c1bec', 'Last-Modified': 'Fri, 10 Jul 2026 20:56:00 GMT', 'X-Trans-Id': 'tx3dd37f60263f47d590165-006a515c5f', 'X-Openstack-Request-Id': 'tx3dd37f60263f47d590165-006a515c5f', 'Connection': 'close'} {{(pid=102863) http_log /opt/stack/data/venv/lib/python3.12/site-packages/swiftclient/client.py:162}}
Jul 10 20:56:02.049065 np0000005054 devstack@g-api.service[102863]: DEBUG glance_store._drivers.swift.store [None req-d6880bb4-d802-4024-8b84-6fa682671c9e tempest-VolumesActionsTest-427947760 tempest-VolumesActionsTest-427947760-project-member] Wrote chunk 818736e9-96b4-4357-85f7-febcfa182c04-00001 (1/?) of length 204800000 to Swift returning MD5 of content: eda9a9889837ac4bc81d6387d92c1bec {{(pid=102863) add /opt/stack/data/venv/lib/python3.12/site-packages/glance_store/_drivers/swift/store.py:1059}}
Jul 10 20:56:03.009128 np0000005054 devstack@g-api.service[102861]: DEBUG glance.api.middleware.version_negotiation [None req-c6f8bfeb-502d-4f58-859a-820b9eb84100 tempest-VolumesActionsTest-427947760 tempest-VolumesActionsTest-427947760-project-member] Determining version of request: GET /v2/images/818736e9-96b4-4357-85f7-febcfa182c04 Accept: application/json {{(pid=102861) process_request /opt/stack/glance/glance/api/middleware/version_negotiation.py:44}}
Jul 10 20:56:03.009128 np0000005054 devstack@g-api.service[102861]: DEBUG glance.api.middleware.version_negotiation [None req-c6f8bfeb-502d-4f58-859a-820b9eb84100 tempest-VolumesActionsTest-427947760 tempest-VolumesActionsTest-427947760-project-member] Using url versioning {{(pid=102861) process_request /opt/stack/glance/glance/api/middleware/version_negotiation.py:57}}
Jul 10 20:56:03.009128 np0000005054 devstack@g-api.service[102861]: DEBUG glance.api.middleware.version_negotiation [None req-c6f8bfeb-502d-4f58-859a-820b9eb84100 tempest-VolumesActionsTest-427947760 tempest-VolumesActionsTest-427947760-project-member] Matched version: v2 {{(pid=102861) process_request /opt/stack/glance/glance/api/middleware/version_negotiation.py:69}}
Jul 10 20:56:03.009597 np0000005054 devstack@g-api.service[102861]: DEBUG glance.api.middleware.version_negotiation [None req-c6f8bfeb-502d-4f58-859a-820b9eb84100 tempest-VolumesActionsTest-427947760 tempest-VolumesActionsTest-427947760-project-member] new path /v2/images/818736e9-96b4-4357-85f7-febcfa182c04 {{(pid=102861) process_request /opt/stack/glance/glance/api/middleware/version_negotiation.py:70}}
Jul 10 20:56:03.028881 np0000005054 devstack@g-api.service[102861]: [pid: 102861|app: 0|req: 88/356] 127.0.0.1 () {40 vars in 834 bytes} [Fri Jul 10 20:56:03 2026] GET /v2/images/818736e9-96b4-4357-85f7-febcfa182c04 => generated 650 bytes in 20 msecs (HTTP/1.1 200) 4 headers in 157 bytes (1 switches on core 0)
Jul 10 20:56:04.046372 np0000005054 devstack@g-api.service[102864]: DEBUG glance.api.middleware.version_negotiation [None req-e0effbf2-6e81-4a4e-a83d-638172518baf tempest-VolumesActionsTest-427947760 tempest-VolumesActionsTest-427947760-project-member] Determining version of request: GET /v2/images/818736e9-96b4-4357-85f7-febcfa182c04 Accept: application/json {{(pid=102864) process_request /opt/stack/glance/glance/api/middleware/version_negotiation.py:44}}
Jul 10 20:56:04.046372 np0000005054 devstack@g-api.service[102864]: DEBUG glance.api.middleware.version_negotiation [None req-e0effbf2-6e81-4a4e-a83d-638172518baf tempest-VolumesActionsTest-427947760 tempest-VolumesActionsTest-427947760-project-member] Using url versioning {{(pid=102864) process_request /opt/stack/glance/glance/api/middleware/version_negotiation.py:57}}
Jul 10 20:56:04.046372 np0000005054 devstack@g-api.service[102864]: DEBUG glance.api.middleware.version_negotiation [None req-e0effbf2-6e81-4a4e-a83d-638172518baf tempest-VolumesActionsTest-427947760 tempest-VolumesActionsTest-427947760-project-member] Matched version: v2 {{(pid=102864) process_request /opt/stack/glance/glance/api/middleware/version_negotiation.py:69}}
Jul 10 20:56:04.046372 np0000005054 devstack@g-api.service[102864]: DEBUG glance.api.middleware.version_negotiation [None req-e0effbf2-6e81-4a4e-a83d-638172518baf tempest-VolumesActionsTest-427947760 tempest-VolumesActionsTest-427947760-project-member] new path /v2/images/818736e9-96b4-4357-85f7-febcfa182c04 {{(pid=102864) process_request /opt/stack/glance/glance/api/middleware/version_negotiation.py:70}}
Jul 10 20:56:04.074617 np0000005054 devstack@g-api.service[102864]: [pid: 102864|app: 0|req: 93/357] 127.0.0.1 () {40 vars in 834 bytes} [Fri Jul 10 20:56:04 2026] GET /v2/images/818736e9-96b4-4357-85f7-febcfa182c04 => generated 650 bytes in 28 msecs (HTTP/1.1 200) 4 headers in 157 bytes (1 switches on core 0)
Jul 10 20:56:04.556768 np0000005054 devstack@g-api.service[102863]: DEBUG swiftclient [None req-d6880bb4-d802-4024-8b84-6fa682671c9e tempest-VolumesActionsTest-427947760 tempest-VolumesActionsTest-427947760-project-member] REQ: curl -i https://10.4.3.45:8080/v1/AUTH_a6e47b6493914892a4f4ea661d758022/glance/818736e9-96b4-4357-85f7-febcfa182c04-00002 -X PUT -H "X-Auth-Token: gAAAAABqUVxf69na..." {{(pid=102863) http_log /opt/stack/data/venv/lib/python3.12/site-packages/swiftclient/client.py:160}}
Jul 10 20:56:04.557112 np0000005054 devstack@g-api.service[102863]: DEBUG swiftclient [None req-d6880bb4-d802-4024-8b84-6fa682671c9e tempest-VolumesActionsTest-427947760 tempest-VolumesActionsTest-427947760-project-member] RESP STATUS: 201 Created {{(pid=102863) http_log /opt/stack/data/venv/lib/python3.12/site-packages/swiftclient/client.py:161}}
Jul 10 20:56:04.557157 np0000005054 devstack@g-api.service[102863]: DEBUG swiftclient [None req-d6880bb4-d802-4024-8b84-6fa682671c9e tempest-VolumesActionsTest-427947760 tempest-VolumesActionsTest-427947760-project-member] RESP HEADERS: {'Date': 'Fri, 10 Jul 2026 20:56:04 GMT', 'Server': 'Apache/2.4.58 (Ubuntu)', 'Content-Type': 'text/html; charset=UTF-8', 'Content-Length': '0', 'Etag': 'eda9a9889837ac4bc81d6387d92c1bec', 'Last-Modified': 'Fri, 10 Jul 2026 20:56:03 GMT', 'X-Trans-Id': 'tx36679682079049268b87a-006a515c62', 'X-Openstack-Request-Id': 'tx36679682079049268b87a-006a515c62', 'Connection': 'close'} {{(pid=102863) http_log /opt/stack/data/venv/lib/python3.12/site-packages/swiftclient/client.py:162}}
Jul 10 20:56:04.557307 np0000005054 devstack@g-api.service[102863]: DEBUG glance_store._drivers.swift.store [None req-d6880bb4-d802-4024-8b84-6fa682671c9e tempest-VolumesActionsTest-427947760 tempest-VolumesActionsTest-427947760-project-member] Wrote chunk 818736e9-96b4-4357-85f7-febcfa182c04-00002 (2/?) of length 204800000 to Swift returning MD5 of content: eda9a9889837ac4bc81d6387d92c1bec {{(pid=102863) add /opt/stack/data/venv/lib/python3.12/site-packages/glance_store/_drivers/swift/store.py:1059}}
Jul 10 20:56:05.085221 np0000005054 devstack@g-api.service[102862]: DEBUG glance.api.middleware.version_negotiation [None req-147a019c-4035-417d-b12e-0caf1b93d842 tempest-VolumesActionsTest-427947760 tempest-VolumesActionsTest-427947760-project-member] Determining version of request: GET /v2/images/818736e9-96b4-4357-85f7-febcfa182c04 Accept: application/json {{(pid=102862) process_request /opt/stack/glance/glance/api/middleware/version_negotiation.py:44}}
Jul 10 20:56:05.088076 np0000005054 devstack@g-api.service[102862]: DEBUG glance.api.middleware.version_negotiation [None req-147a019c-4035-417d-b12e-0caf1b93d842 tempest-VolumesActionsTest-427947760 tempest-VolumesActionsTest-427947760-project-member] Using url versioning {{(pid=102862) process_request /opt/stack/glance/glance/api/middleware/version_negotiation.py:57}}
Jul 10 20:56:05.088076 np0000005054 devstack@g-api.service[102862]: DEBUG glance.api.middleware.version_negotiation [None req-147a019c-4035-417d-b12e-0caf1b93d842 tempest-VolumesActionsTest-427947760 tempest-VolumesActionsTest-427947760-project-member] Matched version: v2 {{(pid=102862) process_request /opt/stack/glance/glance/api/middleware/version_negotiation.py:69}}
Jul 10 20:56:05.088076 np0000005054 devstack@g-api.service[102862]: DEBUG glance.api.middleware.version_negotiation [None req-147a019c-4035-417d-b12e-0caf1b93d842 tempest-VolumesActionsTest-427947760 tempest-VolumesActionsTest-427947760-project-member] new path /v2/images/818736e9-96b4-4357-85f7-febcfa182c04 {{(pid=102862) process_request /opt/stack/glance/glance/api/middleware/version_negotiation.py:70}}
Jul 10 20:56:05.107557 np0000005054 devstack@g-api.service[102862]: [pid: 102862|app: 0|req: 87/358] 127.0.0.1 () {40 vars in 834 bytes} [Fri Jul 10 20:56:05 2026] GET /v2/images/818736e9-96b4-4357-85f7-febcfa182c04 => generated 650 bytes in 21 msecs (HTTP/1.1 200) 4 headers in 157 bytes (1 switches on core 0)
Jul 10 20:56:06.120133 np0000005054 devstack@g-api.service[102861]: DEBUG glance.api.middleware.version_negotiation [None req-c14e510b-5305-44de-b717-4ff6b634b52d tempest-VolumesActionsTest-427947760 tempest-VolumesActionsTest-427947760-project-member] Determining version of request: GET /v2/images/818736e9-96b4-4357-85f7-febcfa182c04 Accept: application/json {{(pid=102861) process_request /opt/stack/glance/glance/api/middleware/version_negotiation.py:44}}
Jul 10 20:56:06.120133 np0000005054 devstack@g-api.service[102861]: DEBUG glance.api.middleware.version_negotiation [None req-c14e510b-5305-44de-b717-4ff6b634b52d tempest-VolumesActionsTest-427947760 tempest-VolumesActionsTest-427947760-project-member] Using url versioning {{(pid=102861) process_request /opt/stack/glance/glance/api/middleware/version_negotiation.py:57}}
Jul 10 20:56:06.120711 np0000005054 devstack@g-api.service[102861]: DEBUG glance.api.middleware.version_negotiation [None req-c14e510b-5305-44de-b717-4ff6b634b52d tempest-VolumesActionsTest-427947760 tempest-VolumesActionsTest-427947760-project-member] Matched version: v2 {{(pid=102861) process_request /opt/stack/glance/glance/api/middleware/version_negotiation.py:69}}
Jul 10 20:56:06.120711 np0000005054 devstack@g-api.service[102861]: DEBUG glance.api.middleware.version_negotiation [None req-c14e510b-5305-44de-b717-4ff6b634b52d tempest-VolumesActionsTest-427947760 tempest-VolumesActionsTest-427947760-project-member] new path /v2/images/818736e9-96b4-4357-85f7-febcfa182c04 {{(pid=102861) process_request /opt/stack/glance/glance/api/middleware/version_negotiation.py:70}}
Jul 10 20:56:06.140856 np0000005054 devstack@g-api.service[102861]: [pid: 102861|app: 0|req: 89/359] 127.0.0.1 () {40 vars in 834 bytes} [Fri Jul 10 20:56:06 2026] GET /v2/images/818736e9-96b4-4357-85f7-febcfa182c04 => generated 650 bytes in 22 msecs (HTTP/1.1 200) 4 headers in 157 bytes (1 switches on core 0)
Jul 10 20:56:06.897509 np0000005054 devstack@g-api.service[102863]: DEBUG swiftclient [None req-d6880bb4-d802-4024-8b84-6fa682671c9e tempest-VolumesActionsTest-427947760 tempest-VolumesActionsTest-427947760-project-member] REQ: curl -i https://10.4.3.45:8080/v1/AUTH_a6e47b6493914892a4f4ea661d758022/glance/818736e9-96b4-4357-85f7-febcfa182c04-00003 -X PUT -H "X-Auth-Token: gAAAAABqUVxf69na..." {{(pid=102863) http_log /opt/stack/data/venv/lib/python3.12/site-packages/swiftclient/client.py:160}}
Jul 10 20:56:06.897893 np0000005054 devstack@g-api.service[102863]: DEBUG swiftclient [None req-d6880bb4-d802-4024-8b84-6fa682671c9e tempest-VolumesActionsTest-427947760 tempest-VolumesActionsTest-427947760-project-member] RESP STATUS: 201 Created {{(pid=102863) http_log /opt/stack/data/venv/lib/python3.12/site-packages/swiftclient/client.py:161}}
Jul 10 20:56:06.897948 np0000005054 devstack@g-api.service[102863]: DEBUG swiftclient [None req-d6880bb4-d802-4024-8b84-6fa682671c9e tempest-VolumesActionsTest-427947760 tempest-VolumesActionsTest-427947760-project-member] RESP HEADERS: {'Date': 'Fri, 10 Jul 2026 20:56:06 GMT', 'Server': 'Apache/2.4.58 (Ubuntu)', 'Content-Type': 'text/html; charset=UTF-8', 'Content-Length': '0', 'Etag': 'eda9a9889837ac4bc81d6387d92c1bec', 'Last-Modified': 'Fri, 10 Jul 2026 20:56:05 GMT', 'X-Trans-Id': 'tx21965ee9cb2745ff8c3c0-006a515c64', 'X-Openstack-Request-Id': 'tx21965ee9cb2745ff8c3c0-006a515c64', 'Connection': 'close'} {{(pid=102863) http_log /opt/stack/data/venv/lib/python3.12/site-packages/swiftclient/client.py:162}}
Jul 10 20:56:06.898123 np0000005054 devstack@g-api.service[102863]: DEBUG glance_store._drivers.swift.store [None req-d6880bb4-d802-4024-8b84-6fa682671c9e tempest-VolumesActionsTest-427947760 tempest-VolumesActionsTest-427947760-project-member] Wrote chunk 818736e9-96b4-4357-85f7-febcfa182c04-00003 (3/?) of length 204800000 to Swift returning MD5 of content: eda9a9889837ac4bc81d6387d92c1bec {{(pid=102863) add /opt/stack/data/venv/lib/python3.12/site-packages/glance_store/_drivers/swift/store.py:1059}}
Jul 10 20:56:07.157773 np0000005054 devstack@g-api.service[102864]: DEBUG glance.api.middleware.version_negotiation [None req-2e79df48-f142-41a9-a036-8e3035babfff tempest-VolumesActionsTest-427947760 tempest-VolumesActionsTest-427947760-project-member] Determining version of request: GET /v2/images/818736e9-96b4-4357-85f7-febcfa182c04 Accept: application/json {{(pid=102864) process_request /opt/stack/glance/glance/api/middleware/version_negotiation.py:44}}
Jul 10 20:56:07.158219 np0000005054 devstack@g-api.service[102864]: DEBUG glance.api.middleware.version_negotiation [None req-2e79df48-f142-41a9-a036-8e3035babfff tempest-VolumesActionsTest-427947760 tempest-VolumesActionsTest-427947760-project-member] Using url versioning {{(pid=102864) process_request /opt/stack/glance/glance/api/middleware/version_negotiation.py:57}}
Jul 10 20:56:07.159407 np0000005054 devstack@g-api.service[102864]: DEBUG glance.api.middleware.version_negotiation [None req-2e79df48-f142-41a9-a036-8e3035babfff tempest-VolumesActionsTest-427947760 tempest-VolumesActionsTest-427947760-project-member] Matched version: v2 {{(pid=102864) process_request /opt/stack/glance/glance/api/middleware/version_negotiation.py:69}}
Jul 10 20:56:07.159407 np0000005054 devstack@g-api.service[102864]: DEBUG glance.api.middleware.version_negotiation [None req-2e79df48-f142-41a9-a036-8e3035babfff tempest-VolumesActionsTest-427947760 tempest-VolumesActionsTest-427947760-project-member] new path /v2/images/818736e9-96b4-4357-85f7-febcfa182c04 {{(pid=102864) process_request /opt/stack/glance/glance/api/middleware/version_negotiation.py:70}}
Jul 10 20:56:07.183231 np0000005054 devstack@g-api.service[102864]: [pid: 102864|app: 0|req: 94/360] 127.0.0.1 () {40 vars in 834 bytes} [Fri Jul 10 20:56:07 2026] GET /v2/images/818736e9-96b4-4357-85f7-febcfa182c04 => generated 650 bytes in 25 msecs (HTTP/1.1 200) 4 headers in 157 bytes (1 switches on core 0)
Jul 10 20:56:08.200580 np0000005054 devstack@g-api.service[102862]: DEBUG glance.api.middleware.version_negotiation [None req-ae9d0d25-7095-4bc3-93da-5fd451b842a0 tempest-VolumesActionsTest-427947760 tempest-VolumesActionsTest-427947760-project-member] Determining version of request: GET /v2/images/818736e9-96b4-4357-85f7-febcfa182c04 Accept: application/json {{(pid=102862) process_request /opt/stack/glance/glance/api/middleware/version_negotiation.py:44}}
Jul 10 20:56:08.200946 np0000005054 devstack@g-api.service[102862]: DEBUG glance.api.middleware.version_negotiation [None req-ae9d0d25-7095-4bc3-93da-5fd451b842a0 tempest-VolumesActionsTest-427947760 tempest-VolumesActionsTest-427947760-project-member] Using url versioning {{(pid=102862) process_request /opt/stack/glance/glance/api/middleware/version_negotiation.py:57}}
Jul 10 20:56:08.200946 np0000005054 devstack@g-api.service[102862]: DEBUG glance.api.middleware.version_negotiation [None req-ae9d0d25-7095-4bc3-93da-5fd451b842a0 tempest-VolumesActionsTest-427947760 tempest-VolumesActionsTest-427947760-project-member] Matched version: v2 {{(pid=102862) process_request /opt/stack/glance/glance/api/middleware/version_negotiation.py:69}}
Jul 10 20:56:08.201024 np0000005054 devstack@g-api.service[102862]: DEBUG glance.api.middleware.version_negotiation [None req-ae9d0d25-7095-4bc3-93da-5fd451b842a0 tempest-VolumesActionsTest-427947760 tempest-VolumesActionsTest-427947760-project-member] new path /v2/images/818736e9-96b4-4357-85f7-febcfa182c04 {{(pid=102862) process_request /opt/stack/glance/glance/api/middleware/version_negotiation.py:70}}
Jul 10 20:56:08.212672 np0000005054 devstack@g-api.service[102862]: [pid: 102862|app: 0|req: 88/361] 127.0.0.1 () {40 vars in 834 bytes} [Fri Jul 10 20:56:08 2026] GET /v2/images/818736e9-96b4-4357-85f7-febcfa182c04 => generated 650 bytes in 12 msecs (HTTP/1.1 200) 4 headers in 157 bytes (1 switches on core 0)
Jul 10 20:56:09.226330 np0000005054 devstack@g-api.service[102861]: DEBUG glance.api.middleware.version_negotiation [None req-363f986f-6909-4676-92d6-8d261dad3c67 tempest-VolumesActionsTest-427947760 tempest-VolumesActionsTest-427947760-project-member] Determining version of request: GET /v2/images/818736e9-96b4-4357-85f7-febcfa182c04 Accept: application/json {{(pid=102861) process_request /opt/stack/glance/glance/api/middleware/version_negotiation.py:44}}
Jul 10 20:56:09.226781 np0000005054 devstack@g-api.service[102861]: DEBUG glance.api.middleware.version_negotiation [None req-363f986f-6909-4676-92d6-8d261dad3c67 tempest-VolumesActionsTest-427947760 tempest-VolumesActionsTest-427947760-project-member] Using url versioning {{(pid=102861) process_request /opt/stack/glance/glance/api/middleware/version_negotiation.py:57}}
Jul 10 20:56:09.226781 np0000005054 devstack@g-api.service[102861]: DEBUG glance.api.middleware.version_negotiation [None req-363f986f-6909-4676-92d6-8d261dad3c67 tempest-VolumesActionsTest-427947760 tempest-VolumesActionsTest-427947760-project-member] Matched version: v2 {{(pid=102861) process_request /opt/stack/glance/glance/api/middleware/version_negotiation.py:69}}
Jul 10 20:56:09.228429 np0000005054 devstack@g-api.service[102861]: DEBUG glance.api.middleware.version_negotiation [None req-363f986f-6909-4676-92d6-8d261dad3c67 tempest-VolumesActionsTest-427947760 tempest-VolumesActionsTest-427947760-project-member] new path /v2/images/818736e9-96b4-4357-85f7-febcfa182c04 {{(pid=102861) process_request /opt/stack/glance/glance/api/middleware/version_negotiation.py:70}}
Jul 10 20:56:09.247621 np0000005054 devstack@g-api.service[102861]: [pid: 102861|app: 0|req: 90/362] 127.0.0.1 () {40 vars in 834 bytes} [Fri Jul 10 20:56:09 2026] GET /v2/images/818736e9-96b4-4357-85f7-febcfa182c04 => generated 650 bytes in 21 msecs (HTTP/1.1 200) 4 headers in 157 bytes (1 switches on core 0)
Jul 10 20:56:09.340437 np0000005054 devstack@g-api.service[102863]: DEBUG dbcounter [-] [102863] Writing DB stats glance:SELECT=30,glance:UPDATE=1 {{(pid=102863) stat_writer /opt/stack/data/venv/lib/python3.12/site-packages/dbcounter.py:115}}
Jul 10 20:56:09.375707 np0000005054 devstack@g-api.service[102863]: DEBUG swiftclient [None req-d6880bb4-d802-4024-8b84-6fa682671c9e tempest-VolumesActionsTest-427947760 tempest-VolumesActionsTest-427947760-project-member] REQ: curl -i https://10.4.3.45:8080/v1/AUTH_a6e47b6493914892a4f4ea661d758022/glance/818736e9-96b4-4357-85f7-febcfa182c04-00004 -X PUT -H "X-Auth-Token: gAAAAABqUVxf69na..." {{(pid=102863) http_log /opt/stack/data/venv/lib/python3.12/site-packages/swiftclient/client.py:160}}
Jul 10 20:56:09.375707 np0000005054 devstack@g-api.service[102863]: DEBUG swiftclient [None req-d6880bb4-d802-4024-8b84-6fa682671c9e tempest-VolumesActionsTest-427947760 tempest-VolumesActionsTest-427947760-project-member] RESP STATUS: 201 Created {{(pid=102863) http_log /opt/stack/data/venv/lib/python3.12/site-packages/swiftclient/client.py:161}}
Jul 10 20:56:09.375707 np0000005054 devstack@g-api.service[102863]: DEBUG swiftclient [None req-d6880bb4-d802-4024-8b84-6fa682671c9e tempest-VolumesActionsTest-427947760 tempest-VolumesActionsTest-427947760-project-member] RESP HEADERS: {'Date': 'Fri, 10 Jul 2026 20:56:09 GMT', 'Server': 'Apache/2.4.58 (Ubuntu)', 'Content-Type': 'text/html; charset=UTF-8', 'Content-Length': '0', 'Etag': 'eda9a9889837ac4bc81d6387d92c1bec', 'Last-Modified': 'Fri, 10 Jul 2026 20:56:07 GMT', 'X-Trans-Id': 'tx62148e74c74e41faae21c-006a515c66', 'X-Openstack-Request-Id': 'tx62148e74c74e41faae21c-006a515c66', 'Connection': 'close'} {{(pid=102863) http_log /opt/stack/data/venv/lib/python3.12/site-packages/swiftclient/client.py:162}}
Jul 10 20:56:09.375707 np0000005054 devstack@g-api.service[102863]: DEBUG glance_store._drivers.swift.store [None req-d6880bb4-d802-4024-8b84-6fa682671c9e tempest-VolumesActionsTest-427947760 tempest-VolumesActionsTest-427947760-project-member] Wrote chunk 818736e9-96b4-4357-85f7-febcfa182c04-00004 (4/?) of length 204800000 to Swift returning MD5 of content: eda9a9889837ac4bc81d6387d92c1bec {{(pid=102863) add /opt/stack/data/venv/lib/python3.12/site-packages/glance_store/_drivers/swift/store.py:1059}}
Jul 10 20:56:10.258034 np0000005054 devstack@g-api.service[102864]: DEBUG glance.api.middleware.version_negotiation [None req-73b1d620-93b6-4132-b1b2-b83477334380 tempest-VolumesActionsTest-427947760 tempest-VolumesActionsTest-427947760-project-member] Determining version of request: GET /v2/images/818736e9-96b4-4357-85f7-febcfa182c04 Accept: application/json {{(pid=102864) process_request /opt/stack/glance/glance/api/middleware/version_negotiation.py:44}}
Jul 10 20:56:10.258452 np0000005054 devstack@g-api.service[102864]: DEBUG glance.api.middleware.version_negotiation [None req-73b1d620-93b6-4132-b1b2-b83477334380 tempest-VolumesActionsTest-427947760 tempest-VolumesActionsTest-427947760-project-member] Using url versioning {{(pid=102864) process_request /opt/stack/glance/glance/api/middleware/version_negotiation.py:57}}
Jul 10 20:56:10.258452 np0000005054 devstack@g-api.service[102864]: DEBUG glance.api.middleware.version_negotiation [None req-73b1d620-93b6-4132-b1b2-b83477334380 tempest-VolumesActionsTest-427947760 tempest-VolumesActionsTest-427947760-project-member] Matched version: v2 {{(pid=102864) process_request /opt/stack/glance/glance/api/middleware/version_negotiation.py:69}}
Jul 10 20:56:10.258601 np0000005054 devstack@g-api.service[102864]: DEBUG glance.api.middleware.version_negotiation [None req-73b1d620-93b6-4132-b1b2-b83477334380 tempest-VolumesActionsTest-427947760 tempest-VolumesActionsTest-427947760-project-member] new path /v2/images/818736e9-96b4-4357-85f7-febcfa182c04 {{(pid=102864) process_request /opt/stack/glance/glance/api/middleware/version_negotiation.py:70}}
Jul 10 20:56:10.280902 np0000005054 devstack@g-api.service[102864]: [pid: 102864|app: 0|req: 95/363] 127.0.0.1 () {40 vars in 834 bytes} [Fri Jul 10 20:56:10 2026] GET /v2/images/818736e9-96b4-4357-85f7-febcfa182c04 => generated 650 bytes in 23 msecs (HTTP/1.1 200) 4 headers in 157 bytes (1 switches on core 0)
Jul 10 20:56:10.295218 np0000005054 devstack@g-api.service[102862]: DEBUG glance.api.middleware.version_negotiation [None req-e0ed5e03-ea38-4bb7-bb0c-1143c7e42bbc tempest-VolumesActionsTest-427947760 tempest-VolumesActionsTest-427947760-project-member] Determining version of request: GET /v2/images/a09b0c5c-c6cd-4488-b840-d625a247ca2d Accept: */* {{(pid=102862) process_request /opt/stack/glance/glance/api/middleware/version_negotiation.py:44}}
Jul 10 20:56:10.295721 np0000005054 devstack@g-api.service[102862]: DEBUG glance.api.middleware.version_negotiation [None req-e0ed5e03-ea38-4bb7-bb0c-1143c7e42bbc tempest-VolumesActionsTest-427947760 tempest-VolumesActionsTest-427947760-project-member] Using url versioning {{(pid=102862) process_request /opt/stack/glance/glance/api/middleware/version_negotiation.py:57}}
Jul 10 20:56:10.295721 np0000005054 devstack@g-api.service[102862]: DEBUG glance.api.middleware.version_negotiation [None req-e0ed5e03-ea38-4bb7-bb0c-1143c7e42bbc tempest-VolumesActionsTest-427947760 tempest-VolumesActionsTest-427947760-project-member] Matched version: v2 {{(pid=102862) process_request /opt/stack/glance/glance/api/middleware/version_negotiation.py:69}}
Jul 10 20:56:10.295721 np0000005054 devstack@g-api.service[102862]: DEBUG glance.api.middleware.version_negotiation [None req-e0ed5e03-ea38-4bb7-bb0c-1143c7e42bbc tempest-VolumesActionsTest-427947760 tempest-VolumesActionsTest-427947760-project-member] new path /v2/images/a09b0c5c-c6cd-4488-b840-d625a247ca2d {{(pid=102862) process_request /opt/stack/glance/glance/api/middleware/version_negotiation.py:70}}
Jul 10 20:56:10.321923 np0000005054 devstack@g-api.service[102862]: [pid: 102862|app: 0|req: 89/364] 127.0.0.1 () {44 vars in 1111 bytes} [Fri Jul 10 20:56:10 2026] GET /v2/images/a09b0c5c-c6cd-4488-b840-d625a247ca2d => generated 1670 bytes in 27 msecs (HTTP/1.1 200) 4 headers in 158 bytes (1 switches on core 0)
Jul 10 20:56:10.368926 np0000005054 devstack@g-api.service[102861]: DEBUG glance.api.middleware.version_negotiation [None req-95427095-73b9-4101-a85f-f03a999d94b0 tempest-VolumesActionsTest-427947760 tempest-VolumesActionsTest-427947760-project-member] Determining version of request: GET /v2/schemas/image Accept: */* {{(pid=102861) process_request /opt/stack/glance/glance/api/middleware/version_negotiation.py:44}}
Jul 10 20:56:10.369557 np0000005054 devstack@g-api.service[102861]: DEBUG glance.api.middleware.version_negotiation [None req-95427095-73b9-4101-a85f-f03a999d94b0 tempest-VolumesActionsTest-427947760 tempest-VolumesActionsTest-427947760-project-member] Using url versioning {{(pid=102861) process_request /opt/stack/glance/glance/api/middleware/version_negotiation.py:57}}
Jul 10 20:56:10.369557 np0000005054 devstack@g-api.service[102861]: DEBUG glance.api.middleware.version_negotiation [None req-95427095-73b9-4101-a85f-f03a999d94b0 tempest-VolumesActionsTest-427947760 tempest-VolumesActionsTest-427947760-project-member] Matched version: v2 {{(pid=102861) process_request /opt/stack/glance/glance/api/middleware/version_negotiation.py:69}}
Jul 10 20:56:10.369557 np0000005054 devstack@g-api.service[102861]: DEBUG glance.api.middleware.version_negotiation [None req-95427095-73b9-4101-a85f-f03a999d94b0 tempest-VolumesActionsTest-427947760 tempest-VolumesActionsTest-427947760-project-member] new path /v2/schemas/image {{(pid=102861) process_request /opt/stack/glance/glance/api/middleware/version_negotiation.py:70}}
Jul 10 20:56:10.372855 np0000005054 devstack@g-api.service[102861]: [pid: 102861|app: 0|req: 91/365] 127.0.0.1 () {44 vars in 1051 bytes} [Fri Jul 10 20:56:10 2026] GET /v2/schemas/image => generated 6083 bytes in 4 msecs (HTTP/1.1 200) 4 headers in 158 bytes (1 switches on core 0)
Jul 10 20:56:11.292560 np0000005054 devstack@g-api.service[102864]: DEBUG glance.api.middleware.version_negotiation [None req-12ddcf45-1cc6-4b00-923e-925f89282638 tempest-VolumesActionsTest-427947760 tempest-VolumesActionsTest-427947760-project-member] Determining version of request: GET /v2/images/818736e9-96b4-4357-85f7-febcfa182c04 Accept: application/json {{(pid=102864) process_request /opt/stack/glance/glance/api/middleware/version_negotiation.py:44}}
Jul 10 20:56:11.292945 np0000005054 devstack@g-api.service[102864]: DEBUG glance.api.middleware.version_negotiation [None req-12ddcf45-1cc6-4b00-923e-925f89282638 tempest-VolumesActionsTest-427947760 tempest-VolumesActionsTest-427947760-project-member] Using url versioning {{(pid=102864) process_request /opt/stack/glance/glance/api/middleware/version_negotiation.py:57}}
Jul 10 20:56:11.293025 np0000005054 devstack@g-api.service[102864]: DEBUG glance.api.middleware.version_negotiation [None req-12ddcf45-1cc6-4b00-923e-925f89282638 tempest-VolumesActionsTest-427947760 tempest-VolumesActionsTest-427947760-project-member] Matched version: v2 {{(pid=102864) process_request /opt/stack/glance/glance/api/middleware/version_negotiation.py:69}}
Jul 10 20:56:11.293193 np0000005054 devstack@g-api.service[102864]: DEBUG glance.api.middleware.version_negotiation [None req-12ddcf45-1cc6-4b00-923e-925f89282638 tempest-VolumesActionsTest-427947760 tempest-VolumesActionsTest-427947760-project-member] new path /v2/images/818736e9-96b4-4357-85f7-febcfa182c04 {{(pid=102864) process_request /opt/stack/glance/glance/api/middleware/version_negotiation.py:70}}
Jul 10 20:56:11.311716 np0000005054 devstack@g-api.service[102864]: [pid: 102864|app: 0|req: 96/366] 127.0.0.1 () {40 vars in 834 bytes} [Fri Jul 10 20:56:11 2026] GET /v2/images/818736e9-96b4-4357-85f7-febcfa182c04 => generated 650 bytes in 19 msecs (HTTP/1.1 200) 4 headers in 157 bytes (1 switches on core 0)
Jul 10 20:56:11.631431 np0000005054 devstack@g-api.service[102863]: DEBUG swiftclient [None req-d6880bb4-d802-4024-8b84-6fa682671c9e tempest-VolumesActionsTest-427947760 tempest-VolumesActionsTest-427947760-project-member] REQ: curl -i https://10.4.3.45:8080/v1/AUTH_a6e47b6493914892a4f4ea661d758022/glance/818736e9-96b4-4357-85f7-febcfa182c04-00005 -X PUT -H "X-Auth-Token: gAAAAABqUVxf69na..." {{(pid=102863) http_log /opt/stack/data/venv/lib/python3.12/site-packages/swiftclient/client.py:160}}
Jul 10 20:56:11.631431 np0000005054 devstack@g-api.service[102863]: DEBUG swiftclient [None req-d6880bb4-d802-4024-8b84-6fa682671c9e tempest-VolumesActionsTest-427947760 tempest-VolumesActionsTest-427947760-project-member] RESP STATUS: 201 Created {{(pid=102863) http_log /opt/stack/data/venv/lib/python3.12/site-packages/swiftclient/client.py:161}}
Jul 10 20:56:11.631920 np0000005054 devstack@g-api.service[102863]: DEBUG swiftclient [None req-d6880bb4-d802-4024-8b84-6fa682671c9e tempest-VolumesActionsTest-427947760 tempest-VolumesActionsTest-427947760-project-member] RESP HEADERS: {'Date': 'Fri, 10 Jul 2026 20:56:11 GMT', 'Server': 'Apache/2.4.58 (Ubuntu)', 'Content-Type': 'text/html; charset=UTF-8', 'Content-Length': '0', 'Etag': 'eda9a9889837ac4bc81d6387d92c1bec', 'Last-Modified': 'Fri, 10 Jul 2026 20:56:10 GMT', 'X-Trans-Id': 'txa932fe8f71bf4bc3b1271-006a515c69', 'X-Openstack-Request-Id': 'txa932fe8f71bf4bc3b1271-006a515c69', 'Connection': 'close'} {{(pid=102863) http_log /opt/stack/data/venv/lib/python3.12/site-packages/swiftclient/client.py:162}}
Jul 10 20:56:11.631920 np0000005054 devstack@g-api.service[102863]: DEBUG glance_store._drivers.swift.store [None req-d6880bb4-d802-4024-8b84-6fa682671c9e tempest-VolumesActionsTest-427947760 tempest-VolumesActionsTest-427947760-project-member] Wrote chunk 818736e9-96b4-4357-85f7-febcfa182c04-00005 (5/?) of length 204800000 to Swift returning MD5 of content: eda9a9889837ac4bc81d6387d92c1bec {{(pid=102863) add /opt/stack/data/venv/lib/python3.12/site-packages/glance_store/_drivers/swift/store.py:1059}}
Jul 10 20:56:11.923201 np0000005054 devstack@g-api.service[102862]: DEBUG glance.api.middleware.version_negotiation [None req-890c8918-c3fa-47ce-9a0f-56fd1657a063 tempest-ServerStableDeviceRescueTest-788959552 tempest-ServerStableDeviceRescueTest-788959552-project-member] Determining version of request: GET /v2/images/c013aa3a-ace4-4af5-83f8-29a43d78d751 Accept: */* {{(pid=102862) process_request /opt/stack/glance/glance/api/middleware/version_negotiation.py:44}}
Jul 10 20:56:11.923715 np0000005054 devstack@g-api.service[102862]: DEBUG glance.api.middleware.version_negotiation [None req-890c8918-c3fa-47ce-9a0f-56fd1657a063 tempest-ServerStableDeviceRescueTest-788959552 tempest-ServerStableDeviceRescueTest-788959552-project-member] Using url versioning {{(pid=102862) process_request /opt/stack/glance/glance/api/middleware/version_negotiation.py:57}}
Jul 10 20:56:11.923715 np0000005054 devstack@g-api.service[102862]: DEBUG glance.api.middleware.version_negotiation [None req-890c8918-c3fa-47ce-9a0f-56fd1657a063 tempest-ServerStableDeviceRescueTest-788959552 tempest-ServerStableDeviceRescueTest-788959552-project-member] Matched version: v2 {{(pid=102862) process_request /opt/stack/glance/glance/api/middleware/version_negotiation.py:69}}
Jul 10 20:56:11.923715 np0000005054 devstack@g-api.service[102862]: DEBUG glance.api.middleware.version_negotiation [None req-890c8918-c3fa-47ce-9a0f-56fd1657a063 tempest-ServerStableDeviceRescueTest-788959552 tempest-ServerStableDeviceRescueTest-788959552-project-member] new path /v2/images/c013aa3a-ace4-4af5-83f8-29a43d78d751 {{(pid=102862) process_request /opt/stack/glance/glance/api/middleware/version_negotiation.py:70}}
Jul 10 20:56:11.950280 np0000005054 devstack@g-api.service[102862]: [pid: 102862|app: 0|req: 90/367] 127.0.0.1 () {44 vars in 1111 bytes} [Fri Jul 10 20:56:11 2026] GET /v2/images/c013aa3a-ace4-4af5-83f8-29a43d78d751 => generated 1044 bytes in 28 msecs (HTTP/1.1 200) 4 headers in 158 bytes (1 switches on core 0)
Jul 10 20:56:12.008681 np0000005054 devstack@g-api.service[102861]: DEBUG glance.api.middleware.version_negotiation [None req-890c8918-c3fa-47ce-9a0f-56fd1657a063 tempest-ServerStableDeviceRescueTest-788959552 tempest-ServerStableDeviceRescueTest-788959552-project-member] Determining version of request: GET /v2/schemas/image Accept: */* {{(pid=102861) process_request /opt/stack/glance/glance/api/middleware/version_negotiation.py:44}}
Jul 10 20:56:12.009246 np0000005054 devstack@g-api.service[102861]: DEBUG glance.api.middleware.version_negotiation [None req-890c8918-c3fa-47ce-9a0f-56fd1657a063 tempest-ServerStableDeviceRescueTest-788959552 tempest-ServerStableDeviceRescueTest-788959552-project-member] Using url versioning {{(pid=102861) process_request /opt/stack/glance/glance/api/middleware/version_negotiation.py:57}}
Jul 10 20:56:12.009246 np0000005054 devstack@g-api.service[102861]: DEBUG glance.api.middleware.version_negotiation [None req-890c8918-c3fa-47ce-9a0f-56fd1657a063 tempest-ServerStableDeviceRescueTest-788959552 tempest-ServerStableDeviceRescueTest-788959552-project-member] Matched version: v2 {{(pid=102861) process_request /opt/stack/glance/glance/api/middleware/version_negotiation.py:69}}
Jul 10 20:56:12.009246 np0000005054 devstack@g-api.service[102861]: DEBUG glance.api.middleware.version_negotiation [None req-890c8918-c3fa-47ce-9a0f-56fd1657a063 tempest-ServerStableDeviceRescueTest-788959552 tempest-ServerStableDeviceRescueTest-788959552-project-member] new path /v2/schemas/image {{(pid=102861) process_request /opt/stack/glance/glance/api/middleware/version_negotiation.py:70}}
Jul 10 20:56:12.015191 np0000005054 devstack@g-api.service[102861]: [pid: 102861|app: 0|req: 92/368] 127.0.0.1 () {44 vars in 1051 bytes} [Fri Jul 10 20:56:12 2026] GET /v2/schemas/image => generated 6083 bytes in 5 msecs (HTTP/1.1 200) 4 headers in 158 bytes (1 switches on core 0)
Jul 10 20:56:12.213203 np0000005054 devstack@g-api.service[102863]: DEBUG swiftclient [None req-d6880bb4-d802-4024-8b84-6fa682671c9e tempest-VolumesActionsTest-427947760 tempest-VolumesActionsTest-427947760-project-member] REQ: curl -i https://10.4.3.45:8080/v1/AUTH_a6e47b6493914892a4f4ea661d758022/glance/818736e9-96b4-4357-85f7-febcfa182c04-00006 -X PUT -H "X-Auth-Token: gAAAAABqUVxf69na..." {{(pid=102863) http_log /opt/stack/data/venv/lib/python3.12/site-packages/swiftclient/client.py:160}}
Jul 10 20:56:12.213328 np0000005054 devstack@g-api.service[102863]: DEBUG swiftclient [None req-d6880bb4-d802-4024-8b84-6fa682671c9e tempest-VolumesActionsTest-427947760 tempest-VolumesActionsTest-427947760-project-member] RESP STATUS: 201 Created {{(pid=102863) http_log /opt/stack/data/venv/lib/python3.12/site-packages/swiftclient/client.py:161}}
Jul 10 20:56:12.213515 np0000005054 devstack@g-api.service[102863]: DEBUG swiftclient [None req-d6880bb4-d802-4024-8b84-6fa682671c9e tempest-VolumesActionsTest-427947760 tempest-VolumesActionsTest-427947760-project-member] RESP HEADERS: {'Date': 'Fri, 10 Jul 2026 20:56:12 GMT', 'Server': 'Apache/2.4.58 (Ubuntu)', 'Content-Type': 'text/html; charset=UTF-8', 'Content-Length': '0', 'Etag': '708761f3b8777ec77058e63da08eeeb6', 'Last-Modified': 'Fri, 10 Jul 2026 20:56:12 GMT', 'X-Trans-Id': 'tx33828ddbeccb4a00a7eac-006a515c6b', 'X-Openstack-Request-Id': 'tx33828ddbeccb4a00a7eac-006a515c6b', 'Connection': 'close'} {{(pid=102863) http_log /opt/stack/data/venv/lib/python3.12/site-packages/swiftclient/client.py:162}}
Jul 10 20:56:12.214782 np0000005054 devstack@g-api.service[102863]: DEBUG glance_store._drivers.swift.store [None req-d6880bb4-d802-4024-8b84-6fa682671c9e tempest-VolumesActionsTest-427947760 tempest-VolumesActionsTest-427947760-project-member] Wrote chunk 818736e9-96b4-4357-85f7-febcfa182c04-00006 (6/?) of length 49741824 to Swift returning MD5 of content: 708761f3b8777ec77058e63da08eeeb6 {{(pid=102863) add /opt/stack/data/venv/lib/python3.12/site-packages/glance_store/_drivers/swift/store.py:1059}}
Jul 10 20:56:12.214782 np0000005054 devstack@g-api.service[102863]: DEBUG glance_store._drivers.swift.store [None req-d6880bb4-d802-4024-8b84-6fa682671c9e tempest-VolumesActionsTest-427947760 tempest-VolumesActionsTest-427947760-project-member] Not writing zero-length chunk. {{(pid=102863) add /opt/stack/data/venv/lib/python3.12/site-packages/glance_store/_drivers/swift/store.py:1028}}
Jul 10 20:56:12.260676 np0000005054 devstack@g-api.service[102863]: DEBUG swiftclient [None req-d6880bb4-d802-4024-8b84-6fa682671c9e tempest-VolumesActionsTest-427947760 tempest-VolumesActionsTest-427947760-project-member] REQ: curl -i https://10.4.3.45:8080/v1/AUTH_a6e47b6493914892a4f4ea661d758022/glance/818736e9-96b4-4357-85f7-febcfa182c04 -X PUT -H "X-Object-Manifest: glance/818736e9-96b4-4357-85f7-febcfa182c04-" -H "X-Auth-Token: gAAAAABqUVxf69na..." -H "Content-Length: 0" {{(pid=102863) http_log /opt/stack/data/venv/lib/python3.12/site-packages/swiftclient/client.py:160}}
Jul 10 20:56:12.260812 np0000005054 devstack@g-api.service[102863]: DEBUG swiftclient [None req-d6880bb4-d802-4024-8b84-6fa682671c9e tempest-VolumesActionsTest-427947760 tempest-VolumesActionsTest-427947760-project-member] RESP STATUS: 201 Created {{(pid=102863) http_log /opt/stack/data/venv/lib/python3.12/site-packages/swiftclient/client.py:161}}
Jul 10 20:56:12.261027 np0000005054 devstack@g-api.service[102863]: DEBUG swiftclient [None req-d6880bb4-d802-4024-8b84-6fa682671c9e tempest-VolumesActionsTest-427947760 tempest-VolumesActionsTest-427947760-project-member] RESP HEADERS: {'Date': 'Fri, 10 Jul 2026 20:56:12 GMT', 'Server': 'Apache/2.4.58 (Ubuntu)', 'Content-Type': 'text/html; charset=UTF-8', 'Content-Length': '0', 'Etag': 'd41d8cd98f00b204e9800998ecf8427e', 'Last-Modified': 'Fri, 10 Jul 2026 20:56:13 GMT', 'X-Trans-Id': 'tx2f2dd2c9d3b7447aacf14-006a515c6c', 'X-Openstack-Request-Id': 'tx2f2dd2c9d3b7447aacf14-006a515c6c', 'Connection': 'close'} {{(pid=102863) http_log /opt/stack/data/venv/lib/python3.12/site-packages/swiftclient/client.py:162}}
Jul 10 20:56:12.261753 np0000005054 devstack@g-api.service[102863]: INFO glance.location [None req-d6880bb4-d802-4024-8b84-6fa682671c9e tempest-VolumesActionsTest-427947760 tempest-VolumesActionsTest-427947760-project-member] Image format matched and virtual size computed: 1073741824
Jul 10 20:56:12.310691 np0000005054 devstack@g-api.service[102863]: DEBUG glance_store.backend [None req-d6880bb4-d802-4024-8b84-6fa682671c9e tempest-VolumesActionsTest-427947760 tempest-VolumesActionsTest-427947760-project-member] Attempting to import store swift {{(pid=102863) _load_store /opt/stack/data/venv/lib/python3.12/site-packages/glance_store/backend.py:215}}
Jul 10 20:56:12.313037 np0000005054 devstack@g-api.service[102863]: DEBUG glance_store.capabilities [None req-d6880bb4-d802-4024-8b84-6fa682671c9e tempest-VolumesActionsTest-427947760 tempest-VolumesActionsTest-427947760-project-member] Store glance_store._drivers.swift.store.SingleTenantStore doesn't support updating dynamic storage capabilities. Please overwrite 'update_capabilities' method of the store to implement updating logics if needed. {{(pid=102863) update_capabilities /opt/stack/data/venv/lib/python3.12/site-packages/glance_store/capabilities.py:91}}
Jul 10 20:56:12.313221 np0000005054 devstack@g-api.service[102863]: DEBUG glance_store.driver [None req-d6880bb4-d802-4024-8b84-6fa682671c9e tempest-VolumesActionsTest-427947760 tempest-VolumesActionsTest-427947760-project-member] Late loading location class glance_store._drivers.swift.store.StoreLocation {{(pid=102863) get_store_location_class /opt/stack/data/venv/lib/python3.12/site-packages/glance_store/driver.py:134}}
Jul 10 20:56:12.313460 np0000005054 devstack@g-api.service[102863]: DEBUG glance_store.location [None req-d6880bb4-d802-4024-8b84-6fa682671c9e tempest-VolumesActionsTest-427947760 tempest-VolumesActionsTest-427947760-project-member] Registering scheme swift+https with {'store': , 'location_class': , 'store_entry': 'swift'} {{(pid=102863) register_scheme_map /opt/stack/data/venv/lib/python3.12/site-packages/glance_store/location.py:146}}
Jul 10 20:56:12.313588 np0000005054 devstack@g-api.service[102863]: DEBUG glance_store.location [None req-d6880bb4-d802-4024-8b84-6fa682671c9e tempest-VolumesActionsTest-427947760 tempest-VolumesActionsTest-427947760-project-member] Registering scheme swift+https with {'store': , 'location_class': , 'store_entry': 'swift'} {{(pid=102863) register_scheme_map /opt/stack/data/venv/lib/python3.12/site-packages/glance_store/location.py:146}}
Jul 10 20:56:12.313780 np0000005054 devstack@g-api.service[102863]: DEBUG glance_store.location [None req-d6880bb4-d802-4024-8b84-6fa682671c9e tempest-VolumesActionsTest-427947760 tempest-VolumesActionsTest-427947760-project-member] Registering scheme swift with {'store': , 'location_class': , 'store_entry': 'swift'} {{(pid=102863) register_scheme_map /opt/stack/data/venv/lib/python3.12/site-packages/glance_store/location.py:146}}
Jul 10 20:56:12.313877 np0000005054 devstack@g-api.service[102863]: DEBUG glance_store.location [None req-d6880bb4-d802-4024-8b84-6fa682671c9e tempest-VolumesActionsTest-427947760 tempest-VolumesActionsTest-427947760-project-member] Registering scheme swift+https with {'store': , 'location_class': , 'store_entry': 'swift'} {{(pid=102863) register_scheme_map /opt/stack/data/venv/lib/python3.12/site-packages/glance_store/location.py:146}}
Jul 10 20:56:12.313984 np0000005054 devstack@g-api.service[102863]: DEBUG glance_store.location [None req-d6880bb4-d802-4024-8b84-6fa682671c9e tempest-VolumesActionsTest-427947760 tempest-VolumesActionsTest-427947760-project-member] Registering scheme swift with {'store': , 'location_class': , 'store_entry': 'swift'} {{(pid=102863) register_scheme_map /opt/stack/data/venv/lib/python3.12/site-packages/glance_store/location.py:146}}
Jul 10 20:56:12.314149 np0000005054 devstack@g-api.service[102863]: DEBUG glance_store.location [None req-d6880bb4-d802-4024-8b84-6fa682671c9e tempest-VolumesActionsTest-427947760 tempest-VolumesActionsTest-427947760-project-member] Registering scheme swift+http with {'store': , 'location_class': , 'store_entry': 'swift'} {{(pid=102863) register_scheme_map /opt/stack/data/venv/lib/python3.12/site-packages/glance_store/location.py:146}}
Jul 10 20:56:12.314226 np0000005054 devstack@g-api.service[102863]: DEBUG glance_store.location [None req-d6880bb4-d802-4024-8b84-6fa682671c9e tempest-VolumesActionsTest-427947760 tempest-VolumesActionsTest-427947760-project-member] Registering scheme swift+https with {'store': , 'location_class': , 'store_entry': 'swift'} {{(pid=102863) register_scheme_map /opt/stack/data/venv/lib/python3.12/site-packages/glance_store/location.py:146}}
Jul 10 20:56:12.314346 np0000005054 devstack@g-api.service[102863]: DEBUG glance_store.location [None req-d6880bb4-d802-4024-8b84-6fa682671c9e tempest-VolumesActionsTest-427947760 tempest-VolumesActionsTest-427947760-project-member] Registering scheme swift with {'store': , 'location_class': , 'store_entry': 'swift'} {{(pid=102863) register_scheme_map /opt/stack/data/venv/lib/python3.12/site-packages/glance_store/location.py:146}}
Jul 10 20:56:12.314469 np0000005054 devstack@g-api.service[102863]: DEBUG glance_store.location [None req-d6880bb4-d802-4024-8b84-6fa682671c9e tempest-VolumesActionsTest-427947760 tempest-VolumesActionsTest-427947760-project-member] Registering scheme swift+http with {'store': , 'location_class': , 'store_entry': 'swift'} {{(pid=102863) register_scheme_map /opt/stack/data/venv/lib/python3.12/site-packages/glance_store/location.py:146}}
Jul 10 20:56:12.314585 np0000005054 devstack@g-api.service[102863]: DEBUG glance_store.location [None req-d6880bb4-d802-4024-8b84-6fa682671c9e tempest-VolumesActionsTest-427947760 tempest-VolumesActionsTest-427947760-project-member] Registering scheme swift+config with {'store': , 'location_class': , 'store_entry': 'swift'} {{(pid=102863) register_scheme_map /opt/stack/data/venv/lib/python3.12/site-packages/glance_store/location.py:146}}
Jul 10 20:56:12.314764 np0000005054 devstack@g-api.service[102863]: DEBUG glance_store.backend [None req-d6880bb4-d802-4024-8b84-6fa682671c9e tempest-VolumesActionsTest-427947760 tempest-VolumesActionsTest-427947760-project-member] Skipping store.set_acls... not implemented. {{(pid=102863) set_acls /opt/stack/data/venv/lib/python3.12/site-packages/glance_store/backend.py:507}}
Jul 10 20:56:12.317228 np0000005054 devstack@g-api.service[102863]: [pid: 102863|app: 0|req: 91/369] 127.0.0.1 () {46 vars in 1154 bytes} [Fri Jul 10 20:55:57 2026] PUT /v2/images/818736e9-96b4-4357-85f7-febcfa182c04/file => generated 0 bytes in 14572 msecs (HTTP/1.1 204) 4 headers in 171 bytes (1 switches on core 0)
Jul 10 20:56:12.326519 np0000005054 devstack@g-api.service[102864]: DEBUG glance.api.middleware.version_negotiation [None req-5e32e047-0d3a-4f3c-be65-2127f86efc0c tempest-VolumesActionsTest-427947760 tempest-VolumesActionsTest-427947760-project-member] Determining version of request: GET /v2/images/818736e9-96b4-4357-85f7-febcfa182c04 Accept: application/json {{(pid=102864) process_request /opt/stack/glance/glance/api/middleware/version_negotiation.py:44}}
Jul 10 20:56:12.326519 np0000005054 devstack@g-api.service[102864]: DEBUG glance.api.middleware.version_negotiation [None req-5e32e047-0d3a-4f3c-be65-2127f86efc0c tempest-VolumesActionsTest-427947760 tempest-VolumesActionsTest-427947760-project-member] Using url versioning {{(pid=102864) process_request /opt/stack/glance/glance/api/middleware/version_negotiation.py:57}}
Jul 10 20:56:12.326519 np0000005054 devstack@g-api.service[102864]: DEBUG glance.api.middleware.version_negotiation [None req-5e32e047-0d3a-4f3c-be65-2127f86efc0c tempest-VolumesActionsTest-427947760 tempest-VolumesActionsTest-427947760-project-member] Matched version: v2 {{(pid=102864) process_request /opt/stack/glance/glance/api/middleware/version_negotiation.py:69}}
Jul 10 20:56:12.326519 np0000005054 devstack@g-api.service[102864]: DEBUG glance.api.middleware.version_negotiation [None req-5e32e047-0d3a-4f3c-be65-2127f86efc0c tempest-VolumesActionsTest-427947760 tempest-VolumesActionsTest-427947760-project-member] new path /v2/images/818736e9-96b4-4357-85f7-febcfa182c04 {{(pid=102864) process_request /opt/stack/glance/glance/api/middleware/version_negotiation.py:70}}
Jul 10 20:56:12.330664 np0000005054 devstack@g-api.service[102862]: DEBUG glance.api.middleware.version_negotiation [None req-3ebb5218-4770-40eb-8a14-6c85429e7943 tempest-AttachVolumeMultiAttachTest-919362320 tempest-AttachVolumeMultiAttachTest-919362320-project-member] Determining version of request: GET /v2/images/818736e9-96b4-4357-85f7-febcfa182c04 Accept: */* {{(pid=102862) process_request /opt/stack/glance/glance/api/middleware/version_negotiation.py:44}}
Jul 10 20:56:12.330664 np0000005054 devstack@g-api.service[102862]: DEBUG glance.api.middleware.version_negotiation [None req-3ebb5218-4770-40eb-8a14-6c85429e7943 tempest-AttachVolumeMultiAttachTest-919362320 tempest-AttachVolumeMultiAttachTest-919362320-project-member] Using url versioning {{(pid=102862) process_request /opt/stack/glance/glance/api/middleware/version_negotiation.py:57}}
Jul 10 20:56:12.330820 np0000005054 devstack@g-api.service[102862]: DEBUG glance.api.middleware.version_negotiation [None req-3ebb5218-4770-40eb-8a14-6c85429e7943 tempest-AttachVolumeMultiAttachTest-919362320 tempest-AttachVolumeMultiAttachTest-919362320-project-member] Matched version: v2 {{(pid=102862) process_request /opt/stack/glance/glance/api/middleware/version_negotiation.py:69}}
