Jul 10 20:49:23.847371 np0000005054 nova-scheduler[96498]: DEBUG cotyledon.oslo_config_glue [-] wsgi.api_paste_config = /etc/nova/api-paste.ini {{(pid=96498) log_opt_values /opt/stack/data/venv/lib/python3.12/site-packages/oslo_config/cfg.py:3253}}
Jul 10 20:49:23.847371 np0000005054 nova-scheduler[96498]: DEBUG cotyledon.oslo_config_glue [-] wsgi.secure_proxy_ssl_header = None {{(pid=96498) log_opt_values /opt/stack/data/venv/lib/python3.12/site-packages/oslo_config/cfg.py:3253}}
Jul 10 20:49:23.847371 np0000005054 nova-scheduler[96498]: DEBUG cotyledon.oslo_config_glue [-] zvm.ca_file = None {{(pid=96498) log_opt_values /opt/stack/data/venv/lib/python3.12/site-packages/oslo_config/cfg.py:3253}}
Jul 10 20:49:23.847371 np0000005054 nova-scheduler[96498]: DEBUG cotyledon.oslo_config_glue [-] zvm.cloud_connector_url = None {{(pid=96498) log_opt_values /opt/stack/data/venv/lib/python3.12/site-packages/oslo_config/cfg.py:3253}}
Jul 10 20:49:23.847683 np0000005054 nova-scheduler[96498]: DEBUG cotyledon.oslo_config_glue [-] zvm.image_tmp_path = /opt/stack/data/nova/images {{(pid=96498) log_opt_values /opt/stack/data/venv/lib/python3.12/site-packages/oslo_config/cfg.py:3253}}
Jul 10 20:49:23.847683 np0000005054 nova-scheduler[96498]: DEBUG cotyledon.oslo_config_glue [-] zvm.reachable_timeout = 300 {{(pid=96498) log_opt_values /opt/stack/data/venv/lib/python3.12/site-packages/oslo_config/cfg.py:3253}}
Jul 10 20:49:23.847683 np0000005054 nova-scheduler[96498]: DEBUG cotyledon.oslo_config_glue [-] oslo_versionedobjects.fatal_exception_format_errors = False {{(pid=96498) log_opt_values /opt/stack/data/venv/lib/python3.12/site-packages/oslo_config/cfg.py:3253}}
Jul 10 20:49:23.847683 np0000005054 nova-scheduler[96498]: DEBUG cotyledon.oslo_config_glue [-] oslo_middleware.http_basic_auth_user_file = /etc/htpasswd {{(pid=96498) log_opt_values /opt/stack/data/venv/lib/python3.12/site-packages/oslo_config/cfg.py:3253}}
Jul 10 20:49:23.847683 np0000005054 nova-scheduler[96498]: DEBUG cotyledon.oslo_config_glue [-] oslo_messaging_metrics.metrics_buffer_size = 1000 {{(pid=96498) log_opt_values /opt/stack/data/venv/lib/python3.12/site-packages/oslo_config/cfg.py:3253}}
Jul 10 20:49:23.847683 np0000005054 nova-scheduler[96498]: DEBUG cotyledon.oslo_config_glue [-] oslo_messaging_metrics.metrics_enabled = False {{(pid=96498) log_opt_values /opt/stack/data/venv/lib/python3.12/site-packages/oslo_config/cfg.py:3253}}
Jul 10 20:49:23.847683 np0000005054 nova-scheduler[96498]: DEBUG cotyledon.oslo_config_glue [-] oslo_messaging_metrics.metrics_process_name = {{(pid=96498) log_opt_values /opt/stack/data/venv/lib/python3.12/site-packages/oslo_config/cfg.py:3253}}
Jul 10 20:49:23.847683 np0000005054 nova-scheduler[96498]: DEBUG cotyledon.oslo_config_glue [-] oslo_messaging_metrics.metrics_socket_file = /var/tmp/metrics_collector.sock {{(pid=96498) log_opt_values /opt/stack/data/venv/lib/python3.12/site-packages/oslo_config/cfg.py:3253}}
Jul 10 20:49:23.847961 np0000005054 nova-scheduler[96498]: DEBUG cotyledon.oslo_config_glue [-] oslo_messaging_metrics.metrics_thread_stop_timeout = 10 {{(pid=96498) log_opt_values /opt/stack/data/venv/lib/python3.12/site-packages/oslo_config/cfg.py:3253}}
Jul 10 20:49:23.847961 np0000005054 nova-scheduler[96498]: DEBUG cotyledon.oslo_config_glue [-] profiler.connection_string = messaging:// {{(pid=96498) log_opt_values /opt/stack/data/venv/lib/python3.12/site-packages/oslo_config/cfg.py:3253}}
Jul 10 20:49:23.847961 np0000005054 nova-scheduler[96498]: DEBUG cotyledon.oslo_config_glue [-] profiler.enabled = False {{(pid=96498) log_opt_values /opt/stack/data/venv/lib/python3.12/site-packages/oslo_config/cfg.py:3253}}
Jul 10 20:49:23.847961 np0000005054 nova-scheduler[96498]: DEBUG cotyledon.oslo_config_glue [-] profiler.es_doc_type = notification {{(pid=96498) log_opt_values /opt/stack/data/venv/lib/python3.12/site-packages/oslo_config/cfg.py:3253}}
Jul 10 20:49:23.847961 np0000005054 nova-scheduler[96498]: DEBUG cotyledon.oslo_config_glue [-] profiler.es_scroll_size = 10000 {{(pid=96498) log_opt_values /opt/stack/data/venv/lib/python3.12/site-packages/oslo_config/cfg.py:3253}}
Jul 10 20:49:23.847961 np0000005054 nova-scheduler[96498]: DEBUG cotyledon.oslo_config_glue [-] profiler.es_scroll_time = 2m {{(pid=96498) log_opt_values /opt/stack/data/venv/lib/python3.12/site-packages/oslo_config/cfg.py:3253}}
Jul 10 20:49:23.847961 np0000005054 nova-scheduler[96498]: DEBUG cotyledon.oslo_config_glue [-] profiler.filter_error_trace = False {{(pid=96498) log_opt_values /opt/stack/data/venv/lib/python3.12/site-packages/oslo_config/cfg.py:3253}}
Jul 10 20:49:23.847961 np0000005054 nova-scheduler[96498]: DEBUG cotyledon.oslo_config_glue [-] profiler.hmac_keys = **** {{(pid=96498) log_opt_values /opt/stack/data/venv/lib/python3.12/site-packages/oslo_config/cfg.py:3253}}
Jul 10 20:49:23.847961 np0000005054 nova-scheduler[96498]: DEBUG cotyledon.oslo_config_glue [-] profiler.sentinel_service_name = mymaster {{(pid=96498) log_opt_values /opt/stack/data/venv/lib/python3.12/site-packages/oslo_config/cfg.py:3253}}
Jul 10 20:49:23.848251 np0000005054 nova-scheduler[96498]: DEBUG cotyledon.oslo_config_glue [-] profiler.socket_timeout = 0.1 {{(pid=96498) log_opt_values /opt/stack/data/venv/lib/python3.12/site-packages/oslo_config/cfg.py:3253}}
Jul 10 20:49:23.848251 np0000005054 nova-scheduler[96498]: DEBUG cotyledon.oslo_config_glue [-] profiler.trace_requests = False {{(pid=96498) log_opt_values /opt/stack/data/venv/lib/python3.12/site-packages/oslo_config/cfg.py:3253}}
Jul 10 20:49:23.848251 np0000005054 nova-scheduler[96498]: DEBUG cotyledon.oslo_config_glue [-] profiler.trace_sqlalchemy = False {{(pid=96498) log_opt_values /opt/stack/data/venv/lib/python3.12/site-packages/oslo_config/cfg.py:3253}}
Jul 10 20:49:23.848251 np0000005054 nova-scheduler[96498]: DEBUG cotyledon.oslo_config_glue [-] profiler_jaeger.process_tags = {} {{(pid=96498) log_opt_values /opt/stack/data/venv/lib/python3.12/site-packages/oslo_config/cfg.py:3253}}
Jul 10 20:49:23.848251 np0000005054 nova-scheduler[96498]: DEBUG cotyledon.oslo_config_glue [-] profiler_jaeger.service_name_prefix = None {{(pid=96498) log_opt_values /opt/stack/data/venv/lib/python3.12/site-packages/oslo_config/cfg.py:3253}}
Jul 10 20:49:23.848251 np0000005054 nova-scheduler[96498]: DEBUG cotyledon.oslo_config_glue [-] profiler_otlp.service_name_prefix = None {{(pid=96498) log_opt_values /opt/stack/data/venv/lib/python3.12/site-packages/oslo_config/cfg.py:3253}}
Jul 10 20:49:23.848251 np0000005054 nova-scheduler[96498]: DEBUG cotyledon.oslo_config_glue [-] oslo_messaging_rabbit.amqp_auto_delete = False {{(pid=96498) log_opt_values /opt/stack/data/venv/lib/python3.12/site-packages/oslo_config/cfg.py:3253}}
Jul 10 20:49:23.848251 np0000005054 nova-scheduler[96498]: DEBUG cotyledon.oslo_config_glue [-] oslo_messaging_rabbit.amqp_durable_queues = False {{(pid=96498) log_opt_values /opt/stack/data/venv/lib/python3.12/site-packages/oslo_config/cfg.py:3253}}
Jul 10 20:49:23.848251 np0000005054 nova-scheduler[96498]: DEBUG cotyledon.oslo_config_glue [-] oslo_messaging_rabbit.conn_pool_min_size = 2 {{(pid=96498) log_opt_values /opt/stack/data/venv/lib/python3.12/site-packages/oslo_config/cfg.py:3253}}
Jul 10 20:49:23.848553 np0000005054 nova-scheduler[96498]: DEBUG cotyledon.oslo_config_glue [-] oslo_messaging_rabbit.conn_pool_ttl = 1200 {{(pid=96498) log_opt_values /opt/stack/data/venv/lib/python3.12/site-packages/oslo_config/cfg.py:3253}}
Jul 10 20:49:23.848553 np0000005054 nova-scheduler[96498]: DEBUG cotyledon.oslo_config_glue [-] oslo_messaging_rabbit.direct_mandatory_flag = True {{(pid=96498) log_opt_values /opt/stack/data/venv/lib/python3.12/site-packages/oslo_config/cfg.py:3253}}
Jul 10 20:49:23.848553 np0000005054 nova-scheduler[96498]: DEBUG cotyledon.oslo_config_glue [-] oslo_messaging_rabbit.enable_cancel_on_failover = False {{(pid=96498) log_opt_values /opt/stack/data/venv/lib/python3.12/site-packages/oslo_config/cfg.py:3253}}
Jul 10 20:49:23.848553 np0000005054 nova-scheduler[96498]: DEBUG cotyledon.oslo_config_glue [-] oslo_messaging_rabbit.heartbeat_rate = 3 {{(pid=96498) log_opt_values /opt/stack/data/venv/lib/python3.12/site-packages/oslo_config/cfg.py:3253}}
Jul 10 20:49:23.848553 np0000005054 nova-scheduler[96498]: DEBUG cotyledon.oslo_config_glue [-] oslo_messaging_rabbit.heartbeat_timeout_threshold = 60 {{(pid=96498) log_opt_values /opt/stack/data/venv/lib/python3.12/site-packages/oslo_config/cfg.py:3253}}
Jul 10 20:49:23.848553 np0000005054 nova-scheduler[96498]: DEBUG cotyledon.oslo_config_glue [-] oslo_messaging_rabbit.hostname = np0000005054 {{(pid=96498) log_opt_values /opt/stack/data/venv/lib/python3.12/site-packages/oslo_config/cfg.py:3253}}
Jul 10 20:49:23.848553 np0000005054 nova-scheduler[96498]: DEBUG cotyledon.oslo_config_glue [-] oslo_messaging_rabbit.kombu_compression = None {{(pid=96498) log_opt_values /opt/stack/data/venv/lib/python3.12/site-packages/oslo_config/cfg.py:3253}}
Jul 10 20:49:23.848553 np0000005054 nova-scheduler[96498]: DEBUG cotyledon.oslo_config_glue [-] oslo_messaging_rabbit.kombu_failover_strategy = round-robin {{(pid=96498) log_opt_values /opt/stack/data/venv/lib/python3.12/site-packages/oslo_config/cfg.py:3253}}
Jul 10 20:49:23.848553 np0000005054 nova-scheduler[96498]: DEBUG cotyledon.oslo_config_glue [-] oslo_messaging_rabbit.kombu_missing_consumer_retry_timeout = 60 {{(pid=96498) log_opt_values /opt/stack/data/venv/lib/python3.12/site-packages/oslo_config/cfg.py:3253}}
Jul 10 20:49:23.848854 np0000005054 nova-scheduler[96498]: DEBUG cotyledon.oslo_config_glue [-] oslo_messaging_rabbit.kombu_reconnect_delay = 1.0 {{(pid=96498) log_opt_values /opt/stack/data/venv/lib/python3.12/site-packages/oslo_config/cfg.py:3253}}
Jul 10 20:49:23.848854 np0000005054 nova-scheduler[96498]: DEBUG cotyledon.oslo_config_glue [-] oslo_messaging_rabbit.kombu_reconnect_splay = 0.0 {{(pid=96498) log_opt_values /opt/stack/data/venv/lib/python3.12/site-packages/oslo_config/cfg.py:3253}}
Jul 10 20:49:23.848854 np0000005054 nova-scheduler[96498]: DEBUG cotyledon.oslo_config_glue [-] oslo_messaging_rabbit.processname = nova-scheduler {{(pid=96498) log_opt_values /opt/stack/data/venv/lib/python3.12/site-packages/oslo_config/cfg.py:3253}}
Jul 10 20:49:23.848854 np0000005054 nova-scheduler[96498]: DEBUG cotyledon.oslo_config_glue [-] oslo_messaging_rabbit.rabbit_ha_queues = False {{(pid=96498) log_opt_values /opt/stack/data/venv/lib/python3.12/site-packages/oslo_config/cfg.py:3253}}
Jul 10 20:49:23.848854 np0000005054 nova-scheduler[96498]: DEBUG cotyledon.oslo_config_glue [-] oslo_messaging_rabbit.rabbit_interval_max = 30 {{(pid=96498) log_opt_values /opt/stack/data/venv/lib/python3.12/site-packages/oslo_config/cfg.py:3253}}
Jul 10 20:49:23.848854 np0000005054 nova-scheduler[96498]: DEBUG cotyledon.oslo_config_glue [-] oslo_messaging_rabbit.rabbit_login_method = AMQPLAIN {{(pid=96498) log_opt_values /opt/stack/data/venv/lib/python3.12/site-packages/oslo_config/cfg.py:3253}}
Jul 10 20:49:23.848854 np0000005054 nova-scheduler[96498]: DEBUG cotyledon.oslo_config_glue [-] oslo_messaging_rabbit.rabbit_qos_prefetch_count = 0 {{(pid=96498) log_opt_values /opt/stack/data/venv/lib/python3.12/site-packages/oslo_config/cfg.py:3253}}
Jul 10 20:49:23.848854 np0000005054 nova-scheduler[96498]: DEBUG cotyledon.oslo_config_glue [-] oslo_messaging_rabbit.rabbit_quorum_delivery_limit = 0 {{(pid=96498) log_opt_values /opt/stack/data/venv/lib/python3.12/site-packages/oslo_config/cfg.py:3253}}
Jul 10 20:49:23.848854 np0000005054 nova-scheduler[96498]: DEBUG cotyledon.oslo_config_glue [-] oslo_messaging_rabbit.rabbit_quorum_max_memory_bytes = 0 {{(pid=96498) log_opt_values /opt/stack/data/venv/lib/python3.12/site-packages/oslo_config/cfg.py:3253}}
Jul 10 20:49:23.849808 np0000005054 nova-scheduler[96498]: DEBUG cotyledon.oslo_config_glue [-] oslo_messaging_rabbit.rabbit_quorum_max_memory_length = 0 {{(pid=96498) log_opt_values /opt/stack/data/venv/lib/python3.12/site-packages/oslo_config/cfg.py:3253}}
Jul 10 20:49:23.849808 np0000005054 nova-scheduler[96498]: DEBUG cotyledon.oslo_config_glue [-] oslo_messaging_rabbit.rabbit_quorum_queue = False {{(pid=96498) log_opt_values /opt/stack/data/venv/lib/python3.12/site-packages/oslo_config/cfg.py:3253}}
Jul 10 20:49:23.849808 np0000005054 nova-scheduler[96498]: DEBUG cotyledon.oslo_config_glue [-] oslo_messaging_rabbit.rabbit_retry_backoff = 2 {{(pid=96498) log_opt_values /opt/stack/data/venv/lib/python3.12/site-packages/oslo_config/cfg.py:3253}}
Jul 10 20:49:23.849808 np0000005054 nova-scheduler[96498]: DEBUG cotyledon.oslo_config_glue [-] oslo_messaging_rabbit.rabbit_retry_interval = 1 {{(pid=96498) log_opt_values /opt/stack/data/venv/lib/python3.12/site-packages/oslo_config/cfg.py:3253}}
Jul 10 20:49:23.849808 np0000005054 nova-scheduler[96498]: DEBUG cotyledon.oslo_config_glue [-] oslo_messaging_rabbit.rabbit_stream_fanout = False {{(pid=96498) log_opt_values /opt/stack/data/venv/lib/python3.12/site-packages/oslo_config/cfg.py:3253}}
Jul 10 20:49:23.849808 np0000005054 nova-scheduler[96498]: DEBUG cotyledon.oslo_config_glue [-] oslo_messaging_rabbit.rabbit_transient_queues_ttl = 1800 {{(pid=96498) log_opt_values /opt/stack/data/venv/lib/python3.12/site-packages/oslo_config/cfg.py:3253}}
Jul 10 20:49:23.849808 np0000005054 nova-scheduler[96498]: DEBUG cotyledon.oslo_config_glue [-] oslo_messaging_rabbit.rabbit_transient_quorum_queue = False {{(pid=96498) log_opt_values /opt/stack/data/venv/lib/python3.12/site-packages/oslo_config/cfg.py:3253}}
Jul 10 20:49:23.849808 np0000005054 nova-scheduler[96498]: DEBUG cotyledon.oslo_config_glue [-] oslo_messaging_rabbit.rpc_conn_pool_size = 30 {{(pid=96498) log_opt_values /opt/stack/data/venv/lib/python3.12/site-packages/oslo_config/cfg.py:3253}}
Jul 10 20:49:23.849808 np0000005054 nova-scheduler[96498]: DEBUG cotyledon.oslo_config_glue [-] oslo_messaging_rabbit.ssl = False {{(pid=96498) log_opt_values /opt/stack/data/venv/lib/python3.12/site-packages/oslo_config/cfg.py:3253}}
Jul 10 20:49:23.850184 np0000005054 nova-scheduler[96498]: DEBUG cotyledon.oslo_config_glue [-] oslo_messaging_rabbit.ssl_ca_file = {{(pid=96498) log_opt_values /opt/stack/data/venv/lib/python3.12/site-packages/oslo_config/cfg.py:3253}}
Jul 10 20:49:23.850184 np0000005054 nova-scheduler[96498]: DEBUG cotyledon.oslo_config_glue [-] oslo_messaging_rabbit.ssl_cert_file = {{(pid=96498) log_opt_values /opt/stack/data/venv/lib/python3.12/site-packages/oslo_config/cfg.py:3253}}
Jul 10 20:49:23.850184 np0000005054 nova-scheduler[96498]: DEBUG cotyledon.oslo_config_glue [-] oslo_messaging_rabbit.ssl_enforce_fips_mode = False {{(pid=96498) log_opt_values /opt/stack/data/venv/lib/python3.12/site-packages/oslo_config/cfg.py:3253}}
Jul 10 20:49:23.850184 np0000005054 nova-scheduler[96498]: DEBUG cotyledon.oslo_config_glue [-] oslo_messaging_rabbit.ssl_enforce_hostname_verification = True {{(pid=96498) log_opt_values /opt/stack/data/venv/lib/python3.12/site-packages/oslo_config/cfg.py:3253}}
Jul 10 20:49:23.850184 np0000005054 nova-scheduler[96498]: DEBUG cotyledon.oslo_config_glue [-] oslo_messaging_rabbit.ssl_key_file = {{(pid=96498) log_opt_values /opt/stack/data/venv/lib/python3.12/site-packages/oslo_config/cfg.py:3253}}
Jul 10 20:49:23.850184 np0000005054 nova-scheduler[96498]: DEBUG cotyledon.oslo_config_glue [-] oslo_messaging_rabbit.ssl_version = {{(pid=96498) log_opt_values /opt/stack/data/venv/lib/python3.12/site-packages/oslo_config/cfg.py:3253}}
Jul 10 20:49:23.850184 np0000005054 nova-scheduler[96498]: DEBUG cotyledon.oslo_config_glue [-] oslo_messaging_rabbit.use_queue_manager = False {{(pid=96498) log_opt_values /opt/stack/data/venv/lib/python3.12/site-packages/oslo_config/cfg.py:3253}}
Jul 10 20:49:23.850184 np0000005054 nova-scheduler[96498]: DEBUG cotyledon.oslo_config_glue [-] oslo_messaging_notifications.driver = ['messagingv2'] {{(pid=96498) log_opt_values /opt/stack/data/venv/lib/python3.12/site-packages/oslo_config/cfg.py:3253}}
Jul 10 20:49:23.850184 np0000005054 nova-scheduler[96498]: DEBUG cotyledon.oslo_config_glue [-] oslo_messaging_notifications.retry = -1 {{(pid=96498) log_opt_values /opt/stack/data/venv/lib/python3.12/site-packages/oslo_config/cfg.py:3253}}
Jul 10 20:49:23.850475 np0000005054 nova-scheduler[96498]: DEBUG cotyledon.oslo_config_glue [-] oslo_messaging_notifications.topics = ['notifications'] {{(pid=96498) log_opt_values /opt/stack/data/venv/lib/python3.12/site-packages/oslo_config/cfg.py:3253}}
Jul 10 20:49:23.850475 np0000005054 nova-scheduler[96498]: DEBUG cotyledon.oslo_config_glue [-] oslo_messaging_notifications.transport_url = **** {{(pid=96498) log_opt_values /opt/stack/data/venv/lib/python3.12/site-packages/oslo_config/cfg.py:3253}}
Jul 10 20:49:23.850475 np0000005054 nova-scheduler[96498]: DEBUG cotyledon.oslo_config_glue [-] oslo_limit.auth_section = None {{(pid=96498) log_opt_values /opt/stack/data/venv/lib/python3.12/site-packages/oslo_config/cfg.py:3253}}
Jul 10 20:49:23.850475 np0000005054 nova-scheduler[96498]: DEBUG cotyledon.oslo_config_glue [-] oslo_limit.auth_type = None {{(pid=96498) log_opt_values /opt/stack/data/venv/lib/python3.12/site-packages/oslo_config/cfg.py:3253}}
Jul 10 20:49:23.850475 np0000005054 nova-scheduler[96498]: DEBUG cotyledon.oslo_config_glue [-] oslo_limit.cafile = None {{(pid=96498) log_opt_values /opt/stack/data/venv/lib/python3.12/site-packages/oslo_config/cfg.py:3253}}
Jul 10 20:49:23.850475 np0000005054 nova-scheduler[96498]: DEBUG cotyledon.oslo_config_glue [-] oslo_limit.certfile = None {{(pid=96498) log_opt_values /opt/stack/data/venv/lib/python3.12/site-packages/oslo_config/cfg.py:3253}}
Jul 10 20:49:23.850475 np0000005054 nova-scheduler[96498]: DEBUG cotyledon.oslo_config_glue [-] oslo_limit.collect_timing = False {{(pid=96498) log_opt_values /opt/stack/data/venv/lib/python3.12/site-packages/oslo_config/cfg.py:3253}}
Jul 10 20:49:23.850475 np0000005054 nova-scheduler[96498]: DEBUG cotyledon.oslo_config_glue [-] oslo_limit.connect_retries = None {{(pid=96498) log_opt_values /opt/stack/data/venv/lib/python3.12/site-packages/oslo_config/cfg.py:3253}}
Jul 10 20:49:23.850475 np0000005054 nova-scheduler[96498]: DEBUG cotyledon.oslo_config_glue [-] oslo_limit.connect_retry_delay = None {{(pid=96498) log_opt_values /opt/stack/data/venv/lib/python3.12/site-packages/oslo_config/cfg.py:3253}}
Jul 10 20:49:23.850809 np0000005054 nova-scheduler[96498]: DEBUG cotyledon.oslo_config_glue [-] oslo_limit.endpoint_id = None {{(pid=96498) log_opt_values /opt/stack/data/venv/lib/python3.12/site-packages/oslo_config/cfg.py:3253}}
Jul 10 20:49:23.850809 np0000005054 nova-scheduler[96498]: DEBUG cotyledon.oslo_config_glue [-] oslo_limit.endpoint_interface = public {{(pid=96498) log_opt_values /opt/stack/data/venv/lib/python3.12/site-packages/oslo_config/cfg.py:3253}}
Jul 10 20:49:23.850809 np0000005054 nova-scheduler[96498]: DEBUG cotyledon.oslo_config_glue [-] oslo_limit.endpoint_override = None {{(pid=96498) log_opt_values /opt/stack/data/venv/lib/python3.12/site-packages/oslo_config/cfg.py:3253}}
Jul 10 20:49:23.850809 np0000005054 nova-scheduler[96498]: DEBUG cotyledon.oslo_config_glue [-] oslo_limit.endpoint_region_name = None {{(pid=96498) log_opt_values /opt/stack/data/venv/lib/python3.12/site-packages/oslo_config/cfg.py:3253}}
Jul 10 20:49:23.850809 np0000005054 nova-scheduler[96498]: DEBUG cotyledon.oslo_config_glue [-] oslo_limit.endpoint_service_name = None {{(pid=96498) log_opt_values /opt/stack/data/venv/lib/python3.12/site-packages/oslo_config/cfg.py:3253}}
Jul 10 20:49:23.850809 np0000005054 nova-scheduler[96498]: DEBUG cotyledon.oslo_config_glue [-] oslo_limit.endpoint_service_type = None {{(pid=96498) log_opt_values /opt/stack/data/venv/lib/python3.12/site-packages/oslo_config/cfg.py:3253}}
Jul 10 20:49:23.850809 np0000005054 nova-scheduler[96498]: DEBUG cotyledon.oslo_config_glue [-] oslo_limit.insecure = False {{(pid=96498) log_opt_values /opt/stack/data/venv/lib/python3.12/site-packages/oslo_config/cfg.py:3253}}
Jul 10 20:49:23.850809 np0000005054 nova-scheduler[96498]: DEBUG cotyledon.oslo_config_glue [-] oslo_limit.keyfile = None {{(pid=96498) log_opt_values /opt/stack/data/venv/lib/python3.12/site-packages/oslo_config/cfg.py:3253}}
Jul 10 20:49:23.850809 np0000005054 nova-scheduler[96498]: DEBUG cotyledon.oslo_config_glue [-] oslo_limit.max_version = None {{(pid=96498) log_opt_values /opt/stack/data/venv/lib/python3.12/site-packages/oslo_config/cfg.py:3253}}
Jul 10 20:49:23.851096 np0000005054 nova-scheduler[96498]: DEBUG cotyledon.oslo_config_glue [-] oslo_limit.min_version = None {{(pid=96498) log_opt_values /opt/stack/data/venv/lib/python3.12/site-packages/oslo_config/cfg.py:3253}}
Jul 10 20:49:23.851096 np0000005054 nova-scheduler[96498]: DEBUG cotyledon.oslo_config_glue [-] oslo_limit.region_name = None {{(pid=96498) log_opt_values /opt/stack/data/venv/lib/python3.12/site-packages/oslo_config/cfg.py:3253}}
Jul 10 20:49:23.851096 np0000005054 nova-scheduler[96498]: DEBUG cotyledon.oslo_config_glue [-] oslo_limit.retriable_status_codes = None {{(pid=96498) log_opt_values /opt/stack/data/venv/lib/python3.12/site-packages/oslo_config/cfg.py:3253}}
Jul 10 20:49:23.851096 np0000005054 nova-scheduler[96498]: DEBUG cotyledon.oslo_config_glue [-] oslo_limit.service_name = None {{(pid=96498) log_opt_values /opt/stack/data/venv/lib/python3.12/site-packages/oslo_config/cfg.py:3253}}
Jul 10 20:49:23.851096 np0000005054 nova-scheduler[96498]: DEBUG cotyledon.oslo_config_glue [-] oslo_limit.service_type = None {{(pid=96498) log_opt_values /opt/stack/data/venv/lib/python3.12/site-packages/oslo_config/cfg.py:3253}}
Jul 10 20:49:23.851096 np0000005054 nova-scheduler[96498]: DEBUG cotyledon.oslo_config_glue [-] oslo_limit.split_loggers = False {{(pid=96498) log_opt_values /opt/stack/data/venv/lib/python3.12/site-packages/oslo_config/cfg.py:3253}}
Jul 10 20:49:23.851096 np0000005054 nova-scheduler[96498]: DEBUG cotyledon.oslo_config_glue [-] oslo_limit.status_code_retries = None {{(pid=96498) log_opt_values /opt/stack/data/venv/lib/python3.12/site-packages/oslo_config/cfg.py:3253}}
Jul 10 20:49:23.851096 np0000005054 nova-scheduler[96498]: DEBUG cotyledon.oslo_config_glue [-] oslo_limit.status_code_retry_delay = None {{(pid=96498) log_opt_values /opt/stack/data/venv/lib/python3.12/site-packages/oslo_config/cfg.py:3253}}
Jul 10 20:49:23.851096 np0000005054 nova-scheduler[96498]: DEBUG cotyledon.oslo_config_glue [-] oslo_limit.timeout = None {{(pid=96498) log_opt_values /opt/stack/data/venv/lib/python3.12/site-packages/oslo_config/cfg.py:3253}}
Jul 10 20:49:23.851377 np0000005054 nova-scheduler[96498]: DEBUG cotyledon.oslo_config_glue [-] oslo_limit.valid_interfaces = None {{(pid=96498) log_opt_values /opt/stack/data/venv/lib/python3.12/site-packages/oslo_config/cfg.py:3253}}
Jul 10 20:49:23.851377 np0000005054 nova-scheduler[96498]: DEBUG cotyledon.oslo_config_glue [-] oslo_limit.version = None {{(pid=96498) log_opt_values /opt/stack/data/venv/lib/python3.12/site-packages/oslo_config/cfg.py:3253}}
Jul 10 20:49:23.851377 np0000005054 nova-scheduler[96498]: DEBUG cotyledon.oslo_config_glue [-] oslo_reports.file_event_handler = None {{(pid=96498) log_opt_values /opt/stack/data/venv/lib/python3.12/site-packages/oslo_config/cfg.py:3253}}
Jul 10 20:49:23.851377 np0000005054 nova-scheduler[96498]: DEBUG cotyledon.oslo_config_glue [-] oslo_reports.file_event_handler_interval = 1 {{(pid=96498) log_opt_values /opt/stack/data/venv/lib/python3.12/site-packages/oslo_config/cfg.py:3253}}
Jul 10 20:49:23.851377 np0000005054 nova-scheduler[96498]: DEBUG cotyledon.oslo_config_glue [-] oslo_reports.log_dir = None {{(pid=96498) log_opt_values /opt/stack/data/venv/lib/python3.12/site-packages/oslo_config/cfg.py:3253}}
Jul 10 20:49:23.851377 np0000005054 nova-scheduler[96498]: DEBUG cotyledon.oslo_config_glue [-] ******************************************************************************** {{(pid=96498) log_opt_values /opt/stack/data/venv/lib/python3.12/site-packages/oslo_config/cfg.py:3260}}
Jul 10 20:49:23.851377 np0000005054 nova-scheduler[96498]: DEBUG cotyledon._service_worker [-] Run service ServiceWrapper(3) [96498] {{(pid=96498) wait_forever /opt/stack/data/venv/lib/python3.12/site-packages/cotyledon/_service_worker.py:218}}
Jul 10 20:49:23.851377 np0000005054 nova-scheduler[96498]: INFO nova.service [-] Starting scheduler node (version 33.1.0)
Jul 10 20:49:23.855192 np0000005054 nova-scheduler[96498]: INFO dbcounter [None req-c58b7c79-8a07-4642-80ca-5871563eb37b None None] Registered counter for database nova_cell0
Jul 10 20:49:23.855454 np0000005054 nova-scheduler[96485]: DEBUG nova.service [None req-331293e7-2d3a-4951-96fd-c809a5951c12 None None] Creating RPC server for service: nova-scheduler on topic: scheduler {{(pid=96485) start /opt/stack/nova/nova/service.py:196}}
Jul 10 20:49:23.878811 np0000005054 nova-scheduler[96494]: DEBUG oslo_db.sqlalchemy.engines [None req-2c83f5a5-7320-4061-9374-14636a3f73f2 None None] MySQL server mode set to STRICT_TRANS_TABLES,STRICT_ALL_TABLES,NO_ZERO_IN_DATE,NO_ZERO_DATE,ERROR_FOR_DIVISION_BY_ZERO,TRADITIONAL,NO_ENGINE_SUBSTITUTION {{(pid=96494) _check_effective_sql_mode /opt/stack/data/venv/lib/python3.12/site-packages/oslo_db/sqlalchemy/engines.py:325}}
Jul 10 20:49:23.878940 np0000005054 nova-scheduler[96485]: DEBUG nova.service [None req-331293e7-2d3a-4951-96fd-c809a5951c12 None None] Join ServiceGroup membership for this service scheduler {{(pid=96485) start /opt/stack/nova/nova/service.py:222}}
Jul 10 20:49:23.878940 np0000005054 nova-scheduler[96485]: DEBUG nova.servicegroup.drivers.db [None req-331293e7-2d3a-4951-96fd-c809a5951c12 None None] DB_Driver: join new ServiceGroup member np0000005054 to the scheduler group, service = {{(pid=96485) join /opt/stack/nova/nova/servicegroup/drivers/db.py:44}}
Jul 10 20:49:23.883101 np0000005054 nova-scheduler[96487]: DEBUG oslo_db.sqlalchemy.engines [None req-c970f37b-a825-42d3-9dcd-ffd09ed9dc8a None None] MySQL server mode set to STRICT_TRANS_TABLES,STRICT_ALL_TABLES,NO_ZERO_IN_DATE,NO_ZERO_DATE,ERROR_FOR_DIVISION_BY_ZERO,TRADITIONAL,NO_ENGINE_SUBSTITUTION {{(pid=96487) _check_effective_sql_mode /opt/stack/data/venv/lib/python3.12/site-packages/oslo_db/sqlalchemy/engines.py:325}}
Jul 10 20:49:23.889459 np0000005054 nova-scheduler[96494]: DEBUG dbcounter [-] [96494] Writer thread running {{(pid=96494) stat_writer /opt/stack/data/venv/lib/python3.12/site-packages/dbcounter.py:102}}
Jul 10 20:49:23.892875 np0000005054 nova-scheduler[96494]: DEBUG nova.service [None req-2c83f5a5-7320-4061-9374-14636a3f73f2 None None] Creating RPC server for service: nova-scheduler on topic: scheduler {{(pid=96494) start /opt/stack/nova/nova/service.py:196}}
Jul 10 20:49:23.893626 np0000005054 nova-scheduler[96487]: DEBUG dbcounter [-] [96487] Writer thread running {{(pid=96487) stat_writer /opt/stack/data/venv/lib/python3.12/site-packages/dbcounter.py:102}}
Jul 10 20:49:23.896766 np0000005054 nova-scheduler[96487]: DEBUG nova.service [None req-c970f37b-a825-42d3-9dcd-ffd09ed9dc8a None None] Creating RPC server for service: nova-scheduler on topic: scheduler {{(pid=96487) start /opt/stack/nova/nova/service.py:196}}
Jul 10 20:49:23.899453 np0000005054 nova-scheduler[96498]: DEBUG oslo_db.sqlalchemy.engines [None req-c58b7c79-8a07-4642-80ca-5871563eb37b None None] MySQL server mode set to STRICT_TRANS_TABLES,STRICT_ALL_TABLES,NO_ZERO_IN_DATE,NO_ZERO_DATE,ERROR_FOR_DIVISION_BY_ZERO,TRADITIONAL,NO_ENGINE_SUBSTITUTION {{(pid=96498) _check_effective_sql_mode /opt/stack/data/venv/lib/python3.12/site-packages/oslo_db/sqlalchemy/engines.py:325}}
Jul 10 20:49:23.908944 np0000005054 nova-scheduler[96498]: DEBUG dbcounter [-] [96498] Writer thread running {{(pid=96498) stat_writer /opt/stack/data/venv/lib/python3.12/site-packages/dbcounter.py:102}}
Jul 10 20:49:23.912640 np0000005054 nova-scheduler[96498]: DEBUG nova.service [None req-c58b7c79-8a07-4642-80ca-5871563eb37b None None] Creating RPC server for service: nova-scheduler on topic: scheduler {{(pid=96498) start /opt/stack/nova/nova/service.py:196}}
Jul 10 20:49:23.916330 np0000005054 nova-scheduler[96494]: DEBUG nova.service [None req-2c83f5a5-7320-4061-9374-14636a3f73f2 None None] Join ServiceGroup membership for this service scheduler {{(pid=96494) start /opt/stack/nova/nova/service.py:222}}
Jul 10 20:49:23.916527 np0000005054 nova-scheduler[96494]: DEBUG nova.servicegroup.drivers.db [None req-2c83f5a5-7320-4061-9374-14636a3f73f2 None None] DB_Driver: join new ServiceGroup member np0000005054 to the scheduler group, service = {{(pid=96494) join /opt/stack/nova/nova/servicegroup/drivers/db.py:44}}
Jul 10 20:49:23.917519 np0000005054 nova-scheduler[96487]: DEBUG nova.service [None req-c970f37b-a825-42d3-9dcd-ffd09ed9dc8a None None] Join ServiceGroup membership for this service scheduler {{(pid=96487) start /opt/stack/nova/nova/service.py:222}}
Jul 10 20:49:23.917773 np0000005054 nova-scheduler[96487]: DEBUG nova.servicegroup.drivers.db [None req-c970f37b-a825-42d3-9dcd-ffd09ed9dc8a None None] DB_Driver: join new ServiceGroup member np0000005054 to the scheduler group, service = {{(pid=96487) join /opt/stack/nova/nova/servicegroup/drivers/db.py:44}}
Jul 10 20:49:23.929846 np0000005054 nova-scheduler[96498]: DEBUG nova.service [None req-c58b7c79-8a07-4642-80ca-5871563eb37b None None] Join ServiceGroup membership for this service scheduler {{(pid=96498) start /opt/stack/nova/nova/service.py:222}}
Jul 10 20:49:23.929846 np0000005054 nova-scheduler[96498]: DEBUG nova.servicegroup.drivers.db [None req-c58b7c79-8a07-4642-80ca-5871563eb37b None None] DB_Driver: join new ServiceGroup member np0000005054 to the scheduler group, service = {{(pid=96498) join /opt/stack/nova/nova/servicegroup/drivers/db.py:44}}
Jul 10 20:49:28.882040 np0000005054 nova-scheduler[96485]: DEBUG oslo.service.backend._threading.loopingcall [None req-890c02d2-2e9a-40d9-b96d-58e6168a55fa None None] Dynamic interval looping call 'nova.service.Service.periodic_tasks' sleeping for 60.00 seconds {{(pid=96485) _run_loop /opt/stack/data/venv/lib/python3.12/site-packages/oslo_service/backend/_threading/loopingcall.py:125}}
Jul 10 20:49:28.892730 np0000005054 nova-scheduler[96485]: DEBUG oslo.service.backend._threading.loopingcall [-] Fixed interval looping call 'nova.servicegroup.drivers.db.DbDriver._report_state' sleeping for 119.99 seconds {{(pid=96485) _run_loop /opt/stack/data/venv/lib/python3.12/site-packages/oslo_service/backend/_threading/loopingcall.py:125}}
Jul 10 20:49:28.928063 np0000005054 nova-scheduler[96494]: DEBUG oslo.service.backend._threading.loopingcall [-] Fixed interval looping call 'nova.servicegroup.drivers.db.DbDriver._report_state' sleeping for 119.99 seconds {{(pid=96494) _run_loop /opt/stack/data/venv/lib/python3.12/site-packages/oslo_service/backend/_threading/loopingcall.py:125}}
Jul 10 20:49:28.928358 np0000005054 nova-scheduler[96487]: DEBUG oslo.service.backend._threading.loopingcall [-] Fixed interval looping call 'nova.servicegroup.drivers.db.DbDriver._report_state' sleeping for 119.99 seconds {{(pid=96487) _run_loop /opt/stack/data/venv/lib/python3.12/site-packages/oslo_service/backend/_threading/loopingcall.py:125}}
Jul 10 20:49:28.939777 np0000005054 nova-scheduler[96498]: DEBUG oslo.service.backend._threading.loopingcall [-] Fixed interval looping call 'nova.servicegroup.drivers.db.DbDriver._report_state' sleeping for 119.99 seconds {{(pid=96498) _run_loop /opt/stack/data/venv/lib/python3.12/site-packages/oslo_service/backend/_threading/loopingcall.py:125}}
Jul 10 20:49:32.406399 np0000005054 nova-scheduler[95286]: DEBUG dbcounter [-] [95286] Writing DB stats nova_api:SELECT=3 {{(pid=95286) stat_writer /opt/stack/data/venv/lib/python3.12/site-packages/dbcounter.py:115}}
Jul 10 20:49:32.537702 np0000005054 nova-scheduler[95286]: DEBUG dbcounter [-] [95286] Writing DB stats nova_cell0:SELECT=1 {{(pid=95286) stat_writer /opt/stack/data/venv/lib/python3.12/site-packages/dbcounter.py:115}}
Jul 10 20:49:32.542347 np0000005054 nova-scheduler[95286]: DEBUG dbcounter [-] [95286] Writing DB stats nova_cell1:SELECT=1 {{(pid=95286) stat_writer /opt/stack/data/venv/lib/python3.12/site-packages/dbcounter.py:115}}
Jul 10 20:49:38.888950 np0000005054 nova-scheduler[96485]: DEBUG dbcounter [-] [96485] Writing DB stats nova_cell0:SELECT=4,nova_cell0:INSERT=1,nova_cell0:UPDATE=1 {{(pid=96485) stat_writer /opt/stack/data/venv/lib/python3.12/site-packages/dbcounter.py:115}}
Jul 10 20:49:38.925256 np0000005054 nova-scheduler[96494]: DEBUG dbcounter [-] [96494] Writing DB stats nova_cell0:SELECT=3 {{(pid=96494) stat_writer /opt/stack/data/venv/lib/python3.12/site-packages/dbcounter.py:115}}
Jul 10 20:49:38.925505 np0000005054 nova-scheduler[96487]: DEBUG dbcounter [-] [96487] Writing DB stats nova_cell0:SELECT=3 {{(pid=96487) stat_writer /opt/stack/data/venv/lib/python3.12/site-packages/dbcounter.py:115}}
Jul 10 20:49:38.937266 np0000005054 nova-scheduler[96498]: DEBUG dbcounter [-] [96498] Writing DB stats nova_cell0:SELECT=3 {{(pid=96498) stat_writer /opt/stack/data/venv/lib/python3.12/site-packages/dbcounter.py:115}}
Jul 10 20:49:53.931704 np0000005054 nova-scheduler[96498]: DEBUG oslo.service.backend._threading.loopingcall [None req-26fde864-d1d4-4118-b391-ebd74c5af284 None None] Dynamic interval looping call 'nova.service.Service.periodic_tasks' sleeping for 60.00 seconds {{(pid=96498) _run_loop /opt/stack/data/venv/lib/python3.12/site-packages/oslo_service/backend/_threading/loopingcall.py:125}}
Jul 10 20:50:06.918307 np0000005054 nova-scheduler[96494]: DEBUG oslo.service.backend._threading.loopingcall [None req-a9f437a4-0726-438c-835e-5c0081728409 None None] Dynamic interval looping call 'nova.service.Service.periodic_tasks' sleeping for 60.00 seconds {{(pid=96494) _run_loop /opt/stack/data/venv/lib/python3.12/site-packages/oslo_service/backend/_threading/loopingcall.py:125}}
Jul 10 20:50:13.919801 np0000005054 nova-scheduler[96487]: DEBUG oslo.service.backend._threading.loopingcall [None req-7668f471-3e99-4cd9-8e1b-0c77ee60f0f3 None None] Dynamic interval looping call 'nova.service.Service.periodic_tasks' sleeping for 60.00 seconds {{(pid=96487) _run_loop /opt/stack/data/venv/lib/python3.12/site-packages/oslo_service/backend/_threading/loopingcall.py:125}}
Jul 10 20:50:28.882621 np0000005054 nova-scheduler[96485]: DEBUG oslo.service.backend._threading.loopingcall [None req-890c02d2-2e9a-40d9-b96d-58e6168a55fa None None] Dynamic interval looping call 'nova.service.Service.periodic_tasks' sleeping for 60.00 seconds {{(pid=96485) _run_loop /opt/stack/data/venv/lib/python3.12/site-packages/oslo_service/backend/_threading/loopingcall.py:125}}
Jul 10 20:50:53.932223 np0000005054 nova-scheduler[96498]: DEBUG oslo.service.backend._threading.loopingcall [None req-26fde864-d1d4-4118-b391-ebd74c5af284 None None] Dynamic interval looping call 'nova.service.Service.periodic_tasks' sleeping for 60.00 seconds {{(pid=96498) _run_loop /opt/stack/data/venv/lib/python3.12/site-packages/oslo_service/backend/_threading/loopingcall.py:125}}
Jul 10 20:51:06.918777 np0000005054 nova-scheduler[96494]: DEBUG oslo.service.backend._threading.loopingcall [None req-a9f437a4-0726-438c-835e-5c0081728409 None None] Dynamic interval looping call 'nova.service.Service.periodic_tasks' sleeping for 60.00 seconds {{(pid=96494) _run_loop /opt/stack/data/venv/lib/python3.12/site-packages/oslo_service/backend/_threading/loopingcall.py:125}}
Jul 10 20:51:13.920326 np0000005054 nova-scheduler[96487]: DEBUG oslo.service.backend._threading.loopingcall [None req-7668f471-3e99-4cd9-8e1b-0c77ee60f0f3 None None] Dynamic interval looping call 'nova.service.Service.periodic_tasks' sleeping for 60.00 seconds {{(pid=96487) _run_loop /opt/stack/data/venv/lib/python3.12/site-packages/oslo_service/backend/_threading/loopingcall.py:125}}
Jul 10 20:51:28.884035 np0000005054 nova-scheduler[96485]: DEBUG oslo.service.backend._threading.loopingcall [None req-890c02d2-2e9a-40d9-b96d-58e6168a55fa None None] Dynamic interval looping call 'nova.service.Service.periodic_tasks' sleeping for 60.00 seconds {{(pid=96485) _run_loop /opt/stack/data/venv/lib/python3.12/site-packages/oslo_service/backend/_threading/loopingcall.py:125}}
Jul 10 20:51:28.893227 np0000005054 nova-scheduler[96485]: DEBUG oslo.service.backend._threading.loopingcall [-] Fixed interval looping call 'nova.servicegroup.drivers.db.DbDriver._report_state' sleeping for 119.99 seconds {{(pid=96485) _run_loop /opt/stack/data/venv/lib/python3.12/site-packages/oslo_service/backend/_threading/loopingcall.py:125}}
Jul 10 20:51:28.922231 np0000005054 nova-scheduler[96494]: DEBUG oslo.service.backend._threading.loopingcall [-] Fixed interval looping call 'nova.servicegroup.drivers.db.DbDriver._report_state' sleeping for 120.00 seconds {{(pid=96494) _run_loop /opt/stack/data/venv/lib/python3.12/site-packages/oslo_service/backend/_threading/loopingcall.py:125}}
Jul 10 20:51:28.922589 np0000005054 nova-scheduler[96487]: DEBUG oslo.service.backend._threading.loopingcall [-] Fixed interval looping call 'nova.servicegroup.drivers.db.DbDriver._report_state' sleeping for 120.00 seconds {{(pid=96487) _run_loop /opt/stack/data/venv/lib/python3.12/site-packages/oslo_service/backend/_threading/loopingcall.py:125}}
Jul 10 20:51:28.934851 np0000005054 nova-scheduler[96498]: DEBUG oslo.service.backend._threading.loopingcall [-] Fixed interval looping call 'nova.servicegroup.drivers.db.DbDriver._report_state' sleeping for 120.00 seconds {{(pid=96498) _run_loop /opt/stack/data/venv/lib/python3.12/site-packages/oslo_service/backend/_threading/loopingcall.py:125}}
Jul 10 20:51:38.887847 np0000005054 nova-scheduler[96485]: DEBUG dbcounter [-] [96485] Writing DB stats nova_cell0:SELECT=1,nova_cell0:UPDATE=1 {{(pid=96485) stat_writer /opt/stack/data/venv/lib/python3.12/site-packages/dbcounter.py:115}}
Jul 10 20:51:38.920381 np0000005054 nova-scheduler[96494]: DEBUG dbcounter [-] [96494] Writing DB stats nova_cell0:SELECT=1 {{(pid=96494) stat_writer /opt/stack/data/venv/lib/python3.12/site-packages/dbcounter.py:115}}
Jul 10 20:51:38.923225 np0000005054 nova-scheduler[96487]: DEBUG dbcounter [-] [96487] Writing DB stats nova_cell0:SELECT=1 {{(pid=96487) stat_writer /opt/stack/data/venv/lib/python3.12/site-packages/dbcounter.py:115}}
Jul 10 20:51:38.932142 np0000005054 nova-scheduler[96498]: DEBUG dbcounter [-] [96498] Writing DB stats nova_cell0:SELECT=1 {{(pid=96498) stat_writer /opt/stack/data/venv/lib/python3.12/site-packages/dbcounter.py:115}}
Jul 10 20:51:46.671415 np0000005054 nova-scheduler[96485]: DEBUG nova.scheduler.manager [None req-443515a9-a2fa-4a6a-93f9-1270beace038 tempest-ServerBootFromVolumeStableRescueTest-1623217468 tempest-ServerBootFromVolumeStableRescueTest-1623217468-project-member] Starting to schedule for instances: ['202f63c7-0733-4a78-9c70-b5272661dc7d'] {{(pid=96485) select_destinations /opt/stack/nova/nova/scheduler/manager.py:209}}
Jul 10 20:51:46.672168 np0000005054 nova-scheduler[96485]: DEBUG nova.scheduler.request_filter [None req-443515a9-a2fa-4a6a-93f9-1270beace038 tempest-ServerBootFromVolumeStableRescueTest-1623217468 tempest-ServerBootFromVolumeStableRescueTest-1623217468-project-member] compute_status_filter request filter added forbidden trait COMPUTE_STATUS_DISABLED {{(pid=96485) compute_status_filter /opt/stack/nova/nova/scheduler/request_filter.py:253}}
Jul 10 20:51:46.672710 np0000005054 nova-scheduler[96485]: DEBUG nova.scheduler.request_filter [None req-443515a9-a2fa-4a6a-93f9-1270beace038 tempest-ServerBootFromVolumeStableRescueTest-1623217468 tempest-ServerBootFromVolumeStableRescueTest-1623217468-project-member] Request filter 'compute_status_filter' took 0.0 seconds {{(pid=96485) wrapper /opt/stack/nova/nova/scheduler/request_filter.py:46}}
Jul 10 20:51:46.672984 np0000005054 nova-scheduler[96485]: DEBUG nova.scheduler.request_filter [None req-443515a9-a2fa-4a6a-93f9-1270beace038 tempest-ServerBootFromVolumeStableRescueTest-1623217468 tempest-ServerBootFromVolumeStableRescueTest-1623217468-project-member] Request filter 'accelerators_filter' took 0.0 seconds {{(pid=96485) wrapper /opt/stack/nova/nova/scheduler/request_filter.py:46}}
Jul 10 20:51:46.673174 np0000005054 nova-scheduler[96485]: DEBUG nova.scheduler.request_filter [None req-443515a9-a2fa-4a6a-93f9-1270beace038 tempest-ServerBootFromVolumeStableRescueTest-1623217468 tempest-ServerBootFromVolumeStableRescueTest-1623217468-project-member] Request filter 'packed_virtqueue_filter' took 0.0 seconds {{(pid=96485) wrapper /opt/stack/nova/nova/scheduler/request_filter.py:46}}
Jul 10 20:51:46.673592 np0000005054 nova-scheduler[96485]: DEBUG nova.scheduler.request_filter [None req-443515a9-a2fa-4a6a-93f9-1270beace038 tempest-ServerBootFromVolumeStableRescueTest-1623217468 tempest-ServerBootFromVolumeStableRescueTest-1623217468-project-member] Request filter 'remote_managed_ports_filter' took 0.0 seconds {{(pid=96485) wrapper /opt/stack/nova/nova/scheduler/request_filter.py:46}}
Jul 10 20:51:46.673592 np0000005054 nova-scheduler[96485]: DEBUG nova.scheduler.request_filter [None req-443515a9-a2fa-4a6a-93f9-1270beace038 tempest-ServerBootFromVolumeStableRescueTest-1623217468 tempest-ServerBootFromVolumeStableRescueTest-1623217468-project-member] ephemeral_encryption_filter skipped {{(pid=96485) ephemeral_encryption_filter /opt/stack/nova/nova/scheduler/request_filter.py:426}}
Jul 10 20:51:46.673881 np0000005054 nova-scheduler[96485]: DEBUG nova.scheduler.request_filter [None req-443515a9-a2fa-4a6a-93f9-1270beace038 tempest-ServerBootFromVolumeStableRescueTest-1623217468 tempest-ServerBootFromVolumeStableRescueTest-1623217468-project-member] virtio_sound_filter skipped {{(pid=96485) virtio_sound_filter /opt/stack/nova/nova/scheduler/request_filter.py:460}}
Jul 10 20:51:46.673938 np0000005054 nova-scheduler[96485]: DEBUG nova.scheduler.request_filter [None req-443515a9-a2fa-4a6a-93f9-1270beace038 tempest-ServerBootFromVolumeStableRescueTest-1623217468 tempest-ServerBootFromVolumeStableRescueTest-1623217468-project-member] tpm_secret_security_filter skipped {{(pid=96485) tpm_secret_security_filter /opt/stack/nova/nova/scheduler/request_filter.py:477}}
Jul 10 20:51:46.887837 np0000005054 nova-scheduler[96494]: DEBUG nova.scheduler.manager [None req-a6246f6d-5c50-4df1-af89-f43bfc0a85d2 tempest-ServerActionsTestOtherA-159241229 tempest-ServerActionsTestOtherA-159241229-project-member] Starting to schedule for instances: ['720da30a-c416-45bd-bb68-c07f92a6cf2f'] {{(pid=96494) select_destinations /opt/stack/nova/nova/scheduler/manager.py:209}}
Jul 10 20:51:46.888188 np0000005054 nova-scheduler[96494]: DEBUG nova.scheduler.request_filter [None req-a6246f6d-5c50-4df1-af89-f43bfc0a85d2 tempest-ServerActionsTestOtherA-159241229 tempest-ServerActionsTestOtherA-159241229-project-member] compute_status_filter request filter added forbidden trait COMPUTE_STATUS_DISABLED {{(pid=96494) compute_status_filter /opt/stack/nova/nova/scheduler/request_filter.py:253}}
Jul 10 20:51:46.888188 np0000005054 nova-scheduler[96494]: DEBUG nova.scheduler.request_filter [None req-a6246f6d-5c50-4df1-af89-f43bfc0a85d2 tempest-ServerActionsTestOtherA-159241229 tempest-ServerActionsTestOtherA-159241229-project-member] Request filter 'compute_status_filter' took 0.0 seconds {{(pid=96494) wrapper /opt/stack/nova/nova/scheduler/request_filter.py:46}}
Jul 10 20:51:46.888415 np0000005054 nova-scheduler[96494]: DEBUG nova.scheduler.request_filter [None req-a6246f6d-5c50-4df1-af89-f43bfc0a85d2 tempest-ServerActionsTestOtherA-159241229 tempest-ServerActionsTestOtherA-159241229-project-member] Request filter 'accelerators_filter' took 0.0 seconds {{(pid=96494) wrapper /opt/stack/nova/nova/scheduler/request_filter.py:46}}
Jul 10 20:51:46.888628 np0000005054 nova-scheduler[96494]: DEBUG nova.scheduler.request_filter [None req-a6246f6d-5c50-4df1-af89-f43bfc0a85d2 tempest-ServerActionsTestOtherA-159241229 tempest-ServerActionsTestOtherA-159241229-project-member] Request filter 'packed_virtqueue_filter' took 0.0 seconds {{(pid=96494) wrapper /opt/stack/nova/nova/scheduler/request_filter.py:46}}
Jul 10 20:51:46.888928 np0000005054 nova-scheduler[96494]: DEBUG nova.scheduler.request_filter [None req-a6246f6d-5c50-4df1-af89-f43bfc0a85d2 tempest-ServerActionsTestOtherA-159241229 tempest-ServerActionsTestOtherA-159241229-project-member] Request filter 'remote_managed_ports_filter' took 0.0 seconds {{(pid=96494) wrapper /opt/stack/nova/nova/scheduler/request_filter.py:46}}
Jul 10 20:51:46.889067 np0000005054 nova-scheduler[96494]: DEBUG nova.scheduler.request_filter [None req-a6246f6d-5c50-4df1-af89-f43bfc0a85d2 tempest-ServerActionsTestOtherA-159241229 tempest-ServerActionsTestOtherA-159241229-project-member] ephemeral_encryption_filter skipped {{(pid=96494) ephemeral_encryption_filter /opt/stack/nova/nova/scheduler/request_filter.py:426}}
Jul 10 20:51:46.889227 np0000005054 nova-scheduler[96494]: DEBUG nova.scheduler.request_filter [None req-a6246f6d-5c50-4df1-af89-f43bfc0a85d2 tempest-ServerActionsTestOtherA-159241229 tempest-ServerActionsTestOtherA-159241229-project-member] virtio_sound_filter skipped {{(pid=96494) virtio_sound_filter /opt/stack/nova/nova/scheduler/request_filter.py:460}}
Jul 10 20:51:46.889367 np0000005054 nova-scheduler[96494]: DEBUG nova.scheduler.request_filter [None req-a6246f6d-5c50-4df1-af89-f43bfc0a85d2 tempest-ServerActionsTestOtherA-159241229 tempest-ServerActionsTestOtherA-159241229-project-member] tpm_secret_security_filter skipped {{(pid=96494) tpm_secret_security_filter /opt/stack/nova/nova/scheduler/request_filter.py:477}}
Jul 10 20:51:47.229136 np0000005054 nova-scheduler[96485]: INFO nova.utils [None req-443515a9-a2fa-4a6a-93f9-1270beace038 tempest-ServerBootFromVolumeStableRescueTest-1623217468 tempest-ServerBootFromVolumeStableRescueTest-1623217468-project-member] The cell worker thread pool ForkProcess-1.cell_worker is initialized
Jul 10 20:51:47.229136 np0000005054 nova-scheduler[96485]: DEBUG oslo_concurrency.lockutils [None req-443515a9-a2fa-4a6a-93f9-1270beace038 tempest-ServerBootFromVolumeStableRescueTest-1623217468 tempest-ServerBootFromVolumeStableRescueTest-1623217468-project-member] Acquiring lock "cfca1820-cf62-455b-8c2c-6e2feff4a1dc" by "nova.context.set_target_cell..get_or_set_cached_cell_and_set_connections" {{(pid=96485) inner /opt/stack/data/venv/lib/python3.12/site-packages/oslo_concurrency/lockutils.py:511}}
Jul 10 20:51:47.229136 np0000005054 nova-scheduler[96485]: DEBUG oslo_concurrency.lockutils [None req-443515a9-a2fa-4a6a-93f9-1270beace038 tempest-ServerBootFromVolumeStableRescueTest-1623217468 tempest-ServerBootFromVolumeStableRescueTest-1623217468-project-member] Lock "cfca1820-cf62-455b-8c2c-6e2feff4a1dc" acquired by "nova.context.set_target_cell..get_or_set_cached_cell_and_set_connections" :: waited 0.000s {{(pid=96485) inner /opt/stack/data/venv/lib/python3.12/site-packages/oslo_concurrency/lockutils.py:524}}
Jul 10 20:51:47.229661 np0000005054 nova-scheduler[96485]: DEBUG oslo_concurrency.lockutils [None req-443515a9-a2fa-4a6a-93f9-1270beace038 tempest-ServerBootFromVolumeStableRescueTest-1623217468 tempest-ServerBootFromVolumeStableRescueTest-1623217468-project-member] Lock "cfca1820-cf62-455b-8c2c-6e2feff4a1dc" "released" by "nova.context.set_target_cell..get_or_set_cached_cell_and_set_connections" :: held 0.002s {{(pid=96485) inner /opt/stack/data/venv/lib/python3.12/site-packages/oslo_concurrency/lockutils.py:543}}
Jul 10 20:51:47.232383 np0000005054 nova-scheduler[96485]: INFO dbcounter [None req-443515a9-a2fa-4a6a-93f9-1270beace038 tempest-ServerBootFromVolumeStableRescueTest-1623217468 tempest-ServerBootFromVolumeStableRescueTest-1623217468-project-member] Registered counter for database nova_cell1
Jul 10 20:51:47.275564 np0000005054 nova-scheduler[96485]: DEBUG oslo_db.sqlalchemy.engines [None req-443515a9-a2fa-4a6a-93f9-1270beace038 tempest-ServerBootFromVolumeStableRescueTest-1623217468 tempest-ServerBootFromVolumeStableRescueTest-1623217468-project-member] MySQL server mode set to STRICT_TRANS_TABLES,STRICT_ALL_TABLES,NO_ZERO_IN_DATE,NO_ZERO_DATE,ERROR_FOR_DIVISION_BY_ZERO,TRADITIONAL,NO_ENGINE_SUBSTITUTION {{(pid=96485) _check_effective_sql_mode /opt/stack/data/venv/lib/python3.12/site-packages/oslo_db/sqlalchemy/engines.py:325}}
Jul 10 20:51:47.282587 np0000005054 nova-scheduler[96485]: DEBUG dbcounter [-] [96485] Writer thread running {{(pid=96485) stat_writer /opt/stack/data/venv/lib/python3.12/site-packages/dbcounter.py:102}}
Jul 10 20:51:47.296495 np0000005054 nova-scheduler[96485]: DEBUG oslo_db.sqlalchemy.engines [None req-443515a9-a2fa-4a6a-93f9-1270beace038 tempest-ServerBootFromVolumeStableRescueTest-1623217468 tempest-ServerBootFromVolumeStableRescueTest-1623217468-project-member] Parent process 95286 forked (96485) with an open database connection, which is being discarded and recreated. {{(pid=96485) checkout /opt/stack/data/venv/lib/python3.12/site-packages/oslo_db/sqlalchemy/engines.py:402}}
Jul 10 20:51:47.347471 np0000005054 nova-scheduler[96485]: DEBUG dbcounter [-] [96485] Writer thread running {{(pid=96485) stat_writer /opt/stack/data/venv/lib/python3.12/site-packages/dbcounter.py:102}}
Jul 10 20:51:47.350451 np0000005054 nova-scheduler[96494]: INFO nova.utils [None req-a6246f6d-5c50-4df1-af89-f43bfc0a85d2 tempest-ServerActionsTestOtherA-159241229 tempest-ServerActionsTestOtherA-159241229-project-member] The cell worker thread pool ForkProcess-3.cell_worker is initialized
