Jul 10 20:49:29.248310 np0000005054 nova-conductor[98919]: DEBUG cotyledon.oslo_config_glue [-] workarounds.reserve_disk_resource_for_image_cache = False {{(pid=98919) log_opt_values /opt/stack/data/venv/lib/python3.12/site-packages/oslo_config/cfg.py:3253}}
Jul 10 20:49:29.248310 np0000005054 nova-conductor[98919]: DEBUG cotyledon.oslo_config_glue [-] workarounds.skip_cpu_compare_at_startup = False {{(pid=98919) log_opt_values /opt/stack/data/venv/lib/python3.12/site-packages/oslo_config/cfg.py:3253}}
Jul 10 20:49:29.248310 np0000005054 nova-conductor[98919]: DEBUG cotyledon.oslo_config_glue [-] workarounds.skip_cpu_compare_on_dest = False {{(pid=98919) log_opt_values /opt/stack/data/venv/lib/python3.12/site-packages/oslo_config/cfg.py:3253}}
Jul 10 20:49:29.248310 np0000005054 nova-conductor[98919]: DEBUG cotyledon.oslo_config_glue [-] workarounds.skip_hypervisor_version_check_on_lm = False {{(pid=98919) log_opt_values /opt/stack/data/venv/lib/python3.12/site-packages/oslo_config/cfg.py:3253}}
Jul 10 20:49:29.248636 np0000005054 nova-conductor[98919]: DEBUG cotyledon.oslo_config_glue [-] workarounds.skip_reserve_in_use_ironic_nodes = False {{(pid=98919) log_opt_values /opt/stack/data/venv/lib/python3.12/site-packages/oslo_config/cfg.py:3253}}
Jul 10 20:49:29.248636 np0000005054 nova-conductor[98919]: DEBUG cotyledon.oslo_config_glue [-] workarounds.unified_limits_count_pcpu_as_vcpu = False {{(pid=98919) log_opt_values /opt/stack/data/venv/lib/python3.12/site-packages/oslo_config/cfg.py:3253}}
Jul 10 20:49:29.248636 np0000005054 nova-conductor[98919]: DEBUG cotyledon.oslo_config_glue [-] workarounds.wait_for_vif_plugged_event_during_hard_reboot = [] {{(pid=98919) log_opt_values /opt/stack/data/venv/lib/python3.12/site-packages/oslo_config/cfg.py:3253}}
Jul 10 20:49:29.248636 np0000005054 nova-conductor[98919]: DEBUG cotyledon.oslo_config_glue [-] wsgi.api_paste_config = /etc/nova/api-paste.ini {{(pid=98919) log_opt_values /opt/stack/data/venv/lib/python3.12/site-packages/oslo_config/cfg.py:3253}}
Jul 10 20:49:29.248636 np0000005054 nova-conductor[98919]: DEBUG cotyledon.oslo_config_glue [-] wsgi.secure_proxy_ssl_header = None {{(pid=98919) log_opt_values /opt/stack/data/venv/lib/python3.12/site-packages/oslo_config/cfg.py:3253}}
Jul 10 20:49:29.248636 np0000005054 nova-conductor[98919]: DEBUG cotyledon.oslo_config_glue [-] zvm.ca_file = None {{(pid=98919) log_opt_values /opt/stack/data/venv/lib/python3.12/site-packages/oslo_config/cfg.py:3253}}
Jul 10 20:49:29.248636 np0000005054 nova-conductor[98919]: DEBUG cotyledon.oslo_config_glue [-] zvm.cloud_connector_url = None {{(pid=98919) log_opt_values /opt/stack/data/venv/lib/python3.12/site-packages/oslo_config/cfg.py:3253}}
Jul 10 20:49:29.248636 np0000005054 nova-conductor[98919]: DEBUG cotyledon.oslo_config_glue [-] zvm.image_tmp_path = /opt/stack/data/nova/images {{(pid=98919) log_opt_values /opt/stack/data/venv/lib/python3.12/site-packages/oslo_config/cfg.py:3253}}
Jul 10 20:49:29.248636 np0000005054 nova-conductor[98919]: DEBUG cotyledon.oslo_config_glue [-] zvm.reachable_timeout = 300 {{(pid=98919) log_opt_values /opt/stack/data/venv/lib/python3.12/site-packages/oslo_config/cfg.py:3253}}
Jul 10 20:49:29.248901 np0000005054 nova-conductor[98919]: DEBUG cotyledon.oslo_config_glue [-] oslo_versionedobjects.fatal_exception_format_errors = False {{(pid=98919) log_opt_values /opt/stack/data/venv/lib/python3.12/site-packages/oslo_config/cfg.py:3253}}
Jul 10 20:49:29.248901 np0000005054 nova-conductor[98919]: DEBUG cotyledon.oslo_config_glue [-] oslo_middleware.http_basic_auth_user_file = /etc/htpasswd {{(pid=98919) log_opt_values /opt/stack/data/venv/lib/python3.12/site-packages/oslo_config/cfg.py:3253}}
Jul 10 20:49:29.248901 np0000005054 nova-conductor[98919]: DEBUG cotyledon.oslo_config_glue [-] profiler.connection_string = messaging:// {{(pid=98919) log_opt_values /opt/stack/data/venv/lib/python3.12/site-packages/oslo_config/cfg.py:3253}}
Jul 10 20:49:29.248901 np0000005054 nova-conductor[98919]: DEBUG cotyledon.oslo_config_glue [-] profiler.enabled = False {{(pid=98919) log_opt_values /opt/stack/data/venv/lib/python3.12/site-packages/oslo_config/cfg.py:3253}}
Jul 10 20:49:29.248901 np0000005054 nova-conductor[98919]: DEBUG cotyledon.oslo_config_glue [-] profiler.es_doc_type = notification {{(pid=98919) log_opt_values /opt/stack/data/venv/lib/python3.12/site-packages/oslo_config/cfg.py:3253}}
Jul 10 20:49:29.248901 np0000005054 nova-conductor[98919]: DEBUG cotyledon.oslo_config_glue [-] profiler.es_scroll_size = 10000 {{(pid=98919) log_opt_values /opt/stack/data/venv/lib/python3.12/site-packages/oslo_config/cfg.py:3253}}
Jul 10 20:49:29.248901 np0000005054 nova-conductor[98919]: DEBUG cotyledon.oslo_config_glue [-] profiler.es_scroll_time = 2m {{(pid=98919) log_opt_values /opt/stack/data/venv/lib/python3.12/site-packages/oslo_config/cfg.py:3253}}
Jul 10 20:49:29.248901 np0000005054 nova-conductor[98919]: DEBUG cotyledon.oslo_config_glue [-] profiler.filter_error_trace = False {{(pid=98919) log_opt_values /opt/stack/data/venv/lib/python3.12/site-packages/oslo_config/cfg.py:3253}}
Jul 10 20:49:29.248901 np0000005054 nova-conductor[98919]: DEBUG cotyledon.oslo_config_glue [-] profiler.hmac_keys = **** {{(pid=98919) log_opt_values /opt/stack/data/venv/lib/python3.12/site-packages/oslo_config/cfg.py:3253}}
Jul 10 20:49:29.249371 np0000005054 nova-conductor[98919]: DEBUG cotyledon.oslo_config_glue [-] profiler.sentinel_service_name = mymaster {{(pid=98919) log_opt_values /opt/stack/data/venv/lib/python3.12/site-packages/oslo_config/cfg.py:3253}}
Jul 10 20:49:29.249371 np0000005054 nova-conductor[98919]: DEBUG cotyledon.oslo_config_glue [-] profiler.socket_timeout = 0.1 {{(pid=98919) log_opt_values /opt/stack/data/venv/lib/python3.12/site-packages/oslo_config/cfg.py:3253}}
Jul 10 20:49:29.249371 np0000005054 nova-conductor[98919]: DEBUG cotyledon.oslo_config_glue [-] profiler.trace_requests = False {{(pid=98919) log_opt_values /opt/stack/data/venv/lib/python3.12/site-packages/oslo_config/cfg.py:3253}}
Jul 10 20:49:29.249371 np0000005054 nova-conductor[98919]: DEBUG cotyledon.oslo_config_glue [-] profiler.trace_sqlalchemy = False {{(pid=98919) log_opt_values /opt/stack/data/venv/lib/python3.12/site-packages/oslo_config/cfg.py:3253}}
Jul 10 20:49:29.249371 np0000005054 nova-conductor[98919]: DEBUG cotyledon.oslo_config_glue [-] profiler_jaeger.process_tags = {} {{(pid=98919) log_opt_values /opt/stack/data/venv/lib/python3.12/site-packages/oslo_config/cfg.py:3253}}
Jul 10 20:49:29.249371 np0000005054 nova-conductor[98919]: DEBUG cotyledon.oslo_config_glue [-] profiler_jaeger.service_name_prefix = None {{(pid=98919) log_opt_values /opt/stack/data/venv/lib/python3.12/site-packages/oslo_config/cfg.py:3253}}
Jul 10 20:49:29.249371 np0000005054 nova-conductor[98919]: DEBUG cotyledon.oslo_config_glue [-] profiler_otlp.service_name_prefix = None {{(pid=98919) log_opt_values /opt/stack/data/venv/lib/python3.12/site-packages/oslo_config/cfg.py:3253}}
Jul 10 20:49:29.249371 np0000005054 nova-conductor[98919]: DEBUG cotyledon.oslo_config_glue [-] oslo_messaging_rabbit.amqp_auto_delete = False {{(pid=98919) log_opt_values /opt/stack/data/venv/lib/python3.12/site-packages/oslo_config/cfg.py:3253}}
Jul 10 20:49:29.249371 np0000005054 nova-conductor[98919]: DEBUG cotyledon.oslo_config_glue [-] oslo_messaging_rabbit.amqp_durable_queues = False {{(pid=98919) log_opt_values /opt/stack/data/venv/lib/python3.12/site-packages/oslo_config/cfg.py:3253}}
Jul 10 20:49:29.249635 np0000005054 nova-conductor[98919]: DEBUG cotyledon.oslo_config_glue [-] oslo_messaging_rabbit.conn_pool_min_size = 2 {{(pid=98919) log_opt_values /opt/stack/data/venv/lib/python3.12/site-packages/oslo_config/cfg.py:3253}}
Jul 10 20:49:29.249635 np0000005054 nova-conductor[98919]: DEBUG cotyledon.oslo_config_glue [-] oslo_messaging_rabbit.conn_pool_ttl = 1200 {{(pid=98919) log_opt_values /opt/stack/data/venv/lib/python3.12/site-packages/oslo_config/cfg.py:3253}}
Jul 10 20:49:29.249635 np0000005054 nova-conductor[98919]: DEBUG cotyledon.oslo_config_glue [-] oslo_messaging_rabbit.direct_mandatory_flag = True {{(pid=98919) log_opt_values /opt/stack/data/venv/lib/python3.12/site-packages/oslo_config/cfg.py:3253}}
Jul 10 20:49:29.249635 np0000005054 nova-conductor[98919]: DEBUG cotyledon.oslo_config_glue [-] oslo_messaging_rabbit.enable_cancel_on_failover = False {{(pid=98919) log_opt_values /opt/stack/data/venv/lib/python3.12/site-packages/oslo_config/cfg.py:3253}}
Jul 10 20:49:29.249635 np0000005054 nova-conductor[98919]: DEBUG cotyledon.oslo_config_glue [-] oslo_messaging_rabbit.heartbeat_rate = 3 {{(pid=98919) log_opt_values /opt/stack/data/venv/lib/python3.12/site-packages/oslo_config/cfg.py:3253}}
Jul 10 20:49:29.249635 np0000005054 nova-conductor[98919]: DEBUG cotyledon.oslo_config_glue [-] oslo_messaging_rabbit.heartbeat_timeout_threshold = 60 {{(pid=98919) log_opt_values /opt/stack/data/venv/lib/python3.12/site-packages/oslo_config/cfg.py:3253}}
Jul 10 20:49:29.249635 np0000005054 nova-conductor[98919]: DEBUG cotyledon.oslo_config_glue [-] oslo_messaging_rabbit.hostname = np0000005054 {{(pid=98919) log_opt_values /opt/stack/data/venv/lib/python3.12/site-packages/oslo_config/cfg.py:3253}}
Jul 10 20:49:29.249635 np0000005054 nova-conductor[98919]: DEBUG cotyledon.oslo_config_glue [-] oslo_messaging_rabbit.kombu_compression = None {{(pid=98919) log_opt_values /opt/stack/data/venv/lib/python3.12/site-packages/oslo_config/cfg.py:3253}}
Jul 10 20:49:29.249635 np0000005054 nova-conductor[98919]: DEBUG cotyledon.oslo_config_glue [-] oslo_messaging_rabbit.kombu_failover_strategy = round-robin {{(pid=98919) log_opt_values /opt/stack/data/venv/lib/python3.12/site-packages/oslo_config/cfg.py:3253}}
Jul 10 20:49:29.249966 np0000005054 nova-conductor[98919]: DEBUG cotyledon.oslo_config_glue [-] oslo_messaging_rabbit.kombu_missing_consumer_retry_timeout = 60 {{(pid=98919) log_opt_values /opt/stack/data/venv/lib/python3.12/site-packages/oslo_config/cfg.py:3253}}
Jul 10 20:49:29.249966 np0000005054 nova-conductor[98919]: DEBUG cotyledon.oslo_config_glue [-] oslo_messaging_rabbit.kombu_reconnect_delay = 1.0 {{(pid=98919) log_opt_values /opt/stack/data/venv/lib/python3.12/site-packages/oslo_config/cfg.py:3253}}
Jul 10 20:49:29.249966 np0000005054 nova-conductor[98919]: DEBUG cotyledon.oslo_config_glue [-] oslo_messaging_rabbit.kombu_reconnect_splay = 0.0 {{(pid=98919) log_opt_values /opt/stack/data/venv/lib/python3.12/site-packages/oslo_config/cfg.py:3253}}
Jul 10 20:49:29.249966 np0000005054 nova-conductor[98919]: DEBUG cotyledon.oslo_config_glue [-] oslo_messaging_rabbit.processname = nova-conductor {{(pid=98919) log_opt_values /opt/stack/data/venv/lib/python3.12/site-packages/oslo_config/cfg.py:3253}}
Jul 10 20:49:29.249966 np0000005054 nova-conductor[98919]: DEBUG cotyledon.oslo_config_glue [-] oslo_messaging_rabbit.rabbit_ha_queues = False {{(pid=98919) log_opt_values /opt/stack/data/venv/lib/python3.12/site-packages/oslo_config/cfg.py:3253}}
Jul 10 20:49:29.249966 np0000005054 nova-conductor[98919]: DEBUG cotyledon.oslo_config_glue [-] oslo_messaging_rabbit.rabbit_interval_max = 30 {{(pid=98919) log_opt_values /opt/stack/data/venv/lib/python3.12/site-packages/oslo_config/cfg.py:3253}}
Jul 10 20:49:29.249966 np0000005054 nova-conductor[98919]: DEBUG cotyledon.oslo_config_glue [-] oslo_messaging_rabbit.rabbit_login_method = AMQPLAIN {{(pid=98919) log_opt_values /opt/stack/data/venv/lib/python3.12/site-packages/oslo_config/cfg.py:3253}}
Jul 10 20:49:29.249966 np0000005054 nova-conductor[98919]: DEBUG cotyledon.oslo_config_glue [-] oslo_messaging_rabbit.rabbit_qos_prefetch_count = 0 {{(pid=98919) log_opt_values /opt/stack/data/venv/lib/python3.12/site-packages/oslo_config/cfg.py:3253}}
Jul 10 20:49:29.249966 np0000005054 nova-conductor[98919]: DEBUG cotyledon.oslo_config_glue [-] oslo_messaging_rabbit.rabbit_quorum_delivery_limit = 0 {{(pid=98919) log_opt_values /opt/stack/data/venv/lib/python3.12/site-packages/oslo_config/cfg.py:3253}}
Jul 10 20:49:29.250286 np0000005054 nova-conductor[98919]: DEBUG cotyledon.oslo_config_glue [-] oslo_messaging_rabbit.rabbit_quorum_max_memory_bytes = 0 {{(pid=98919) log_opt_values /opt/stack/data/venv/lib/python3.12/site-packages/oslo_config/cfg.py:3253}}
Jul 10 20:49:29.250286 np0000005054 nova-conductor[98919]: DEBUG cotyledon.oslo_config_glue [-] oslo_messaging_rabbit.rabbit_quorum_max_memory_length = 0 {{(pid=98919) log_opt_values /opt/stack/data/venv/lib/python3.12/site-packages/oslo_config/cfg.py:3253}}
Jul 10 20:49:29.250286 np0000005054 nova-conductor[98919]: DEBUG cotyledon.oslo_config_glue [-] oslo_messaging_rabbit.rabbit_quorum_queue = False {{(pid=98919) log_opt_values /opt/stack/data/venv/lib/python3.12/site-packages/oslo_config/cfg.py:3253}}
Jul 10 20:49:29.250286 np0000005054 nova-conductor[98919]: DEBUG cotyledon.oslo_config_glue [-] oslo_messaging_rabbit.rabbit_retry_backoff = 2 {{(pid=98919) log_opt_values /opt/stack/data/venv/lib/python3.12/site-packages/oslo_config/cfg.py:3253}}
Jul 10 20:49:29.250286 np0000005054 nova-conductor[98919]: DEBUG cotyledon.oslo_config_glue [-] oslo_messaging_rabbit.rabbit_retry_interval = 1 {{(pid=98919) log_opt_values /opt/stack/data/venv/lib/python3.12/site-packages/oslo_config/cfg.py:3253}}
Jul 10 20:49:29.250286 np0000005054 nova-conductor[98919]: DEBUG cotyledon.oslo_config_glue [-] oslo_messaging_rabbit.rabbit_stream_fanout = False {{(pid=98919) log_opt_values /opt/stack/data/venv/lib/python3.12/site-packages/oslo_config/cfg.py:3253}}
Jul 10 20:49:29.250286 np0000005054 nova-conductor[98919]: DEBUG cotyledon.oslo_config_glue [-] oslo_messaging_rabbit.rabbit_transient_queues_ttl = 1800 {{(pid=98919) log_opt_values /opt/stack/data/venv/lib/python3.12/site-packages/oslo_config/cfg.py:3253}}
Jul 10 20:49:29.250286 np0000005054 nova-conductor[98919]: DEBUG cotyledon.oslo_config_glue [-] oslo_messaging_rabbit.rabbit_transient_quorum_queue = False {{(pid=98919) log_opt_values /opt/stack/data/venv/lib/python3.12/site-packages/oslo_config/cfg.py:3253}}
Jul 10 20:49:29.250531 np0000005054 nova-conductor[98919]: DEBUG cotyledon.oslo_config_glue [-] oslo_messaging_rabbit.rpc_conn_pool_size = 30 {{(pid=98919) log_opt_values /opt/stack/data/venv/lib/python3.12/site-packages/oslo_config/cfg.py:3253}}
Jul 10 20:49:29.250531 np0000005054 nova-conductor[98919]: DEBUG cotyledon.oslo_config_glue [-] oslo_messaging_rabbit.ssl = False {{(pid=98919) log_opt_values /opt/stack/data/venv/lib/python3.12/site-packages/oslo_config/cfg.py:3253}}
Jul 10 20:49:29.250531 np0000005054 nova-conductor[98919]: DEBUG cotyledon.oslo_config_glue [-] oslo_messaging_rabbit.ssl_ca_file = {{(pid=98919) log_opt_values /opt/stack/data/venv/lib/python3.12/site-packages/oslo_config/cfg.py:3253}}
Jul 10 20:49:29.250531 np0000005054 nova-conductor[98919]: DEBUG cotyledon.oslo_config_glue [-] oslo_messaging_rabbit.ssl_cert_file = {{(pid=98919) log_opt_values /opt/stack/data/venv/lib/python3.12/site-packages/oslo_config/cfg.py:3253}}
Jul 10 20:49:29.250531 np0000005054 nova-conductor[98919]: DEBUG cotyledon.oslo_config_glue [-] oslo_messaging_rabbit.ssl_enforce_fips_mode = False {{(pid=98919) log_opt_values /opt/stack/data/venv/lib/python3.12/site-packages/oslo_config/cfg.py:3253}}
Jul 10 20:49:29.250531 np0000005054 nova-conductor[98919]: DEBUG cotyledon.oslo_config_glue [-] oslo_messaging_rabbit.ssl_enforce_hostname_verification = True {{(pid=98919) log_opt_values /opt/stack/data/venv/lib/python3.12/site-packages/oslo_config/cfg.py:3253}}
Jul 10 20:49:29.250531 np0000005054 nova-conductor[98919]: DEBUG cotyledon.oslo_config_glue [-] oslo_messaging_rabbit.ssl_key_file = {{(pid=98919) log_opt_values /opt/stack/data/venv/lib/python3.12/site-packages/oslo_config/cfg.py:3253}}
Jul 10 20:49:29.250531 np0000005054 nova-conductor[98919]: DEBUG cotyledon.oslo_config_glue [-] oslo_messaging_rabbit.ssl_version = {{(pid=98919) log_opt_values /opt/stack/data/venv/lib/python3.12/site-packages/oslo_config/cfg.py:3253}}
Jul 10 20:49:29.250531 np0000005054 nova-conductor[98919]: DEBUG cotyledon.oslo_config_glue [-] oslo_messaging_rabbit.use_queue_manager = False {{(pid=98919) log_opt_values /opt/stack/data/venv/lib/python3.12/site-packages/oslo_config/cfg.py:3253}}
Jul 10 20:49:29.250729 np0000005054 nova-conductor[98919]: DEBUG cotyledon.oslo_config_glue [-] oslo_messaging_notifications.driver = ['messagingv2'] {{(pid=98919) log_opt_values /opt/stack/data/venv/lib/python3.12/site-packages/oslo_config/cfg.py:3253}}
Jul 10 20:49:29.250729 np0000005054 nova-conductor[98919]: DEBUG cotyledon.oslo_config_glue [-] oslo_messaging_notifications.retry = -1 {{(pid=98919) log_opt_values /opt/stack/data/venv/lib/python3.12/site-packages/oslo_config/cfg.py:3253}}
Jul 10 20:49:29.250729 np0000005054 nova-conductor[98919]: DEBUG cotyledon.oslo_config_glue [-] oslo_messaging_notifications.topics = ['notifications'] {{(pid=98919) log_opt_values /opt/stack/data/venv/lib/python3.12/site-packages/oslo_config/cfg.py:3253}}
Jul 10 20:49:29.250729 np0000005054 nova-conductor[98919]: DEBUG cotyledon.oslo_config_glue [-] oslo_messaging_notifications.transport_url = **** {{(pid=98919) log_opt_values /opt/stack/data/venv/lib/python3.12/site-packages/oslo_config/cfg.py:3253}}
Jul 10 20:49:29.250729 np0000005054 nova-conductor[98919]: DEBUG cotyledon.oslo_config_glue [-] oslo_limit.auth_section = None {{(pid=98919) log_opt_values /opt/stack/data/venv/lib/python3.12/site-packages/oslo_config/cfg.py:3253}}
Jul 10 20:49:29.250729 np0000005054 nova-conductor[98919]: DEBUG cotyledon.oslo_config_glue [-] oslo_limit.auth_type = None {{(pid=98919) log_opt_values /opt/stack/data/venv/lib/python3.12/site-packages/oslo_config/cfg.py:3253}}
Jul 10 20:49:29.250729 np0000005054 nova-conductor[98919]: DEBUG cotyledon.oslo_config_glue [-] oslo_limit.cafile = None {{(pid=98919) log_opt_values /opt/stack/data/venv/lib/python3.12/site-packages/oslo_config/cfg.py:3253}}
Jul 10 20:49:29.250729 np0000005054 nova-conductor[98919]: DEBUG cotyledon.oslo_config_glue [-] oslo_limit.certfile = None {{(pid=98919) log_opt_values /opt/stack/data/venv/lib/python3.12/site-packages/oslo_config/cfg.py:3253}}
Jul 10 20:49:29.250729 np0000005054 nova-conductor[98919]: DEBUG cotyledon.oslo_config_glue [-] oslo_limit.collect_timing = False {{(pid=98919) log_opt_values /opt/stack/data/venv/lib/python3.12/site-packages/oslo_config/cfg.py:3253}}
Jul 10 20:49:29.250957 np0000005054 nova-conductor[98919]: DEBUG cotyledon.oslo_config_glue [-] oslo_limit.connect_retries = None {{(pid=98919) log_opt_values /opt/stack/data/venv/lib/python3.12/site-packages/oslo_config/cfg.py:3253}}
Jul 10 20:49:29.250957 np0000005054 nova-conductor[98919]: DEBUG cotyledon.oslo_config_glue [-] oslo_limit.connect_retry_delay = None {{(pid=98919) log_opt_values /opt/stack/data/venv/lib/python3.12/site-packages/oslo_config/cfg.py:3253}}
Jul 10 20:49:29.250957 np0000005054 nova-conductor[98919]: DEBUG cotyledon.oslo_config_glue [-] oslo_limit.endpoint_id = None {{(pid=98919) log_opt_values /opt/stack/data/venv/lib/python3.12/site-packages/oslo_config/cfg.py:3253}}
Jul 10 20:49:29.250957 np0000005054 nova-conductor[98919]: DEBUG cotyledon.oslo_config_glue [-] oslo_limit.endpoint_interface = public {{(pid=98919) log_opt_values /opt/stack/data/venv/lib/python3.12/site-packages/oslo_config/cfg.py:3253}}
Jul 10 20:49:29.250957 np0000005054 nova-conductor[98919]: DEBUG cotyledon.oslo_config_glue [-] oslo_limit.endpoint_override = None {{(pid=98919) log_opt_values /opt/stack/data/venv/lib/python3.12/site-packages/oslo_config/cfg.py:3253}}
Jul 10 20:49:29.250957 np0000005054 nova-conductor[98919]: DEBUG cotyledon.oslo_config_glue [-] oslo_limit.endpoint_region_name = None {{(pid=98919) log_opt_values /opt/stack/data/venv/lib/python3.12/site-packages/oslo_config/cfg.py:3253}}
Jul 10 20:49:29.250957 np0000005054 nova-conductor[98919]: DEBUG cotyledon.oslo_config_glue [-] oslo_limit.endpoint_service_name = None {{(pid=98919) log_opt_values /opt/stack/data/venv/lib/python3.12/site-packages/oslo_config/cfg.py:3253}}
Jul 10 20:49:29.250957 np0000005054 nova-conductor[98919]: DEBUG cotyledon.oslo_config_glue [-] oslo_limit.endpoint_service_type = None {{(pid=98919) log_opt_values /opt/stack/data/venv/lib/python3.12/site-packages/oslo_config/cfg.py:3253}}
Jul 10 20:49:29.250957 np0000005054 nova-conductor[98919]: DEBUG cotyledon.oslo_config_glue [-] oslo_limit.insecure = False {{(pid=98919) log_opt_values /opt/stack/data/venv/lib/python3.12/site-packages/oslo_config/cfg.py:3253}}
Jul 10 20:49:29.251141 np0000005054 nova-conductor[98919]: DEBUG cotyledon.oslo_config_glue [-] oslo_limit.keyfile = None {{(pid=98919) log_opt_values /opt/stack/data/venv/lib/python3.12/site-packages/oslo_config/cfg.py:3253}}
Jul 10 20:49:29.251141 np0000005054 nova-conductor[98919]: DEBUG cotyledon.oslo_config_glue [-] oslo_limit.max_version = None {{(pid=98919) log_opt_values /opt/stack/data/venv/lib/python3.12/site-packages/oslo_config/cfg.py:3253}}
Jul 10 20:49:29.251141 np0000005054 nova-conductor[98919]: DEBUG cotyledon.oslo_config_glue [-] oslo_limit.min_version = None {{(pid=98919) log_opt_values /opt/stack/data/venv/lib/python3.12/site-packages/oslo_config/cfg.py:3253}}
Jul 10 20:49:29.251141 np0000005054 nova-conductor[98919]: DEBUG cotyledon.oslo_config_glue [-] oslo_limit.region_name = None {{(pid=98919) log_opt_values /opt/stack/data/venv/lib/python3.12/site-packages/oslo_config/cfg.py:3253}}
Jul 10 20:49:29.251141 np0000005054 nova-conductor[98919]: DEBUG cotyledon.oslo_config_glue [-] oslo_limit.retriable_status_codes = None {{(pid=98919) log_opt_values /opt/stack/data/venv/lib/python3.12/site-packages/oslo_config/cfg.py:3253}}
Jul 10 20:49:29.251141 np0000005054 nova-conductor[98919]: DEBUG cotyledon.oslo_config_glue [-] oslo_limit.service_name = None {{(pid=98919) log_opt_values /opt/stack/data/venv/lib/python3.12/site-packages/oslo_config/cfg.py:3253}}
Jul 10 20:49:29.251141 np0000005054 nova-conductor[98919]: DEBUG cotyledon.oslo_config_glue [-] oslo_limit.service_type = None {{(pid=98919) log_opt_values /opt/stack/data/venv/lib/python3.12/site-packages/oslo_config/cfg.py:3253}}
Jul 10 20:49:29.251141 np0000005054 nova-conductor[98919]: DEBUG cotyledon.oslo_config_glue [-] oslo_limit.split_loggers = False {{(pid=98919) log_opt_values /opt/stack/data/venv/lib/python3.12/site-packages/oslo_config/cfg.py:3253}}
Jul 10 20:49:29.251141 np0000005054 nova-conductor[98919]: DEBUG cotyledon.oslo_config_glue [-] oslo_limit.status_code_retries = None {{(pid=98919) log_opt_values /opt/stack/data/venv/lib/python3.12/site-packages/oslo_config/cfg.py:3253}}
Jul 10 20:49:29.251333 np0000005054 nova-conductor[98919]: DEBUG cotyledon.oslo_config_glue [-] oslo_limit.status_code_retry_delay = None {{(pid=98919) log_opt_values /opt/stack/data/venv/lib/python3.12/site-packages/oslo_config/cfg.py:3253}}
Jul 10 20:49:29.251333 np0000005054 nova-conductor[98919]: DEBUG cotyledon.oslo_config_glue [-] oslo_limit.timeout = None {{(pid=98919) log_opt_values /opt/stack/data/venv/lib/python3.12/site-packages/oslo_config/cfg.py:3253}}
Jul 10 20:49:29.251333 np0000005054 nova-conductor[98919]: DEBUG cotyledon.oslo_config_glue [-] oslo_limit.valid_interfaces = None {{(pid=98919) log_opt_values /opt/stack/data/venv/lib/python3.12/site-packages/oslo_config/cfg.py:3253}}
Jul 10 20:49:29.251394 np0000005054 nova-conductor[98902]: DEBUG oslo_db.sqlalchemy.engines [None req-26c6de2a-b4bf-494a-992e-d772386fc311 None None] MySQL server mode set to STRICT_TRANS_TABLES,STRICT_ALL_TABLES,NO_ZERO_IN_DATE,NO_ZERO_DATE,ERROR_FOR_DIVISION_BY_ZERO,TRADITIONAL,NO_ENGINE_SUBSTITUTION {{(pid=98902) _check_effective_sql_mode /opt/stack/data/venv/lib/python3.12/site-packages/oslo_db/sqlalchemy/engines.py:325}}
Jul 10 20:49:29.251423 np0000005054 nova-conductor[98919]: DEBUG cotyledon.oslo_config_glue [-] oslo_limit.version = None {{(pid=98919) log_opt_values /opt/stack/data/venv/lib/python3.12/site-packages/oslo_config/cfg.py:3253}}
Jul 10 20:49:29.251423 np0000005054 nova-conductor[98919]: DEBUG cotyledon.oslo_config_glue [-] oslo_reports.file_event_handler = None {{(pid=98919) log_opt_values /opt/stack/data/venv/lib/python3.12/site-packages/oslo_config/cfg.py:3253}}
Jul 10 20:49:29.251423 np0000005054 nova-conductor[98919]: DEBUG cotyledon.oslo_config_glue [-] oslo_reports.file_event_handler_interval = 1 {{(pid=98919) log_opt_values /opt/stack/data/venv/lib/python3.12/site-packages/oslo_config/cfg.py:3253}}
Jul 10 20:49:29.251423 np0000005054 nova-conductor[98919]: DEBUG cotyledon.oslo_config_glue [-] oslo_reports.log_dir = None {{(pid=98919) log_opt_values /opt/stack/data/venv/lib/python3.12/site-packages/oslo_config/cfg.py:3253}}
Jul 10 20:49:29.251423 np0000005054 nova-conductor[98919]: DEBUG cotyledon.oslo_config_glue [-] ******************************************************************************** {{(pid=98919) log_opt_values /opt/stack/data/venv/lib/python3.12/site-packages/oslo_config/cfg.py:3260}}
Jul 10 20:49:29.251423 np0000005054 nova-conductor[98919]: DEBUG cotyledon._service_worker [-] Run service ServiceWrapper(3) [98919] {{(pid=98919) wait_forever /opt/stack/data/venv/lib/python3.12/site-packages/cotyledon/_service_worker.py:218}}
Jul 10 20:49:29.251423 np0000005054 nova-conductor[98919]: INFO nova.service [-] Starting conductor node (version 33.1.0)
Jul 10 20:49:29.251423 np0000005054 nova-conductor[98919]: INFO dbcounter [None req-77afdc5e-92ff-4f65-afa1-b2bbeb45fe13 None None] Registered counter for database nova_cell0
Jul 10 20:49:29.251595 np0000005054 nova-conductor[98902]: DEBUG dbcounter [-] [98902] Writer thread running {{(pid=98902) stat_writer /opt/stack/data/venv/lib/python3.12/site-packages/dbcounter.py:102}}
Jul 10 20:49:29.251595 np0000005054 nova-conductor[98902]: DEBUG nova.service [None req-26c6de2a-b4bf-494a-992e-d772386fc311 None None] Creating RPC server for service: nova-conductor on topic: conductor {{(pid=98902) start /opt/stack/nova/nova/service.py:196}}
Jul 10 20:49:29.251651 np0000005054 nova-conductor[98915]: DEBUG oslo_db.sqlalchemy.engines [None req-58f54862-cd26-436d-84fb-a2b2a586d8d0 None None] MySQL server mode set to STRICT_TRANS_TABLES,STRICT_ALL_TABLES,NO_ZERO_IN_DATE,NO_ZERO_DATE,ERROR_FOR_DIVISION_BY_ZERO,TRADITIONAL,NO_ENGINE_SUBSTITUTION {{(pid=98915) _check_effective_sql_mode /opt/stack/data/venv/lib/python3.12/site-packages/oslo_db/sqlalchemy/engines.py:325}}
Jul 10 20:49:29.251679 np0000005054 nova-conductor[98908]: DEBUG oslo_db.sqlalchemy.engines [None req-5de4ec51-2385-4e50-80f9-69c74fd93369 None None] MySQL server mode set to STRICT_TRANS_TABLES,STRICT_ALL_TABLES,NO_ZERO_IN_DATE,NO_ZERO_DATE,ERROR_FOR_DIVISION_BY_ZERO,TRADITIONAL,NO_ENGINE_SUBSTITUTION {{(pid=98908) _check_effective_sql_mode /opt/stack/data/venv/lib/python3.12/site-packages/oslo_db/sqlalchemy/engines.py:325}}
Jul 10 20:49:29.251713 np0000005054 nova-conductor[98915]: DEBUG dbcounter [-] [98915] Writer thread running {{(pid=98915) stat_writer /opt/stack/data/venv/lib/python3.12/site-packages/dbcounter.py:102}}
Jul 10 20:49:29.253530 np0000005054 nova-conductor[98915]: DEBUG nova.service [None req-58f54862-cd26-436d-84fb-a2b2a586d8d0 None None] Creating RPC server for service: nova-conductor on topic: conductor {{(pid=98915) start /opt/stack/nova/nova/service.py:196}}
Jul 10 20:49:29.255520 np0000005054 nova-conductor[98908]: DEBUG dbcounter [-] [98908] Writer thread running {{(pid=98908) stat_writer /opt/stack/data/venv/lib/python3.12/site-packages/dbcounter.py:102}}
Jul 10 20:49:29.255585 np0000005054 nova-conductor[98902]: DEBUG nova.service [None req-26c6de2a-b4bf-494a-992e-d772386fc311 None None] Join ServiceGroup membership for this service conductor {{(pid=98902) start /opt/stack/nova/nova/service.py:222}}
Jul 10 20:49:29.255813 np0000005054 nova-conductor[98902]: DEBUG nova.servicegroup.drivers.db [None req-26c6de2a-b4bf-494a-992e-d772386fc311 None None] DB_Driver: join new ServiceGroup member np0000005054 to the conductor group, service = {{(pid=98902) join /opt/stack/nova/nova/servicegroup/drivers/db.py:44}}
Jul 10 20:49:29.259617 np0000005054 nova-conductor[98908]: DEBUG nova.service [None req-5de4ec51-2385-4e50-80f9-69c74fd93369 None None] Creating RPC server for service: nova-conductor on topic: conductor {{(pid=98908) start /opt/stack/nova/nova/service.py:196}}
Jul 10 20:49:29.272079 np0000005054 nova-conductor[98915]: DEBUG nova.service [None req-58f54862-cd26-436d-84fb-a2b2a586d8d0 None None] Join ServiceGroup membership for this service conductor {{(pid=98915) start /opt/stack/nova/nova/service.py:222}}
Jul 10 20:49:29.272304 np0000005054 nova-conductor[98915]: DEBUG nova.servicegroup.drivers.db [None req-58f54862-cd26-436d-84fb-a2b2a586d8d0 None None] DB_Driver: join new ServiceGroup member np0000005054 to the conductor group, service = {{(pid=98915) join /opt/stack/nova/nova/servicegroup/drivers/db.py:44}}
Jul 10 20:49:29.273419 np0000005054 nova-conductor[98919]: DEBUG oslo_db.sqlalchemy.engines [None req-77afdc5e-92ff-4f65-afa1-b2bbeb45fe13 None None] MySQL server mode set to STRICT_TRANS_TABLES,STRICT_ALL_TABLES,NO_ZERO_IN_DATE,NO_ZERO_DATE,ERROR_FOR_DIVISION_BY_ZERO,TRADITIONAL,NO_ENGINE_SUBSTITUTION {{(pid=98919) _check_effective_sql_mode /opt/stack/data/venv/lib/python3.12/site-packages/oslo_db/sqlalchemy/engines.py:325}}
Jul 10 20:49:29.280202 np0000005054 nova-conductor[98908]: DEBUG nova.service [None req-5de4ec51-2385-4e50-80f9-69c74fd93369 None None] Join ServiceGroup membership for this service conductor {{(pid=98908) start /opt/stack/nova/nova/service.py:222}}
Jul 10 20:49:29.280512 np0000005054 nova-conductor[98908]: DEBUG nova.servicegroup.drivers.db [None req-5de4ec51-2385-4e50-80f9-69c74fd93369 None None] DB_Driver: join new ServiceGroup member np0000005054 to the conductor group, service = {{(pid=98908) join /opt/stack/nova/nova/servicegroup/drivers/db.py:44}}
Jul 10 20:49:29.285576 np0000005054 nova-conductor[98919]: DEBUG dbcounter [-] [98919] Writer thread running {{(pid=98919) stat_writer /opt/stack/data/venv/lib/python3.12/site-packages/dbcounter.py:102}}
Jul 10 20:49:29.289318 np0000005054 nova-conductor[98919]: DEBUG nova.service [None req-77afdc5e-92ff-4f65-afa1-b2bbeb45fe13 None None] Creating RPC server for service: nova-conductor on topic: conductor {{(pid=98919) start /opt/stack/nova/nova/service.py:196}}
Jul 10 20:49:29.312642 np0000005054 nova-conductor[98919]: DEBUG nova.service [None req-77afdc5e-92ff-4f65-afa1-b2bbeb45fe13 None None] Join ServiceGroup membership for this service conductor {{(pid=98919) start /opt/stack/nova/nova/service.py:222}}
Jul 10 20:49:29.313043 np0000005054 nova-conductor[98919]: DEBUG nova.servicegroup.drivers.db [None req-77afdc5e-92ff-4f65-afa1-b2bbeb45fe13 None None] DB_Driver: join new ServiceGroup member np0000005054 to the conductor group, service = {{(pid=98919) join /opt/stack/nova/nova/servicegroup/drivers/db.py:44}}
Jul 10 20:49:34.273149 np0000005054 nova-conductor[98902]: DEBUG oslo.service.backend._threading.loopingcall [-] Fixed interval looping call 'nova.servicegroup.drivers.db.DbDriver._report_state' sleeping for 119.99 seconds {{(pid=98902) _run_loop /opt/stack/data/venv/lib/python3.12/site-packages/oslo_service/backend/_threading/loopingcall.py:125}}
Jul 10 20:49:34.284671 np0000005054 nova-conductor[98915]: DEBUG oslo.service.backend._threading.loopingcall [-] Fixed interval looping call 'nova.servicegroup.drivers.db.DbDriver._report_state' sleeping for 119.99 seconds {{(pid=98915) _run_loop /opt/stack/data/venv/lib/python3.12/site-packages/oslo_service/backend/_threading/loopingcall.py:125}}
Jul 10 20:49:34.295622 np0000005054 nova-conductor[98908]: DEBUG oslo.service.backend._threading.loopingcall [-] Fixed interval looping call 'nova.servicegroup.drivers.db.DbDriver._report_state' sleeping for 119.99 seconds {{(pid=98908) _run_loop /opt/stack/data/venv/lib/python3.12/site-packages/oslo_service/backend/_threading/loopingcall.py:125}}
Jul 10 20:49:34.328809 np0000005054 nova-conductor[98919]: DEBUG oslo.service.backend._threading.loopingcall [-] Fixed interval looping call 'nova.servicegroup.drivers.db.DbDriver._report_state' sleeping for 119.99 seconds {{(pid=98919) _run_loop /opt/stack/data/venv/lib/python3.12/site-packages/oslo_service/backend/_threading/loopingcall.py:125}}
Jul 10 20:49:37.824221 np0000005054 nova-conductor[97437]: DEBUG dbcounter [-] [97437] Writing DB stats nova_api:SELECT=1 {{(pid=97437) stat_writer /opt/stack/data/venv/lib/python3.12/site-packages/dbcounter.py:115}}
Jul 10 20:49:37.968443 np0000005054 nova-conductor[97437]: DEBUG dbcounter [-] [97437] Writing DB stats nova_cell0:SELECT=1 {{(pid=97437) stat_writer /opt/stack/data/venv/lib/python3.12/site-packages/dbcounter.py:115}}
Jul 10 20:49:37.973923 np0000005054 nova-conductor[97437]: DEBUG dbcounter [-] [97437] Writing DB stats nova_cell1:SELECT=1 {{(pid=97437) stat_writer /opt/stack/data/venv/lib/python3.12/site-packages/dbcounter.py:115}}
Jul 10 20:49:38.284863 np0000005054 nova-conductor[98908]: DEBUG oslo.service.backend._threading.loopingcall [None req-6d3586e7-b245-4a44-9b78-043d6fa4b3e7 None None] Dynamic interval looping call 'nova.service.Service.periodic_tasks' sleeping for 60.00 seconds {{(pid=98908) _run_loop /opt/stack/data/venv/lib/python3.12/site-packages/oslo_service/backend/_threading/loopingcall.py:125}}
Jul 10 20:49:44.268332 np0000005054 nova-conductor[98902]: DEBUG dbcounter [-] [98902] Writing DB stats nova_cell0:SELECT=4,nova_cell0:INSERT=1,nova_cell0:UPDATE=1 {{(pid=98902) stat_writer /opt/stack/data/venv/lib/python3.12/site-packages/dbcounter.py:115}}
Jul 10 20:49:44.281206 np0000005054 nova-conductor[98915]: DEBUG dbcounter [-] [98915] Writing DB stats nova_cell0:SELECT=3 {{(pid=98915) stat_writer /opt/stack/data/venv/lib/python3.12/site-packages/dbcounter.py:115}}
Jul 10 20:49:44.292119 np0000005054 nova-conductor[98908]: DEBUG dbcounter [-] [98908] Writing DB stats nova_cell0:SELECT=3 {{(pid=98908) stat_writer /opt/stack/data/venv/lib/python3.12/site-packages/dbcounter.py:115}}
Jul 10 20:49:44.321145 np0000005054 nova-conductor[98919]: DEBUG dbcounter [-] [98919] Writing DB stats nova_cell0:SELECT=3 {{(pid=98919) stat_writer /opt/stack/data/venv/lib/python3.12/site-packages/dbcounter.py:115}}
Jul 10 20:50:01.258612 np0000005054 nova-conductor[98902]: DEBUG oslo.service.backend._threading.loopingcall [None req-e5a2fd90-65e9-405f-9ea3-c54f4b616bce None None] Dynamic interval looping call 'nova.service.Service.periodic_tasks' sleeping for 60.00 seconds {{(pid=98902) _run_loop /opt/stack/data/venv/lib/python3.12/site-packages/oslo_service/backend/_threading/loopingcall.py:125}}
Jul 10 20:50:07.315188 np0000005054 nova-conductor[98919]: DEBUG oslo.service.backend._threading.loopingcall [None req-36c41029-f7e1-4929-8928-09023533b88b None None] Dynamic interval looping call 'nova.service.Service.periodic_tasks' sleeping for 60.00 seconds {{(pid=98919) _run_loop /opt/stack/data/venv/lib/python3.12/site-packages/oslo_service/backend/_threading/loopingcall.py:125}}
Jul 10 20:50:13.274468 np0000005054 nova-conductor[98915]: DEBUG oslo.service.backend._threading.loopingcall [None req-9d5a792d-a521-462c-bb65-10967d6f82d6 None None] Dynamic interval looping call 'nova.service.Service.periodic_tasks' sleeping for 60.00 seconds {{(pid=98915) _run_loop /opt/stack/data/venv/lib/python3.12/site-packages/oslo_service/backend/_threading/loopingcall.py:125}}
Jul 10 20:50:38.285333 np0000005054 nova-conductor[98908]: DEBUG oslo.service.backend._threading.loopingcall [None req-6d3586e7-b245-4a44-9b78-043d6fa4b3e7 None None] Dynamic interval looping call 'nova.service.Service.periodic_tasks' sleeping for 60.00 seconds {{(pid=98908) _run_loop /opt/stack/data/venv/lib/python3.12/site-packages/oslo_service/backend/_threading/loopingcall.py:125}}
Jul 10 20:51:01.259013 np0000005054 nova-conductor[98902]: DEBUG oslo.service.backend._threading.loopingcall [None req-e5a2fd90-65e9-405f-9ea3-c54f4b616bce None None] Dynamic interval looping call 'nova.service.Service.periodic_tasks' sleeping for 60.00 seconds {{(pid=98902) _run_loop /opt/stack/data/venv/lib/python3.12/site-packages/oslo_service/backend/_threading/loopingcall.py:125}}
Jul 10 20:51:07.315671 np0000005054 nova-conductor[98919]: DEBUG oslo.service.backend._threading.loopingcall [None req-36c41029-f7e1-4929-8928-09023533b88b None None] Dynamic interval looping call 'nova.service.Service.periodic_tasks' sleeping for 60.00 seconds {{(pid=98919) _run_loop /opt/stack/data/venv/lib/python3.12/site-packages/oslo_service/backend/_threading/loopingcall.py:125}}
Jul 10 20:51:13.275016 np0000005054 nova-conductor[98915]: DEBUG oslo.service.backend._threading.loopingcall [None req-9d5a792d-a521-462c-bb65-10967d6f82d6 None None] Dynamic interval looping call 'nova.service.Service.periodic_tasks' sleeping for 60.00 seconds {{(pid=98915) _run_loop /opt/stack/data/venv/lib/python3.12/site-packages/oslo_service/backend/_threading/loopingcall.py:125}}
Jul 10 20:51:34.484411 np0000005054 nova-conductor[98902]: DEBUG oslo.service.backend._threading.loopingcall [-] Fixed interval looping call 'nova.servicegroup.drivers.db.DbDriver._report_state' sleeping for 119.99 seconds {{(pid=98902) _run_loop /opt/stack/data/venv/lib/python3.12/site-packages/oslo_service/backend/_threading/loopingcall.py:125}}
Jul 10 20:51:34.485726 np0000005054 nova-conductor[98915]: DEBUG oslo.service.backend._threading.loopingcall [-] Fixed interval looping call 'nova.servicegroup.drivers.db.DbDriver._report_state' sleeping for 119.99 seconds {{(pid=98915) _run_loop /opt/stack/data/venv/lib/python3.12/site-packages/oslo_service/backend/_threading/loopingcall.py:125}}
Jul 10 20:51:34.486538 np0000005054 nova-conductor[98908]: DEBUG oslo.service.backend._threading.loopingcall [-] Fixed interval looping call 'nova.servicegroup.drivers.db.DbDriver._report_state' sleeping for 119.99 seconds {{(pid=98908) _run_loop /opt/stack/data/venv/lib/python3.12/site-packages/oslo_service/backend/_threading/loopingcall.py:125}}
Jul 10 20:51:34.487007 np0000005054 nova-conductor[98919]: DEBUG oslo.service.backend._threading.loopingcall [-] Fixed interval looping call 'nova.servicegroup.drivers.db.DbDriver._report_state' sleeping for 120.00 seconds {{(pid=98919) _run_loop /opt/stack/data/venv/lib/python3.12/site-packages/oslo_service/backend/_threading/loopingcall.py:125}}
Jul 10 20:51:38.285897 np0000005054 nova-conductor[98908]: DEBUG oslo.service.backend._threading.loopingcall [None req-6d3586e7-b245-4a44-9b78-043d6fa4b3e7 None None] Dynamic interval looping call 'nova.service.Service.periodic_tasks' sleeping for 60.00 seconds {{(pid=98908) _run_loop /opt/stack/data/venv/lib/python3.12/site-packages/oslo_service/backend/_threading/loopingcall.py:125}}
Jul 10 20:51:44.268333 np0000005054 nova-conductor[98902]: DEBUG dbcounter [-] [98902] Writing DB stats nova_cell0:SELECT=1,nova_cell0:UPDATE=1 {{(pid=98902) stat_writer /opt/stack/data/venv/lib/python3.12/site-packages/dbcounter.py:115}}
Jul 10 20:51:44.278740 np0000005054 nova-conductor[98915]: DEBUG dbcounter [-] [98915] Writing DB stats nova_cell0:SELECT=1 {{(pid=98915) stat_writer /opt/stack/data/venv/lib/python3.12/site-packages/dbcounter.py:115}}
Jul 10 20:51:44.290389 np0000005054 nova-conductor[98908]: DEBUG dbcounter [-] [98908] Writing DB stats nova_cell0:SELECT=1 {{(pid=98908) stat_writer /opt/stack/data/venv/lib/python3.12/site-packages/dbcounter.py:115}}
Jul 10 20:51:44.316612 np0000005054 nova-conductor[98919]: DEBUG dbcounter [-] [98919] Writing DB stats nova_cell0:SELECT=1 {{(pid=98919) stat_writer /opt/stack/data/venv/lib/python3.12/site-packages/dbcounter.py:115}}
Jul 10 20:51:46.591634 np0000005054 nova-conductor[98902]: DEBUG oslo_db.sqlalchemy.engines [None req-443515a9-a2fa-4a6a-93f9-1270beace038 tempest-ServerBootFromVolumeStableRescueTest-1623217468 tempest-ServerBootFromVolumeStableRescueTest-1623217468-project-member] Parent process 97437 forked (98902) with an open database connection, which is being discarded and recreated. {{(pid=98902) checkout /opt/stack/data/venv/lib/python3.12/site-packages/oslo_db/sqlalchemy/engines.py:402}}
Jul 10 20:51:46.634519 np0000005054 nova-conductor[98902]: DEBUG dbcounter [-] [98902] Writer thread running {{(pid=98902) stat_writer /opt/stack/data/venv/lib/python3.12/site-packages/dbcounter.py:102}}
Jul 10 20:51:46.842617 np0000005054 nova-conductor[98915]: DEBUG dbcounter [-] [98915] Writer thread running {{(pid=98915) stat_writer /opt/stack/data/venv/lib/python3.12/site-packages/dbcounter.py:102}}
Jul 10 20:51:47.667926 np0000005054 nova-conductor[98902]: DEBUG nova.conductor.manager [None req-443515a9-a2fa-4a6a-93f9-1270beace038 tempest-ServerBootFromVolumeStableRescueTest-1623217468 tempest-ServerBootFromVolumeStableRescueTest-1623217468-project-member] Took 1.03 seconds to select destinations for 1 instance(s). {{(pid=98902) _schedule_instances /opt/stack/nova/nova/conductor/manager.py:968}}
Jul 10 20:51:47.713746 np0000005054 nova-conductor[98902]: DEBUG oslo_concurrency.lockutils [None req-443515a9-a2fa-4a6a-93f9-1270beace038 tempest-ServerBootFromVolumeStableRescueTest-1623217468 tempest-ServerBootFromVolumeStableRescueTest-1623217468-project-member] Acquiring lock "cfca1820-cf62-455b-8c2c-6e2feff4a1dc" by "nova.context.set_target_cell..get_or_set_cached_cell_and_set_connections" {{(pid=98902) inner /opt/stack/data/venv/lib/python3.12/site-packages/oslo_concurrency/lockutils.py:511}}
Jul 10 20:51:47.713864 np0000005054 nova-conductor[98902]: DEBUG oslo_concurrency.lockutils [None req-443515a9-a2fa-4a6a-93f9-1270beace038 tempest-ServerBootFromVolumeStableRescueTest-1623217468 tempest-ServerBootFromVolumeStableRescueTest-1623217468-project-member] Lock "cfca1820-cf62-455b-8c2c-6e2feff4a1dc" acquired by "nova.context.set_target_cell..get_or_set_cached_cell_and_set_connections" :: waited 0.000s {{(pid=98902) inner /opt/stack/data/venv/lib/python3.12/site-packages/oslo_concurrency/lockutils.py:524}}
Jul 10 20:51:47.716080 np0000005054 nova-conductor[98902]: DEBUG oslo_concurrency.lockutils [None req-443515a9-a2fa-4a6a-93f9-1270beace038 tempest-ServerBootFromVolumeStableRescueTest-1623217468 tempest-ServerBootFromVolumeStableRescueTest-1623217468-project-member] Lock "cfca1820-cf62-455b-8c2c-6e2feff4a1dc" "released" by "nova.context.set_target_cell..get_or_set_cached_cell_and_set_connections" :: held 0.002s {{(pid=98902) inner /opt/stack/data/venv/lib/python3.12/site-packages/oslo_concurrency/lockutils.py:543}}
Jul 10 20:51:47.719437 np0000005054 nova-conductor[98902]: INFO dbcounter [None req-443515a9-a2fa-4a6a-93f9-1270beace038 tempest-ServerBootFromVolumeStableRescueTest-1623217468 tempest-ServerBootFromVolumeStableRescueTest-1623217468-project-member] Registered counter for database nova_cell1
Jul 10 20:51:47.776334 np0000005054 nova-conductor[98902]: DEBUG oslo_db.sqlalchemy.engines [None req-443515a9-a2fa-4a6a-93f9-1270beace038 tempest-ServerBootFromVolumeStableRescueTest-1623217468 tempest-ServerBootFromVolumeStableRescueTest-1623217468-project-member] MySQL server mode set to STRICT_TRANS_TABLES,STRICT_ALL_TABLES,NO_ZERO_IN_DATE,NO_ZERO_DATE,ERROR_FOR_DIVISION_BY_ZERO,TRADITIONAL,NO_ENGINE_SUBSTITUTION {{(pid=98902) _check_effective_sql_mode /opt/stack/data/venv/lib/python3.12/site-packages/oslo_db/sqlalchemy/engines.py:325}}
Jul 10 20:51:47.783020 np0000005054 nova-conductor[98902]: DEBUG dbcounter [-] [98902] Writer thread running {{(pid=98902) stat_writer /opt/stack/data/venv/lib/python3.12/site-packages/dbcounter.py:102}}
Jul 10 20:51:47.880292 np0000005054 nova-conductor[98902]: INFO nova.utils [None req-443515a9-a2fa-4a6a-93f9-1270beace038 tempest-ServerBootFromVolumeStableRescueTest-1623217468 tempest-ServerBootFromVolumeStableRescueTest-1623217468-project-member] The cell worker thread pool ForkProcess-1.cell_worker is initialized
Jul 10 20:51:47.880624 np0000005054 nova-conductor[98902]: DEBUG oslo_concurrency.lockutils [None req-443515a9-a2fa-4a6a-93f9-1270beace038 tempest-ServerBootFromVolumeStableRescueTest-1623217468 tempest-ServerBootFromVolumeStableRescueTest-1623217468-project-member] Acquiring lock "00000000-0000-0000-0000-000000000000" by "nova.context.set_target_cell..get_or_set_cached_cell_and_set_connections" {{(pid=98902) inner /opt/stack/data/venv/lib/python3.12/site-packages/oslo_concurrency/lockutils.py:511}}
Jul 10 20:51:47.880796 np0000005054 nova-conductor[98902]: DEBUG oslo_concurrency.lockutils [None req-443515a9-a2fa-4a6a-93f9-1270beace038 tempest-ServerBootFromVolumeStableRescueTest-1623217468 tempest-ServerBootFromVolumeStableRescueTest-1623217468-project-member] Lock "00000000-0000-0000-0000-000000000000" acquired by "nova.context.set_target_cell..get_or_set_cached_cell_and_set_connections" :: waited 0.000s {{(pid=98902) inner /opt/stack/data/venv/lib/python3.12/site-packages/oslo_concurrency/lockutils.py:524}}
Jul 10 20:51:47.881206 np0000005054 nova-conductor[98902]: DEBUG oslo_concurrency.lockutils [None req-443515a9-a2fa-4a6a-93f9-1270beace038 tempest-ServerBootFromVolumeStableRescueTest-1623217468 tempest-ServerBootFromVolumeStableRescueTest-1623217468-project-member] Lock "00000000-0000-0000-0000-000000000000" "released" by "nova.context.set_target_cell..get_or_set_cached_cell_and_set_connections" :: held 0.000s {{(pid=98902) inner /opt/stack/data/venv/lib/python3.12/site-packages/oslo_concurrency/lockutils.py:543}}
Jul 10 20:51:47.881998 np0000005054 nova-conductor[98902]: DEBUG oslo_concurrency.lockutils [None req-443515a9-a2fa-4a6a-93f9-1270beace038 tempest-ServerBootFromVolumeStableRescueTest-1623217468 tempest-ServerBootFromVolumeStableRescueTest-1623217468-project-member] Acquiring lock "cfca1820-cf62-455b-8c2c-6e2feff4a1dc" by "nova.context.set_target_cell..get_or_set_cached_cell_and_set_connections" {{(pid=98902) inner /opt/stack/data/venv/lib/python3.12/site-packages/oslo_concurrency/lockutils.py:511}}
Jul 10 20:51:47.883723 np0000005054 nova-conductor[98902]: INFO dbcounter [None req-443515a9-a2fa-4a6a-93f9-1270beace038 tempest-ServerBootFromVolumeStableRescueTest-1623217468 tempest-ServerBootFromVolumeStableRescueTest-1623217468-project-member] Registered counter for database nova_cell0
Jul 10 20:51:47.883931 np0000005054 nova-conductor[98915]: DEBUG nova.conductor.manager [None req-a6246f6d-5c50-4df1-af89-f43bfc0a85d2 tempest-ServerActionsTestOtherA-159241229 tempest-ServerActionsTestOtherA-159241229-project-member] Took 1.04 seconds to select destinations for 1 instance(s). {{(pid=98915) _schedule_instances /opt/stack/nova/nova/conductor/manager.py:968}}
Jul 10 20:51:47.885460 np0000005054 nova-conductor[98902]: DEBUG oslo_concurrency.lockutils [None req-443515a9-a2fa-4a6a-93f9-1270beace038 tempest-ServerBootFromVolumeStableRescueTest-1623217468 tempest-ServerBootFromVolumeStableRescueTest-1623217468-project-member] Lock "cfca1820-cf62-455b-8c2c-6e2feff4a1dc" acquired by "nova.context.set_target_cell..get_or_set_cached_cell_and_set_connections" :: waited 0.001s {{(pid=98902) inner /opt/stack/data/venv/lib/python3.12/site-packages/oslo_concurrency/lockutils.py:524}}
Jul 10 20:51:47.885825 np0000005054 nova-conductor[98902]: DEBUG oslo_concurrency.lockutils [None req-443515a9-a2fa-4a6a-93f9-1270beace038 tempest-ServerBootFromVolumeStableRescueTest-1623217468 tempest-ServerBootFromVolumeStableRescueTest-1623217468-project-member] Lock "cfca1820-cf62-455b-8c2c-6e2feff4a1dc" "released" by "nova.context.set_target_cell..get_or_set_cached_cell_and_set_connections" :: held 0.002s {{(pid=98902) inner /opt/stack/data/venv/lib/python3.12/site-packages/oslo_concurrency/lockutils.py:543}}
Jul 10 20:51:47.926107 np0000005054 nova-conductor[98915]: DEBUG oslo_concurrency.lockutils [None req-a6246f6d-5c50-4df1-af89-f43bfc0a85d2 tempest-ServerActionsTestOtherA-159241229 tempest-ServerActionsTestOtherA-159241229-project-member] Acquiring lock "cfca1820-cf62-455b-8c2c-6e2feff4a1dc" by "nova.context.set_target_cell..get_or_set_cached_cell_and_set_connections" {{(pid=98915) inner /opt/stack/data/venv/lib/python3.12/site-packages/oslo_concurrency/lockutils.py:511}}
Jul 10 20:51:47.926309 np0000005054 nova-conductor[98915]: DEBUG oslo_concurrency.lockutils [None req-a6246f6d-5c50-4df1-af89-f43bfc0a85d2 tempest-ServerActionsTestOtherA-159241229 tempest-ServerActionsTestOtherA-159241229-project-member] Lock "cfca1820-cf62-455b-8c2c-6e2feff4a1dc" acquired by "nova.context.set_target_cell..get_or_set_cached_cell_and_set_connections" :: waited 0.000s {{(pid=98915) inner /opt/stack/data/venv/lib/python3.12/site-packages/oslo_concurrency/lockutils.py:524}}
Jul 10 20:51:47.930620 np0000005054 nova-conductor[98915]: DEBUG oslo_concurrency.lockutils [None req-a6246f6d-5c50-4df1-af89-f43bfc0a85d2 tempest-ServerActionsTestOtherA-159241229 tempest-ServerActionsTestOtherA-159241229-project-member] Lock "cfca1820-cf62-455b-8c2c-6e2feff4a1dc" "released" by "nova.context.set_target_cell..get_or_set_cached_cell_and_set_connections" :: held 0.001s {{(pid=98915) inner /opt/stack/data/venv/lib/python3.12/site-packages/oslo_concurrency/lockutils.py:543}}
Jul 10 20:51:47.930620 np0000005054 nova-conductor[98915]: INFO dbcounter [None req-a6246f6d-5c50-4df1-af89-f43bfc0a85d2 tempest-ServerActionsTestOtherA-159241229 tempest-ServerActionsTestOtherA-159241229-project-member] Registered counter for database nova_cell1
Jul 10 20:51:47.935076 np0000005054 nova-conductor[98902]: DEBUG oslo_db.sqlalchemy.engines [None req-443515a9-a2fa-4a6a-93f9-1270beace038 tempest-ServerBootFromVolumeStableRescueTest-1623217468 tempest-ServerBootFromVolumeStableRescueTest-1623217468-project-member] MySQL server mode set to STRICT_TRANS_TABLES,STRICT_ALL_TABLES,NO_ZERO_IN_DATE,NO_ZERO_DATE,ERROR_FOR_DIVISION_BY_ZERO,TRADITIONAL,NO_ENGINE_SUBSTITUTION {{(pid=98902) _check_effective_sql_mode /opt/stack/data/venv/lib/python3.12/site-packages/oslo_db/sqlalchemy/engines.py:325}}
