Jul 10 20:48:57.183345 np0000005054 devstack@neutron-api.service[90644]: INFO neutron.api.extensions [None req-156eb382-8ed2-4749-8351-50866907cb64 None None] Extension port-hint-ovs-tx-steering not supported by any of loaded plugins
Jul 10 20:48:57.183345 np0000005054 devstack@neutron-api.service[90644]: DEBUG neutron.api.extensions [None req-156eb382-8ed2-4749-8351-50866907cb64 None None] Loading extension file: port_hints.py {{(pid=90644) _load_all_extensions_from_path /opt/stack/neutron/neutron/api/extensions.py:449}}
Jul 10 20:48:57.183503 np0000005054 devstack@neutron-api.service[90646]: DEBUG neutron.api.extensions [None req-78ada580-318f-4630-bf64-bf06fc8ebc32 None None] Ext name="L2 Adjacency" alias="l2_adjacency" description="Display L2 Adjacency for Neutron Networks." updated="2016-04-12T16:00:00-00:00" {{(pid=90646) _check_extension /opt/stack/neutron/neutron/api/extensions.py:415}}
Jul 10 20:48:57.183633 np0000005054 devstack@neutron-api.service[90644]: DEBUG neutron.api.extensions [None req-156eb382-8ed2-4749-8351-50866907cb64 None None] Ext name="Port hints" alias="port-hints" description="Backend specific port hints to allow backend specific tuning" updated="2023-01-01T00:00:00-00:00" {{(pid=90644) _check_extension /opt/stack/neutron/neutron/api/extensions.py:415}}
Jul 10 20:48:57.183633 np0000005054 devstack@neutron-api.service[90644]: INFO neutron.api.extensions [None req-156eb382-8ed2-4749-8351-50866907cb64 None None] Extension port-hints not supported by any of loaded plugins
Jul 10 20:48:57.183812 np0000005054 devstack@neutron-api.service[90646]: INFO neutron.api.extensions [None req-78ada580-318f-4630-bf64-bf06fc8ebc32 None None] Extension l2_adjacency not supported by any of loaded plugins
Jul 10 20:48:57.183944 np0000005054 devstack@neutron-api.service[90644]: DEBUG neutron.api.extensions [None req-156eb382-8ed2-4749-8351-50866907cb64 None None] Loading extension file: port_mac_address_override.py {{(pid=90644) _load_all_extensions_from_path /opt/stack/neutron/neutron/api/extensions.py:449}}
Jul 10 20:48:57.184089 np0000005054 devstack@neutron-api.service[90646]: DEBUG neutron.api.extensions [None req-78ada580-318f-4630-bf64-bf06fc8ebc32 None None] Loading extension file: l3.py {{(pid=90646) _load_all_extensions_from_path /opt/stack/neutron/neutron/api/extensions.py:449}}
Jul 10 20:48:57.184237 np0000005054 devstack@neutron-api.service[90644]: DEBUG neutron.api.extensions [None req-156eb382-8ed2-4749-8351-50866907cb64 None None] Ext name="Neutron Port MAC address override" alias="port-mac-override" description="Allow overriding the MAC address of a direct-physical Port via the active binding profile" updated="2022-03-18T10:00:00-00:00" {{(pid=90644) _check_extension /opt/stack/neutron/neutron/api/extensions.py:415}}
Jul 10 20:48:57.184237 np0000005054 devstack@neutron-api.service[90644]: INFO neutron.api.extensions [None req-156eb382-8ed2-4749-8351-50866907cb64 None None] Extension port-mac-override not supported by any of loaded plugins
Jul 10 20:48:57.184237 np0000005054 devstack@neutron-api.service[90644]: DEBUG neutron.api.extensions [None req-156eb382-8ed2-4749-8351-50866907cb64 None None] Loading extension file: port_mac_address_regenerate.py {{(pid=90644) _load_all_extensions_from_path /opt/stack/neutron/neutron/api/extensions.py:449}}
Jul 10 20:48:57.184237 np0000005054 devstack@neutron-api.service[90644]: DEBUG neutron.api.extensions [None req-156eb382-8ed2-4749-8351-50866907cb64 None None] Ext name="Neutron Port MAC address regenerate" alias="port-mac-address-regenerate" description="Network port MAC address regenerate" updated="2018-05-03T10:00:00-00:00" {{(pid=90644) _check_extension /opt/stack/neutron/neutron/api/extensions.py:415}}
Jul 10 20:48:57.184453 np0000005054 devstack@neutron-api.service[90646]: DEBUG neutron.api.extensions [None req-78ada580-318f-4630-bf64-bf06fc8ebc32 None None] Ext name="Neutron L3 Router" alias="router" description="Router abstraction for basic L3 forwarding between L2 Neutron networks and access to external networks via a NAT gateway." updated="2012-07-20T10:00:00-00:00" {{(pid=90646) _check_extension /opt/stack/neutron/neutron/api/extensions.py:415}}
Jul 10 20:48:57.184577 np0000005054 devstack@neutron-api.service[90644]: INFO neutron.api.extensions [None req-156eb382-8ed2-4749-8351-50866907cb64 None None] Loaded extension: port-mac-address-regenerate
Jul 10 20:48:57.184577 np0000005054 devstack@neutron-api.service[90644]: DEBUG neutron.api.extensions [None req-156eb382-8ed2-4749-8351-50866907cb64 None None] Loading extension file: port_numa_affinity_policy.py {{(pid=90644) _load_all_extensions_from_path /opt/stack/neutron/neutron/api/extensions.py:449}}
Jul 10 20:48:57.184724 np0000005054 devstack@neutron-api.service[90646]: INFO neutron.api.extensions [None req-78ada580-318f-4630-bf64-bf06fc8ebc32 None None] Loaded extension: router
Jul 10 20:48:57.184880 np0000005054 devstack@neutron-api.service[90644]: DEBUG neutron.api.extensions [None req-156eb382-8ed2-4749-8351-50866907cb64 None None] Ext name="Port NUMA affinity policy" alias="port-numa-affinity-policy" description="Expose the port NUMA affinity policy" updated="2020-07-08T10:00:00-00:00" {{(pid=90644) _check_extension /opt/stack/neutron/neutron/api/extensions.py:415}}
Jul 10 20:48:57.185014 np0000005054 devstack@neutron-api.service[90646]: DEBUG neutron.api.extensions [None req-78ada580-318f-4630-bf64-bf06fc8ebc32 None None] Loading extension file: l3_agent_scheduler_ha_chassis_priority.py {{(pid=90646) _load_all_extensions_from_path /opt/stack/neutron/neutron/api/extensions.py:449}}
Jul 10 20:48:57.185187 np0000005054 devstack@neutron-api.service[90644]: INFO neutron.api.extensions [None req-156eb382-8ed2-4749-8351-50866907cb64 None None] Loaded extension: port-numa-affinity-policy
Jul 10 20:48:57.185187 np0000005054 devstack@neutron-api.service[90644]: DEBUG neutron.api.extensions [None req-156eb382-8ed2-4749-8351-50866907cb64 None None] Loading extension file: port_numa_affinity_policy_socket.py {{(pid=90644) _load_all_extensions_from_path /opt/stack/neutron/neutron/api/extensions.py:449}}
Jul 10 20:48:57.185336 np0000005054 devstack@neutron-api.service[90646]: DEBUG neutron.api.extensions [None req-78ada580-318f-4630-bf64-bf06fc8ebc32 None None] Ext name="L3 Agent Scheduler HA Chassis Priority" alias="l3-agent-scheduler-ha-chassis-priority" description="Exposes the HA_Chassis priority in the L3 Agent Scheduler API responses and allows setting priority when scheduling a router to a chassis." updated="2026-03-31T00:00:00-00:00" {{(pid=90646) _check_extension /opt/stack/neutron/neutron/api/extensions.py:415}}
Jul 10 20:48:57.185477 np0000005054 devstack@neutron-api.service[90644]: DEBUG neutron.api.extensions [None req-156eb382-8ed2-4749-8351-50866907cb64 None None] Ext name="Port NUMA affinity policy "socket"" alias="port-numa-affinity-policy-socket" description="Adds "socket" to the supported port NUMA affinity policies" updated="2024-02-09T10:00:00-00:00" {{(pid=90644) _check_extension /opt/stack/neutron/neutron/api/extensions.py:415}}
Jul 10 20:48:57.185598 np0000005054 devstack@neutron-api.service[90646]: INFO neutron.api.extensions [None req-78ada580-318f-4630-bf64-bf06fc8ebc32 None None] Loaded extension: l3-agent-scheduler-ha-chassis-priority
Jul 10 20:48:57.185760 np0000005054 devstack@neutron-api.service[90644]: INFO neutron.api.extensions [None req-156eb382-8ed2-4749-8351-50866907cb64 None None] Loaded extension: port-numa-affinity-policy-socket
Jul 10 20:48:57.185904 np0000005054 devstack@neutron-api.service[90646]: DEBUG neutron.api.extensions [None req-78ada580-318f-4630-bf64-bf06fc8ebc32 None None] Loading extension file: l3_conntrack_helper.py {{(pid=90646) _load_all_extensions_from_path /opt/stack/neutron/neutron/api/extensions.py:449}}
Jul 10 20:48:57.186039 np0000005054 devstack@neutron-api.service[90644]: DEBUG neutron.api.extensions [None req-156eb382-8ed2-4749-8351-50866907cb64 None None] Loading extension file: port_resource_request.py {{(pid=90644) _load_all_extensions_from_path /opt/stack/neutron/neutron/api/extensions.py:449}}
Jul 10 20:48:57.186039 np0000005054 devstack@neutron-api.service[90644]: DEBUG neutron.api.extensions [None req-156eb382-8ed2-4749-8351-50866907cb64 None None] Ext name="Port Resource Request" alias="port-resource-request" description="Expose resource request to Port" updated="2018-05-08T10:00:00-00:00" {{(pid=90644) _check_extension /opt/stack/neutron/neutron/api/extensions.py:415}}
Jul 10 20:48:57.186039 np0000005054 devstack@neutron-api.service[90644]: INFO neutron.api.extensions [None req-156eb382-8ed2-4749-8351-50866907cb64 None None] Extension port-resource-request not supported by any of loaded plugins
Jul 10 20:48:57.186039 np0000005054 devstack@neutron-api.service[90644]: DEBUG neutron.api.extensions [None req-156eb382-8ed2-4749-8351-50866907cb64 None None] Loading extension file: port_resource_request_groups.py {{(pid=90644) _load_all_extensions_from_path /opt/stack/neutron/neutron/api/extensions.py:449}}
Jul 10 20:48:57.186039 np0000005054 devstack@neutron-api.service[90644]: DEBUG neutron.api.extensions [None req-156eb382-8ed2-4749-8351-50866907cb64 None None] Ext name="Port Resource Request Groups" alias="port-resource-request-groups" description="Support requesting multiple groups of resources and traits from the same RP subtree in resource_request" updated="2021-08-02T10:00:00-00:00" {{(pid=90644) _check_extension /opt/stack/neutron/neutron/api/extensions.py:415}}
Jul 10 20:48:57.186039 np0000005054 devstack@neutron-api.service[90644]: INFO neutron.api.extensions [None req-156eb382-8ed2-4749-8351-50866907cb64 None None] Extension port-resource-request-groups not supported by any of loaded plugins
Jul 10 20:48:57.186039 np0000005054 devstack@neutron-api.service[90644]: DEBUG neutron.api.extensions [None req-156eb382-8ed2-4749-8351-50866907cb64 None None] Loading extension file: port_trusted_vif.py {{(pid=90644) _load_all_extensions_from_path /opt/stack/neutron/neutron/api/extensions.py:449}}
Jul 10 20:48:57.186383 np0000005054 devstack@neutron-api.service[90646]: DEBUG neutron.api.extensions [None req-78ada580-318f-4630-bf64-bf06fc8ebc32 None None] Ext name="L3 Conntrack helper" alias="l3-conntrack-helper" description="Allow adding CT target rules for conntrack helper" updated="2019-04-04T10:00:00-00:00" {{(pid=90646) _check_extension /opt/stack/neutron/neutron/api/extensions.py:415}}
Jul 10 20:48:57.186543 np0000005054 devstack@neutron-api.service[90644]: DEBUG neutron.api.extensions [None req-156eb382-8ed2-4749-8351-50866907cb64 None None] Ext name="Port trusted vif" alias="port-trusted-vif" description="Expose port 'trusted' attribute in the API" updated="2024-07-10T10:00:00-00:00" {{(pid=90644) _check_extension /opt/stack/neutron/neutron/api/extensions.py:415}}
Jul 10 20:48:57.186663 np0000005054 devstack@neutron-api.service[90646]: INFO neutron.api.extensions [None req-78ada580-318f-4630-bf64-bf06fc8ebc32 None None] Extension l3-conntrack-helper not supported by any of loaded plugins
Jul 10 20:48:57.186800 np0000005054 devstack@neutron-api.service[90644]: INFO neutron.api.extensions [None req-156eb382-8ed2-4749-8351-50866907cb64 None None] Extension port-trusted-vif not supported by any of loaded plugins
Jul 10 20:48:57.186942 np0000005054 devstack@neutron-api.service[90646]: DEBUG neutron.api.extensions [None req-78ada580-318f-4630-bf64-bf06fc8ebc32 None None] Loading extension file: l3_enable_default_route_bfd.py {{(pid=90646) _load_all_extensions_from_path /opt/stack/neutron/neutron/api/extensions.py:449}}
Jul 10 20:48:57.187061 np0000005054 devstack@neutron-api.service[90644]: DEBUG neutron.api.extensions [None req-156eb382-8ed2-4749-8351-50866907cb64 None None] Loading extension file: portbindings.py {{(pid=90644) _load_all_extensions_from_path /opt/stack/neutron/neutron/api/extensions.py:449}}
Jul 10 20:48:57.187061 np0000005054 devstack@neutron-api.service[90644]: DEBUG neutron.api.extensions [None req-156eb382-8ed2-4749-8351-50866907cb64 None None] Ext name="Port Binding" alias="binding" description="Expose port bindings of a virtual port to external application" updated="2014-02-03T10:00:00-00:00" {{(pid=90644) _check_extension /opt/stack/neutron/neutron/api/extensions.py:415}}
Jul 10 20:48:57.187232 np0000005054 devstack@neutron-api.service[90646]: DEBUG neutron.api.extensions [None req-78ada580-318f-4630-bf64-bf06fc8ebc32 None None] Ext name="Enable Default Route BFD" alias="enable-default-route-bfd" description="Enables configurable BFD behavior for default routes" updated="2023-02-27T00:00:00-00:00" {{(pid=90646) _check_extension /opt/stack/neutron/neutron/api/extensions.py:415}}
Jul 10 20:48:57.187363 np0000005054 devstack@neutron-api.service[90645]: DEBUG neutron_lib.callbacks.manager [None req-e8d55981-d7cd-4754-b730-e285bd07c84c None None] Subscribe: > router before_delete 55550000, False {{(pid=90645) subscribe /opt/stack/data/venv/lib/python3.12/site-packages/neutron_lib/callbacks/manager.py:52}}
Jul 10 20:48:57.187501 np0000005054 devstack@neutron-api.service[90644]: INFO neutron.api.extensions [None req-156eb382-8ed2-4749-8351-50866907cb64 None None] Loaded extension: binding
Jul 10 20:48:57.187676 np0000005054 devstack@neutron-api.service[90645]: DEBUG neutron_lib.callbacks.manager [None req-e8d55981-d7cd-4754-b730-e285bd07c84c None None] Subscribe: port before_update 55550000, False {{(pid=90645) subscribe /opt/stack/data/venv/lib/python3.12/site-packages/neutron_lib/callbacks/manager.py:52}}
Jul 10 20:48:57.187827 np0000005054 devstack@neutron-api.service[90644]: DEBUG neutron.api.extensions [None req-156eb382-8ed2-4749-8351-50866907cb64 None None] Loading extension file: portbindings_extended.py {{(pid=90644) _load_all_extensions_from_path /opt/stack/neutron/neutron/api/extensions.py:449}}
Jul 10 20:48:57.187992 np0000005054 devstack@neutron-api.service[90646]: INFO neutron.api.extensions [None req-78ada580-318f-4630-bf64-bf06fc8ebc32 None None] Loaded extension: enable-default-route-bfd
Jul 10 20:48:57.188127 np0000005054 devstack@neutron-api.service[90645]: DEBUG neutron_lib.callbacks.manager [None req-e8d55981-d7cd-4754-b730-e285bd07c84c None None] Subscribe: port after_update 55550000, False {{(pid=90645) subscribe /opt/stack/data/venv/lib/python3.12/site-packages/neutron_lib/callbacks/manager.py:52}}
Jul 10 20:48:57.188248 np0000005054 devstack@neutron-api.service[90646]: DEBUG neutron.api.extensions [None req-78ada580-318f-4630-bf64-bf06fc8ebc32 None None] Loading extension file: l3_enable_default_route_ecmp.py {{(pid=90646) _load_all_extensions_from_path /opt/stack/neutron/neutron/api/extensions.py:449}}
Jul 10 20:48:57.188368 np0000005054 devstack@neutron-api.service[90645]: DEBUG neutron_lib.callbacks.manager [None req-e8d55981-d7cd-4754-b730-e285bd07c84c None None] Subscribe: > port precommit_delete 55550000, False {{(pid=90645) subscribe /opt/stack/data/venv/lib/python3.12/site-packages/neutron_lib/callbacks/manager.py:52}}
Jul 10 20:48:57.188549 np0000005054 devstack@neutron-api.service[90644]: DEBUG neutron.api.extensions [None req-156eb382-8ed2-4749-8351-50866907cb64 None None] Ext name="Port Bindings Extended" alias="binding-extended" description="Expose port bindings of a virtual port to external application" updated="2017-07-17T10:00:00-00:00" {{(pid=90644) _check_extension /opt/stack/neutron/neutron/api/extensions.py:415}}
Jul 10 20:48:57.188672 np0000005054 devstack@neutron-api.service[90645]: DEBUG neutron_lib.callbacks.manager [None req-e8d55981-d7cd-4754-b730-e285bd07c84c None None] Subscribe: port before_update 55550000, False {{(pid=90645) subscribe /opt/stack/data/venv/lib/python3.12/site-packages/neutron_lib/callbacks/manager.py:52}}
Jul 10 20:48:57.188815 np0000005054 devstack@neutron-api.service[90644]: INFO neutron.api.extensions [None req-156eb382-8ed2-4749-8351-50866907cb64 None None] Loaded extension: binding-extended
Jul 10 20:48:57.188967 np0000005054 devstack@neutron-api.service[90645]: DEBUG neutron_lib.callbacks.manager [None req-e8d55981-d7cd-4754-b730-e285bd07c84c None None] Subscribe: port before_delete 55550000, False {{(pid=90645) subscribe /opt/stack/data/venv/lib/python3.12/site-packages/neutron_lib/callbacks/manager.py:52}}
Jul 10 20:48:57.189162 np0000005054 devstack@neutron-api.service[90646]: DEBUG neutron.api.extensions [None req-78ada580-318f-4630-bf64-bf06fc8ebc32 None None] Ext name="Enable Default Route ECMP" alias="enable-default-route-ecmp" description="Enables configurable ECMP behavior for default routes" updated="2023-02-27T00:00:00-00:00" {{(pid=90646) _check_extension /opt/stack/neutron/neutron/api/extensions.py:415}}
Jul 10 20:48:57.189292 np0000005054 devstack@neutron-api.service[90644]: DEBUG neutron.api.extensions [None req-156eb382-8ed2-4749-8351-50866907cb64 None None] Loading extension file: portsecurity.py {{(pid=90644) _load_all_extensions_from_path /opt/stack/neutron/neutron/api/extensions.py:449}}
Jul 10 20:48:57.189418 np0000005054 devstack@neutron-api.service[90645]: DEBUG neutron_lib.callbacks.manager [None req-e8d55981-d7cd-4754-b730-e285bd07c84c None None] Subscribe: > router precommit_create 55550000, False {{(pid=90645) subscribe /opt/stack/data/venv/lib/python3.12/site-packages/neutron_lib/callbacks/manager.py:52}}
Jul 10 20:48:57.189418 np0000005054 devstack@neutron-api.service[90645]: DEBUG neutron_lib.callbacks.manager [None req-e8d55981-d7cd-4754-b730-e285bd07c84c None None] Subscribe: > router precommit_create 55550000, False {{(pid=90645) subscribe /opt/stack/data/venv/lib/python3.12/site-packages/neutron_lib/callbacks/manager.py:52}}
Jul 10 20:48:57.189578 np0000005054 devstack@neutron-api.service[90646]: INFO neutron.api.extensions [None req-78ada580-318f-4630-bf64-bf06fc8ebc32 None None] Loaded extension: enable-default-route-ecmp
Jul 10 20:48:57.189704 np0000005054 devstack@neutron-api.service[90644]: DEBUG neutron.api.extensions [None req-156eb382-8ed2-4749-8351-50866907cb64 None None] Ext name="Port Security" alias="port-security" description="Provides port security" updated="2012-07-23T10:00:00-00:00" {{(pid=90644) _check_extension /opt/stack/neutron/neutron/api/extensions.py:415}}
Jul 10 20:48:57.189838 np0000005054 devstack@neutron-api.service[90645]: DEBUG neutron_lib.callbacks.manager [None req-e8d55981-d7cd-4754-b730-e285bd07c84c None None] Subscribe: > router precommit_update 55550000, False {{(pid=90645) subscribe /opt/stack/data/venv/lib/python3.12/site-packages/neutron_lib/callbacks/manager.py:52}}
Jul 10 20:48:57.189974 np0000005054 devstack@neutron-api.service[90646]: DEBUG neutron.api.extensions [None req-78ada580-318f-4630-bf64-bf06fc8ebc32 None None] Loading extension file: l3_ext_gw_mode.py {{(pid=90646) _load_all_extensions_from_path /opt/stack/neutron/neutron/api/extensions.py:449}}
Jul 10 20:48:57.190105 np0000005054 devstack@neutron-api.service[90644]: INFO neutron.api.extensions [None req-156eb382-8ed2-4749-8351-50866907cb64 None None] Loaded extension: port-security
Jul 10 20:48:57.190229 np0000005054 devstack@neutron-api.service[90645]: DEBUG neutron_lib.callbacks.manager [None req-e8d55981-d7cd-4754-b730-e285bd07c84c None None] Subscribe: subnet after_update 55550000, False {{(pid=90645) subscribe /opt/stack/data/venv/lib/python3.12/site-packages/neutron_lib/callbacks/manager.py:52}}
Jul 10 20:48:57.190364 np0000005054 devstack@neutron-api.service[90644]: DEBUG neutron.api.extensions [None req-156eb382-8ed2-4749-8351-50866907cb64 None None] Loading extension file: project_id.py {{(pid=90644) _load_all_extensions_from_path /opt/stack/neutron/neutron/api/extensions.py:449}}
Jul 10 20:48:57.190504 np0000005054 devstack@neutron-api.service[90645]: DEBUG neutron.quota.resource_registry [None req-e8d55981-d7cd-4754-b730-e285bd07c84c None None] Tracking information for resource: router configured {{(pid=90645) set_tracked_resource /opt/stack/neutron/neutron/quota/resource_registry.py:203}}
Jul 10 20:48:57.190632 np0000005054 devstack@neutron-api.service[90646]: DEBUG neutron.api.extensions [None req-78ada580-318f-4630-bf64-bf06fc8ebc32 None None] Ext name="Neutron L3 Configurable external gateway mode" alias="ext-gw-mode" description="Extension of the router abstraction for specifying whether SNAT should occur on the external gateway" updated="2013-03-28T10:00:00-00:00" {{(pid=90646) _check_extension /opt/stack/neutron/neutron/api/extensions.py:415}}
Jul 10 20:48:57.190795 np0000005054 devstack@neutron-api.service[90644]: DEBUG neutron.api.extensions [None req-156eb382-8ed2-4749-8351-50866907cb64 None None] Ext name="project_id field enabled" alias="project-id" description="Extension that indicates that project_id field is enabled." updated="2016-09-09T09:09:09-09:09" {{(pid=90644) _check_extension /opt/stack/neutron/neutron/api/extensions.py:415}}
Jul 10 20:48:57.190927 np0000005054 devstack@neutron-api.service[90645]: DEBUG neutron.quota.resource_registry [None req-e8d55981-d7cd-4754-b730-e285bd07c84c None None] Tracking information for resource: floatingip configured {{(pid=90645) set_tracked_resource /opt/stack/neutron/neutron/quota/resource_registry.py:203}}
Jul 10 20:48:57.191041 np0000005054 devstack@neutron-api.service[90644]: INFO neutron.api.extensions [None req-156eb382-8ed2-4749-8351-50866907cb64 None None] Loaded extension: project-id
Jul 10 20:48:57.191168 np0000005054 devstack@neutron-api.service[90645]: INFO neutron.services.ovn_l3.plugin [None req-e8d55981-d7cd-4754-b730-e285bd07c84c None None] Starting OVNL3RouterPlugin
Jul 10 20:48:57.191292 np0000005054 devstack@neutron-api.service[90644]: DEBUG neutron.api.extensions [None req-156eb382-8ed2-4749-8351-50866907cb64 None None] Loading extension file: providernet.py {{(pid=90644) _load_all_extensions_from_path /opt/stack/neutron/neutron/api/extensions.py:449}}
Jul 10 20:48:57.191458 np0000005054 devstack@neutron-api.service[90646]: INFO neutron.api.extensions [None req-78ada580-318f-4630-bf64-bf06fc8ebc32 None None] Loaded extension: ext-gw-mode
Jul 10 20:48:57.191458 np0000005054 devstack@neutron-api.service[90646]: DEBUG neutron.api.extensions [None req-78ada580-318f-4630-bf64-bf06fc8ebc32 None None] Loading extension file: l3_ext_ha_mode.py {{(pid=90646) _load_all_extensions_from_path /opt/stack/neutron/neutron/api/extensions.py:449}}
Jul 10 20:48:57.191742 np0000005054 devstack@neutron-api.service[90645]: DEBUG neutron_lib.callbacks.manager [None req-e8d55981-d7cd-4754-b730-e285bd07c84c None None] Subscribe: > port_forwarding_plugin after_init 55550000, False {{(pid=90645) subscribe /opt/stack/data/venv/lib/python3.12/site-packages/neutron_lib/callbacks/manager.py:52}}
Jul 10 20:48:57.191885 np0000005054 devstack@neutron-api.service[90644]: DEBUG neutron.api.extensions [None req-156eb382-8ed2-4749-8351-50866907cb64 None None] Ext name="Provider Network" alias="provider" description="Expose mapping of virtual networks to physical networks" updated="2012-09-07T10:00:00-00:00" {{(pid=90644) _check_extension /opt/stack/neutron/neutron/api/extensions.py:415}}
Jul 10 20:48:57.191885 np0000005054 devstack@neutron-api.service[90644]: INFO neutron.api.extensions [None req-156eb382-8ed2-4749-8351-50866907cb64 None None] Loaded extension: provider
Jul 10 20:48:57.192052 np0000005054 devstack@neutron-api.service[90645]: DEBUG neutron_lib.callbacks.manager [None req-e8d55981-d7cd-4754-b730-e285bd07c84c None None] Subscribe: > router before_create 55550100, False {{(pid=90645) subscribe /opt/stack/data/venv/lib/python3.12/site-packages/neutron_lib/callbacks/manager.py:52}}
Jul 10 20:48:57.192192 np0000005054 devstack@neutron-api.service[90646]: DEBUG neutron.api.extensions [None req-78ada580-318f-4630-bf64-bf06fc8ebc32 None None] Ext name="HA Router extension" alias="l3-ha" description="Adds HA capability to routers." updated="2014-04-26T00:00:00-00:00" {{(pid=90646) _check_extension /opt/stack/neutron/neutron/api/extensions.py:415}}
Jul 10 20:48:57.192297 np0000005054 devstack@neutron-api.service[90644]: DEBUG neutron.api.extensions [None req-156eb382-8ed2-4749-8351-50866907cb64 None None] Loading extension file: pvlan.py {{(pid=90644) _load_all_extensions_from_path /opt/stack/neutron/neutron/api/extensions.py:449}}
Jul 10 20:48:57.192379 np0000005054 devstack@neutron-api.service[90645]: DEBUG neutron_lib.callbacks.manager [None req-e8d55981-d7cd-4754-b730-e285bd07c84c None None] Subscribe: > router precommit_delete 55550100, False {{(pid=90645) subscribe /opt/stack/data/venv/lib/python3.12/site-packages/neutron_lib/callbacks/manager.py:52}}
Jul 10 20:48:57.192379 np0000005054 devstack@neutron-api.service[90645]: DEBUG neutron_lib.callbacks.manager [None req-e8d55981-d7cd-4754-b730-e285bd07c84c None None] Subscribe: > router precommit_create 55550100, False {{(pid=90645) subscribe /opt/stack/data/venv/lib/python3.12/site-packages/neutron_lib/callbacks/manager.py:52}}
Jul 10 20:48:57.192481 np0000005054 devstack@neutron-api.service[90646]: INFO neutron.api.extensions [None req-78ada580-318f-4630-bf64-bf06fc8ebc32 None None] Loaded extension: l3-ha
Jul 10 20:48:57.192555 np0000005054 devstack@neutron-api.service[90645]: DEBUG neutron_lib.callbacks.manager [None req-e8d55981-d7cd-4754-b730-e285bd07c84c None None] Subscribe: > router precommit_update 55550100, False {{(pid=90645) subscribe /opt/stack/data/venv/lib/python3.12/site-packages/neutron_lib/callbacks/manager.py:52}}
Jul 10 20:48:57.192635 np0000005054 devstack@neutron-api.service[90646]: DEBUG neutron.api.extensions [None req-78ada580-318f-4630-bf64-bf06fc8ebc32 None None] Loading extension file: l3_ext_ndp_proxy.py {{(pid=90646) _load_all_extensions_from_path /opt/stack/neutron/neutron/api/extensions.py:449}}
Jul 10 20:48:57.192635 np0000005054 devstack@neutron-api.service[90646]: DEBUG neutron.api.extensions [None req-78ada580-318f-4630-bf64-bf06fc8ebc32 None None] Ext name="Router support to enable NDP proxy" alias="l3-ext-ndp-proxy" description="Router extension to enable ndp proxy" updated="2020-08-25T00:00:00-00:00" {{(pid=90646) _check_extension /opt/stack/neutron/neutron/api/extensions.py:415}}
Jul 10 20:48:57.192635 np0000005054 devstack@neutron-api.service[90646]: INFO neutron.api.extensions [None req-78ada580-318f-4630-bf64-bf06fc8ebc32 None None] Extension l3-ext-ndp-proxy not supported by any of loaded plugins
Jul 10 20:48:57.192635 np0000005054 devstack@neutron-api.service[90646]: DEBUG neutron.api.extensions [None req-78ada580-318f-4630-bf64-bf06fc8ebc32 None None] Loading extension file: l3_extra_gws.py {{(pid=90646) _load_all_extensions_from_path /opt/stack/neutron/neutron/api/extensions.py:449}}
Jul 10 20:48:57.192635 np0000005054 devstack@neutron-api.service[90646]: DEBUG neutron.api.extensions [None req-78ada580-318f-4630-bf64-bf06fc8ebc32 None None] Ext name="Neutron L3 External Gateway Multihoming" alias="external-gateway-multihoming" description="Allow multiple external gateway ports per router" updated="2023-01-18T00:00:00-00:00" {{(pid=90646) _check_extension /opt/stack/neutron/neutron/api/extensions.py:415}}
Jul 10 20:48:57.192635 np0000005054 devstack@neutron-api.service[90646]: INFO neutron.api.extensions [None req-78ada580-318f-4630-bf64-bf06fc8ebc32 None None] Loaded extension: external-gateway-multihoming
Jul 10 20:48:57.192635 np0000005054 devstack@neutron-api.service[90646]: DEBUG neutron.api.extensions [None req-78ada580-318f-4630-bf64-bf06fc8ebc32 None None] Loading extension file: l3_flavors.py {{(pid=90646) _load_all_extensions_from_path /opt/stack/neutron/neutron/api/extensions.py:449}}
Jul 10 20:48:57.192860 np0000005054 devstack@neutron-api.service[90644]: DEBUG neutron.api.extensions [None req-156eb382-8ed2-4749-8351-50866907cb64 None None] Ext name="Private VLAN" alias="pvlan" description="The Private VLAN semantics extension." updated="2026-02-03T10:00:00-00:00" {{(pid=90644) _check_extension /opt/stack/neutron/neutron/api/extensions.py:415}}
Jul 10 20:48:57.192860 np0000005054 devstack@neutron-api.service[90644]: INFO neutron.api.extensions [None req-156eb382-8ed2-4749-8351-50866907cb64 None None] Extension pvlan not supported by any of loaded plugins
Jul 10 20:48:57.192860 np0000005054 devstack@neutron-api.service[90644]: DEBUG neutron.api.extensions [None req-156eb382-8ed2-4749-8351-50866907cb64 None None] Loading extension file: qinq.py {{(pid=90644) _load_all_extensions_from_path /opt/stack/neutron/neutron/api/extensions.py:449}}
Jul 10 20:48:57.193293 np0000005054 devstack@neutron-api.service[90646]: DEBUG neutron.api.extensions [None req-78ada580-318f-4630-bf64-bf06fc8ebc32 None None] Ext name="Router Flavor Extension" alias="l3-flavors" description="Flavor support for routers." updated="2016-05-17T00:00:00-00:00" {{(pid=90646) _check_extension /opt/stack/neutron/neutron/api/extensions.py:415}}
Jul 10 20:48:57.193399 np0000005054 devstack@neutron-api.service[90644]: DEBUG neutron.api.extensions [None req-156eb382-8ed2-4749-8351-50866907cb64 None None] Ext name="QinQ networks" alias="qinq" description="Expose network 'qinq' attribute in the API. This allows to configure network to allow vlan in vlan configuration using 0x88a8 ethertype (QinQ)." updated="2024-12-02T10:00:00-00:00" {{(pid=90644) _check_extension /opt/stack/neutron/neutron/api/extensions.py:415}}
Jul 10 20:48:57.193512 np0000005054 devstack@neutron-api.service[90646]: INFO neutron.api.extensions [None req-78ada580-318f-4630-bf64-bf06fc8ebc32 None None] Loaded extension: l3-flavors
Jul 10 20:48:57.193586 np0000005054 devstack@neutron-api.service[90644]: INFO neutron.api.extensions [None req-156eb382-8ed2-4749-8351-50866907cb64 None None] Loaded extension: qinq
Jul 10 20:48:57.193586 np0000005054 devstack@neutron-api.service[90644]: DEBUG neutron.api.extensions [None req-156eb382-8ed2-4749-8351-50866907cb64 None None] Loading extension file: qos.py {{(pid=90644) _load_all_extensions_from_path /opt/stack/neutron/neutron/api/extensions.py:449}}
Jul 10 20:48:57.193690 np0000005054 devstack@neutron-api.service[90646]: DEBUG neutron.api.extensions [None req-78ada580-318f-4630-bf64-bf06fc8ebc32 None None] Loading extension file: l3_ndp_proxy.py {{(pid=90646) _load_all_extensions_from_path /opt/stack/neutron/neutron/api/extensions.py:449}}
Jul 10 20:48:57.193690 np0000005054 devstack@neutron-api.service[90646]: DEBUG neutron.api.extensions [None req-78ada580-318f-4630-bf64-bf06fc8ebc32 None None] Ext name="name" alias="l3-ndp-proxy" description="description" updated="2021-06-29T10:00:00-00:00" {{(pid=90646) _check_extension /opt/stack/neutron/neutron/api/extensions.py:415}}
Jul 10 20:48:57.193690 np0000005054 devstack@neutron-api.service[90646]: INFO neutron.api.extensions [None req-78ada580-318f-4630-bf64-bf06fc8ebc32 None None] Extension l3-ndp-proxy not supported by any of loaded plugins
Jul 10 20:48:57.193690 np0000005054 devstack@neutron-api.service[90646]: DEBUG neutron.api.extensions [None req-78ada580-318f-4630-bf64-bf06fc8ebc32 None None] Loading extension file: l3_port_ip_change_not_allowed.py {{(pid=90646) _load_all_extensions_from_path /opt/stack/neutron/neutron/api/extensions.py:449}}
Jul 10 20:48:57.193849 np0000005054 devstack@neutron-api.service[90644]: DEBUG neutron.api.extensions [None req-156eb382-8ed2-4749-8351-50866907cb64 None None] Ext name="Quality of Service" alias="qos" description="The Quality of Service extension." updated="2015-06-08T10:00:00-00:00" {{(pid=90644) _check_extension /opt/stack/neutron/neutron/api/extensions.py:415}}
Jul 10 20:48:57.193962 np0000005054 devstack@neutron-api.service[90646]: DEBUG neutron.api.extensions [None req-78ada580-318f-4630-bf64-bf06fc8ebc32 None None] Ext name="Prevent L3 router ports IP address change extension" alias="l3-port-ip-change-not-allowed" description="Prevent change of IP address for some L3 router ports" updated="2018-10-09T10:00:00-00:00" {{(pid=90646) _check_extension /opt/stack/neutron/neutron/api/extensions.py:415}}
Jul 10 20:48:57.194117 np0000005054 devstack@neutron-api.service[90644]: INFO neutron.api.extensions [None req-156eb382-8ed2-4749-8351-50866907cb64 None None] Extension qos not supported by any of loaded plugins
Jul 10 20:48:57.194117 np0000005054 devstack@neutron-api.service[90644]: DEBUG neutron.api.extensions [None req-156eb382-8ed2-4749-8351-50866907cb64 None None] Loading extension file: qos_bw_limit_direction.py {{(pid=90644) _load_all_extensions_from_path /opt/stack/neutron/neutron/api/extensions.py:449}}
Jul 10 20:48:57.194216 np0000005054 devstack@neutron-api.service[90646]: INFO neutron.api.extensions [None req-78ada580-318f-4630-bf64-bf06fc8ebc32 None None] Extension l3-port-ip-change-not-allowed not supported by any of loaded plugins
Jul 10 20:48:57.194216 np0000005054 devstack@neutron-api.service[90646]: DEBUG neutron.api.extensions [None req-78ada580-318f-4630-bf64-bf06fc8ebc32 None None] Loading extension file: l3agentscheduler.py {{(pid=90646) _load_all_extensions_from_path /opt/stack/neutron/neutron/api/extensions.py:449}}
Jul 10 20:48:57.194308 np0000005054 devstack@neutron-api.service[90644]: DEBUG neutron.api.extensions [None req-156eb382-8ed2-4749-8351-50866907cb64 None None] Ext name="Direction for QoS bandwidth limit rule" alias="qos-bw-limit-direction" description="Allow to configure QoS bandwidth limit rule with specific direction: ingress or egress" updated="2017-04-10T10:00:00-00:00" {{(pid=90644) _check_extension /opt/stack/neutron/neutron/api/extensions.py:415}}
Jul 10 20:48:57.194308 np0000005054 devstack@neutron-api.service[90644]: INFO neutron.api.extensions [None req-156eb382-8ed2-4749-8351-50866907cb64 None None] Extension qos-bw-limit-direction not supported by any of loaded plugins
Jul 10 20:48:57.194308 np0000005054 devstack@neutron-api.service[90644]: DEBUG neutron.api.extensions [None req-156eb382-8ed2-4749-8351-50866907cb64 None None] Loading extension file: qos_bw_minimum_ingress.py {{(pid=90644) _load_all_extensions_from_path /opt/stack/neutron/neutron/api/extensions.py:449}}
Jul 10 20:48:57.194536 np0000005054 devstack@neutron-api.service[90645]: DEBUG neutron.services.provider_configuration [None req-e8d55981-d7cd-4754-b730-e285bd07c84c None None] Service providers = [] {{(pid=90645) parse_service_provider_opt /opt/stack/neutron/neutron/services/provider_configuration.py:170}}
Jul 10 20:48:57.194536 np0000005054 devstack@neutron-api.service[90645]: DEBUG neutron.db.servicetype_db [None req-e8d55981-d7cd-4754-b730-e285bd07c84c None None] Adding provider configuration for service L3_ROUTER_NAT {{(pid=90645) add_provider_configuration /opt/stack/neutron/neutron/db/servicetype_db.py:45}}
Jul 10 20:48:57.194632 np0000005054 devstack@neutron-api.service[90644]: DEBUG neutron.api.extensions [None req-156eb382-8ed2-4749-8351-50866907cb64 None None] Ext name="Ingress direction for QoS minimum bandwidth rule" alias="qos-bw-minimum-ingress" description="Allow to configure QoS minumum bandwidth rule with ingress direction." updated="2018-07-09T10:00:00-00:00" {{(pid=90644) _check_extension /opt/stack/neutron/neutron/api/extensions.py:415}}
Jul 10 20:48:57.194632 np0000005054 devstack@neutron-api.service[90644]: INFO neutron.api.extensions [None req-156eb382-8ed2-4749-8351-50866907cb64 None None] Extension qos-bw-minimum-ingress not supported by any of loaded plugins
Jul 10 20:48:57.194739 np0000005054 devstack@neutron-api.service[90646]: DEBUG neutron.api.extensions [None req-78ada580-318f-4630-bf64-bf06fc8ebc32 None None] Ext name="L3 Agent Scheduler" alias="l3_agent_scheduler" description="Schedule routers among l3 agents" updated="2013-02-07T10:00:00-00:00" {{(pid=90646) _check_extension /opt/stack/neutron/neutron/api/extensions.py:415}}
Jul 10 20:48:57.194920 np0000005054 devstack@neutron-api.service[90644]: DEBUG neutron.api.extensions [None req-156eb382-8ed2-4749-8351-50866907cb64 None None] Loading extension file: qos_default.py {{(pid=90644) _load_all_extensions_from_path /opt/stack/neutron/neutron/api/extensions.py:449}}
Jul 10 20:48:57.195021 np0000005054 devstack@neutron-api.service[90646]: INFO neutron.api.extensions [None req-78ada580-318f-4630-bf64-bf06fc8ebc32 None None] Loaded extension: l3_agent_scheduler
Jul 10 20:48:57.195119 np0000005054 devstack@neutron-api.service[90644]: DEBUG neutron.api.extensions [None req-156eb382-8ed2-4749-8351-50866907cb64 None None] Ext name="QoS default policy" alias="qos-default" description="Expose the QoS default policy per project" updated="2017-041-06T10:00:00-00:00" {{(pid=90644) _check_extension /opt/stack/neutron/neutron/api/extensions.py:415}}
Jul 10 20:48:57.195213 np0000005054 devstack@neutron-api.service[90646]: DEBUG neutron.api.extensions [None req-78ada580-318f-4630-bf64-bf06fc8ebc32 None None] Loading extension file: local_ip.py {{(pid=90646) _load_all_extensions_from_path /opt/stack/neutron/neutron/api/extensions.py:449}}
Jul 10 20:48:57.195319 np0000005054 devstack@neutron-api.service[90644]: INFO neutron.api.extensions [None req-156eb382-8ed2-4749-8351-50866907cb64 None None] Extension qos-default not supported by any of loaded plugins
Jul 10 20:48:57.195319 np0000005054 devstack@neutron-api.service[90644]: DEBUG neutron.api.extensions [None req-156eb382-8ed2-4749-8351-50866907cb64 None None] Loading extension file: qos_fip.py {{(pid=90644) _load_all_extensions_from_path /opt/stack/neutron/neutron/api/extensions.py:449}}
Jul 10 20:48:57.195319 np0000005054 devstack@neutron-api.service[90644]: DEBUG neutron.api.extensions [None req-156eb382-8ed2-4749-8351-50866907cb64 None None] Ext name="Floating IP QoS" alias="qos-fip" description="The floating IP Quality of Service extension" updated="2017-07-20T00:00:00-00:00" {{(pid=90644) _check_extension /opt/stack/neutron/neutron/api/extensions.py:415}}
Jul 10 20:48:57.195456 np0000005054 devstack@neutron-api.service[90646]: DEBUG neutron.api.extensions [None req-78ada580-318f-4630-bf64-bf06fc8ebc32 None None] Ext name="Local IP" alias="local_ip" description="Support Node Local Virtual IP" updated="2021-07-26T10:00:00-00:00" {{(pid=90646) _check_extension /opt/stack/neutron/neutron/api/extensions.py:415}}
Jul 10 20:48:57.195558 np0000005054 devstack@neutron-api.service[90644]: INFO neutron.api.extensions [None req-156eb382-8ed2-4749-8351-50866907cb64 None None] Extension qos-fip not supported by any of loaded plugins
Jul 10 20:48:57.195558 np0000005054 devstack@neutron-api.service[90644]: DEBUG neutron.api.extensions [None req-156eb382-8ed2-4749-8351-50866907cb64 None None] Loading extension file: qos_fip_network_policy.py {{(pid=90644) _load_all_extensions_from_path /opt/stack/neutron/neutron/api/extensions.py:449}}
Jul 10 20:48:57.195662 np0000005054 devstack@neutron-api.service[90646]: INFO neutron.api.extensions [None req-78ada580-318f-4630-bf64-bf06fc8ebc32 None None] Extension local_ip not supported by any of loaded plugins
Jul 10 20:48:57.195754 np0000005054 devstack@neutron-api.service[90645]: DEBUG neutron_lib.callbacks.manager [None req-e8d55981-d7cd-4754-b730-e285bd07c84c None None] Subscribe: > router precommit_create 55549900, False {{(pid=90645) subscribe /opt/stack/data/venv/lib/python3.12/site-packages/neutron_lib/callbacks/manager.py:52}}
Jul 10 20:48:57.195889 np0000005054 devstack@neutron-api.service[90644]: DEBUG neutron.api.extensions [None req-156eb382-8ed2-4749-8351-50866907cb64 None None] Ext name="QoS floating IP network policy ID" alias="qos-fip-network-policy" description="Adds a the QoS network ID to the floating IP definition" updated="2021-11-15T10:00:00-00:00" {{(pid=90644) _check_extension /opt/stack/neutron/neutron/api/extensions.py:415}}
Jul 10 20:48:57.195979 np0000005054 devstack@neutron-api.service[90646]: DEBUG neutron.api.extensions [None req-78ada580-318f-4630-bf64-bf06fc8ebc32 None None] Loading extension file: logging.py {{(pid=90646) _load_all_extensions_from_path /opt/stack/neutron/neutron/api/extensions.py:449}}
Jul 10 20:48:57.196105 np0000005054 devstack@neutron-api.service[90645]: DEBUG neutron_lib.callbacks.manager [None req-e8d55981-d7cd-4754-b730-e285bd07c84c None None] Subscribe: > router_interface after_create 55550000, False {{(pid=90645) subscribe /opt/stack/data/venv/lib/python3.12/site-packages/neutron_lib/callbacks/manager.py:52}}
Jul 10 20:48:57.196105 np0000005054 devstack@neutron-api.service[90645]: DEBUG neutron_lib.callbacks.manager [None req-e8d55981-d7cd-4754-b730-e285bd07c84c None None] Subscribe: > floatingip after_create 55550000, False {{(pid=90645) subscribe /opt/stack/data/venv/lib/python3.12/site-packages/neutron_lib/callbacks/manager.py:52}}
Jul 10 20:48:57.196470 np0000005054 devstack@neutron-api.service[90644]: INFO neutron.api.extensions [None req-156eb382-8ed2-4749-8351-50866907cb64 None None] Extension qos-fip-network-policy not supported by any of loaded plugins
Jul 10 20:48:57.196584 np0000005054 devstack@neutron-api.service[90645]: DEBUG neutron_lib.callbacks.manager [None req-e8d55981-d7cd-4754-b730-e285bd07c84c None None] Subscribe: > floatingip precommit_create 55550000, False {{(pid=90645) subscribe /opt/stack/data/venv/lib/python3.12/site-packages/neutron_lib/callbacks/manager.py:52}}
Jul 10 20:48:57.196696 np0000005054 devstack@neutron-api.service[90644]: DEBUG neutron.api.extensions [None req-156eb382-8ed2-4749-8351-50866907cb64 None None] Loading extension file: qos_gateway_ip.py {{(pid=90644) _load_all_extensions_from_path /opt/stack/neutron/neutron/api/extensions.py:449}}
Jul 10 20:48:57.196803 np0000005054 devstack@neutron-api.service[90645]: DEBUG neutron_lib.callbacks.manager [None req-e8d55981-d7cd-4754-b730-e285bd07c84c None None] Subscribe: > floatingip precommit_update 55550000, False {{(pid=90645) subscribe /opt/stack/data/venv/lib/python3.12/site-packages/neutron_lib/callbacks/manager.py:52}}
Jul 10 20:48:57.196803 np0000005054 devstack@neutron-api.service[90645]: DEBUG neutron_lib.callbacks.manager [None req-e8d55981-d7cd-4754-b730-e285bd07c84c None None] Subscribe: > floatingip after_delete 55550000, False {{(pid=90645) subscribe /opt/stack/data/venv/lib/python3.12/site-packages/neutron_lib/callbacks/manager.py:52}}
Jul 10 20:48:57.196963 np0000005054 devstack@neutron-api.service[90646]: DEBUG neutron.api.extensions [None req-78ada580-318f-4630-bf64-bf06fc8ebc32 None None] Ext name="Logging API Extension" alias="logging" description="Provides a logging API for resources such as security group and firewall." updated="2017-01-01T10:00:00-00:00" {{(pid=90646) _check_extension /opt/stack/neutron/neutron/api/extensions.py:415}}
Jul 10 20:48:57.197052 np0000005054 devstack@neutron-api.service[90644]: DEBUG neutron.api.extensions [None req-156eb382-8ed2-4749-8351-50866907cb64 None None] Ext name="Router gateway IP QoS" alias="qos-gateway-ip" description="The Router gateway IP Quality of Service extension" updated="2018-02-24T00:00:00-00:00" {{(pid=90644) _check_extension /opt/stack/neutron/neutron/api/extensions.py:415}}
Jul 10 20:48:57.197164 np0000005054 devstack@neutron-api.service[90645]: DEBUG neutron_lib.callbacks.manager [None req-e8d55981-d7cd-4754-b730-e285bd07c84c None None] Subscribe: > floatingip after_status_update 55550000, False {{(pid=90645) subscribe /opt/stack/data/venv/lib/python3.12/site-packages/neutron_lib/callbacks/manager.py:52}}
Jul 10 20:48:57.197164 np0000005054 devstack@neutron-api.service[90645]: DEBUG neutron_lib.callbacks.manager [None req-e8d55981-d7cd-4754-b730-e285bd07c84c None None] Subscribe: > floatingip after_update 55550000, False {{(pid=90645) subscribe /opt/stack/data/venv/lib/python3.12/site-packages/neutron_lib/callbacks/manager.py:52}}
Jul 10 20:48:57.197164 np0000005054 devstack@neutron-api.service[90645]: DEBUG neutron_lib.callbacks.manager [None req-e8d55981-d7cd-4754-b730-e285bd07c84c None None] Subscribe: > port_forwarding after_create 55550000, False {{(pid=90645) subscribe /opt/stack/data/venv/lib/python3.12/site-packages/neutron_lib/callbacks/manager.py:52}}
Jul 10 20:48:57.197306 np0000005054 devstack@neutron-api.service[90644]: INFO neutron.api.extensions [None req-156eb382-8ed2-4749-8351-50866907cb64 None None] Extension qos-gateway-ip not supported by any of loaded plugins
Jul 10 20:48:57.197397 np0000005054 devstack@neutron-api.service[90646]: INFO neutron.api.extensions [None req-78ada580-318f-4630-bf64-bf06fc8ebc32 None None] Extension logging not supported by any of loaded plugins
Jul 10 20:48:57.197485 np0000005054 devstack@neutron-api.service[90645]: DEBUG neutron_lib.callbacks.manager [None req-e8d55981-d7cd-4754-b730-e285bd07c84c None None] Subscribe: > router_interface after_delete 55550000, False {{(pid=90645) subscribe /opt/stack/data/venv/lib/python3.12/site-packages/neutron_lib/callbacks/manager.py:52}}
Jul 10 20:48:57.197570 np0000005054 devstack@neutron-api.service[90644]: DEBUG neutron.api.extensions [None req-156eb382-8ed2-4749-8351-50866907cb64 None None] Loading extension file: qos_port_network_policy.py {{(pid=90644) _load_all_extensions_from_path /opt/stack/neutron/neutron/api/extensions.py:449}}
Jul 10 20:48:57.197660 np0000005054 devstack@neutron-api.service[90645]: DEBUG neutron_lib.callbacks.manager [None req-e8d55981-d7cd-4754-b730-e285bd07c84c None None] Subscribe: > router after_create 55550000, False {{(pid=90645) subscribe /opt/stack/data/venv/lib/python3.12/site-packages/neutron_lib/callbacks/manager.py:52}}
Jul 10 20:48:57.197752 np0000005054 devstack@neutron-api.service[90646]: DEBUG neutron.api.extensions [None req-78ada580-318f-4630-bf64-bf06fc8ebc32 None None] Loading extension file: metering.py {{(pid=90646) _load_all_extensions_from_path /opt/stack/neutron/neutron/api/extensions.py:449}}
Jul 10 20:48:57.197911 np0000005054 devstack@neutron-api.service[90645]: DEBUG neutron_lib.callbacks.manager [None req-e8d55981-d7cd-4754-b730-e285bd07c84c None None] Subscribe: > router precommit_create 55550000, False {{(pid=90645) subscribe /opt/stack/data/venv/lib/python3.12/site-packages/neutron_lib/callbacks/manager.py:52}}
Jul 10 20:48:57.197911 np0000005054 devstack@neutron-api.service[90645]: DEBUG neutron_lib.callbacks.manager [None req-e8d55981-d7cd-4754-b730-e285bd07c84c None None] Subscribe: > router after_delete 55550000, False {{(pid=90645) subscribe /opt/stack/data/venv/lib/python3.12/site-packages/neutron_lib/callbacks/manager.py:52}}
Jul 10 20:48:57.198038 np0000005054 devstack@neutron-api.service[90644]: DEBUG neutron.api.extensions [None req-156eb382-8ed2-4749-8351-50866907cb64 None None] Ext name="QoS port network policy ID" alias="qos-port-network-policy" description="Adds a the QoS network ID to the port definition" updated="2019-11-01T10:00:00-00:00" {{(pid=90644) _check_extension /opt/stack/neutron/neutron/api/extensions.py:415}}
Jul 10 20:48:57.198178 np0000005054 devstack@neutron-api.service[90645]: DEBUG neutron_lib.callbacks.manager [None req-e8d55981-d7cd-4754-b730-e285bd07c84c None None] Subscribe: > router after_update 55550000, False {{(pid=90645) subscribe /opt/stack/data/venv/lib/python3.12/site-packages/neutron_lib/callbacks/manager.py:52}}
Jul 10 20:48:57.198178 np0000005054 devstack@neutron-api.service[90645]: DEBUG neutron.services.service_base [None req-e8d55981-d7cd-4754-b730-e285bd07c84c None None] Loaded 'neutron.services.ovn_l3.service_providers.ovn.OvnDriver' provider for service L3_ROUTER_NAT {{(pid=90645) load_drivers /opt/stack/neutron/neutron/services/service_base.py:49}}
Jul 10 20:48:57.198353 np0000005054 devstack@neutron-api.service[90644]: INFO neutron.api.extensions [None req-156eb382-8ed2-4749-8351-50866907cb64 None None] Extension qos-port-network-policy not supported by any of loaded plugins
Jul 10 20:48:57.198468 np0000005054 devstack@neutron-api.service[90645]: DEBUG neutron_lib.callbacks.manager [None req-e8d55981-d7cd-4754-b730-e285bd07c84c None None] Subscribe: > process after_init 55550001, True {{(pid=90645) subscribe /opt/stack/data/venv/lib/python3.12/site-packages/neutron_lib/callbacks/manager.py:52}}
Jul 10 20:48:57.198563 np0000005054 devstack@neutron-api.service[90646]: DEBUG neutron.api.extensions [None req-78ada580-318f-4630-bf64-bf06fc8ebc32 None None] Ext name="Neutron Metering" alias="metering" description="Neutron Metering extension." updated="2013-06-12T10:00:00-00:00" {{(pid=90646) _check_extension /opt/stack/neutron/neutron/api/extensions.py:415}}
Jul 10 20:48:57.198653 np0000005054 devstack@neutron-api.service[90644]: DEBUG neutron.api.extensions [None req-156eb382-8ed2-4749-8351-50866907cb64 None None] Loading extension file: qos_pps_minimum_rule.py {{(pid=90644) _load_all_extensions_from_path /opt/stack/neutron/neutron/api/extensions.py:449}}
Jul 10 20:48:57.198756 np0000005054 devstack@neutron-api.service[90645]: DEBUG neutron.manager [None req-e8d55981-d7cd-4754-b730-e285bd07c84c None None] Successfully loaded L3_ROUTER_NAT plugin. Description: L3 Router Service Plugin for basic L3 forwarding using OVN {{(pid=90645) _create_and_add_service_plugin /opt/stack/neutron/neutron/manager.py:236}}
Jul 10 20:48:57.198918 np0000005054 devstack@neutron-api.service[90646]: INFO neutron.api.extensions [None req-78ada580-318f-4630-bf64-bf06fc8ebc32 None None] Extension metering not supported by any of loaded plugins
Jul 10 20:48:57.199051 np0000005054 devstack@neutron-api.service[90644]: DEBUG neutron.api.extensions [None req-156eb382-8ed2-4749-8351-50866907cb64 None None] Ext name="QoS minimum packet rate rule" alias="qos-pps-minimum" description="Allow to configure QoS minimum packet rate rule." updated="2021-07-14T10:00:00-00:00" {{(pid=90644) _check_extension /opt/stack/neutron/neutron/api/extensions.py:415}}
Jul 10 20:48:57.199161 np0000005054 devstack@neutron-api.service[90645]: INFO neutron.manager [None req-e8d55981-d7cd-4754-b730-e285bd07c84c None None] Loading Plugin: auto_allocate
