Jul 27 12:40:06.550178 np0000005906 nova-conductor[99607]: DEBUG cotyledon.oslo_config_glue [-] workarounds.disable_fallback_pcpu_query = False {{(pid=99607) log_opt_values /opt/stack/data/venv/lib/python3.12/site-packages/oslo_config/cfg.py:3253}}
Jul 27 12:40:06.550178 np0000005906 nova-conductor[99607]: DEBUG cotyledon.oslo_config_glue [-] workarounds.disable_group_policy_check_upcall = False {{(pid=99607) log_opt_values /opt/stack/data/venv/lib/python3.12/site-packages/oslo_config/cfg.py:3253}}
Jul 27 12:40:06.550488 np0000005906 nova-conductor[99607]: DEBUG cotyledon.oslo_config_glue [-] workarounds.disable_libvirt_livesnapshot = False {{(pid=99607) log_opt_values /opt/stack/data/venv/lib/python3.12/site-packages/oslo_config/cfg.py:3253}}
Jul 27 12:40:06.550488 np0000005906 nova-conductor[99607]: DEBUG cotyledon.oslo_config_glue [-] workarounds.disable_rootwrap = False {{(pid=99607) log_opt_values /opt/stack/data/venv/lib/python3.12/site-packages/oslo_config/cfg.py:3253}}
Jul 27 12:40:06.550488 np0000005906 nova-conductor[99607]: DEBUG cotyledon.oslo_config_glue [-] workarounds.enable_numa_live_migration = False {{(pid=99607) log_opt_values /opt/stack/data/venv/lib/python3.12/site-packages/oslo_config/cfg.py:3253}}
Jul 27 12:40:06.550488 np0000005906 nova-conductor[99607]: DEBUG cotyledon.oslo_config_glue [-] workarounds.enable_qemu_monitor_announce_self = False {{(pid=99607) log_opt_values /opt/stack/data/venv/lib/python3.12/site-packages/oslo_config/cfg.py:3253}}
Jul 27 12:40:06.550488 np0000005906 nova-conductor[99607]: DEBUG cotyledon.oslo_config_glue [-] workarounds.ensure_libvirt_rbd_instance_dir_cleanup = False {{(pid=99607) log_opt_values /opt/stack/data/venv/lib/python3.12/site-packages/oslo_config/cfg.py:3253}}
Jul 27 12:40:06.550488 np0000005906 nova-conductor[99607]: DEBUG cotyledon.oslo_config_glue [-] workarounds.handle_virt_lifecycle_events = True {{(pid=99607) log_opt_values /opt/stack/data/venv/lib/python3.12/site-packages/oslo_config/cfg.py:3253}}
Jul 27 12:40:06.550488 np0000005906 nova-conductor[99607]: DEBUG cotyledon.oslo_config_glue [-] workarounds.libvirt_disable_apic = False {{(pid=99607) log_opt_values /opt/stack/data/venv/lib/python3.12/site-packages/oslo_config/cfg.py:3253}}
Jul 27 12:40:06.550488 np0000005906 nova-conductor[99607]: DEBUG cotyledon.oslo_config_glue [-] workarounds.never_download_image_if_on_rbd = False {{(pid=99607) log_opt_values /opt/stack/data/venv/lib/python3.12/site-packages/oslo_config/cfg.py:3253}}
Jul 27 12:40:06.550488 np0000005906 nova-conductor[99607]: DEBUG cotyledon.oslo_config_glue [-] workarounds.qemu_monitor_announce_self_count = 3 {{(pid=99607) log_opt_values /opt/stack/data/venv/lib/python3.12/site-packages/oslo_config/cfg.py:3253}}
Jul 27 12:40:06.550720 np0000005906 nova-conductor[99607]: DEBUG cotyledon.oslo_config_glue [-] workarounds.qemu_monitor_announce_self_interval = 1 {{(pid=99607) log_opt_values /opt/stack/data/venv/lib/python3.12/site-packages/oslo_config/cfg.py:3253}}
Jul 27 12:40:06.550720 np0000005906 nova-conductor[99607]: DEBUG cotyledon.oslo_config_glue [-] workarounds.reserve_disk_resource_for_image_cache = False {{(pid=99607) log_opt_values /opt/stack/data/venv/lib/python3.12/site-packages/oslo_config/cfg.py:3253}}
Jul 27 12:40:06.550773 np0000005906 nova-conductor[99576]: INFO dbcounter [None req-3a1f91e7-1079-4571-9c9a-1e3ed8366ef5 None None] Registered counter for database nova_cell0
Jul 27 12:40:06.550800 np0000005906 nova-conductor[99607]: DEBUG cotyledon.oslo_config_glue [-] workarounds.skip_cpu_compare_at_startup = False {{(pid=99607) log_opt_values /opt/stack/data/venv/lib/python3.12/site-packages/oslo_config/cfg.py:3253}}
Jul 27 12:40:06.550800 np0000005906 nova-conductor[99607]: DEBUG cotyledon.oslo_config_glue [-] workarounds.skip_cpu_compare_on_dest = False {{(pid=99607) log_opt_values /opt/stack/data/venv/lib/python3.12/site-packages/oslo_config/cfg.py:3253}}
Jul 27 12:40:06.550800 np0000005906 nova-conductor[99607]: DEBUG cotyledon.oslo_config_glue [-] workarounds.skip_hypervisor_version_check_on_lm = False {{(pid=99607) log_opt_values /opt/stack/data/venv/lib/python3.12/site-packages/oslo_config/cfg.py:3253}}
Jul 27 12:40:06.550800 np0000005906 nova-conductor[99607]: DEBUG cotyledon.oslo_config_glue [-] workarounds.skip_reserve_in_use_ironic_nodes = False {{(pid=99607) log_opt_values /opt/stack/data/venv/lib/python3.12/site-packages/oslo_config/cfg.py:3253}}
Jul 27 12:40:06.550800 np0000005906 nova-conductor[99607]: DEBUG cotyledon.oslo_config_glue [-] workarounds.unified_limits_count_pcpu_as_vcpu = False {{(pid=99607) log_opt_values /opt/stack/data/venv/lib/python3.12/site-packages/oslo_config/cfg.py:3253}}
Jul 27 12:40:06.550800 np0000005906 nova-conductor[99607]: DEBUG cotyledon.oslo_config_glue [-] workarounds.wait_for_vif_plugged_event_during_hard_reboot = [] {{(pid=99607) log_opt_values /opt/stack/data/venv/lib/python3.12/site-packages/oslo_config/cfg.py:3253}}
Jul 27 12:40:06.550800 np0000005906 nova-conductor[99607]: DEBUG cotyledon.oslo_config_glue [-] wsgi.api_paste_config = /etc/nova/api-paste.ini {{(pid=99607) log_opt_values /opt/stack/data/venv/lib/python3.12/site-packages/oslo_config/cfg.py:3253}}
Jul 27 12:40:06.550800 np0000005906 nova-conductor[99607]: DEBUG cotyledon.oslo_config_glue [-] wsgi.secure_proxy_ssl_header = None {{(pid=99607) log_opt_values /opt/stack/data/venv/lib/python3.12/site-packages/oslo_config/cfg.py:3253}}
Jul 27 12:40:06.550800 np0000005906 nova-conductor[99607]: DEBUG cotyledon.oslo_config_glue [-] zvm.ca_file = None {{(pid=99607) log_opt_values /opt/stack/data/venv/lib/python3.12/site-packages/oslo_config/cfg.py:3253}}
Jul 27 12:40:06.551005 np0000005906 nova-conductor[99607]: DEBUG cotyledon.oslo_config_glue [-] zvm.cloud_connector_url = None {{(pid=99607) log_opt_values /opt/stack/data/venv/lib/python3.12/site-packages/oslo_config/cfg.py:3253}}
Jul 27 12:40:06.551005 np0000005906 nova-conductor[99607]: DEBUG cotyledon.oslo_config_glue [-] zvm.image_tmp_path = /opt/stack/data/nova/images {{(pid=99607) log_opt_values /opt/stack/data/venv/lib/python3.12/site-packages/oslo_config/cfg.py:3253}}
Jul 27 12:40:06.551005 np0000005906 nova-conductor[99607]: DEBUG cotyledon.oslo_config_glue [-] zvm.reachable_timeout = 300 {{(pid=99607) log_opt_values /opt/stack/data/venv/lib/python3.12/site-packages/oslo_config/cfg.py:3253}}
Jul 27 12:40:06.551005 np0000005906 nova-conductor[99607]: DEBUG cotyledon.oslo_config_glue [-] oslo_versionedobjects.fatal_exception_format_errors = False {{(pid=99607) log_opt_values /opt/stack/data/venv/lib/python3.12/site-packages/oslo_config/cfg.py:3253}}
Jul 27 12:40:06.551005 np0000005906 nova-conductor[99607]: DEBUG cotyledon.oslo_config_glue [-] oslo_middleware.http_basic_auth_user_file = /etc/htpasswd {{(pid=99607) log_opt_values /opt/stack/data/venv/lib/python3.12/site-packages/oslo_config/cfg.py:3253}}
Jul 27 12:40:06.551005 np0000005906 nova-conductor[99607]: DEBUG cotyledon.oslo_config_glue [-] profiler.connection_string = messaging:// {{(pid=99607) log_opt_values /opt/stack/data/venv/lib/python3.12/site-packages/oslo_config/cfg.py:3253}}
Jul 27 12:40:06.551005 np0000005906 nova-conductor[99607]: DEBUG cotyledon.oslo_config_glue [-] profiler.enabled = False {{(pid=99607) log_opt_values /opt/stack/data/venv/lib/python3.12/site-packages/oslo_config/cfg.py:3253}}
Jul 27 12:40:06.551005 np0000005906 nova-conductor[99607]: DEBUG cotyledon.oslo_config_glue [-] profiler.es_doc_type = notification {{(pid=99607) log_opt_values /opt/stack/data/venv/lib/python3.12/site-packages/oslo_config/cfg.py:3253}}
Jul 27 12:40:06.551005 np0000005906 nova-conductor[99607]: DEBUG cotyledon.oslo_config_glue [-] profiler.es_scroll_size = 10000 {{(pid=99607) log_opt_values /opt/stack/data/venv/lib/python3.12/site-packages/oslo_config/cfg.py:3253}}
Jul 27 12:40:06.551224 np0000005906 nova-conductor[99607]: DEBUG cotyledon.oslo_config_glue [-] profiler.es_scroll_time = 2m {{(pid=99607) log_opt_values /opt/stack/data/venv/lib/python3.12/site-packages/oslo_config/cfg.py:3253}}
Jul 27 12:40:06.551224 np0000005906 nova-conductor[99607]: DEBUG cotyledon.oslo_config_glue [-] profiler.filter_error_trace = False {{(pid=99607) log_opt_values /opt/stack/data/venv/lib/python3.12/site-packages/oslo_config/cfg.py:3253}}
Jul 27 12:40:06.551224 np0000005906 nova-conductor[99607]: DEBUG cotyledon.oslo_config_glue [-] profiler.hmac_keys = **** {{(pid=99607) log_opt_values /opt/stack/data/venv/lib/python3.12/site-packages/oslo_config/cfg.py:3253}}
Jul 27 12:40:06.551224 np0000005906 nova-conductor[99607]: DEBUG cotyledon.oslo_config_glue [-] profiler.sentinel_service_name = mymaster {{(pid=99607) log_opt_values /opt/stack/data/venv/lib/python3.12/site-packages/oslo_config/cfg.py:3253}}
Jul 27 12:40:06.551224 np0000005906 nova-conductor[99607]: DEBUG cotyledon.oslo_config_glue [-] profiler.socket_timeout = 0.1 {{(pid=99607) log_opt_values /opt/stack/data/venv/lib/python3.12/site-packages/oslo_config/cfg.py:3253}}
Jul 27 12:40:06.551224 np0000005906 nova-conductor[99607]: DEBUG cotyledon.oslo_config_glue [-] profiler.trace_requests = False {{(pid=99607) log_opt_values /opt/stack/data/venv/lib/python3.12/site-packages/oslo_config/cfg.py:3253}}
Jul 27 12:40:06.551224 np0000005906 nova-conductor[99607]: DEBUG cotyledon.oslo_config_glue [-] profiler.trace_sqlalchemy = False {{(pid=99607) log_opt_values /opt/stack/data/venv/lib/python3.12/site-packages/oslo_config/cfg.py:3253}}
Jul 27 12:40:06.551224 np0000005906 nova-conductor[99607]: DEBUG cotyledon.oslo_config_glue [-] profiler_jaeger.process_tags = {} {{(pid=99607) log_opt_values /opt/stack/data/venv/lib/python3.12/site-packages/oslo_config/cfg.py:3253}}
Jul 27 12:40:06.551224 np0000005906 nova-conductor[99607]: DEBUG cotyledon.oslo_config_glue [-] profiler_jaeger.service_name_prefix = None {{(pid=99607) log_opt_values /opt/stack/data/venv/lib/python3.12/site-packages/oslo_config/cfg.py:3253}}
Jul 27 12:40:06.551417 np0000005906 nova-conductor[99607]: DEBUG cotyledon.oslo_config_glue [-] profiler_otlp.service_name_prefix = None {{(pid=99607) log_opt_values /opt/stack/data/venv/lib/python3.12/site-packages/oslo_config/cfg.py:3253}}
Jul 27 12:40:06.551417 np0000005906 nova-conductor[99607]: DEBUG cotyledon.oslo_config_glue [-] oslo_messaging_rabbit.amqp_auto_delete = False {{(pid=99607) log_opt_values /opt/stack/data/venv/lib/python3.12/site-packages/oslo_config/cfg.py:3253}}
Jul 27 12:40:06.551417 np0000005906 nova-conductor[99607]: DEBUG cotyledon.oslo_config_glue [-] oslo_messaging_rabbit.amqp_durable_queues = False {{(pid=99607) log_opt_values /opt/stack/data/venv/lib/python3.12/site-packages/oslo_config/cfg.py:3253}}
Jul 27 12:40:06.551417 np0000005906 nova-conductor[99607]: DEBUG cotyledon.oslo_config_glue [-] oslo_messaging_rabbit.conn_pool_min_size = 2 {{(pid=99607) log_opt_values /opt/stack/data/venv/lib/python3.12/site-packages/oslo_config/cfg.py:3253}}
Jul 27 12:40:06.551417 np0000005906 nova-conductor[99607]: DEBUG cotyledon.oslo_config_glue [-] oslo_messaging_rabbit.conn_pool_ttl = 1200 {{(pid=99607) log_opt_values /opt/stack/data/venv/lib/python3.12/site-packages/oslo_config/cfg.py:3253}}
Jul 27 12:40:06.551417 np0000005906 nova-conductor[99607]: DEBUG cotyledon.oslo_config_glue [-] oslo_messaging_rabbit.direct_mandatory_flag = True {{(pid=99607) log_opt_values /opt/stack/data/venv/lib/python3.12/site-packages/oslo_config/cfg.py:3253}}
Jul 27 12:40:06.551417 np0000005906 nova-conductor[99607]: DEBUG cotyledon.oslo_config_glue [-] oslo_messaging_rabbit.enable_cancel_on_failover = False {{(pid=99607) log_opt_values /opt/stack/data/venv/lib/python3.12/site-packages/oslo_config/cfg.py:3253}}
Jul 27 12:40:06.551417 np0000005906 nova-conductor[99607]: DEBUG cotyledon.oslo_config_glue [-] oslo_messaging_rabbit.heartbeat_rate = 3 {{(pid=99607) log_opt_values /opt/stack/data/venv/lib/python3.12/site-packages/oslo_config/cfg.py:3253}}
Jul 27 12:40:06.551417 np0000005906 nova-conductor[99607]: DEBUG cotyledon.oslo_config_glue [-] oslo_messaging_rabbit.heartbeat_timeout_threshold = 60 {{(pid=99607) log_opt_values /opt/stack/data/venv/lib/python3.12/site-packages/oslo_config/cfg.py:3253}}
Jul 27 12:40:06.551618 np0000005906 nova-conductor[99607]: DEBUG cotyledon.oslo_config_glue [-] oslo_messaging_rabbit.hostname = np0000005906 {{(pid=99607) log_opt_values /opt/stack/data/venv/lib/python3.12/site-packages/oslo_config/cfg.py:3253}}
Jul 27 12:40:06.551618 np0000005906 nova-conductor[99607]: DEBUG cotyledon.oslo_config_glue [-] oslo_messaging_rabbit.kombu_compression = None {{(pid=99607) log_opt_values /opt/stack/data/venv/lib/python3.12/site-packages/oslo_config/cfg.py:3253}}
Jul 27 12:40:06.551618 np0000005906 nova-conductor[99607]: DEBUG cotyledon.oslo_config_glue [-] oslo_messaging_rabbit.kombu_failover_strategy = round-robin {{(pid=99607) log_opt_values /opt/stack/data/venv/lib/python3.12/site-packages/oslo_config/cfg.py:3253}}
Jul 27 12:40:06.551618 np0000005906 nova-conductor[99607]: DEBUG cotyledon.oslo_config_glue [-] oslo_messaging_rabbit.kombu_missing_consumer_retry_timeout = 60 {{(pid=99607) log_opt_values /opt/stack/data/venv/lib/python3.12/site-packages/oslo_config/cfg.py:3253}}
Jul 27 12:40:06.551618 np0000005906 nova-conductor[99607]: DEBUG cotyledon.oslo_config_glue [-] oslo_messaging_rabbit.kombu_reconnect_delay = 1.0 {{(pid=99607) log_opt_values /opt/stack/data/venv/lib/python3.12/site-packages/oslo_config/cfg.py:3253}}
Jul 27 12:40:06.551618 np0000005906 nova-conductor[99607]: DEBUG cotyledon.oslo_config_glue [-] oslo_messaging_rabbit.kombu_reconnect_splay = 0.0 {{(pid=99607) log_opt_values /opt/stack/data/venv/lib/python3.12/site-packages/oslo_config/cfg.py:3253}}
Jul 27 12:40:06.551618 np0000005906 nova-conductor[99607]: DEBUG cotyledon.oslo_config_glue [-] oslo_messaging_rabbit.processname = nova-conductor {{(pid=99607) log_opt_values /opt/stack/data/venv/lib/python3.12/site-packages/oslo_config/cfg.py:3253}}
Jul 27 12:40:06.551618 np0000005906 nova-conductor[99607]: DEBUG cotyledon.oslo_config_glue [-] oslo_messaging_rabbit.rabbit_ha_queues = False {{(pid=99607) log_opt_values /opt/stack/data/venv/lib/python3.12/site-packages/oslo_config/cfg.py:3253}}
Jul 27 12:40:06.551618 np0000005906 nova-conductor[99607]: DEBUG cotyledon.oslo_config_glue [-] oslo_messaging_rabbit.rabbit_interval_max = 30 {{(pid=99607) log_opt_values /opt/stack/data/venv/lib/python3.12/site-packages/oslo_config/cfg.py:3253}}
Jul 27 12:40:06.551795 np0000005906 nova-conductor[99607]: DEBUG cotyledon.oslo_config_glue [-] oslo_messaging_rabbit.rabbit_login_method = AMQPLAIN {{(pid=99607) log_opt_values /opt/stack/data/venv/lib/python3.12/site-packages/oslo_config/cfg.py:3253}}
Jul 27 12:40:06.551795 np0000005906 nova-conductor[99607]: DEBUG cotyledon.oslo_config_glue [-] oslo_messaging_rabbit.rabbit_qos_prefetch_count = 0 {{(pid=99607) log_opt_values /opt/stack/data/venv/lib/python3.12/site-packages/oslo_config/cfg.py:3253}}
Jul 27 12:40:06.551795 np0000005906 nova-conductor[99607]: DEBUG cotyledon.oslo_config_glue [-] oslo_messaging_rabbit.rabbit_quorum_delivery_limit = 0 {{(pid=99607) log_opt_values /opt/stack/data/venv/lib/python3.12/site-packages/oslo_config/cfg.py:3253}}
Jul 27 12:40:06.551795 np0000005906 nova-conductor[99607]: DEBUG cotyledon.oslo_config_glue [-] oslo_messaging_rabbit.rabbit_quorum_max_memory_bytes = 0 {{(pid=99607) log_opt_values /opt/stack/data/venv/lib/python3.12/site-packages/oslo_config/cfg.py:3253}}
Jul 27 12:40:06.551795 np0000005906 nova-conductor[99607]: DEBUG cotyledon.oslo_config_glue [-] oslo_messaging_rabbit.rabbit_quorum_max_memory_length = 0 {{(pid=99607) log_opt_values /opt/stack/data/venv/lib/python3.12/site-packages/oslo_config/cfg.py:3253}}
Jul 27 12:40:06.551795 np0000005906 nova-conductor[99607]: DEBUG cotyledon.oslo_config_glue [-] oslo_messaging_rabbit.rabbit_quorum_queue = False {{(pid=99607) log_opt_values /opt/stack/data/venv/lib/python3.12/site-packages/oslo_config/cfg.py:3253}}
Jul 27 12:40:06.551795 np0000005906 nova-conductor[99607]: DEBUG cotyledon.oslo_config_glue [-] oslo_messaging_rabbit.rabbit_retry_backoff = 2 {{(pid=99607) log_opt_values /opt/stack/data/venv/lib/python3.12/site-packages/oslo_config/cfg.py:3253}}
Jul 27 12:40:06.551795 np0000005906 nova-conductor[99607]: DEBUG cotyledon.oslo_config_glue [-] oslo_messaging_rabbit.rabbit_retry_interval = 1 {{(pid=99607) log_opt_values /opt/stack/data/venv/lib/python3.12/site-packages/oslo_config/cfg.py:3253}}
Jul 27 12:40:06.551795 np0000005906 nova-conductor[99607]: DEBUG cotyledon.oslo_config_glue [-] oslo_messaging_rabbit.rabbit_stream_fanout = False {{(pid=99607) log_opt_values /opt/stack/data/venv/lib/python3.12/site-packages/oslo_config/cfg.py:3253}}
Jul 27 12:40:06.551980 np0000005906 nova-conductor[99607]: DEBUG cotyledon.oslo_config_glue [-] oslo_messaging_rabbit.rabbit_transient_queues_ttl = 1800 {{(pid=99607) log_opt_values /opt/stack/data/venv/lib/python3.12/site-packages/oslo_config/cfg.py:3253}}
Jul 27 12:40:06.551980 np0000005906 nova-conductor[99607]: DEBUG cotyledon.oslo_config_glue [-] oslo_messaging_rabbit.rabbit_transient_quorum_queue = False {{(pid=99607) log_opt_values /opt/stack/data/venv/lib/python3.12/site-packages/oslo_config/cfg.py:3253}}
Jul 27 12:40:06.551980 np0000005906 nova-conductor[99607]: DEBUG cotyledon.oslo_config_glue [-] oslo_messaging_rabbit.rpc_conn_pool_size = 30 {{(pid=99607) log_opt_values /opt/stack/data/venv/lib/python3.12/site-packages/oslo_config/cfg.py:3253}}
Jul 27 12:40:06.551980 np0000005906 nova-conductor[99607]: DEBUG cotyledon.oslo_config_glue [-] oslo_messaging_rabbit.ssl = False {{(pid=99607) log_opt_values /opt/stack/data/venv/lib/python3.12/site-packages/oslo_config/cfg.py:3253}}
Jul 27 12:40:06.551980 np0000005906 nova-conductor[99607]: DEBUG cotyledon.oslo_config_glue [-] oslo_messaging_rabbit.ssl_ca_file = {{(pid=99607) log_opt_values /opt/stack/data/venv/lib/python3.12/site-packages/oslo_config/cfg.py:3253}}
Jul 27 12:40:06.551980 np0000005906 nova-conductor[99607]: DEBUG cotyledon.oslo_config_glue [-] oslo_messaging_rabbit.ssl_cert_file = {{(pid=99607) log_opt_values /opt/stack/data/venv/lib/python3.12/site-packages/oslo_config/cfg.py:3253}}
Jul 27 12:40:06.551980 np0000005906 nova-conductor[99607]: DEBUG cotyledon.oslo_config_glue [-] oslo_messaging_rabbit.ssl_enforce_fips_mode = False {{(pid=99607) log_opt_values /opt/stack/data/venv/lib/python3.12/site-packages/oslo_config/cfg.py:3253}}
Jul 27 12:40:06.551980 np0000005906 nova-conductor[99607]: DEBUG cotyledon.oslo_config_glue [-] oslo_messaging_rabbit.ssl_enforce_hostname_verification = True {{(pid=99607) log_opt_values /opt/stack/data/venv/lib/python3.12/site-packages/oslo_config/cfg.py:3253}}
Jul 27 12:40:06.551980 np0000005906 nova-conductor[99607]: DEBUG cotyledon.oslo_config_glue [-] oslo_messaging_rabbit.ssl_key_file = {{(pid=99607) log_opt_values /opt/stack/data/venv/lib/python3.12/site-packages/oslo_config/cfg.py:3253}}
Jul 27 12:40:06.552216 np0000005906 nova-conductor[99607]: DEBUG cotyledon.oslo_config_glue [-] oslo_messaging_rabbit.ssl_version = {{(pid=99607) log_opt_values /opt/stack/data/venv/lib/python3.12/site-packages/oslo_config/cfg.py:3253}}
Jul 27 12:40:06.552216 np0000005906 nova-conductor[99607]: DEBUG cotyledon.oslo_config_glue [-] oslo_messaging_rabbit.use_queue_manager = False {{(pid=99607) log_opt_values /opt/stack/data/venv/lib/python3.12/site-packages/oslo_config/cfg.py:3253}}
Jul 27 12:40:06.552216 np0000005906 nova-conductor[99607]: DEBUG cotyledon.oslo_config_glue [-] oslo_messaging_notifications.driver = ['messagingv2'] {{(pid=99607) log_opt_values /opt/stack/data/venv/lib/python3.12/site-packages/oslo_config/cfg.py:3253}}
Jul 27 12:40:06.552216 np0000005906 nova-conductor[99607]: DEBUG cotyledon.oslo_config_glue [-] oslo_messaging_notifications.retry = -1 {{(pid=99607) log_opt_values /opt/stack/data/venv/lib/python3.12/site-packages/oslo_config/cfg.py:3253}}
Jul 27 12:40:06.552216 np0000005906 nova-conductor[99607]: DEBUG cotyledon.oslo_config_glue [-] oslo_messaging_notifications.topics = ['notifications'] {{(pid=99607) log_opt_values /opt/stack/data/venv/lib/python3.12/site-packages/oslo_config/cfg.py:3253}}
Jul 27 12:40:06.552216 np0000005906 nova-conductor[99607]: DEBUG cotyledon.oslo_config_glue [-] oslo_messaging_notifications.transport_url = **** {{(pid=99607) log_opt_values /opt/stack/data/venv/lib/python3.12/site-packages/oslo_config/cfg.py:3253}}
Jul 27 12:40:06.552216 np0000005906 nova-conductor[99607]: DEBUG cotyledon.oslo_config_glue [-] oslo_limit.auth_section = None {{(pid=99607) log_opt_values /opt/stack/data/venv/lib/python3.12/site-packages/oslo_config/cfg.py:3253}}
Jul 27 12:40:06.552216 np0000005906 nova-conductor[99607]: DEBUG cotyledon.oslo_config_glue [-] oslo_limit.auth_type = None {{(pid=99607) log_opt_values /opt/stack/data/venv/lib/python3.12/site-packages/oslo_config/cfg.py:3253}}
Jul 27 12:40:06.552216 np0000005906 nova-conductor[99607]: DEBUG cotyledon.oslo_config_glue [-] oslo_limit.cafile = None {{(pid=99607) log_opt_values /opt/stack/data/venv/lib/python3.12/site-packages/oslo_config/cfg.py:3253}}
Jul 27 12:40:06.552438 np0000005906 nova-conductor[99607]: DEBUG cotyledon.oslo_config_glue [-] oslo_limit.certfile = None {{(pid=99607) log_opt_values /opt/stack/data/venv/lib/python3.12/site-packages/oslo_config/cfg.py:3253}}
Jul 27 12:40:06.552438 np0000005906 nova-conductor[99607]: DEBUG cotyledon.oslo_config_glue [-] oslo_limit.collect_timing = False {{(pid=99607) log_opt_values /opt/stack/data/venv/lib/python3.12/site-packages/oslo_config/cfg.py:3253}}
Jul 27 12:40:06.552438 np0000005906 nova-conductor[99607]: DEBUG cotyledon.oslo_config_glue [-] oslo_limit.connect_retries = None {{(pid=99607) log_opt_values /opt/stack/data/venv/lib/python3.12/site-packages/oslo_config/cfg.py:3253}}
Jul 27 12:40:06.552438 np0000005906 nova-conductor[99607]: DEBUG cotyledon.oslo_config_glue [-] oslo_limit.connect_retry_delay = None {{(pid=99607) log_opt_values /opt/stack/data/venv/lib/python3.12/site-packages/oslo_config/cfg.py:3253}}
Jul 27 12:40:06.552438 np0000005906 nova-conductor[99607]: DEBUG cotyledon.oslo_config_glue [-] oslo_limit.endpoint_id = None {{(pid=99607) log_opt_values /opt/stack/data/venv/lib/python3.12/site-packages/oslo_config/cfg.py:3253}}
Jul 27 12:40:06.552438 np0000005906 nova-conductor[99607]: DEBUG cotyledon.oslo_config_glue [-] oslo_limit.endpoint_interface = public {{(pid=99607) log_opt_values /opt/stack/data/venv/lib/python3.12/site-packages/oslo_config/cfg.py:3253}}
Jul 27 12:40:06.552438 np0000005906 nova-conductor[99607]: DEBUG cotyledon.oslo_config_glue [-] oslo_limit.endpoint_override = None {{(pid=99607) log_opt_values /opt/stack/data/venv/lib/python3.12/site-packages/oslo_config/cfg.py:3253}}
Jul 27 12:40:06.552438 np0000005906 nova-conductor[99607]: DEBUG cotyledon.oslo_config_glue [-] oslo_limit.endpoint_region_name = None {{(pid=99607) log_opt_values /opt/stack/data/venv/lib/python3.12/site-packages/oslo_config/cfg.py:3253}}
Jul 27 12:40:06.552438 np0000005906 nova-conductor[99607]: DEBUG cotyledon.oslo_config_glue [-] oslo_limit.endpoint_service_name = None {{(pid=99607) log_opt_values /opt/stack/data/venv/lib/python3.12/site-packages/oslo_config/cfg.py:3253}}
Jul 27 12:40:06.552638 np0000005906 nova-conductor[99607]: DEBUG cotyledon.oslo_config_glue [-] oslo_limit.endpoint_service_type = None {{(pid=99607) log_opt_values /opt/stack/data/venv/lib/python3.12/site-packages/oslo_config/cfg.py:3253}}
Jul 27 12:40:06.552638 np0000005906 nova-conductor[99607]: DEBUG cotyledon.oslo_config_glue [-] oslo_limit.insecure = False {{(pid=99607) log_opt_values /opt/stack/data/venv/lib/python3.12/site-packages/oslo_config/cfg.py:3253}}
Jul 27 12:40:06.552638 np0000005906 nova-conductor[99607]: DEBUG cotyledon.oslo_config_glue [-] oslo_limit.keyfile = None {{(pid=99607) log_opt_values /opt/stack/data/venv/lib/python3.12/site-packages/oslo_config/cfg.py:3253}}
Jul 27 12:40:06.552638 np0000005906 nova-conductor[99607]: DEBUG cotyledon.oslo_config_glue [-] oslo_limit.max_version = None {{(pid=99607) log_opt_values /opt/stack/data/venv/lib/python3.12/site-packages/oslo_config/cfg.py:3253}}
Jul 27 12:40:06.552638 np0000005906 nova-conductor[99607]: DEBUG cotyledon.oslo_config_glue [-] oslo_limit.min_version = None {{(pid=99607) log_opt_values /opt/stack/data/venv/lib/python3.12/site-packages/oslo_config/cfg.py:3253}}
Jul 27 12:40:06.552638 np0000005906 nova-conductor[99607]: DEBUG cotyledon.oslo_config_glue [-] oslo_limit.region_name = None {{(pid=99607) log_opt_values /opt/stack/data/venv/lib/python3.12/site-packages/oslo_config/cfg.py:3253}}
Jul 27 12:40:06.552638 np0000005906 nova-conductor[99607]: DEBUG cotyledon.oslo_config_glue [-] oslo_limit.retriable_status_codes = None {{(pid=99607) log_opt_values /opt/stack/data/venv/lib/python3.12/site-packages/oslo_config/cfg.py:3253}}
Jul 27 12:40:06.552638 np0000005906 nova-conductor[99607]: DEBUG cotyledon.oslo_config_glue [-] oslo_limit.service_name = None {{(pid=99607) log_opt_values /opt/stack/data/venv/lib/python3.12/site-packages/oslo_config/cfg.py:3253}}
Jul 27 12:40:06.552638 np0000005906 nova-conductor[99607]: DEBUG cotyledon.oslo_config_glue [-] oslo_limit.service_type = None {{(pid=99607) log_opt_values /opt/stack/data/venv/lib/python3.12/site-packages/oslo_config/cfg.py:3253}}
Jul 27 12:40:06.552822 np0000005906 nova-conductor[99607]: DEBUG cotyledon.oslo_config_glue [-] oslo_limit.split_loggers = False {{(pid=99607) log_opt_values /opt/stack/data/venv/lib/python3.12/site-packages/oslo_config/cfg.py:3253}}
Jul 27 12:40:06.552822 np0000005906 nova-conductor[99607]: DEBUG cotyledon.oslo_config_glue [-] oslo_limit.status_code_retries = None {{(pid=99607) log_opt_values /opt/stack/data/venv/lib/python3.12/site-packages/oslo_config/cfg.py:3253}}
Jul 27 12:40:06.552822 np0000005906 nova-conductor[99607]: DEBUG cotyledon.oslo_config_glue [-] oslo_limit.status_code_retry_delay = None {{(pid=99607) log_opt_values /opt/stack/data/venv/lib/python3.12/site-packages/oslo_config/cfg.py:3253}}
Jul 27 12:40:06.552822 np0000005906 nova-conductor[99607]: DEBUG cotyledon.oslo_config_glue [-] oslo_limit.timeout = None {{(pid=99607) log_opt_values /opt/stack/data/venv/lib/python3.12/site-packages/oslo_config/cfg.py:3253}}
Jul 27 12:40:06.552822 np0000005906 nova-conductor[99607]: DEBUG cotyledon.oslo_config_glue [-] oslo_limit.valid_interfaces = None {{(pid=99607) log_opt_values /opt/stack/data/venv/lib/python3.12/site-packages/oslo_config/cfg.py:3253}}
Jul 27 12:40:06.552822 np0000005906 nova-conductor[99607]: DEBUG cotyledon.oslo_config_glue [-] oslo_limit.version = None {{(pid=99607) log_opt_values /opt/stack/data/venv/lib/python3.12/site-packages/oslo_config/cfg.py:3253}}
Jul 27 12:40:06.552822 np0000005906 nova-conductor[99607]: DEBUG cotyledon.oslo_config_glue [-] oslo_reports.file_event_handler = None {{(pid=99607) log_opt_values /opt/stack/data/venv/lib/python3.12/site-packages/oslo_config/cfg.py:3253}}
Jul 27 12:40:06.552822 np0000005906 nova-conductor[99607]: DEBUG cotyledon.oslo_config_glue [-] oslo_reports.file_event_handler_interval = 1 {{(pid=99607) log_opt_values /opt/stack/data/venv/lib/python3.12/site-packages/oslo_config/cfg.py:3253}}
Jul 27 12:40:06.552822 np0000005906 nova-conductor[99607]: DEBUG cotyledon.oslo_config_glue [-] oslo_reports.log_dir = None {{(pid=99607) log_opt_values /opt/stack/data/venv/lib/python3.12/site-packages/oslo_config/cfg.py:3253}}
Jul 27 12:40:06.553004 np0000005906 nova-conductor[99607]: DEBUG cotyledon.oslo_config_glue [-] ******************************************************************************** {{(pid=99607) log_opt_values /opt/stack/data/venv/lib/python3.12/site-packages/oslo_config/cfg.py:3260}}
Jul 27 12:40:06.553004 np0000005906 nova-conductor[99607]: DEBUG cotyledon._service_worker [-] Run service ServiceWrapper(3) [99607] {{(pid=99607) wait_forever /opt/stack/data/venv/lib/python3.12/site-packages/cotyledon/_service_worker.py:218}}
Jul 27 12:40:06.553004 np0000005906 nova-conductor[99607]: INFO nova.service [-] Starting conductor node (version 33.1.0)
Jul 27 12:40:06.553004 np0000005906 nova-conductor[99607]: INFO dbcounter [None req-ebcac1d9-4d06-4aba-89c1-2298db0f01a7 None None] Registered counter for database nova_cell0
Jul 27 12:40:06.553091 np0000005906 nova-conductor[99558]: DEBUG oslo_db.sqlalchemy.engines [None req-c17e2897-d4d1-41ae-9850-fe300961457d None None] MySQL server mode set to STRICT_TRANS_TABLES,STRICT_ALL_TABLES,NO_ZERO_IN_DATE,NO_ZERO_DATE,ERROR_FOR_DIVISION_BY_ZERO,TRADITIONAL,NO_ENGINE_SUBSTITUTION {{(pid=99558) _check_effective_sql_mode /opt/stack/data/venv/lib/python3.12/site-packages/oslo_db/sqlalchemy/engines.py:325}}
Jul 27 12:40:06.553091 np0000005906 nova-conductor[99558]: DEBUG dbcounter [-] [99558] Writer thread running {{(pid=99558) stat_writer /opt/stack/data/venv/lib/python3.12/site-packages/dbcounter.py:102}}
Jul 27 12:40:06.553143 np0000005906 nova-conductor[99555]: DEBUG oslo_db.sqlalchemy.engines [None req-79476152-436f-4122-97ea-cc102574aecf None None] MySQL server mode set to STRICT_TRANS_TABLES,STRICT_ALL_TABLES,NO_ZERO_IN_DATE,NO_ZERO_DATE,ERROR_FOR_DIVISION_BY_ZERO,TRADITIONAL,NO_ENGINE_SUBSTITUTION {{(pid=99555) _check_effective_sql_mode /opt/stack/data/venv/lib/python3.12/site-packages/oslo_db/sqlalchemy/engines.py:325}}
Jul 27 12:40:06.553143 np0000005906 nova-conductor[99555]: DEBUG dbcounter [-] [99555] Writer thread running {{(pid=99555) stat_writer /opt/stack/data/venv/lib/python3.12/site-packages/dbcounter.py:102}}
Jul 27 12:40:06.555059 np0000005906 nova-conductor[99576]: DEBUG oslo_db.sqlalchemy.engines [None req-3a1f91e7-1079-4571-9c9a-1e3ed8366ef5 None None] MySQL server mode set to STRICT_TRANS_TABLES,STRICT_ALL_TABLES,NO_ZERO_IN_DATE,NO_ZERO_DATE,ERROR_FOR_DIVISION_BY_ZERO,TRADITIONAL,NO_ENGINE_SUBSTITUTION {{(pid=99576) _check_effective_sql_mode /opt/stack/data/venv/lib/python3.12/site-packages/oslo_db/sqlalchemy/engines.py:325}}
Jul 27 12:40:06.557875 np0000005906 nova-conductor[99558]: DEBUG nova.service [None req-c17e2897-d4d1-41ae-9850-fe300961457d None None] Creating RPC server for service: nova-conductor on topic: conductor {{(pid=99558) start /opt/stack/nova/nova/service.py:196}}
Jul 27 12:40:06.564104 np0000005906 nova-conductor[99576]: DEBUG dbcounter [-] [99576] Writer thread running {{(pid=99576) stat_writer /opt/stack/data/venv/lib/python3.12/site-packages/dbcounter.py:102}}
Jul 27 12:40:06.566901 np0000005906 nova-conductor[99576]: DEBUG nova.service [None req-3a1f91e7-1079-4571-9c9a-1e3ed8366ef5 None None] Creating RPC server for service: nova-conductor on topic: conductor {{(pid=99576) start /opt/stack/nova/nova/service.py:196}}
Jul 27 12:40:06.570347 np0000005906 nova-conductor[99555]: DEBUG nova.service [None req-79476152-436f-4122-97ea-cc102574aecf None None] Creating RPC server for service: nova-conductor on topic: conductor {{(pid=99555) start /opt/stack/nova/nova/service.py:196}}
Jul 27 12:40:06.574052 np0000005906 nova-conductor[99607]: DEBUG oslo_db.sqlalchemy.engines [None req-ebcac1d9-4d06-4aba-89c1-2298db0f01a7 None None] MySQL server mode set to STRICT_TRANS_TABLES,STRICT_ALL_TABLES,NO_ZERO_IN_DATE,NO_ZERO_DATE,ERROR_FOR_DIVISION_BY_ZERO,TRADITIONAL,NO_ENGINE_SUBSTITUTION {{(pid=99607) _check_effective_sql_mode /opt/stack/data/venv/lib/python3.12/site-packages/oslo_db/sqlalchemy/engines.py:325}}
Jul 27 12:40:06.582967 np0000005906 nova-conductor[99607]: DEBUG dbcounter [-] [99607] Writer thread running {{(pid=99607) stat_writer /opt/stack/data/venv/lib/python3.12/site-packages/dbcounter.py:102}}
Jul 27 12:40:06.585310 np0000005906 nova-conductor[99576]: DEBUG nova.service [None req-3a1f91e7-1079-4571-9c9a-1e3ed8366ef5 None None] Join ServiceGroup membership for this service conductor {{(pid=99576) start /opt/stack/nova/nova/service.py:222}}
Jul 27 12:40:06.585629 np0000005906 nova-conductor[99576]: DEBUG nova.servicegroup.drivers.db [None req-3a1f91e7-1079-4571-9c9a-1e3ed8366ef5 None None] DB_Driver: join new ServiceGroup member np0000005906 to the conductor group, service = {{(pid=99576) join /opt/stack/nova/nova/servicegroup/drivers/db.py:44}}
Jul 27 12:40:06.585746 np0000005906 nova-conductor[99607]: DEBUG nova.service [None req-ebcac1d9-4d06-4aba-89c1-2298db0f01a7 None None] Creating RPC server for service: nova-conductor on topic: conductor {{(pid=99607) start /opt/stack/nova/nova/service.py:196}}
Jul 27 12:40:06.585796 np0000005906 nova-conductor[99558]: DEBUG nova.service [None req-c17e2897-d4d1-41ae-9850-fe300961457d None None] Join ServiceGroup membership for this service conductor {{(pid=99558) start /opt/stack/nova/nova/service.py:222}}
Jul 27 12:40:06.586001 np0000005906 nova-conductor[99558]: DEBUG nova.servicegroup.drivers.db [None req-c17e2897-d4d1-41ae-9850-fe300961457d None None] DB_Driver: join new ServiceGroup member np0000005906 to the conductor group, service = {{(pid=99558) join /opt/stack/nova/nova/servicegroup/drivers/db.py:44}}
Jul 27 12:40:06.586975 np0000005906 nova-conductor[99555]: DEBUG nova.service [None req-79476152-436f-4122-97ea-cc102574aecf None None] Join ServiceGroup membership for this service conductor {{(pid=99555) start /opt/stack/nova/nova/service.py:222}}
Jul 27 12:40:06.587208 np0000005906 nova-conductor[99555]: DEBUG nova.servicegroup.drivers.db [None req-79476152-436f-4122-97ea-cc102574aecf None None] DB_Driver: join new ServiceGroup member np0000005906 to the conductor group, service = {{(pid=99555) join /opt/stack/nova/nova/servicegroup/drivers/db.py:44}}
Jul 27 12:40:06.601399 np0000005906 nova-conductor[99607]: DEBUG nova.service [None req-ebcac1d9-4d06-4aba-89c1-2298db0f01a7 None None] Join ServiceGroup membership for this service conductor {{(pid=99607) start /opt/stack/nova/nova/service.py:222}}
Jul 27 12:40:06.601601 np0000005906 nova-conductor[99607]: DEBUG nova.servicegroup.drivers.db [None req-ebcac1d9-4d06-4aba-89c1-2298db0f01a7 None None] DB_Driver: join new ServiceGroup member np0000005906 to the conductor group, service = {{(pid=99607) join /opt/stack/nova/nova/servicegroup/drivers/db.py:44}}
Jul 27 12:40:11.599288 np0000005906 nova-conductor[99555]: DEBUG oslo.service.backend._threading.loopingcall [-] Fixed interval looping call 'nova.servicegroup.drivers.db.DbDriver._report_state' sleeping for 119.99 seconds {{(pid=99555) _run_loop /opt/stack/data/venv/lib/python3.12/site-packages/oslo_service/backend/_threading/loopingcall.py:125}}
Jul 27 12:40:11.600992 np0000005906 nova-conductor[99558]: DEBUG oslo.service.backend._threading.loopingcall [-] Fixed interval looping call 'nova.servicegroup.drivers.db.DbDriver._report_state' sleeping for 119.99 seconds {{(pid=99558) _run_loop /opt/stack/data/venv/lib/python3.12/site-packages/oslo_service/backend/_threading/loopingcall.py:125}}
Jul 27 12:40:11.601835 np0000005906 nova-conductor[99576]: DEBUG oslo.service.backend._threading.loopingcall [-] Fixed interval looping call 'nova.servicegroup.drivers.db.DbDriver._report_state' sleeping for 119.99 seconds {{(pid=99576) _run_loop /opt/stack/data/venv/lib/python3.12/site-packages/oslo_service/backend/_threading/loopingcall.py:125}}
Jul 27 12:40:11.611729 np0000005906 nova-conductor[99607]: DEBUG oslo.service.backend._threading.loopingcall [-] Fixed interval looping call 'nova.servicegroup.drivers.db.DbDriver._report_state' sleeping for 119.99 seconds {{(pid=99607) _run_loop /opt/stack/data/venv/lib/python3.12/site-packages/oslo_service/backend/_threading/loopingcall.py:125}}
Jul 27 12:40:15.173362 np0000005906 nova-conductor[98046]: DEBUG dbcounter [-] [98046] Writing DB stats nova_api:SELECT=1 {{(pid=98046) stat_writer /opt/stack/data/venv/lib/python3.12/site-packages/dbcounter.py:115}}
Jul 27 12:40:15.302677 np0000005906 nova-conductor[98046]: DEBUG dbcounter [-] [98046] Writing DB stats nova_cell0:SELECT=1 {{(pid=98046) stat_writer /opt/stack/data/venv/lib/python3.12/site-packages/dbcounter.py:115}}
Jul 27 12:40:15.306802 np0000005906 nova-conductor[98046]: DEBUG dbcounter [-] [98046] Writing DB stats nova_cell1:SELECT=1 {{(pid=98046) stat_writer /opt/stack/data/venv/lib/python3.12/site-packages/dbcounter.py:115}}
Jul 27 12:40:21.596597 np0000005906 nova-conductor[99555]: DEBUG dbcounter [-] [99555] Writing DB stats nova_cell0:SELECT=4,nova_cell0:INSERT=1,nova_cell0:UPDATE=1 {{(pid=99555) stat_writer /opt/stack/data/venv/lib/python3.12/site-packages/dbcounter.py:115}}
Jul 27 12:40:21.603174 np0000005906 nova-conductor[99576]: DEBUG dbcounter [-] [99576] Writing DB stats nova_cell0:SELECT=3,nova_cell0:UPDATE=1 {{(pid=99576) stat_writer /opt/stack/data/venv/lib/python3.12/site-packages/dbcounter.py:115}}
Jul 27 12:40:21.603435 np0000005906 nova-conductor[99558]: DEBUG dbcounter [-] [99558] Writing DB stats nova_cell0:SELECT=4,nova_cell0:INSERT=1,nova_cell0:UPDATE=1 {{(pid=99558) stat_writer /opt/stack/data/venv/lib/python3.12/site-packages/dbcounter.py:115}}
Jul 27 12:40:21.609439 np0000005906 nova-conductor[99607]: DEBUG dbcounter [-] [99607] Writing DB stats nova_cell0:SELECT=3 {{(pid=99607) stat_writer /opt/stack/data/venv/lib/python3.12/site-packages/dbcounter.py:115}}
Jul 27 12:40:40.587314 np0000005906 nova-conductor[99576]: DEBUG oslo.service.backend._threading.loopingcall [None req-213980bd-133d-4aab-be94-73b223270a4a None None] Dynamic interval looping call 'nova.service.Service.periodic_tasks' sleeping for 60.00 seconds {{(pid=99576) _run_loop /opt/stack/data/venv/lib/python3.12/site-packages/oslo_service/backend/_threading/loopingcall.py:125}}
Jul 27 12:40:57.587914 np0000005906 nova-conductor[99558]: DEBUG oslo.service.backend._threading.loopingcall [None req-e44cca5e-f1d3-46ff-914d-9b8833bab91c None None] Dynamic interval looping call 'nova.service.Service.periodic_tasks' sleeping for 60.00 seconds {{(pid=99558) _run_loop /opt/stack/data/venv/lib/python3.12/site-packages/oslo_service/backend/_threading/loopingcall.py:125}}
Jul 27 12:40:59.603540 np0000005906 nova-conductor[99607]: DEBUG oslo.service.backend._threading.loopingcall [None req-7fd4f149-2571-4513-8c18-9dca1a96f370 None None] Dynamic interval looping call 'nova.service.Service.periodic_tasks' sleeping for 60.00 seconds {{(pid=99607) _run_loop /opt/stack/data/venv/lib/python3.12/site-packages/oslo_service/backend/_threading/loopingcall.py:125}}
Jul 27 12:41:01.589192 np0000005906 nova-conductor[99555]: DEBUG oslo.service.backend._threading.loopingcall [None req-0aad09c5-fd10-4796-9047-2dde65f553e5 None None] Dynamic interval looping call 'nova.service.Service.periodic_tasks' sleeping for 60.00 seconds {{(pid=99555) _run_loop /opt/stack/data/venv/lib/python3.12/site-packages/oslo_service/backend/_threading/loopingcall.py:125}}
Jul 27 12:41:40.587828 np0000005906 nova-conductor[99576]: DEBUG oslo.service.backend._threading.loopingcall [None req-213980bd-133d-4aab-be94-73b223270a4a None None] Dynamic interval looping call 'nova.service.Service.periodic_tasks' sleeping for 60.00 seconds {{(pid=99576) _run_loop /opt/stack/data/venv/lib/python3.12/site-packages/oslo_service/backend/_threading/loopingcall.py:125}}
Jul 27 12:41:57.588563 np0000005906 nova-conductor[99558]: DEBUG oslo.service.backend._threading.loopingcall [None req-e44cca5e-f1d3-46ff-914d-9b8833bab91c None None] Dynamic interval looping call 'nova.service.Service.periodic_tasks' sleeping for 60.00 seconds {{(pid=99558) _run_loop /opt/stack/data/venv/lib/python3.12/site-packages/oslo_service/backend/_threading/loopingcall.py:125}}
Jul 27 12:41:59.604273 np0000005906 nova-conductor[99607]: DEBUG oslo.service.backend._threading.loopingcall [None req-7fd4f149-2571-4513-8c18-9dca1a96f370 None None] Dynamic interval looping call 'nova.service.Service.periodic_tasks' sleeping for 60.00 seconds {{(pid=99607) _run_loop /opt/stack/data/venv/lib/python3.12/site-packages/oslo_service/backend/_threading/loopingcall.py:125}}
Jul 27 12:42:01.589904 np0000005906 nova-conductor[99555]: DEBUG oslo.service.backend._threading.loopingcall [None req-0aad09c5-fd10-4796-9047-2dde65f553e5 None None] Dynamic interval looping call 'nova.service.Service.periodic_tasks' sleeping for 60.00 seconds {{(pid=99555) _run_loop /opt/stack/data/venv/lib/python3.12/site-packages/oslo_service/backend/_threading/loopingcall.py:125}}
Jul 27 12:42:11.598782 np0000005906 nova-conductor[99555]: DEBUG oslo.service.backend._threading.loopingcall [-] Fixed interval looping call 'nova.servicegroup.drivers.db.DbDriver._report_state' sleeping for 119.99 seconds {{(pid=99555) _run_loop /opt/stack/data/venv/lib/python3.12/site-packages/oslo_service/backend/_threading/loopingcall.py:125}}
Jul 27 12:42:11.599339 np0000005906 nova-conductor[99576]: DEBUG oslo.service.backend._threading.loopingcall [-] Fixed interval looping call 'nova.servicegroup.drivers.db.DbDriver._report_state' sleeping for 119.99 seconds {{(pid=99576) _run_loop /opt/stack/data/venv/lib/python3.12/site-packages/oslo_service/backend/_threading/loopingcall.py:125}}
Jul 27 12:42:11.600342 np0000005906 nova-conductor[99558]: DEBUG oslo.service.backend._threading.loopingcall [-] Fixed interval looping call 'nova.servicegroup.drivers.db.DbDriver._report_state' sleeping for 119.99 seconds {{(pid=99558) _run_loop /opt/stack/data/venv/lib/python3.12/site-packages/oslo_service/backend/_threading/loopingcall.py:125}}
Jul 27 12:42:11.604700 np0000005906 nova-conductor[99607]: DEBUG oslo.service.backend._threading.loopingcall [-] Fixed interval looping call 'nova.servicegroup.drivers.db.DbDriver._report_state' sleeping for 120.00 seconds {{(pid=99607) _run_loop /opt/stack/data/venv/lib/python3.12/site-packages/oslo_service/backend/_threading/loopingcall.py:125}}
Jul 27 12:42:20.750986 np0000005906 nova-conductor[99576]: DEBUG oslo_db.sqlalchemy.engines [None req-487031fb-43d3-45b0-9ad7-91c46c2ac745 tempest-DeleteServersTestJSON-1591088836 tempest-DeleteServersTestJSON-1591088836-project-member] Parent process 98046 forked (99576) with an open database connection, which is being discarded and recreated. {{(pid=99576) checkout /opt/stack/data/venv/lib/python3.12/site-packages/oslo_db/sqlalchemy/engines.py:402}}
Jul 27 12:42:20.795940 np0000005906 nova-conductor[99576]: DEBUG dbcounter [-] [99576] Writer thread running {{(pid=99576) stat_writer /opt/stack/data/venv/lib/python3.12/site-packages/dbcounter.py:102}}
Jul 27 12:42:21.594472 np0000005906 nova-conductor[99555]: DEBUG dbcounter [-] [99555] Writing DB stats nova_cell0:SELECT=1,nova_cell0:UPDATE=1 {{(pid=99555) stat_writer /opt/stack/data/venv/lib/python3.12/site-packages/dbcounter.py:115}}
Jul 27 12:42:21.595030 np0000005906 nova-conductor[99576]: DEBUG dbcounter [-] [99576] Writing DB stats nova_cell0:SELECT=1,nova_cell0:UPDATE=1 {{(pid=99576) stat_writer /opt/stack/data/venv/lib/python3.12/site-packages/dbcounter.py:115}}
Jul 27 12:42:21.595350 np0000005906 nova-conductor[99558]: DEBUG dbcounter [-] [99558] Writing DB stats nova_cell0:SELECT=1,nova_cell0:UPDATE=1 {{(pid=99558) stat_writer /opt/stack/data/venv/lib/python3.12/site-packages/dbcounter.py:115}}
Jul 27 12:42:21.603347 np0000005906 nova-conductor[99607]: DEBUG dbcounter [-] [99607] Writing DB stats nova_cell0:SELECT=1 {{(pid=99607) stat_writer /opt/stack/data/venv/lib/python3.12/site-packages/dbcounter.py:115}}
Jul 27 12:42:21.737577 np0000005906 nova-conductor[99576]: DEBUG nova.conductor.manager [None req-487031fb-43d3-45b0-9ad7-91c46c2ac745 tempest-DeleteServersTestJSON-1591088836 tempest-DeleteServersTestJSON-1591088836-project-member] Took 0.94 seconds to select destinations for 1 instance(s). {{(pid=99576) _schedule_instances /opt/stack/nova/nova/conductor/manager.py:968}}
Jul 27 12:42:21.774012 np0000005906 nova-conductor[99576]: DEBUG oslo_concurrency.lockutils [None req-487031fb-43d3-45b0-9ad7-91c46c2ac745 tempest-DeleteServersTestJSON-1591088836 tempest-DeleteServersTestJSON-1591088836-project-member] Acquiring lock "6ede9f33-2fc6-467b-a9bf-117504fb20a5" by "nova.context.set_target_cell..get_or_set_cached_cell_and_set_connections" {{(pid=99576) inner /opt/stack/data/venv/lib/python3.12/site-packages/oslo_concurrency/lockutils.py:512}}
Jul 27 12:42:21.774483 np0000005906 nova-conductor[99576]: DEBUG oslo_concurrency.lockutils [None req-487031fb-43d3-45b0-9ad7-91c46c2ac745 tempest-DeleteServersTestJSON-1591088836 tempest-DeleteServersTestJSON-1591088836-project-member] Lock "6ede9f33-2fc6-467b-a9bf-117504fb20a5" acquired by "nova.context.set_target_cell..get_or_set_cached_cell_and_set_connections" :: waited 0.000s {{(pid=99576) inner /opt/stack/data/venv/lib/python3.12/site-packages/oslo_concurrency/lockutils.py:525}}
Jul 27 12:42:21.775856 np0000005906 nova-conductor[99576]: DEBUG oslo_concurrency.lockutils [None req-487031fb-43d3-45b0-9ad7-91c46c2ac745 tempest-DeleteServersTestJSON-1591088836 tempest-DeleteServersTestJSON-1591088836-project-member] Lock "6ede9f33-2fc6-467b-a9bf-117504fb20a5" "released" by "nova.context.set_target_cell..get_or_set_cached_cell_and_set_connections" :: held 0.002s {{(pid=99576) inner /opt/stack/data/venv/lib/python3.12/site-packages/oslo_concurrency/lockutils.py:544}}
Jul 27 12:42:21.778089 np0000005906 nova-conductor[99576]: INFO dbcounter [None req-487031fb-43d3-45b0-9ad7-91c46c2ac745 tempest-DeleteServersTestJSON-1591088836 tempest-DeleteServersTestJSON-1591088836-project-member] Registered counter for database nova_cell1
Jul 27 12:42:21.832175 np0000005906 nova-conductor[99576]: DEBUG oslo_db.sqlalchemy.engines [None req-487031fb-43d3-45b0-9ad7-91c46c2ac745 tempest-DeleteServersTestJSON-1591088836 tempest-DeleteServersTestJSON-1591088836-project-member] MySQL server mode set to STRICT_TRANS_TABLES,STRICT_ALL_TABLES,NO_ZERO_IN_DATE,NO_ZERO_DATE,ERROR_FOR_DIVISION_BY_ZERO,TRADITIONAL,NO_ENGINE_SUBSTITUTION {{(pid=99576) _check_effective_sql_mode /opt/stack/data/venv/lib/python3.12/site-packages/oslo_db/sqlalchemy/engines.py:325}}
Jul 27 12:42:21.838661 np0000005906 nova-conductor[99576]: DEBUG dbcounter [-] [99576] Writer thread running {{(pid=99576) stat_writer /opt/stack/data/venv/lib/python3.12/site-packages/dbcounter.py:102}}
Jul 27 12:42:21.930051 np0000005906 nova-conductor[99576]: INFO nova.utils [None req-487031fb-43d3-45b0-9ad7-91c46c2ac745 tempest-DeleteServersTestJSON-1591088836 tempest-DeleteServersTestJSON-1591088836-project-member] The cell worker thread pool ForkProcess-3.cell_worker is initialized
Jul 27 12:42:21.930359 np0000005906 nova-conductor[99576]: DEBUG oslo_concurrency.lockutils [None req-487031fb-43d3-45b0-9ad7-91c46c2ac745 tempest-DeleteServersTestJSON-1591088836 tempest-DeleteServersTestJSON-1591088836-project-member] Acquiring lock "00000000-0000-0000-0000-000000000000" by "nova.context.set_target_cell..get_or_set_cached_cell_and_set_connections" {{(pid=99576) inner /opt/stack/data/venv/lib/python3.12/site-packages/oslo_concurrency/lockutils.py:512}}
Jul 27 12:42:21.930609 np0000005906 nova-conductor[99576]: DEBUG oslo_concurrency.lockutils [None req-487031fb-43d3-45b0-9ad7-91c46c2ac745 tempest-DeleteServersTestJSON-1591088836 tempest-DeleteServersTestJSON-1591088836-project-member] Lock "00000000-0000-0000-0000-000000000000" acquired by "nova.context.set_target_cell..get_or_set_cached_cell_and_set_connections" :: waited 0.000s {{(pid=99576) inner /opt/stack/data/venv/lib/python3.12/site-packages/oslo_concurrency/lockutils.py:525}}
Jul 27 12:42:21.930938 np0000005906 nova-conductor[99576]: DEBUG oslo_concurrency.lockutils [None req-487031fb-43d3-45b0-9ad7-91c46c2ac745 tempest-DeleteServersTestJSON-1591088836 tempest-DeleteServersTestJSON-1591088836-project-member] Lock "00000000-0000-0000-0000-000000000000" "released" by "nova.context.set_target_cell..get_or_set_cached_cell_and_set_connections" :: held 0.000s {{(pid=99576) inner /opt/stack/data/venv/lib/python3.12/site-packages/oslo_concurrency/lockutils.py:544}}
Jul 27 12:42:21.931616 np0000005906 nova-conductor[99576]: DEBUG oslo_concurrency.lockutils [None req-487031fb-43d3-45b0-9ad7-91c46c2ac745 tempest-DeleteServersTestJSON-1591088836 tempest-DeleteServersTestJSON-1591088836-project-member] Acquiring lock "6ede9f33-2fc6-467b-a9bf-117504fb20a5" by "nova.context.set_target_cell..get_or_set_cached_cell_and_set_connections" {{(pid=99576) inner /opt/stack/data/venv/lib/python3.12/site-packages/oslo_concurrency/lockutils.py:512}}
Jul 27 12:42:21.932272 np0000005906 nova-conductor[99576]: DEBUG oslo_concurrency.lockutils [None req-487031fb-43d3-45b0-9ad7-91c46c2ac745 tempest-DeleteServersTestJSON-1591088836 tempest-DeleteServersTestJSON-1591088836-project-member] Lock "6ede9f33-2fc6-467b-a9bf-117504fb20a5" acquired by "nova.context.set_target_cell..get_or_set_cached_cell_and_set_connections" :: waited 0.000s {{(pid=99576) inner /opt/stack/data/venv/lib/python3.12/site-packages/oslo_concurrency/lockutils.py:525}}
Jul 27 12:42:21.932272 np0000005906 nova-conductor[99576]: DEBUG oslo_concurrency.lockutils [None req-487031fb-43d3-45b0-9ad7-91c46c2ac745 tempest-DeleteServersTestJSON-1591088836 tempest-DeleteServersTestJSON-1591088836-project-member] Lock "6ede9f33-2fc6-467b-a9bf-117504fb20a5" "released" by "nova.context.set_target_cell..get_or_set_cached_cell_and_set_connections" :: held 0.000s {{(pid=99576) inner /opt/stack/data/venv/lib/python3.12/site-packages/oslo_concurrency/lockutils.py:544}}
Jul 27 12:42:21.933273 np0000005906 nova-conductor[99576]: INFO dbcounter [None req-487031fb-43d3-45b0-9ad7-91c46c2ac745 tempest-DeleteServersTestJSON-1591088836 tempest-DeleteServersTestJSON-1591088836-project-member] Registered counter for database nova_cell0
