Jul 27 12:39:56.644793 np0000005906 devstack@neutron-api.service[91307]: DEBUG ovsdbapp.backend.ovs_idl.transaction [None req-b629169e-22e5-4421-ba21-787dda6fb821 None None] Transaction caused no change {{(pid=91307) do_commit /opt/stack/data/venv/lib/python3.12/site-packages/ovsdbapp/backend/ovs_idl/transaction.py:129}}
Jul 27 12:39:56.685014 np0000005906 devstack@neutron-api.service[91305]: DEBUG neutron.pecan_wsgi.hooks.policy_enforcement [None req-1afe6e83-2d0f-4ac0-b5f9-748b9e7c1485 admin admin] Attributes excluded by policy engine: ['standard_attr_id'] {{(pid=91305) _exclude_attributes_by_policy /opt/stack/neutron/neutron/pecan_wsgi/hooks/policy_enforcement.py:259}}
Jul 27 12:39:56.686686 np0000005906 devstack@neutron-api.service[91305]: [pid: 91305|app: 0|req: 8/33] 10.4.3.230 () {64 vars in 1370 bytes} [Mon Jul 27 12:39:56 2026] GET /networking/v2.0/ports?device_id=511dd72e-6423-4671-b8a9-57c40ee2fe5d => generated 2596 bytes in 44 msecs (HTTP/1.1 200) 4 headers in 158 bytes (1 switches on core 0)
Jul 27 12:39:58.880245 np0000005906 devstack@neutron-api.service[91306]: DEBUG neutron.plugins.ml2.drivers.ovn.mech_driver.ovsdb.ovsdb_monitor [None req-2e815a87-5f3e-42fb-89a7-7f0f303865de None None] Touching Hash Ring node "d8f56b3597bc500eb833afcb700a3114" from IDL notify handler {{(pid=91306) notify /opt/stack/neutron/neutron/plugins/ml2/drivers/ovn/mech_driver/ovsdb/ovsdb_monitor.py:1005}}
Jul 27 12:39:58.880531 np0000005906 devstack@neutron-api.service[91307]: DEBUG neutron.plugins.ml2.drivers.ovn.mech_driver.ovsdb.ovsdb_monitor [None req-b629169e-22e5-4421-ba21-787dda6fb821 None None] Touching Hash Ring node "e27b248630f559daa55603de9aa3f2e9" from IDL notify handler {{(pid=91307) notify /opt/stack/neutron/neutron/plugins/ml2/drivers/ovn/mech_driver/ovsdb/ovsdb_monitor.py:1005}}
Jul 27 12:39:58.886924 np0000005906 devstack@neutron-api.service[91307]: DEBUG neutron.plugins.ml2.drivers.ovn.mech_driver.ovsdb.ovsdb_monitor [None req-b629169e-22e5-4421-ba21-787dda6fb821 None None] Hash Ring: Node e27b248630f559daa55603de9aa3f2e9 (host: np0000005906) handling event "update" for row 849af451-8084-4e92-8b93-a490cf4bac82 (table: NB_Global) {{(pid=91307) notify /opt/stack/neutron/neutron/plugins/ml2/drivers/ovn/mech_driver/ovsdb/ovsdb_monitor.py:1013}}
Jul 27 12:39:58.897045 np0000005906 devstack@neutron-api.service[91306]: DEBUG neutron.plugins.ml2.drivers.ovn.mech_driver.ovsdb.ovsdb_monitor [None req-2e815a87-5f3e-42fb-89a7-7f0f303865de None None] Hash Ring: Node d8f56b3597bc500eb833afcb700a3114 (host: np0000005906) handling event "update" for row 849af451-8084-4e92-8b93-a490cf4bac82 (table: NB_Global) {{(pid=91306) notify /opt/stack/neutron/neutron/plugins/ml2/drivers/ovn/mech_driver/ovsdb/ovsdb_monitor.py:1013}}
Jul 27 12:39:59.070018 np0000005906 devstack@neutron-api.service[91307]: DEBUG neutron.plugins.ml2.drivers.ovn.mech_driver.ovsdb.ovsdb_monitor [None req-b629169e-22e5-4421-ba21-787dda6fb821 None None] Touching Hash Ring node "e27b248630f559daa55603de9aa3f2e9" from IDL notify handler {{(pid=91307) notify /opt/stack/neutron/neutron/plugins/ml2/drivers/ovn/mech_driver/ovsdb/ovsdb_monitor.py:1005}}
Jul 27 12:39:59.073662 np0000005906 devstack@neutron-api.service[91306]: DEBUG neutron.plugins.ml2.drivers.ovn.mech_driver.ovsdb.ovsdb_monitor [None req-2e815a87-5f3e-42fb-89a7-7f0f303865de None None] Touching Hash Ring node "d8f56b3597bc500eb833afcb700a3114" from IDL notify handler {{(pid=91306) notify /opt/stack/neutron/neutron/plugins/ml2/drivers/ovn/mech_driver/ovsdb/ovsdb_monitor.py:1005}}
Jul 27 12:39:59.074061 np0000005906 devstack@neutron-api.service[91307]: DEBUG neutron.plugins.ml2.drivers.ovn.mech_driver.ovsdb.ovsdb_monitor [None req-b629169e-22e5-4421-ba21-787dda6fb821 None None] Hash Ring: Node e27b248630f559daa55603de9aa3f2e9 (host: np0000005906) handling event "update" for row 849af451-8084-4e92-8b93-a490cf4bac82 (table: NB_Global) {{(pid=91307) notify /opt/stack/neutron/neutron/plugins/ml2/drivers/ovn/mech_driver/ovsdb/ovsdb_monitor.py:1013}}
Jul 27 12:39:59.075970 np0000005906 devstack@neutron-api.service[91307]: DEBUG neutron.plugins.ml2.drivers.ovn.mech_driver.ovsdb.ovsdb_monitor [None req-b629169e-22e5-4421-ba21-787dda6fb821 None None] Touching Hash Ring node "e27b248630f559daa55603de9aa3f2e9" from IDL notify handler {{(pid=91307) notify /opt/stack/neutron/neutron/plugins/ml2/drivers/ovn/mech_driver/ovsdb/ovsdb_monitor.py:1005}}
Jul 27 12:39:59.078555 np0000005906 devstack@neutron-api.service[91307]: DEBUG neutron.plugins.ml2.drivers.ovn.mech_driver.ovsdb.ovsdb_monitor [None req-b629169e-22e5-4421-ba21-787dda6fb821 None None] Hash Ring: Node e27b248630f559daa55603de9aa3f2e9 (host: np0000005906) handling event "update" for row 849af451-8084-4e92-8b93-a490cf4bac82 (table: NB_Global) {{(pid=91307) notify /opt/stack/neutron/neutron/plugins/ml2/drivers/ovn/mech_driver/ovsdb/ovsdb_monitor.py:1013}}
Jul 27 12:39:59.078674 np0000005906 devstack@neutron-api.service[91306]: DEBUG neutron.plugins.ml2.drivers.ovn.mech_driver.ovsdb.ovsdb_monitor [None req-2e815a87-5f3e-42fb-89a7-7f0f303865de None None] Hash Ring: Node d8f56b3597bc500eb833afcb700a3114 (host: np0000005906) handling event "update" for row 849af451-8084-4e92-8b93-a490cf4bac82 (table: NB_Global) {{(pid=91306) notify /opt/stack/neutron/neutron/plugins/ml2/drivers/ovn/mech_driver/ovsdb/ovsdb_monitor.py:1013}}
Jul 27 12:39:59.080999 np0000005906 devstack@neutron-api.service[91306]: DEBUG neutron.plugins.ml2.drivers.ovn.mech_driver.ovsdb.ovsdb_monitor [None req-2e815a87-5f3e-42fb-89a7-7f0f303865de None None] Touching Hash Ring node "d8f56b3597bc500eb833afcb700a3114" from IDL notify handler {{(pid=91306) notify /opt/stack/neutron/neutron/plugins/ml2/drivers/ovn/mech_driver/ovsdb/ovsdb_monitor.py:1005}}
Jul 27 12:39:59.083640 np0000005906 devstack@neutron-api.service[91306]: DEBUG neutron.plugins.ml2.drivers.ovn.mech_driver.ovsdb.ovsdb_monitor [None req-2e815a87-5f3e-42fb-89a7-7f0f303865de None None] Hash Ring: Node d8f56b3597bc500eb833afcb700a3114 (host: np0000005906) handling event "update" for row 849af451-8084-4e92-8b93-a490cf4bac82 (table: NB_Global) {{(pid=91306) notify /opt/stack/neutron/neutron/plugins/ml2/drivers/ovn/mech_driver/ovsdb/ovsdb_monitor.py:1013}}
Jul 27 12:39:59.086641 np0000005906 devstack@neutron-api.service[91307]: DEBUG neutron.plugins.ml2.drivers.ovn.mech_driver.ovsdb.ovsdb_monitor [None req-b629169e-22e5-4421-ba21-787dda6fb821 None None] Touching Hash Ring node "e27b248630f559daa55603de9aa3f2e9" from IDL notify handler {{(pid=91307) notify /opt/stack/neutron/neutron/plugins/ml2/drivers/ovn/mech_driver/ovsdb/ovsdb_monitor.py:1005}}
Jul 27 12:39:59.089038 np0000005906 devstack@neutron-api.service[91306]: DEBUG neutron.plugins.ml2.drivers.ovn.mech_driver.ovsdb.ovsdb_monitor [None req-2e815a87-5f3e-42fb-89a7-7f0f303865de None None] Touching Hash Ring node "d8f56b3597bc500eb833afcb700a3114" from IDL notify handler {{(pid=91306) notify /opt/stack/neutron/neutron/plugins/ml2/drivers/ovn/mech_driver/ovsdb/ovsdb_monitor.py:1005}}
Jul 27 12:39:59.089370 np0000005906 devstack@neutron-api.service[91307]: DEBUG neutron.plugins.ml2.drivers.ovn.mech_driver.ovsdb.ovsdb_monitor [None req-b629169e-22e5-4421-ba21-787dda6fb821 None None] Hash Ring: Node e27b248630f559daa55603de9aa3f2e9 (host: np0000005906) handling event "update" for row 849af451-8084-4e92-8b93-a490cf4bac82 (table: NB_Global) {{(pid=91307) notify /opt/stack/neutron/neutron/plugins/ml2/drivers/ovn/mech_driver/ovsdb/ovsdb_monitor.py:1013}}
Jul 27 12:39:59.091721 np0000005906 devstack@neutron-api.service[91306]: DEBUG neutron.plugins.ml2.drivers.ovn.mech_driver.ovsdb.ovsdb_monitor [None req-2e815a87-5f3e-42fb-89a7-7f0f303865de None None] Hash Ring: Node d8f56b3597bc500eb833afcb700a3114 (host: np0000005906) handling event "update" for row 849af451-8084-4e92-8b93-a490cf4bac82 (table: NB_Global) {{(pid=91306) notify /opt/stack/neutron/neutron/plugins/ml2/drivers/ovn/mech_driver/ovsdb/ovsdb_monitor.py:1013}}
Jul 27 12:40:05.702744 np0000005906 devstack@neutron-api.service[91307]: DEBUG futurist.periodics [-] Submitting periodic callback 'neutron.plugins.ml2.drivers.ovn.mech_driver.ovsdb.maintenance.HashRingHealthCheckPeriodics.touch_hash_ring_node' {{(pid=91307) _process_scheduled /opt/stack/data/venv/lib/python3.12/site-packages/futurist/periodics.py:784}}
Jul 27 12:40:05.703352 np0000005906 devstack@neutron-api.service[91307]: DEBUG neutron.plugins.ml2.drivers.ovn.mech_driver.ovsdb.maintenance [-] Touching Hash Ring node "e27b248630f559daa55603de9aa3f2e9" from periodic health check thread {{(pid=91307) touch_hash_ring_node /opt/stack/neutron/neutron/plugins/ml2/drivers/ovn/mech_driver/ovsdb/maintenance.py:1417}}
Jul 27 12:40:06.632586 np0000005906 devstack@neutron-api.service[91304]: DEBUG dbcounter [-] [91304] Writing DB stats neutron:SELECT=546,neutron:INSERT=35,neutron:DELETE=7,neutron:UPDATE=26 {{(pid=91304) stat_writer /opt/stack/data/venv/lib/python3.12/site-packages/dbcounter.py:115}}
Jul 27 12:40:06.681761 np0000005906 devstack@neutron-api.service[91305]: DEBUG dbcounter [-] [91305] Writing DB stats neutron:SELECT=1903,neutron:INSERT=58,neutron:DELETE=7,neutron:UPDATE=52 {{(pid=91305) stat_writer /opt/stack/data/venv/lib/python3.12/site-packages/dbcounter.py:115}}
Jul 27 12:40:06.717408 np0000005906 devstack@neutron-api.service[91306]: DEBUG futurist.periodics [-] Submitting periodic callback 'neutron.plugins.ml2.drivers.ovn.mech_driver.ovsdb.maintenance.HashRingHealthCheckPeriodics.touch_hash_ring_node' {{(pid=91306) _process_scheduled /opt/stack/data/venv/lib/python3.12/site-packages/futurist/periodics.py:784}}
Jul 27 12:40:06.717845 np0000005906 devstack@neutron-api.service[91306]: DEBUG neutron.plugins.ml2.drivers.ovn.mech_driver.ovsdb.maintenance [-] Touching Hash Ring node "d8f56b3597bc500eb833afcb700a3114" from periodic health check thread {{(pid=91306) touch_hash_ring_node /opt/stack/neutron/neutron/plugins/ml2/drivers/ovn/mech_driver/ovsdb/maintenance.py:1417}}
Jul 27 12:40:06.792257 np0000005906 devstack@neutron-api.service[91304]: DEBUG futurist.periodics [-] Submitting periodic callback 'neutron.plugins.ml2.drivers.ovn.mech_driver.ovsdb.maintenance.HashRingHealthCheckPeriodics.touch_hash_ring_node' {{(pid=91304) _process_scheduled /opt/stack/data/venv/lib/python3.12/site-packages/futurist/periodics.py:784}}
Jul 27 12:40:06.793015 np0000005906 devstack@neutron-api.service[91304]: DEBUG neutron.plugins.ml2.drivers.ovn.mech_driver.ovsdb.maintenance [-] Touching Hash Ring node "caee0b2d0ac85e988da245c44d08e5e8" from periodic health check thread {{(pid=91304) touch_hash_ring_node /opt/stack/neutron/neutron/plugins/ml2/drivers/ovn/mech_driver/ovsdb/maintenance.py:1417}}
Jul 27 12:40:06.916714 np0000005906 devstack@neutron-api.service[91305]: DEBUG futurist.periodics [-] Submitting periodic callback 'neutron.plugins.ml2.drivers.ovn.mech_driver.ovsdb.maintenance.HashRingHealthCheckPeriodics.touch_hash_ring_node' {{(pid=91305) _process_scheduled /opt/stack/data/venv/lib/python3.12/site-packages/futurist/periodics.py:784}}
Jul 27 12:40:06.916962 np0000005906 devstack@neutron-api.service[91305]: DEBUG neutron.plugins.ml2.drivers.ovn.mech_driver.ovsdb.maintenance [-] Touching Hash Ring node "d1f2a0c294435236998f3781b9538709" from periodic health check thread {{(pid=91305) touch_hash_ring_node /opt/stack/neutron/neutron/plugins/ml2/drivers/ovn/mech_driver/ovsdb/maintenance.py:1417}}
Jul 27 12:40:15.711166 np0000005906 devstack@neutron-api.service[91307]: DEBUG dbcounter [-] [91307] Writing DB stats neutron:SELECT=1446,neutron:INSERT=672,neutron:DELETE=5,neutron:UPDATE=83 {{(pid=91307) stat_writer /opt/stack/data/venv/lib/python3.12/site-packages/dbcounter.py:115}}
Jul 27 12:40:16.732438 np0000005906 devstack@neutron-api.service[91306]: DEBUG dbcounter [-] [91306] Writing DB stats neutron:SELECT=1404,neutron:INSERT=40,neutron:DELETE=8,neutron:UPDATE=38 {{(pid=91306) stat_writer /opt/stack/data/venv/lib/python3.12/site-packages/dbcounter.py:115}}
Jul 27 12:40:16.804926 np0000005906 devstack@neutron-api.service[91304]: DEBUG dbcounter [-] [91304] Writing DB stats neutron:UPDATE=1,neutron:SELECT=1 {{(pid=91304) stat_writer /opt/stack/data/venv/lib/python3.12/site-packages/dbcounter.py:115}}
Jul 27 12:40:16.925148 np0000005906 devstack@neutron-api.service[91305]: DEBUG dbcounter [-] [91305] Writing DB stats neutron:UPDATE=1,neutron:SELECT=1 {{(pid=91305) stat_writer /opt/stack/data/venv/lib/python3.12/site-packages/dbcounter.py:115}}
Jul 27 12:40:20.704570 np0000005906 devstack@neutron-api.service[91307]: DEBUG futurist.periodics [-] Submitting periodic callback 'neutron.plugins.ml2.drivers.ovn.mech_driver.ovsdb.maintenance.HashRingHealthCheckPeriodics.touch_hash_ring_node' {{(pid=91307) _process_scheduled /opt/stack/data/venv/lib/python3.12/site-packages/futurist/periodics.py:784}}
Jul 27 12:40:20.704570 np0000005906 devstack@neutron-api.service[91307]: DEBUG neutron.plugins.ml2.drivers.ovn.mech_driver.ovsdb.maintenance [-] Touching Hash Ring node "e27b248630f559daa55603de9aa3f2e9" from periodic health check thread {{(pid=91307) touch_hash_ring_node /opt/stack/neutron/neutron/plugins/ml2/drivers/ovn/mech_driver/ovsdb/maintenance.py:1417}}
Jul 27 12:40:21.718142 np0000005906 devstack@neutron-api.service[91306]: DEBUG futurist.periodics [-] Submitting periodic callback 'neutron.plugins.ml2.drivers.ovn.mech_driver.ovsdb.maintenance.HashRingHealthCheckPeriodics.touch_hash_ring_node' {{(pid=91306) _process_scheduled /opt/stack/data/venv/lib/python3.12/site-packages/futurist/periodics.py:784}}
Jul 27 12:40:21.718624 np0000005906 devstack@neutron-api.service[91306]: DEBUG neutron.plugins.ml2.drivers.ovn.mech_driver.ovsdb.maintenance [-] Touching Hash Ring node "d8f56b3597bc500eb833afcb700a3114" from periodic health check thread {{(pid=91306) touch_hash_ring_node /opt/stack/neutron/neutron/plugins/ml2/drivers/ovn/mech_driver/ovsdb/maintenance.py:1417}}
Jul 27 12:40:21.793047 np0000005906 devstack@neutron-api.service[91304]: DEBUG futurist.periodics [-] Submitting periodic callback 'neutron.plugins.ml2.drivers.ovn.mech_driver.ovsdb.maintenance.HashRingHealthCheckPeriodics.touch_hash_ring_node' {{(pid=91304) _process_scheduled /opt/stack/data/venv/lib/python3.12/site-packages/futurist/periodics.py:784}}
Jul 27 12:40:21.793506 np0000005906 devstack@neutron-api.service[91304]: DEBUG neutron.plugins.ml2.drivers.ovn.mech_driver.ovsdb.maintenance [-] Touching Hash Ring node "caee0b2d0ac85e988da245c44d08e5e8" from periodic health check thread {{(pid=91304) touch_hash_ring_node /opt/stack/neutron/neutron/plugins/ml2/drivers/ovn/mech_driver/ovsdb/maintenance.py:1417}}
Jul 27 12:40:21.917185 np0000005906 devstack@neutron-api.service[91305]: DEBUG futurist.periodics [-] Submitting periodic callback 'neutron.plugins.ml2.drivers.ovn.mech_driver.ovsdb.maintenance.HashRingHealthCheckPeriodics.touch_hash_ring_node' {{(pid=91305) _process_scheduled /opt/stack/data/venv/lib/python3.12/site-packages/futurist/periodics.py:784}}
Jul 27 12:40:21.917584 np0000005906 devstack@neutron-api.service[91305]: DEBUG neutron.plugins.ml2.drivers.ovn.mech_driver.ovsdb.maintenance [-] Touching Hash Ring node "d1f2a0c294435236998f3781b9538709" from periodic health check thread {{(pid=91305) touch_hash_ring_node /opt/stack/neutron/neutron/plugins/ml2/drivers/ovn/mech_driver/ovsdb/maintenance.py:1417}}
Jul 27 12:40:30.710374 np0000005906 devstack@neutron-api.service[91307]: DEBUG dbcounter [-] [91307] Writing DB stats neutron:UPDATE=1,neutron:SELECT=1 {{(pid=91307) stat_writer /opt/stack/data/venv/lib/python3.12/site-packages/dbcounter.py:115}}
Jul 27 12:40:31.727070 np0000005906 devstack@neutron-api.service[91306]: DEBUG dbcounter [-] [91306] Writing DB stats neutron:UPDATE=1,neutron:SELECT=1 {{(pid=91306) stat_writer /opt/stack/data/venv/lib/python3.12/site-packages/dbcounter.py:115}}
Jul 27 12:40:31.800138 np0000005906 devstack@neutron-api.service[91304]: DEBUG dbcounter [-] [91304] Writing DB stats neutron:UPDATE=1,neutron:SELECT=1 {{(pid=91304) stat_writer /opt/stack/data/venv/lib/python3.12/site-packages/dbcounter.py:115}}
Jul 27 12:40:31.925236 np0000005906 devstack@neutron-api.service[91305]: DEBUG dbcounter [-] [91305] Writing DB stats neutron:UPDATE=1,neutron:SELECT=1 {{(pid=91305) stat_writer /opt/stack/data/venv/lib/python3.12/site-packages/dbcounter.py:115}}
Jul 27 12:40:35.704079 np0000005906 devstack@neutron-api.service[91307]: DEBUG futurist.periodics [-] Submitting periodic callback 'neutron.plugins.ml2.drivers.ovn.mech_driver.ovsdb.maintenance.HashRingHealthCheckPeriodics.touch_hash_ring_node' {{(pid=91307) _process_scheduled /opt/stack/data/venv/lib/python3.12/site-packages/futurist/periodics.py:784}}
Jul 27 12:40:35.704513 np0000005906 devstack@neutron-api.service[91307]: DEBUG neutron.plugins.ml2.drivers.ovn.mech_driver.ovsdb.maintenance [-] Touching Hash Ring node "e27b248630f559daa55603de9aa3f2e9" from periodic health check thread {{(pid=91307) touch_hash_ring_node /opt/stack/neutron/neutron/plugins/ml2/drivers/ovn/mech_driver/ovsdb/maintenance.py:1417}}
Jul 27 12:40:36.718521 np0000005906 devstack@neutron-api.service[91306]: DEBUG futurist.periodics [-] Submitting periodic callback 'neutron.plugins.ml2.drivers.ovn.mech_driver.ovsdb.maintenance.HashRingHealthCheckPeriodics.touch_hash_ring_node' {{(pid=91306) _process_scheduled /opt/stack/data/venv/lib/python3.12/site-packages/futurist/periodics.py:784}}
Jul 27 12:40:36.718938 np0000005906 devstack@neutron-api.service[91306]: DEBUG neutron.plugins.ml2.drivers.ovn.mech_driver.ovsdb.maintenance [-] Touching Hash Ring node "d8f56b3597bc500eb833afcb700a3114" from periodic health check thread {{(pid=91306) touch_hash_ring_node /opt/stack/neutron/neutron/plugins/ml2/drivers/ovn/mech_driver/ovsdb/maintenance.py:1417}}
Jul 27 12:40:36.793626 np0000005906 devstack@neutron-api.service[91304]: DEBUG futurist.periodics [-] Submitting periodic callback 'neutron.plugins.ml2.drivers.ovn.mech_driver.ovsdb.maintenance.HashRingHealthCheckPeriodics.touch_hash_ring_node' {{(pid=91304) _process_scheduled /opt/stack/data/venv/lib/python3.12/site-packages/futurist/periodics.py:784}}
Jul 27 12:40:36.793902 np0000005906 devstack@neutron-api.service[91304]: DEBUG neutron.plugins.ml2.drivers.ovn.mech_driver.ovsdb.maintenance [-] Touching Hash Ring node "caee0b2d0ac85e988da245c44d08e5e8" from periodic health check thread {{(pid=91304) touch_hash_ring_node /opt/stack/neutron/neutron/plugins/ml2/drivers/ovn/mech_driver/ovsdb/maintenance.py:1417}}
Jul 27 12:40:36.917631 np0000005906 devstack@neutron-api.service[91305]: DEBUG futurist.periodics [-] Submitting periodic callback 'neutron.plugins.ml2.drivers.ovn.mech_driver.ovsdb.maintenance.HashRingHealthCheckPeriodics.touch_hash_ring_node' {{(pid=91305) _process_scheduled /opt/stack/data/venv/lib/python3.12/site-packages/futurist/periodics.py:784}}
Jul 27 12:40:36.918004 np0000005906 devstack@neutron-api.service[91305]: DEBUG neutron.plugins.ml2.drivers.ovn.mech_driver.ovsdb.maintenance [-] Touching Hash Ring node "d1f2a0c294435236998f3781b9538709" from periodic health check thread {{(pid=91305) touch_hash_ring_node /opt/stack/neutron/neutron/plugins/ml2/drivers/ovn/mech_driver/ovsdb/maintenance.py:1417}}
Jul 27 12:40:45.712005 np0000005906 devstack@neutron-api.service[91307]: DEBUG dbcounter [-] [91307] Writing DB stats neutron:UPDATE=1,neutron:SELECT=1 {{(pid=91307) stat_writer /opt/stack/data/venv/lib/python3.12/site-packages/dbcounter.py:115}}
Jul 27 12:40:46.726695 np0000005906 devstack@neutron-api.service[91306]: DEBUG dbcounter [-] [91306] Writing DB stats neutron:UPDATE=1,neutron:SELECT=1 {{(pid=91306) stat_writer /opt/stack/data/venv/lib/python3.12/site-packages/dbcounter.py:115}}
Jul 27 12:40:46.801622 np0000005906 devstack@neutron-api.service[91304]: DEBUG dbcounter [-] [91304] Writing DB stats neutron:UPDATE=1,neutron:SELECT=1 {{(pid=91304) stat_writer /opt/stack/data/venv/lib/python3.12/site-packages/dbcounter.py:115}}
Jul 27 12:40:46.925608 np0000005906 devstack@neutron-api.service[91305]: DEBUG dbcounter [-] [91305] Writing DB stats neutron:UPDATE=1,neutron:SELECT=1 {{(pid=91305) stat_writer /opt/stack/data/venv/lib/python3.12/site-packages/dbcounter.py:115}}
Jul 27 12:40:50.704567 np0000005906 devstack@neutron-api.service[91307]: DEBUG futurist.periodics [-] Submitting periodic callback 'neutron.plugins.ml2.drivers.ovn.mech_driver.ovsdb.maintenance.HashRingHealthCheckPeriodics.touch_hash_ring_node' {{(pid=91307) _process_scheduled /opt/stack/data/venv/lib/python3.12/site-packages/futurist/periodics.py:784}}
Jul 27 12:40:50.705059 np0000005906 devstack@neutron-api.service[91307]: DEBUG neutron.plugins.ml2.drivers.ovn.mech_driver.ovsdb.maintenance [-] Touching Hash Ring node "e27b248630f559daa55603de9aa3f2e9" from periodic health check thread {{(pid=91307) touch_hash_ring_node /opt/stack/neutron/neutron/plugins/ml2/drivers/ovn/mech_driver/ovsdb/maintenance.py:1417}}
Jul 27 12:40:51.718999 np0000005906 devstack@neutron-api.service[91306]: DEBUG futurist.periodics [-] Submitting periodic callback 'neutron.plugins.ml2.drivers.ovn.mech_driver.ovsdb.maintenance.HashRingHealthCheckPeriodics.touch_hash_ring_node' {{(pid=91306) _process_scheduled /opt/stack/data/venv/lib/python3.12/site-packages/futurist/periodics.py:784}}
Jul 27 12:40:51.719441 np0000005906 devstack@neutron-api.service[91306]: DEBUG neutron.plugins.ml2.drivers.ovn.mech_driver.ovsdb.maintenance [-] Touching Hash Ring node "d8f56b3597bc500eb833afcb700a3114" from periodic health check thread {{(pid=91306) touch_hash_ring_node /opt/stack/neutron/neutron/plugins/ml2/drivers/ovn/mech_driver/ovsdb/maintenance.py:1417}}
Jul 27 12:40:51.794113 np0000005906 devstack@neutron-api.service[91304]: DEBUG futurist.periodics [-] Submitting periodic callback 'neutron.plugins.ml2.drivers.ovn.mech_driver.ovsdb.maintenance.HashRingHealthCheckPeriodics.touch_hash_ring_node' {{(pid=91304) _process_scheduled /opt/stack/data/venv/lib/python3.12/site-packages/futurist/periodics.py:784}}
Jul 27 12:40:51.794525 np0000005906 devstack@neutron-api.service[91304]: DEBUG neutron.plugins.ml2.drivers.ovn.mech_driver.ovsdb.maintenance [-] Touching Hash Ring node "caee0b2d0ac85e988da245c44d08e5e8" from periodic health check thread {{(pid=91304) touch_hash_ring_node /opt/stack/neutron/neutron/plugins/ml2/drivers/ovn/mech_driver/ovsdb/maintenance.py:1417}}
Jul 27 12:40:51.918104 np0000005906 devstack@neutron-api.service[91305]: DEBUG futurist.periodics [-] Submitting periodic callback 'neutron.plugins.ml2.drivers.ovn.mech_driver.ovsdb.maintenance.HashRingHealthCheckPeriodics.touch_hash_ring_node' {{(pid=91305) _process_scheduled /opt/stack/data/venv/lib/python3.12/site-packages/futurist/periodics.py:784}}
Jul 27 12:40:51.918599 np0000005906 devstack@neutron-api.service[91305]: DEBUG neutron.plugins.ml2.drivers.ovn.mech_driver.ovsdb.maintenance [-] Touching Hash Ring node "d1f2a0c294435236998f3781b9538709" from periodic health check thread {{(pid=91305) touch_hash_ring_node /opt/stack/neutron/neutron/plugins/ml2/drivers/ovn/mech_driver/ovsdb/maintenance.py:1417}}
Jul 27 12:40:57.061395 np0000005906 devstack@neutron-api.service[91307]: DEBUG neutron.api.wsgi [None req-d8ff6b3b-bbe8-4093-a55e-3616afc25751 admin admin] Missing Content-Type {{(pid=91307) get_content_type /opt/stack/neutron/neutron/api/wsgi.py:80}}
Jul 27 12:40:57.061783 np0000005906 devstack@neutron-api.service[91307]: DEBUG neutron.api.wsgi [None req-d8ff6b3b-bbe8-4093-a55e-3616afc25751 admin admin] https://10.4.3.230/networking/v2.0/extensions returned with HTTP 200 {{(pid=91307) __call__ /opt/stack/neutron/neutron/api/wsgi.py:540}}
Jul 27 12:40:57.062077 np0000005906 devstack@neutron-api.service[91307]: [pid: 91307|app: 0|req: 10/34] 10.4.3.230 () {64 vars in 1292 bytes} [Mon Jul 27 12:40:57 2026] GET /networking/v2.0/extensions => generated 16171 bytes in 3 msecs (HTTP/1.1 200) 4 headers in 159 bytes (1 switches on core 0)
Jul 27 12:40:57.336919 np0000005906 devstack@neutron-api.service[91306]: INFO neutron.pecan_wsgi.hooks.translation [None req-6e76e644-9915-4a14-87a8-0464559244e9 admin admin] GET failed (client error): The resource could not be found.
Jul 27 12:40:57.337515 np0000005906 devstack@neutron-api.service[91306]: [pid: 91306|app: 0|req: 9/35] 10.4.3.230 () {64 vars in 1294 bytes} [Mon Jul 27 12:40:57 2026] GET /networking/v2.0/networks/public => generated 108 bytes in 8 msecs (HTTP/1.1 404) 4 headers in 164 bytes (1 switches on core 0)
Jul 27 12:40:57.379906 np0000005906 devstack@neutron-api.service[91304]: DEBUG neutron.pecan_wsgi.hooks.policy_enforcement [None req-c09141ba-d76c-4573-9036-a0917594880c admin admin] Attributes excluded by policy engine: ['standard_attr_id'] {{(pid=91304) _exclude_attributes_by_policy /opt/stack/neutron/neutron/pecan_wsgi/hooks/policy_enforcement.py:259}}
Jul 27 12:40:57.380938 np0000005906 devstack@neutron-api.service[91304]: [pid: 91304|app: 0|req: 9/36] 10.4.3.230 () {64 vars in 1309 bytes} [Mon Jul 27 12:40:57 2026] GET /networking/v2.0/networks?name=public => generated 759 bytes in 37 msecs (HTTP/1.1 200) 4 headers in 157 bytes (1 switches on core 0)
Jul 27 12:40:57.570192 np0000005906 devstack@neutron-api.service[91305]: DEBUG neutron.api.v2.base [None req-ba0eaa32-11d6-45f3-8384-58d2634387d3 admin admin] Request body: {'network': {'shared': True, 'name': 'shared', 'admin_state_up': True}} {{(pid=91305) prepare_request_body /opt/stack/neutron/neutron/api/v2/base.py:727}}
Jul 27 12:40:57.584221 np0000005906 devstack@neutron-api.service[91305]: DEBUG neutron.pecan_wsgi.hooks.quota_enforcement [None req-ba0eaa32-11d6-45f3-8384-58d2634387d3 admin admin] Made reservation on behalf of cad0ba24e59e4db294a7d5cc3d7e98ae for: {'network': 1} {{(pid=91305) before /opt/stack/neutron/neutron/pecan_wsgi/hooks/quota_enforcement.py:66}}
Jul 27 12:40:57.587244 np0000005906 devstack@neutron-api.service[91305]: DEBUG neutron_lib.callbacks.manager [None req-ba0eaa32-11d6-45f3-8384-58d2634387d3 admin admin] Publish callbacks ['neutron.plugins.ml2.plugin.SecurityGroupDbMixin._ensure_default_security_group_handler-3237897'] for network (None), before_create {{(pid=91305) _notify_loop /opt/stack/data/venv/lib/python3.12/site-packages/neutron_lib/callbacks/manager.py:184}}
Jul 27 12:40:57.613701 np0000005906 devstack@neutron-api.service[91305]: WARNING neutron.services.revisions.revision_plugin [None req-ba0eaa32-11d6-45f3-8384-58d2634387d3 admin admin] Could not find related network for resource to bump revision.
Jul 27 12:40:57.639347 np0000005906 devstack@neutron-api.service[91305]: DEBUG neutron.plugins.ml2.drivers.helpers [None req-ba0eaa32-11d6-45f3-8384-58d2634387d3 admin admin] geneve segment allocate from pool success with {'geneve_vni': 4181} {{(pid=91305) allocate_partially_specified_segment /opt/stack/neutron/neutron/plugins/ml2/drivers/helpers.py:142}}
Jul 27 12:40:57.645823 np0000005906 devstack@neutron-api.service[91305]: DEBUG neutron_lib.callbacks.manager [None req-ba0eaa32-11d6-45f3-8384-58d2634387d3 admin admin] Publish callbacks ['neutron.services.segments.db._add_segment_host_mapping_for_segment-7920747381150', 'neutron.plugins.ml2.plugin.Ml2Plugin._handle_segment_change-3479143'] for segment (695b54db-b1c1-443c-9797-cc3aeeda9c4b), precommit_create {{(pid=91305) _notify_loop /opt/stack/data/venv/lib/python3.12/site-packages/neutron_lib/callbacks/manager.py:184}}
Jul 27 12:40:57.645959 np0000005906 devstack@neutron-api.service[91305]: INFO neutron.db.segments_db [None req-ba0eaa32-11d6-45f3-8384-58d2634387d3 admin admin] Added segment 695b54db-b1c1-443c-9797-cc3aeeda9c4b of type geneve for network 34d8381a-3fbe-4826-9df3-c3369cf4eacc
Jul 27 12:40:57.657939 np0000005906 devstack@neutron-api.service[91305]: DEBUG neutron_lib.callbacks.manager [None req-ba0eaa32-11d6-45f3-8384-58d2634387d3 admin admin] Publish callbacks ['neutron.services.auto_allocate.db._ensure_external_network_default_value_callback-7920746102634'] for network (34d8381a-3fbe-4826-9df3-c3369cf4eacc), precommit_create {{(pid=91305) _notify_loop /opt/stack/data/venv/lib/python3.12/site-packages/neutron_lib/callbacks/manager.py:184}}
Jul 27 12:40:57.667507 np0000005906 devstack@neutron-api.service[91305]: DEBUG neutron.plugins.ml2.drivers.ovn.mech_driver.mech_driver [None req-ba0eaa32-11d6-45f3-8384-58d2634387d3 admin admin] Validating network segment with type geneve, segmentation ID 4181, physical network None {{(pid=91305) _validate_network_segments /opt/stack/neutron/neutron/plugins/ml2/drivers/ovn/mech_driver/mech_driver.py:646}}
Jul 27 12:40:57.667642 np0000005906 devstack@neutron-api.service[91305]: DEBUG neutron.db.ovn_revision_numbers_db [None req-ba0eaa32-11d6-45f3-8384-58d2634387d3 admin admin] create_initial_revision uuid=34d8381a-3fbe-4826-9df3-c3369cf4eacc, type=networks, rev=-1 {{(pid=91305) create_initial_revision /opt/stack/neutron/neutron/db/ovn_revision_numbers_db.py:98}}
Jul 27 12:40:57.673852 np0000005906 devstack@neutron-api.service[91305]: DEBUG neutron_lib.callbacks.manager [None req-ba0eaa32-11d6-45f3-8384-58d2634387d3 admin admin] Publish callbacks ['neutron.plugins.ml2.ovo_rpc._ObjectChangeHandler.handle_event-7305199'] for network (34d8381a-3fbe-4826-9df3-c3369cf4eacc), after_create {{(pid=91305) _notify_loop /opt/stack/data/venv/lib/python3.12/site-packages/neutron_lib/callbacks/manager.py:184}}
Jul 27 12:40:57.685242 np0000005906 devstack@neutron-api.service[91305]: DEBUG neutron.api.rpc.handlers.resources_rpc [None req-ba0eaa32-11d6-45f3-8384-58d2634387d3 admin admin] Pushing event updated for resources: {'Network': ['ID=34d8381a-3fbe-4826-9df3-c3369cf4eacc,revision_number=1']} {{(pid=91305) push /opt/stack/neutron/neutron/api/rpc/handlers/resources_rpc.py:237}}
Jul 27 12:40:57.688705 np0000005906 devstack@neutron-api.service[91305]: DEBUG ovsdbapp.backend.ovs_idl.transaction [None req-1235dbd1-c1a8-489d-abc9-041164e02514 None None] Running txn n=1 command(idx=0): CheckLivenessCommand(_result=None) {{(pid=91305) do_commit /opt/stack/data/venv/lib/python3.12/site-packages/ovsdbapp/backend/ovs_idl/transaction.py:89}}
Jul 27 12:40:57.702404 np0000005906 devstack@neutron-api.service[91306]: DEBUG ovsdbapp.backend.ovs_idl.event [-] Matched UPDATE: ChassisAgentWriteEvent(events=('create', 'update'), table='Chassis_Private', conditions=None, old_conditions=None), priority=20 to row=Chassis_Private(uuid=5b89ef27-93f3-4ec6-8f43-ef7d2a861634, chassis=4127e156-3b62-4d4e-87d5-f3588f611fdd, external_ids={'neutron:ovn-bridge': 'br-int', 'neutron:ovn-neutron-agent-id': '5b216980-d863-5b72-85ad-deb10543a473', 'neutron:ovn-neutron-agent-sb-cfg': '1'}, name='20633e19-a36c-4c49-99de-b9695fb15f95', nb_cfg=2, nb_cfg_timestamp=1785156057698) old=Chassis_Private(uuid=5b89ef27-93f3-4ec6-8f43-ef7d2a861634, nb_cfg=1, nb_cfg_timestamp=1785155982687) {{(pid=91306) matches /opt/stack/data/venv/lib/python3.12/site-packages/ovsdbapp/backend/ovs_idl/event.py:55}}
Jul 27 12:40:57.702541 np0000005906 devstack@neutron-api.service[91307]: DEBUG ovsdbapp.backend.ovs_idl.event [None req-49870f04-6101-4bf3-82b4-11ec9c23b814 None None] Matched UPDATE: ChassisAgentWriteEvent(events=('create', 'update'), table='Chassis_Private', conditions=None, old_conditions=None), priority=20 to row=Chassis_Private(uuid=5b89ef27-93f3-4ec6-8f43-ef7d2a861634, chassis=4127e156-3b62-4d4e-87d5-f3588f611fdd, external_ids={'neutron:ovn-bridge': 'br-int', 'neutron:ovn-neutron-agent-id': '5b216980-d863-5b72-85ad-deb10543a473', 'neutron:ovn-neutron-agent-sb-cfg': '1'}, name='20633e19-a36c-4c49-99de-b9695fb15f95', nb_cfg=2, nb_cfg_timestamp=1785156057698) old=Chassis_Private(uuid=5b89ef27-93f3-4ec6-8f43-ef7d2a861634, nb_cfg=1, nb_cfg_timestamp=1785155982687) {{(pid=91307) matches /opt/stack/data/venv/lib/python3.12/site-packages/ovsdbapp/backend/ovs_idl/event.py:55}}
Jul 27 12:40:57.703876 np0000005906 devstack@neutron-api.service[91304]: DEBUG ovsdbapp.backend.ovs_idl.event [None req-3081d347-4c7d-4992-b226-3c398efbd81f None None] Matched UPDATE: ChassisAgentWriteEvent(events=('create', 'update'), table='Chassis_Private', conditions=None, old_conditions=None), priority=20 to row=Chassis_Private(uuid=5b89ef27-93f3-4ec6-8f43-ef7d2a861634, chassis=4127e156-3b62-4d4e-87d5-f3588f611fdd, external_ids={'neutron:ovn-bridge': 'br-int', 'neutron:ovn-neutron-agent-id': '5b216980-d863-5b72-85ad-deb10543a473', 'neutron:ovn-neutron-agent-sb-cfg': '1'}, name='20633e19-a36c-4c49-99de-b9695fb15f95', nb_cfg=2, nb_cfg_timestamp=1785156057698) old=Chassis_Private(uuid=5b89ef27-93f3-4ec6-8f43-ef7d2a861634, nb_cfg=1, nb_cfg_timestamp=1785155982687) {{(pid=91304) matches /opt/stack/data/venv/lib/python3.12/site-packages/ovsdbapp/backend/ovs_idl/event.py:55}}
Jul 27 12:40:57.704121 np0000005906 devstack@neutron-api.service[91305]: DEBUG ovsdbapp.backend.ovs_idl.event [None req-571105d3-39a6-42f9-a5af-3ba0d8d6743f None None] Matched UPDATE: ChassisAgentWriteEvent(events=('create', 'update'), table='Chassis_Private', conditions=None, old_conditions=None), priority=20 to row=Chassis_Private(uuid=5b89ef27-93f3-4ec6-8f43-ef7d2a861634, chassis=4127e156-3b62-4d4e-87d5-f3588f611fdd, external_ids={'neutron:ovn-bridge': 'br-int', 'neutron:ovn-neutron-agent-id': '5b216980-d863-5b72-85ad-deb10543a473', 'neutron:ovn-neutron-agent-sb-cfg': '1'}, name='20633e19-a36c-4c49-99de-b9695fb15f95', nb_cfg=2, nb_cfg_timestamp=1785156057698) old=Chassis_Private(uuid=5b89ef27-93f3-4ec6-8f43-ef7d2a861634, nb_cfg=1, nb_cfg_timestamp=1785155982687) {{(pid=91305) matches /opt/stack/data/venv/lib/python3.12/site-packages/ovsdbapp/backend/ovs_idl/event.py:55}}
Jul 27 12:40:57.709296 np0000005906 devstack@neutron-api.service[91305]: DEBUG neutron.common.ovn.hash_ring_manager [None req-1235dbd1-c1a8-489d-abc9-041164e02514 None None] Hash Ring loaded. 4 active nodes. 0 offline nodes {{(pid=91305) _load_hash_ring /opt/stack/neutron/neutron/common/ovn/hash_ring_manager.py:110}}
Jul 27 12:40:57.709524 np0000005906 devstack@neutron-api.service[91306]: DEBUG neutron.common.ovn.hash_ring_manager [None req-2e815a87-5f3e-42fb-89a7-7f0f303865de None None] Hash Ring loaded. 4 active nodes. 0 offline nodes {{(pid=91306) _load_hash_ring /opt/stack/neutron/neutron/common/ovn/hash_ring_manager.py:110}}
Jul 27 12:40:57.709849 np0000005906 devstack@neutron-api.service[91306]: DEBUG neutron.plugins.ml2.drivers.ovn.mech_driver.ovsdb.ovsdb_monitor [None req-2e815a87-5f3e-42fb-89a7-7f0f303865de None None] Hash Ring: Node d8f56b3597bc500eb833afcb700a3114 (host: np0000005906) handling event "update" for row 849af451-8084-4e92-8b93-a490cf4bac82 (table: NB_Global) {{(pid=91306) notify /opt/stack/neutron/neutron/plugins/ml2/drivers/ovn/mech_driver/ovsdb/ovsdb_monitor.py:1013}}
Jul 27 12:40:57.710258 np0000005906 devstack@neutron-api.service[91306]: DEBUG neutron.common.ovn.hash_ring_manager [-] Hash Ring loaded. 4 active nodes. 0 offline nodes {{(pid=91306) _load_hash_ring /opt/stack/neutron/neutron/common/ovn/hash_ring_manager.py:110}}
Jul 27 12:40:57.711265 np0000005906 devstack@neutron-api.service[91306]: DEBUG neutron.plugins.ml2.drivers.ovn.mech_driver.ovsdb.ovsdb_monitor [None req-2e815a87-5f3e-42fb-89a7-7f0f303865de None None] Hash Ring: Node d8f56b3597bc500eb833afcb700a3114 (host: np0000005906) handling event "update" for row 849af451-8084-4e92-8b93-a490cf4bac82 (table: NB_Global) {{(pid=91306) notify /opt/stack/neutron/neutron/plugins/ml2/drivers/ovn/mech_driver/ovsdb/ovsdb_monitor.py:1013}}
Jul 27 12:40:57.711344 np0000005906 devstack@neutron-api.service[91307]: DEBUG neutron.common.ovn.hash_ring_manager [None req-b629169e-22e5-4421-ba21-787dda6fb821 None None] Hash Ring loaded. 4 active nodes. 0 offline nodes {{(pid=91307) _load_hash_ring /opt/stack/neutron/neutron/common/ovn/hash_ring_manager.py:110}}
Jul 27 12:40:57.711919 np0000005906 devstack@neutron-api.service[91306]: DEBUG neutron.plugins.ml2.drivers.ovn.mech_driver.ovsdb.ovsdb_monitor [None req-2e815a87-5f3e-42fb-89a7-7f0f303865de None None] Hash Ring: Node d8f56b3597bc500eb833afcb700a3114 (host: np0000005906) handling event "update" for row 849af451-8084-4e92-8b93-a490cf4bac82 (table: NB_Global) {{(pid=91306) notify /opt/stack/neutron/neutron/plugins/ml2/drivers/ovn/mech_driver/ovsdb/ovsdb_monitor.py:1013}}
Jul 27 12:40:57.712018 np0000005906 devstack@neutron-api.service[91307]: DEBUG neutron.common.ovn.hash_ring_manager [None req-49870f04-6101-4bf3-82b4-11ec9c23b814 None None] Hash Ring loaded. 4 active nodes. 0 offline nodes {{(pid=91307) _load_hash_ring /opt/stack/neutron/neutron/common/ovn/hash_ring_manager.py:110}}
Jul 27 12:40:57.712206 np0000005906 devstack@neutron-api.service[91304]: DEBUG neutron.common.ovn.hash_ring_manager [None req-4b638995-403e-4086-9037-ce79c069e77f None None] Hash Ring loaded. 4 active nodes. 0 offline nodes {{(pid=91304) _load_hash_ring /opt/stack/neutron/neutron/common/ovn/hash_ring_manager.py:110}}
Jul 27 12:40:57.712450 np0000005906 devstack@neutron-api.service[91306]: DEBUG neutron.plugins.ml2.drivers.ovn.mech_driver.ovsdb.ovsdb_monitor [None req-2e815a87-5f3e-42fb-89a7-7f0f303865de None None] Hash Ring: Node d8f56b3597bc500eb833afcb700a3114 (host: np0000005906) handling event "update" for row 849af451-8084-4e92-8b93-a490cf4bac82 (table: NB_Global) {{(pid=91306) notify /opt/stack/neutron/neutron/plugins/ml2/drivers/ovn/mech_driver/ovsdb/ovsdb_monitor.py:1013}}
Jul 27 12:40:57.713620 np0000005906 devstack@neutron-api.service[91304]: DEBUG neutron.common.ovn.hash_ring_manager [None req-3081d347-4c7d-4992-b226-3c398efbd81f None None] Hash Ring loaded. 4 active nodes. 0 offline nodes {{(pid=91304) _load_hash_ring /opt/stack/neutron/neutron/common/ovn/hash_ring_manager.py:110}}
Jul 27 12:40:57.713804 np0000005906 devstack@neutron-api.service[91304]: DEBUG neutron.plugins.ml2.drivers.ovn.mech_driver.ovsdb.ovsdb_monitor [None req-3081d347-4c7d-4992-b226-3c398efbd81f None None] Hash Ring: Node caee0b2d0ac85e988da245c44d08e5e8 (host: np0000005906) handling event "update" for row 5b89ef27-93f3-4ec6-8f43-ef7d2a861634 (table: Chassis_Private) {{(pid=91304) notify /opt/stack/neutron/neutron/plugins/ml2/drivers/ovn/mech_driver/ovsdb/ovsdb_monitor.py:1013}}
Jul 27 12:40:57.714259 np0000005906 devstack@neutron-api.service[91305]: DEBUG neutron.api.rpc.callbacks.version_manager [None req-ba0eaa32-11d6-45f3-8384-58d2634387d3 admin admin] Tracked resource versions report:
Jul 27 12:40:57.714259 np0000005906 devstack@neutron-api.service[91305]: pushed versions:
Jul 27 12:40:57.714259 np0000005906 devstack@neutron-api.service[91305]: { 'AddressGroup': {'1.2'},
Jul 27 12:40:57.714259 np0000005906 devstack@neutron-api.service[91305]: 'Agent': {'1.1'},
Jul 27 12:40:57.714259 np0000005906 devstack@neutron-api.service[91305]: 'ConntrackHelper': {'1.0'},
Jul 27 12:40:57.714259 np0000005906 devstack@neutron-api.service[91305]: 'LocalIPAssociation': {'1.0'},
Jul 27 12:40:57.714259 np0000005906 devstack@neutron-api.service[91305]: 'Log': {'1.0'},
Jul 27 12:40:57.714259 np0000005906 devstack@neutron-api.service[91305]: 'NDPProxy': {'1.0'},
Jul 27 12:40:57.714259 np0000005906 devstack@neutron-api.service[91305]: 'Network': {'1.3'},
Jul 27 12:40:57.714259 np0000005906 devstack@neutron-api.service[91305]: 'Port': {'1.11'},
Jul 27 12:40:57.714259 np0000005906 devstack@neutron-api.service[91305]: 'PortForwarding': {'1.3'},
Jul 27 12:40:57.714259 np0000005906 devstack@neutron-api.service[91305]: 'QosPolicy': {'1.10'},
Jul 27 12:40:57.714259 np0000005906 devstack@neutron-api.service[91305]: 'SecurityGroup': {'1.6'},
Jul 27 12:40:57.714259 np0000005906 devstack@neutron-api.service[91305]: 'SecurityGroupRule': {'1.3'},
Jul 27 12:40:57.714259 np0000005906 devstack@neutron-api.service[91305]: 'SubPort': {'1.0'},
Jul 27 12:40:57.714259 np0000005906 devstack@neutron-api.service[91305]: 'Subnet': {'1.2'},
Jul 27 12:40:57.714259 np0000005906 devstack@neutron-api.service[91305]: 'Trunk': {'1.1'}}
Jul 27 12:40:57.714259 np0000005906 devstack@neutron-api.service[91305]: consumer versions:
Jul 27 12:40:57.714259 np0000005906 devstack@neutron-api.service[91305]: { OVN Controller Gateway agent@np0000005906: {},
Jul 27 12:40:57.714259 np0000005906 devstack@neutron-api.service[91305]: OVN Neutron agent@np0000005906: {}}
Jul 27 12:40:57.714259 np0000005906 devstack@neutron-api.service[91305]: {{(pid=91305) report /opt/stack/neutron/neutron/api/rpc/callbacks/version_manager.py:183}}
Jul 27 12:40:57.715704 np0000005906 devstack@neutron-api.service[91305]: DEBUG neutron.common.ovn.hash_ring_manager [None req-571105d3-39a6-42f9-a5af-3ba0d8d6743f None None] Hash Ring loaded. 4 active nodes. 0 offline nodes {{(pid=91305) _load_hash_ring /opt/stack/neutron/neutron/common/ovn/hash_ring_manager.py:110}}
Jul 27 12:40:57.722294 np0000005906 devstack@neutron-api.service[91305]: DEBUG ovsdbapp.backend.ovs_idl.transaction [None req-1235dbd1-c1a8-489d-abc9-041164e02514 None None] Running txn n=1 command(idx=0): AddNetworkCommand(_result=None, network_uuid=34d8381a-3fbe-4826-9df3-c3369cf4eacc, may_exist=True, columns={'external_ids': {'neutron:network_name': 'shared', 'neutron:mtu': '1372', 'neutron:revision_number': '1', 'neutron:availability_zone_hints': '', 'neutron:provnet-network-type': 'geneve'}, 'other_config': {'mcast_snoop': 'false', 'mcast_flood_unregistered': 'false', 'vlan-passthru': 'false'}}) {{(pid=91305) do_commit /opt/stack/data/venv/lib/python3.12/site-packages/ovsdbapp/backend/ovs_idl/transaction.py:89}}
Jul 27 12:40:57.725757 np0000005906 devstack@neutron-api.service[91304]: DEBUG neutron.plugins.ml2.drivers.ovn.mech_driver.ovsdb.ovsdb_monitor [None req-4b638995-403e-4086-9037-ce79c069e77f None None] Hash Ring: Node caee0b2d0ac85e988da245c44d08e5e8 (host: np0000005906) handling event "create" for row 34d8381a-3fbe-4826-9df3-c3369cf4eacc (table: Logical_Switch) {{(pid=91304) notify /opt/stack/neutron/neutron/plugins/ml2/drivers/ovn/mech_driver/ovsdb/ovsdb_monitor.py:1013}}
Jul 27 12:40:57.727762 np0000005906 devstack@neutron-api.service[91307]: DEBUG neutron.plugins.ml2.drivers.ovn.mech_driver.ovsdb.ovsdb_monitor [None req-49870f04-6101-4bf3-82b4-11ec9c23b814 None None] Hash Ring: Node e27b248630f559daa55603de9aa3f2e9 (host: np0000005906) handling event "create" for row ca77c3f4-e443-4a72-9055-761016abc100 (table: Datapath_Binding) {{(pid=91307) notify /opt/stack/neutron/neutron/plugins/ml2/drivers/ovn/mech_driver/ovsdb/ovsdb_monitor.py:1013}}
Jul 27 12:40:57.744630 np0000005906 devstack@neutron-api.service[91305]: INFO neutron.db.ovn_revision_numbers_db [None req-ba0eaa32-11d6-45f3-8384-58d2634387d3 admin admin] Successfully bumped revision number for resource 34d8381a-3fbe-4826-9df3-c3369cf4eacc (type: networks) to 1
Jul 27 12:40:57.755298 np0000005906 devstack@neutron-api.service[91305]: DEBUG neutron_lib.callbacks.manager [None req-ba0eaa32-11d6-45f3-8384-58d2634387d3 admin admin] Publish callbacks ['neutron.plugins.ml2.plugin.SecurityGroupDbMixin._ensure_default_security_group_handler-3237897'] for port (None), before_create {{(pid=91305) _notify_loop /opt/stack/data/venv/lib/python3.12/site-packages/neutron_lib/callbacks/manager.py:184}}
Jul 27 12:40:57.813705 np0000005906 devstack@neutron-api.service[91305]: DEBUG neutron_lib.callbacks.manager [None req-ba0eaa32-11d6-45f3-8384-58d2634387d3 admin admin] Publish callbacks ['neutron.plugins.ml2.drivers.ovn.mech_driver.mech_driver.OVNMechanismDriver._validate_allowed_address_pairs-1897235'] for allowed_address_pair (31c38432-c467-4d7f-a0c1-65425b928bad), before_create {{(pid=91305) _notify_loop /opt/stack/data/venv/lib/python3.12/site-packages/neutron_lib/callbacks/manager.py:184}}
Jul 27 12:40:57.814305 np0000005906 devstack@neutron-api.service[91305]: DEBUG neutron_lib.callbacks.manager [None req-ba0eaa32-11d6-45f3-8384-58d2634387d3 admin admin] Publish callbacks [] for port (31c38432-c467-4d7f-a0c1-65425b928bad), precommit_create {{(pid=91305) _notify_loop /opt/stack/data/venv/lib/python3.12/site-packages/neutron_lib/callbacks/manager.py:184}}
Jul 27 12:40:57.814464 np0000005906 devstack@neutron-api.service[91305]: DEBUG neutron.plugins.ml2.drivers.ovn.mech_driver.mech_driver [None req-ba0eaa32-11d6-45f3-8384-58d2634387d3 admin admin] No provisioning block for port 31c38432-c467-4d7f-a0c1-65425b928bad since it does not have a host {{(pid=91305) _is_port_provisioning_required /opt/stack/neutron/neutron/plugins/ml2/drivers/ovn/mech_driver/mech_driver.py:899}}
Jul 27 12:40:57.814575 np0000005906 devstack@neutron-api.service[91305]: DEBUG neutron.db.ovn_revision_numbers_db [None req-ba0eaa32-11d6-45f3-8384-58d2634387d3 admin admin] create_initial_revision uuid=31c38432-c467-4d7f-a0c1-65425b928bad, type=ports, rev=-1 {{(pid=91305) create_initial_revision /opt/stack/neutron/neutron/db/ovn_revision_numbers_db.py:98}}
Jul 27 12:40:57.839303 np0000005906 devstack@neutron-api.service[91305]: DEBUG neutron_lib.callbacks.manager [None req-ba0eaa32-11d6-45f3-8384-58d2634387d3 admin admin] Publish callbacks ['neutron.plugins.ml2.ovo_rpc._ObjectChangeHandler.handle_event-7305182'] for port (31c38432-c467-4d7f-a0c1-65425b928bad), after_create {{(pid=91305) _notify_loop /opt/stack/data/venv/lib/python3.12/site-packages/neutron_lib/callbacks/manager.py:184}}
Jul 27 12:40:57.866518 np0000005906 devstack@neutron-api.service[91305]: DEBUG neutron.api.rpc.handlers.resources_rpc [None req-ba0eaa32-11d6-45f3-8384-58d2634387d3 admin admin] Pushing event updated for resources: {'Port': ['ID=31c38432-c467-4d7f-a0c1-65425b928bad,revision_number=1']} {{(pid=91305) push /opt/stack/neutron/neutron/api/rpc/handlers/resources_rpc.py:237}}
Jul 27 12:40:57.871172 np0000005906 devstack@neutron-api.service[91305]: DEBUG neutron.plugins.ml2.drivers.ovn.mech_driver.ovsdb.commands [None req-ba0eaa32-11d6-45f3-8384-58d2634387d3 admin admin] Converting tag [] to a tag_request {{(pid=91305) _tag_column_to_tag_request /opt/stack/neutron/neutron/plugins/ml2/drivers/ovn/mech_driver/ovsdb/commands.py:205}}
Jul 27 12:40:57.872078 np0000005906 devstack@neutron-api.service[91305]: DEBUG ovsdbapp.backend.ovs_idl.transaction [None req-1235dbd1-c1a8-489d-abc9-041164e02514 None None] Running txn n=1 command(idx=0): AddLSwitchPortCommand(_result=None, lport=31c38432-c467-4d7f-a0c1-65425b928bad, lswitch=neutron-34d8381a-3fbe-4826-9df3-c3369cf4eacc, may_exist=True, network_uuid=34d8381a-3fbe-4826-9df3-c3369cf4eacc, columns={'addresses': ['fa:16:3e:cf:19:52'], 'external_ids': {'neutron:port_name': '', 'neutron:device_id': 'ovnmeta-34d8381a-3fbe-4826-9df3-c3369cf4eacc', 'neutron:project_id': 'cad0ba24e59e4db294a7d5cc3d7e98ae', 'neutron:cidrs': '', 'neutron:device_owner': 'network:distributed', 'neutron:subnet_pool_addr_scope4': '', 'neutron:subnet_pool_addr_scope6': '', 'neutron:network_name': 'neutron-34d8381a-3fbe-4826-9df3-c3369cf4eacc', 'neutron:security_group_ids': '', 'neutron:revision_number': '1', 'neutron:vnic_type': 'normal', 'neutron:port_capabilities': '', 'neutron:mtu': '1372'}, 'parent_name': [], 'enabled': True, 'options': {}, 'type': 'localport', 'port_security': [], 'dhcpv4_options': [], 'dhcpv6_options': [], 'tag_request': []}) {{(pid=91305) do_commit /opt/stack/data/venv/lib/python3.12/site-packages/ovsdbapp/backend/ovs_idl/transaction.py:89}}
Jul 27 12:40:57.872898 np0000005906 devstack@neutron-api.service[91305]: DEBUG ovsdbapp.backend.ovs_idl.transaction [None req-1235dbd1-c1a8-489d-abc9-041164e02514 None None] Running txn n=1 command(idx=1): QoSDelCommand(_result=None, switch=neutron-34d8381a-3fbe-4826-9df3-c3369cf4eacc, conditions=[('direction', '=', 'to-lport'), ('priority', '=', 2002), ('match', '=', 'outport == "31c38432-c467-4d7f-a0c1-65425b928bad"')], if_exists=True) {{(pid=91305) do_commit /opt/stack/data/venv/lib/python3.12/site-packages/ovsdbapp/backend/ovs_idl/transaction.py:89}}
Jul 27 12:40:57.873170 np0000005906 devstack@neutron-api.service[91305]: DEBUG ovsdbapp.backend.ovs_idl.transaction [None req-1235dbd1-c1a8-489d-abc9-041164e02514 None None] Running txn n=1 command(idx=2): QoSDelCommand(_result=None, switch=neutron-34d8381a-3fbe-4826-9df3-c3369cf4eacc, conditions=[('direction', '=', 'from-lport'), ('priority', '=', 2002), ('match', '=', 'inport == "31c38432-c467-4d7f-a0c1-65425b928bad"')], if_exists=True) {{(pid=91305) do_commit /opt/stack/data/venv/lib/python3.12/site-packages/ovsdbapp/backend/ovs_idl/transaction.py:89}}
Jul 27 12:40:57.876871 np0000005906 devstack@neutron-api.service[91304]: DEBUG neutron.plugins.ml2.drivers.ovn.mech_driver.ovsdb.ovsdb_monitor [None req-4b638995-403e-4086-9037-ce79c069e77f None None] Hash Ring: Node caee0b2d0ac85e988da245c44d08e5e8 (host: np0000005906) handling event "update" for row 34d8381a-3fbe-4826-9df3-c3369cf4eacc (table: Logical_Switch) {{(pid=91304) notify /opt/stack/neutron/neutron/plugins/ml2/drivers/ovn/mech_driver/ovsdb/ovsdb_monitor.py:1013}}
Jul 27 12:40:57.877028 np0000005906 devstack@neutron-api.service[91306]: DEBUG neutron.plugins.ml2.drivers.ovn.mech_driver.ovsdb.ovsdb_monitor [None req-2e815a87-5f3e-42fb-89a7-7f0f303865de None None] Hash Ring: Node d8f56b3597bc500eb833afcb700a3114 (host: np0000005906) handling event "create" for row 45a4ed28-6c31-4489-94c6-82f54da7e41c (table: Logical_Switch_Port) {{(pid=91306) notify /opt/stack/neutron/neutron/plugins/ml2/drivers/ovn/mech_driver/ovsdb/ovsdb_monitor.py:1013}}
