Jul 23 09:25:49.161814 np0000005747 nova-scheduler[93451]: DEBUG cotyledon.oslo_config_glue [-] oslo_messaging_rabbit.rabbit_quorum_delivery_limit = 0 {{(pid=93451) log_opt_values /opt/stack/data/venv/lib/python3.12/site-packages/oslo_config/cfg.py:3253}}
Jul 23 09:25:49.161887 np0000005747 nova-scheduler[93451]: DEBUG cotyledon.oslo_config_glue [-] oslo_messaging_rabbit.rabbit_quorum_max_memory_bytes = 0 {{(pid=93451) log_opt_values /opt/stack/data/venv/lib/python3.12/site-packages/oslo_config/cfg.py:3253}}
Jul 23 09:25:49.161957 np0000005747 nova-scheduler[93451]: DEBUG cotyledon.oslo_config_glue [-] oslo_messaging_rabbit.rabbit_quorum_max_memory_length = 0 {{(pid=93451) log_opt_values /opt/stack/data/venv/lib/python3.12/site-packages/oslo_config/cfg.py:3253}}
Jul 23 09:25:49.162044 np0000005747 nova-scheduler[93451]: DEBUG cotyledon.oslo_config_glue [-] oslo_messaging_rabbit.rabbit_quorum_queue = False {{(pid=93451) log_opt_values /opt/stack/data/venv/lib/python3.12/site-packages/oslo_config/cfg.py:3253}}
Jul 23 09:25:49.162110 np0000005747 nova-scheduler[93451]: DEBUG cotyledon.oslo_config_glue [-] oslo_messaging_rabbit.rabbit_retry_backoff = 2 {{(pid=93451) log_opt_values /opt/stack/data/venv/lib/python3.12/site-packages/oslo_config/cfg.py:3253}}
Jul 23 09:25:49.162177 np0000005747 nova-scheduler[93451]: DEBUG cotyledon.oslo_config_glue [-] oslo_messaging_rabbit.rabbit_retry_interval = 1 {{(pid=93451) log_opt_values /opt/stack/data/venv/lib/python3.12/site-packages/oslo_config/cfg.py:3253}}
Jul 23 09:25:49.162243 np0000005747 nova-scheduler[93451]: DEBUG cotyledon.oslo_config_glue [-] oslo_messaging_rabbit.rabbit_stream_fanout = False {{(pid=93451) log_opt_values /opt/stack/data/venv/lib/python3.12/site-packages/oslo_config/cfg.py:3253}}
Jul 23 09:25:49.162314 np0000005747 nova-scheduler[93451]: DEBUG cotyledon.oslo_config_glue [-] oslo_messaging_rabbit.rabbit_transient_queues_ttl = 1800 {{(pid=93451) log_opt_values /opt/stack/data/venv/lib/python3.12/site-packages/oslo_config/cfg.py:3253}}
Jul 23 09:25:49.162381 np0000005747 nova-scheduler[93451]: DEBUG cotyledon.oslo_config_glue [-] oslo_messaging_rabbit.rabbit_transient_quorum_queue = False {{(pid=93451) log_opt_values /opt/stack/data/venv/lib/python3.12/site-packages/oslo_config/cfg.py:3253}}
Jul 23 09:25:49.162463 np0000005747 nova-scheduler[93451]: DEBUG cotyledon.oslo_config_glue [-] oslo_messaging_rabbit.rpc_conn_pool_size = 30 {{(pid=93451) log_opt_values /opt/stack/data/venv/lib/python3.12/site-packages/oslo_config/cfg.py:3253}}
Jul 23 09:25:49.162552 np0000005747 nova-scheduler[93451]: DEBUG cotyledon.oslo_config_glue [-] oslo_messaging_rabbit.ssl = False {{(pid=93451) log_opt_values /opt/stack/data/venv/lib/python3.12/site-packages/oslo_config/cfg.py:3253}}
Jul 23 09:25:49.162625 np0000005747 nova-scheduler[93451]: DEBUG cotyledon.oslo_config_glue [-] oslo_messaging_rabbit.ssl_ca_file = {{(pid=93451) log_opt_values /opt/stack/data/venv/lib/python3.12/site-packages/oslo_config/cfg.py:3253}}
Jul 23 09:25:49.162695 np0000005747 nova-scheduler[93451]: DEBUG cotyledon.oslo_config_glue [-] oslo_messaging_rabbit.ssl_cert_file = {{(pid=93451) log_opt_values /opt/stack/data/venv/lib/python3.12/site-packages/oslo_config/cfg.py:3253}}
Jul 23 09:25:49.162765 np0000005747 nova-scheduler[93451]: DEBUG cotyledon.oslo_config_glue [-] oslo_messaging_rabbit.ssl_enforce_fips_mode = False {{(pid=93451) log_opt_values /opt/stack/data/venv/lib/python3.12/site-packages/oslo_config/cfg.py:3253}}
Jul 23 09:25:49.162835 np0000005747 nova-scheduler[93451]: DEBUG cotyledon.oslo_config_glue [-] oslo_messaging_rabbit.ssl_enforce_hostname_verification = True {{(pid=93451) log_opt_values /opt/stack/data/venv/lib/python3.12/site-packages/oslo_config/cfg.py:3253}}
Jul 23 09:25:49.162905 np0000005747 nova-scheduler[93451]: DEBUG cotyledon.oslo_config_glue [-] oslo_messaging_rabbit.ssl_key_file = {{(pid=93451) log_opt_values /opt/stack/data/venv/lib/python3.12/site-packages/oslo_config/cfg.py:3253}}
Jul 23 09:25:49.162985 np0000005747 nova-scheduler[93451]: DEBUG cotyledon.oslo_config_glue [-] oslo_messaging_rabbit.ssl_version = {{(pid=93451) log_opt_values /opt/stack/data/venv/lib/python3.12/site-packages/oslo_config/cfg.py:3253}}
Jul 23 09:25:49.163067 np0000005747 nova-scheduler[93451]: DEBUG cotyledon.oslo_config_glue [-] oslo_messaging_rabbit.use_queue_manager = False {{(pid=93451) log_opt_values /opt/stack/data/venv/lib/python3.12/site-packages/oslo_config/cfg.py:3253}}
Jul 23 09:25:49.163159 np0000005747 nova-scheduler[93451]: DEBUG cotyledon.oslo_config_glue [-] oslo_messaging_notifications.driver = ['messagingv2'] {{(pid=93451) log_opt_values /opt/stack/data/venv/lib/python3.12/site-packages/oslo_config/cfg.py:3253}}
Jul 23 09:25:49.163240 np0000005747 nova-scheduler[93451]: DEBUG cotyledon.oslo_config_glue [-] oslo_messaging_notifications.retry = -1 {{(pid=93451) log_opt_values /opt/stack/data/venv/lib/python3.12/site-packages/oslo_config/cfg.py:3253}}
Jul 23 09:25:49.163320 np0000005747 nova-scheduler[93451]: DEBUG cotyledon.oslo_config_glue [-] oslo_messaging_notifications.topics = ['notifications'] {{(pid=93451) log_opt_values /opt/stack/data/venv/lib/python3.12/site-packages/oslo_config/cfg.py:3253}}
Jul 23 09:25:49.163391 np0000005747 nova-scheduler[93451]: DEBUG cotyledon.oslo_config_glue [-] oslo_messaging_notifications.transport_url = **** {{(pid=93451) log_opt_values /opt/stack/data/venv/lib/python3.12/site-packages/oslo_config/cfg.py:3253}}
Jul 23 09:25:49.163487 np0000005747 nova-scheduler[93451]: DEBUG cotyledon.oslo_config_glue [-] oslo_limit.auth_section = None {{(pid=93451) log_opt_values /opt/stack/data/venv/lib/python3.12/site-packages/oslo_config/cfg.py:3253}}
Jul 23 09:25:49.163700 np0000005747 nova-scheduler[93451]: DEBUG cotyledon.oslo_config_glue [-] oslo_limit.auth_type = None {{(pid=93451) log_opt_values /opt/stack/data/venv/lib/python3.12/site-packages/oslo_config/cfg.py:3253}}
Jul 23 09:25:49.163787 np0000005747 nova-scheduler[93451]: DEBUG cotyledon.oslo_config_glue [-] oslo_limit.cafile = None {{(pid=93451) log_opt_values /opt/stack/data/venv/lib/python3.12/site-packages/oslo_config/cfg.py:3253}}
Jul 23 09:25:49.163864 np0000005747 nova-scheduler[93451]: DEBUG cotyledon.oslo_config_glue [-] oslo_limit.certfile = None {{(pid=93451) log_opt_values /opt/stack/data/venv/lib/python3.12/site-packages/oslo_config/cfg.py:3253}}
Jul 23 09:25:49.163940 np0000005747 nova-scheduler[93451]: DEBUG cotyledon.oslo_config_glue [-] oslo_limit.collect_timing = False {{(pid=93451) log_opt_values /opt/stack/data/venv/lib/python3.12/site-packages/oslo_config/cfg.py:3253}}
Jul 23 09:25:49.164032 np0000005747 nova-scheduler[93451]: DEBUG cotyledon.oslo_config_glue [-] oslo_limit.connect_retries = None {{(pid=93451) log_opt_values /opt/stack/data/venv/lib/python3.12/site-packages/oslo_config/cfg.py:3253}}
Jul 23 09:25:49.164104 np0000005747 nova-scheduler[93451]: DEBUG cotyledon.oslo_config_glue [-] oslo_limit.connect_retry_delay = None {{(pid=93451) log_opt_values /opt/stack/data/venv/lib/python3.12/site-packages/oslo_config/cfg.py:3253}}
Jul 23 09:25:49.164177 np0000005747 nova-scheduler[93451]: DEBUG cotyledon.oslo_config_glue [-] oslo_limit.endpoint_id = None {{(pid=93451) log_opt_values /opt/stack/data/venv/lib/python3.12/site-packages/oslo_config/cfg.py:3253}}
Jul 23 09:25:49.164247 np0000005747 nova-scheduler[93451]: DEBUG cotyledon.oslo_config_glue [-] oslo_limit.endpoint_interface = public {{(pid=93451) log_opt_values /opt/stack/data/venv/lib/python3.12/site-packages/oslo_config/cfg.py:3253}}
Jul 23 09:25:49.164329 np0000005747 nova-scheduler[93451]: DEBUG cotyledon.oslo_config_glue [-] oslo_limit.endpoint_override = None {{(pid=93451) log_opt_values /opt/stack/data/venv/lib/python3.12/site-packages/oslo_config/cfg.py:3253}}
Jul 23 09:25:49.164399 np0000005747 nova-scheduler[93451]: DEBUG cotyledon.oslo_config_glue [-] oslo_limit.endpoint_region_name = None {{(pid=93451) log_opt_values /opt/stack/data/venv/lib/python3.12/site-packages/oslo_config/cfg.py:3253}}
Jul 23 09:25:49.164479 np0000005747 nova-scheduler[93451]: DEBUG cotyledon.oslo_config_glue [-] oslo_limit.endpoint_service_name = None {{(pid=93451) log_opt_values /opt/stack/data/venv/lib/python3.12/site-packages/oslo_config/cfg.py:3253}}
Jul 23 09:25:49.164569 np0000005747 nova-scheduler[93451]: DEBUG cotyledon.oslo_config_glue [-] oslo_limit.endpoint_service_type = None {{(pid=93451) log_opt_values /opt/stack/data/venv/lib/python3.12/site-packages/oslo_config/cfg.py:3253}}
Jul 23 09:25:49.164639 np0000005747 nova-scheduler[93451]: DEBUG cotyledon.oslo_config_glue [-] oslo_limit.insecure = False {{(pid=93451) log_opt_values /opt/stack/data/venv/lib/python3.12/site-packages/oslo_config/cfg.py:3253}}
Jul 23 09:25:49.164719 np0000005747 nova-scheduler[93451]: DEBUG cotyledon.oslo_config_glue [-] oslo_limit.keyfile = None {{(pid=93451) log_opt_values /opt/stack/data/venv/lib/python3.12/site-packages/oslo_config/cfg.py:3253}}
Jul 23 09:25:49.164788 np0000005747 nova-scheduler[93451]: DEBUG cotyledon.oslo_config_glue [-] oslo_limit.max_version = None {{(pid=93451) log_opt_values /opt/stack/data/venv/lib/python3.12/site-packages/oslo_config/cfg.py:3253}}
Jul 23 09:25:49.164854 np0000005747 nova-scheduler[93451]: DEBUG cotyledon.oslo_config_glue [-] oslo_limit.min_version = None {{(pid=93451) log_opt_values /opt/stack/data/venv/lib/python3.12/site-packages/oslo_config/cfg.py:3253}}
Jul 23 09:25:49.164923 np0000005747 nova-scheduler[93451]: DEBUG cotyledon.oslo_config_glue [-] oslo_limit.region_name = None {{(pid=93451) log_opt_values /opt/stack/data/venv/lib/python3.12/site-packages/oslo_config/cfg.py:3253}}
Jul 23 09:25:49.164999 np0000005747 nova-scheduler[93451]: DEBUG cotyledon.oslo_config_glue [-] oslo_limit.retriable_status_codes = None {{(pid=93451) log_opt_values /opt/stack/data/venv/lib/python3.12/site-packages/oslo_config/cfg.py:3253}}
Jul 23 09:25:49.165084 np0000005747 nova-scheduler[93451]: DEBUG cotyledon.oslo_config_glue [-] oslo_limit.service_name = None {{(pid=93451) log_opt_values /opt/stack/data/venv/lib/python3.12/site-packages/oslo_config/cfg.py:3253}}
Jul 23 09:25:49.165156 np0000005747 nova-scheduler[93451]: DEBUG cotyledon.oslo_config_glue [-] oslo_limit.service_type = None {{(pid=93451) log_opt_values /opt/stack/data/venv/lib/python3.12/site-packages/oslo_config/cfg.py:3253}}
Jul 23 09:25:49.165226 np0000005747 nova-scheduler[93451]: DEBUG cotyledon.oslo_config_glue [-] oslo_limit.split_loggers = False {{(pid=93451) log_opt_values /opt/stack/data/venv/lib/python3.12/site-packages/oslo_config/cfg.py:3253}}
Jul 23 09:25:49.165295 np0000005747 nova-scheduler[93451]: DEBUG cotyledon.oslo_config_glue [-] oslo_limit.status_code_retries = None {{(pid=93451) log_opt_values /opt/stack/data/venv/lib/python3.12/site-packages/oslo_config/cfg.py:3253}}
Jul 23 09:25:49.165370 np0000005747 nova-scheduler[93451]: DEBUG cotyledon.oslo_config_glue [-] oslo_limit.status_code_retry_delay = None {{(pid=93451) log_opt_values /opt/stack/data/venv/lib/python3.12/site-packages/oslo_config/cfg.py:3253}}
Jul 23 09:25:49.165427 np0000005747 nova-scheduler[93451]: DEBUG cotyledon.oslo_config_glue [-] oslo_limit.timeout = None {{(pid=93451) log_opt_values /opt/stack/data/venv/lib/python3.12/site-packages/oslo_config/cfg.py:3253}}
Jul 23 09:25:49.165506 np0000005747 nova-scheduler[93451]: DEBUG cotyledon.oslo_config_glue [-] oslo_limit.valid_interfaces = None {{(pid=93451) log_opt_values /opt/stack/data/venv/lib/python3.12/site-packages/oslo_config/cfg.py:3253}}
Jul 23 09:25:49.165602 np0000005747 nova-scheduler[93451]: DEBUG cotyledon.oslo_config_glue [-] oslo_limit.version = None {{(pid=93451) log_opt_values /opt/stack/data/venv/lib/python3.12/site-packages/oslo_config/cfg.py:3253}}
Jul 23 09:25:49.165686 np0000005747 nova-scheduler[93451]: DEBUG cotyledon.oslo_config_glue [-] oslo_reports.file_event_handler = None {{(pid=93451) log_opt_values /opt/stack/data/venv/lib/python3.12/site-packages/oslo_config/cfg.py:3253}}
Jul 23 09:25:49.165766 np0000005747 nova-scheduler[93451]: DEBUG cotyledon.oslo_config_glue [-] oslo_reports.file_event_handler_interval = 1 {{(pid=93451) log_opt_values /opt/stack/data/venv/lib/python3.12/site-packages/oslo_config/cfg.py:3253}}
Jul 23 09:25:49.166085 np0000005747 nova-scheduler[93451]: DEBUG cotyledon.oslo_config_glue [-] oslo_reports.log_dir = None {{(pid=93451) log_opt_values /opt/stack/data/venv/lib/python3.12/site-packages/oslo_config/cfg.py:3253}}
Jul 23 09:25:49.166160 np0000005747 nova-scheduler[93451]: DEBUG cotyledon.oslo_config_glue [-] ******************************************************************************** {{(pid=93451) log_opt_values /opt/stack/data/venv/lib/python3.12/site-packages/oslo_config/cfg.py:3260}}
Jul 23 09:25:49.166344 np0000005747 nova-scheduler[93451]: DEBUG cotyledon._service_worker [-] Run service ServiceWrapper(1) [93451] {{(pid=93451) wait_forever /opt/stack/data/venv/lib/python3.12/site-packages/cotyledon/_service_worker.py:218}}
Jul 23 09:25:49.167901 np0000005747 nova-scheduler[93451]: INFO nova.service [-] Starting scheduler node (version 33.1.0)
Jul 23 09:25:49.172310 np0000005747 nova-scheduler[93451]: INFO dbcounter [None req-b384ad94-c55f-4a3a-bf3a-07d5d87afad3 None None] Registered counter for database nova_cell0
Jul 23 09:25:49.183903 np0000005747 nova-scheduler[93449]: DEBUG oslo_db.sqlalchemy.engines [None req-f8a52733-e087-4faa-b4e9-d442c60adc13 None None] MySQL server mode set to STRICT_TRANS_TABLES,STRICT_ALL_TABLES,NO_ZERO_IN_DATE,NO_ZERO_DATE,ERROR_FOR_DIVISION_BY_ZERO,TRADITIONAL,NO_ENGINE_SUBSTITUTION {{(pid=93449) _check_effective_sql_mode /opt/stack/data/venv/lib/python3.12/site-packages/oslo_db/sqlalchemy/engines.py:325}}
Jul 23 09:25:49.193390 np0000005747 nova-scheduler[93449]: DEBUG dbcounter [-] [93449] Writer thread running {{(pid=93449) stat_writer /opt/stack/data/venv/lib/python3.12/site-packages/dbcounter.py:102}}
Jul 23 09:25:49.203331 np0000005747 nova-scheduler[93471]: DEBUG oslo_db.sqlalchemy.engines [None req-306be0b1-34d9-4220-b427-36a9820122dc None None] MySQL server mode set to STRICT_TRANS_TABLES,STRICT_ALL_TABLES,NO_ZERO_IN_DATE,NO_ZERO_DATE,ERROR_FOR_DIVISION_BY_ZERO,TRADITIONAL,NO_ENGINE_SUBSTITUTION {{(pid=93471) _check_effective_sql_mode /opt/stack/data/venv/lib/python3.12/site-packages/oslo_db/sqlalchemy/engines.py:325}}
Jul 23 09:25:49.206873 np0000005747 nova-scheduler[93451]: DEBUG oslo_db.sqlalchemy.engines [None req-b384ad94-c55f-4a3a-bf3a-07d5d87afad3 None None] MySQL server mode set to STRICT_TRANS_TABLES,STRICT_ALL_TABLES,NO_ZERO_IN_DATE,NO_ZERO_DATE,ERROR_FOR_DIVISION_BY_ZERO,TRADITIONAL,NO_ENGINE_SUBSTITUTION {{(pid=93451) _check_effective_sql_mode /opt/stack/data/venv/lib/python3.12/site-packages/oslo_db/sqlalchemy/engines.py:325}}
Jul 23 09:25:49.208282 np0000005747 nova-scheduler[93449]: DEBUG nova.service [None req-f8a52733-e087-4faa-b4e9-d442c60adc13 None None] Creating RPC server for service: nova-scheduler on topic: scheduler {{(pid=93449) start /opt/stack/nova/nova/service.py:196}}
Jul 23 09:25:49.216051 np0000005747 nova-scheduler[93451]: DEBUG dbcounter [-] [93451] Writer thread running {{(pid=93451) stat_writer /opt/stack/data/venv/lib/python3.12/site-packages/dbcounter.py:102}}
Jul 23 09:25:49.216297 np0000005747 nova-scheduler[93471]: DEBUG dbcounter [-] [93471] Writer thread running {{(pid=93471) stat_writer /opt/stack/data/venv/lib/python3.12/site-packages/dbcounter.py:102}}
Jul 23 09:25:49.219131 np0000005747 nova-scheduler[93451]: DEBUG nova.service [None req-b384ad94-c55f-4a3a-bf3a-07d5d87afad3 None None] Creating RPC server for service: nova-scheduler on topic: scheduler {{(pid=93451) start /opt/stack/nova/nova/service.py:196}}
Jul 23 09:25:49.219582 np0000005747 nova-scheduler[93471]: DEBUG nova.service [None req-306be0b1-34d9-4220-b427-36a9820122dc None None] Creating RPC server for service: nova-scheduler on topic: scheduler {{(pid=93471) start /opt/stack/nova/nova/service.py:196}}
Jul 23 09:25:49.231142 np0000005747 nova-scheduler[93449]: DEBUG nova.service [None req-f8a52733-e087-4faa-b4e9-d442c60adc13 None None] Join ServiceGroup membership for this service scheduler {{(pid=93449) start /opt/stack/nova/nova/service.py:222}}
Jul 23 09:25:49.231790 np0000005747 nova-scheduler[93449]: DEBUG nova.servicegroup.drivers.db [None req-f8a52733-e087-4faa-b4e9-d442c60adc13 None None] DB_Driver: join new ServiceGroup member np0000005747 to the scheduler group, service = {{(pid=93449) join /opt/stack/nova/nova/servicegroup/drivers/db.py:44}}
Jul 23 09:25:49.235883 np0000005747 nova-scheduler[93451]: DEBUG nova.service [None req-b384ad94-c55f-4a3a-bf3a-07d5d87afad3 None None] Join ServiceGroup membership for this service scheduler {{(pid=93451) start /opt/stack/nova/nova/service.py:222}}
Jul 23 09:25:49.236064 np0000005747 nova-scheduler[93451]: DEBUG nova.servicegroup.drivers.db [None req-b384ad94-c55f-4a3a-bf3a-07d5d87afad3 None None] DB_Driver: join new ServiceGroup member np0000005747 to the scheduler group, service = {{(pid=93451) join /opt/stack/nova/nova/servicegroup/drivers/db.py:44}}
Jul 23 09:25:49.242714 np0000005747 nova-scheduler[93471]: DEBUG nova.service [None req-306be0b1-34d9-4220-b427-36a9820122dc None None] Join ServiceGroup membership for this service scheduler {{(pid=93471) start /opt/stack/nova/nova/service.py:222}}
Jul 23 09:25:49.242923 np0000005747 nova-scheduler[93471]: DEBUG nova.servicegroup.drivers.db [None req-306be0b1-34d9-4220-b427-36a9820122dc None None] DB_Driver: join new ServiceGroup member np0000005747 to the scheduler group, service = {{(pid=93471) join /opt/stack/nova/nova/servicegroup/drivers/db.py:44}}
Jul 23 09:25:54.264083 np0000005747 nova-scheduler[93451]: DEBUG oslo.service.backend._threading.loopingcall [-] Fixed interval looping call 'nova.servicegroup.drivers.db.DbDriver._report_state' sleeping for 119.97 seconds {{(pid=93451) _run_loop /opt/stack/data/venv/lib/python3.12/site-packages/oslo_service/backend/_threading/loopingcall.py:125}}
Jul 23 09:25:54.264963 np0000005747 nova-scheduler[93471]: DEBUG oslo.service.backend._threading.loopingcall [-] Fixed interval looping call 'nova.servicegroup.drivers.db.DbDriver._report_state' sleeping for 119.98 seconds {{(pid=93471) _run_loop /opt/stack/data/venv/lib/python3.12/site-packages/oslo_service/backend/_threading/loopingcall.py:125}}
Jul 23 09:25:54.265270 np0000005747 nova-scheduler[93449]: DEBUG oslo.service.backend._threading.loopingcall [-] Fixed interval looping call 'nova.servicegroup.drivers.db.DbDriver._report_state' sleeping for 119.97 seconds {{(pid=93449) _run_loop /opt/stack/data/venv/lib/python3.12/site-packages/oslo_service/backend/_threading/loopingcall.py:125}}
Jul 23 09:25:57.811971 np0000005747 nova-scheduler[92240]: DEBUG dbcounter [-] [92240] Writing DB stats nova_api:SELECT=3 {{(pid=92240) stat_writer /opt/stack/data/venv/lib/python3.12/site-packages/dbcounter.py:115}}
Jul 23 09:25:57.932221 np0000005747 nova-scheduler[92240]: DEBUG dbcounter [-] [92240] Writing DB stats nova_cell1:SELECT=1 {{(pid=92240) stat_writer /opt/stack/data/venv/lib/python3.12/site-packages/dbcounter.py:115}}
Jul 23 09:25:57.937711 np0000005747 nova-scheduler[92240]: DEBUG dbcounter [-] [92240] Writing DB stats nova_cell0:SELECT=1 {{(pid=92240) stat_writer /opt/stack/data/venv/lib/python3.12/site-packages/dbcounter.py:115}}
Jul 23 09:26:04.255598 np0000005747 nova-scheduler[93449]: DEBUG dbcounter [-] [93449] Writing DB stats nova_cell0:SELECT=4,nova_cell0:INSERT=1,nova_cell0:UPDATE=1 {{(pid=93449) stat_writer /opt/stack/data/venv/lib/python3.12/site-packages/dbcounter.py:115}}
Jul 23 09:26:04.257265 np0000005747 nova-scheduler[93451]: DEBUG dbcounter [-] [93451] Writing DB stats nova_cell0:SELECT=3,nova_cell0:UPDATE=1 {{(pid=93451) stat_writer /opt/stack/data/venv/lib/python3.12/site-packages/dbcounter.py:115}}
Jul 23 09:26:04.259346 np0000005747 nova-scheduler[93471]: DEBUG dbcounter [-] [93471] Writing DB stats nova_cell0:SELECT=3,nova_cell0:UPDATE=1 {{(pid=93471) stat_writer /opt/stack/data/venv/lib/python3.12/site-packages/dbcounter.py:115}}
Jul 23 09:26:05.238244 np0000005747 nova-scheduler[93451]: DEBUG oslo.service.backend._threading.loopingcall [None req-67f853ad-ff4d-4455-9d9d-454cbdc82847 None None] Dynamic interval looping call 'nova.service.Service.periodic_tasks' sleeping for 60.00 seconds {{(pid=93451) _run_loop /opt/stack/data/venv/lib/python3.12/site-packages/oslo_service/backend/_threading/loopingcall.py:125}}
Jul 23 09:26:11.234603 np0000005747 nova-scheduler[93449]: DEBUG oslo.service.backend._threading.loopingcall [None req-9f1fa523-8109-41da-a2e0-1302cec16859 None None] Dynamic interval looping call 'nova.service.Service.periodic_tasks' sleeping for 60.00 seconds {{(pid=93449) _run_loop /opt/stack/data/venv/lib/python3.12/site-packages/oslo_service/backend/_threading/loopingcall.py:125}}
Jul 23 09:26:39.244916 np0000005747 nova-scheduler[93471]: DEBUG oslo.service.backend._threading.loopingcall [None req-cae485c3-cb68-47f5-8273-e53f7987ef52 None None] Dynamic interval looping call 'nova.service.Service.periodic_tasks' sleeping for 60.00 seconds {{(pid=93471) _run_loop /opt/stack/data/venv/lib/python3.12/site-packages/oslo_service/backend/_threading/loopingcall.py:125}}
Jul 23 09:27:05.238765 np0000005747 nova-scheduler[93451]: DEBUG oslo.service.backend._threading.loopingcall [None req-67f853ad-ff4d-4455-9d9d-454cbdc82847 None None] Dynamic interval looping call 'nova.service.Service.periodic_tasks' sleeping for 60.00 seconds {{(pid=93451) _run_loop /opt/stack/data/venv/lib/python3.12/site-packages/oslo_service/backend/_threading/loopingcall.py:125}}
Jul 23 09:27:11.235097 np0000005747 nova-scheduler[93449]: DEBUG oslo.service.backend._threading.loopingcall [None req-9f1fa523-8109-41da-a2e0-1302cec16859 None None] Dynamic interval looping call 'nova.service.Service.periodic_tasks' sleeping for 60.00 seconds {{(pid=93449) _run_loop /opt/stack/data/venv/lib/python3.12/site-packages/oslo_service/backend/_threading/loopingcall.py:125}}
Jul 23 09:27:39.245456 np0000005747 nova-scheduler[93471]: DEBUG oslo.service.backend._threading.loopingcall [None req-cae485c3-cb68-47f5-8273-e53f7987ef52 None None] Dynamic interval looping call 'nova.service.Service.periodic_tasks' sleeping for 60.00 seconds {{(pid=93471) _run_loop /opt/stack/data/venv/lib/python3.12/site-packages/oslo_service/backend/_threading/loopingcall.py:125}}
Jul 23 09:27:54.241598 np0000005747 nova-scheduler[93451]: DEBUG oslo.service.backend._threading.loopingcall [-] Fixed interval looping call 'nova.servicegroup.drivers.db.DbDriver._report_state' sleeping for 119.99 seconds {{(pid=93451) _run_loop /opt/stack/data/venv/lib/python3.12/site-packages/oslo_service/backend/_threading/loopingcall.py:125}}
Jul 23 09:27:54.242351 np0000005747 nova-scheduler[93449]: DEBUG oslo.service.backend._threading.loopingcall [-] Fixed interval looping call 'nova.servicegroup.drivers.db.DbDriver._report_state' sleeping for 119.99 seconds {{(pid=93449) _run_loop /opt/stack/data/venv/lib/python3.12/site-packages/oslo_service/backend/_threading/loopingcall.py:125}}
Jul 23 09:27:54.248432 np0000005747 nova-scheduler[93471]: DEBUG oslo.service.backend._threading.loopingcall [-] Fixed interval looping call 'nova.servicegroup.drivers.db.DbDriver._report_state' sleeping for 120.00 seconds {{(pid=93471) _run_loop /opt/stack/data/venv/lib/python3.12/site-packages/oslo_service/backend/_threading/loopingcall.py:125}}
Jul 23 09:28:04.237765 np0000005747 nova-scheduler[93451]: DEBUG dbcounter [-] [93451] Writing DB stats nova_cell0:SELECT=1,nova_cell0:UPDATE=1 {{(pid=93451) stat_writer /opt/stack/data/venv/lib/python3.12/site-packages/dbcounter.py:115}}
Jul 23 09:28:04.238236 np0000005747 nova-scheduler[93449]: DEBUG dbcounter [-] [93449] Writing DB stats nova_cell0:SELECT=1,nova_cell0:UPDATE=1 {{(pid=93449) stat_writer /opt/stack/data/venv/lib/python3.12/site-packages/dbcounter.py:115}}
Jul 23 09:28:04.247672 np0000005747 nova-scheduler[93471]: DEBUG dbcounter [-] [93471] Writing DB stats nova_cell0:SELECT=1 {{(pid=93471) stat_writer /opt/stack/data/venv/lib/python3.12/site-packages/dbcounter.py:115}}
Jul 23 09:28:05.241992 np0000005747 nova-scheduler[93451]: DEBUG oslo.service.backend._threading.loopingcall [None req-67f853ad-ff4d-4455-9d9d-454cbdc82847 None None] Dynamic interval looping call 'nova.service.Service.periodic_tasks' sleeping for 60.00 seconds {{(pid=93451) _run_loop /opt/stack/data/venv/lib/python3.12/site-packages/oslo_service/backend/_threading/loopingcall.py:125}}
Jul 23 09:28:11.235672 np0000005747 nova-scheduler[93449]: DEBUG oslo.service.backend._threading.loopingcall [None req-9f1fa523-8109-41da-a2e0-1302cec16859 None None] Dynamic interval looping call 'nova.service.Service.periodic_tasks' sleeping for 60.00 seconds {{(pid=93449) _run_loop /opt/stack/data/venv/lib/python3.12/site-packages/oslo_service/backend/_threading/loopingcall.py:125}}
Jul 23 09:28:11.662197 np0000005747 nova-scheduler[93449]: DEBUG nova.scheduler.manager [None req-ad6827c8-8472-4276-a280-bf667c70c7a6 tempest-ImageDependencyTests-736344830 tempest-ImageDependencyTests-736344830-project-member] Starting to schedule for instances: ['00d9e242-1ec1-422e-8c89-5eb4682446d5'] {{(pid=93449) select_destinations /opt/stack/nova/nova/scheduler/manager.py:209}}
Jul 23 09:28:11.662714 np0000005747 nova-scheduler[93449]: DEBUG nova.scheduler.request_filter [None req-ad6827c8-8472-4276-a280-bf667c70c7a6 tempest-ImageDependencyTests-736344830 tempest-ImageDependencyTests-736344830-project-member] compute_status_filter request filter added forbidden trait COMPUTE_STATUS_DISABLED {{(pid=93449) compute_status_filter /opt/stack/nova/nova/scheduler/request_filter.py:253}}
Jul 23 09:28:11.662832 np0000005747 nova-scheduler[93449]: DEBUG nova.scheduler.request_filter [None req-ad6827c8-8472-4276-a280-bf667c70c7a6 tempest-ImageDependencyTests-736344830 tempest-ImageDependencyTests-736344830-project-member] Request filter 'compute_status_filter' took 0.0 seconds {{(pid=93449) wrapper /opt/stack/nova/nova/scheduler/request_filter.py:46}}
Jul 23 09:28:11.663049 np0000005747 nova-scheduler[93449]: DEBUG nova.scheduler.request_filter [None req-ad6827c8-8472-4276-a280-bf667c70c7a6 tempest-ImageDependencyTests-736344830 tempest-ImageDependencyTests-736344830-project-member] Request filter 'accelerators_filter' took 0.0 seconds {{(pid=93449) wrapper /opt/stack/nova/nova/scheduler/request_filter.py:46}}
Jul 23 09:28:11.663262 np0000005747 nova-scheduler[93449]: DEBUG nova.scheduler.request_filter [None req-ad6827c8-8472-4276-a280-bf667c70c7a6 tempest-ImageDependencyTests-736344830 tempest-ImageDependencyTests-736344830-project-member] Request filter 'packed_virtqueue_filter' took 0.0 seconds {{(pid=93449) wrapper /opt/stack/nova/nova/scheduler/request_filter.py:46}}
Jul 23 09:28:11.663466 np0000005747 nova-scheduler[93449]: DEBUG nova.scheduler.request_filter [None req-ad6827c8-8472-4276-a280-bf667c70c7a6 tempest-ImageDependencyTests-736344830 tempest-ImageDependencyTests-736344830-project-member] Request filter 'remote_managed_ports_filter' took 0.0 seconds {{(pid=93449) wrapper /opt/stack/nova/nova/scheduler/request_filter.py:46}}
Jul 23 09:28:11.663640 np0000005747 nova-scheduler[93449]: DEBUG nova.scheduler.request_filter [None req-ad6827c8-8472-4276-a280-bf667c70c7a6 tempest-ImageDependencyTests-736344830 tempest-ImageDependencyTests-736344830-project-member] ephemeral_encryption_filter skipped {{(pid=93449) ephemeral_encryption_filter /opt/stack/nova/nova/scheduler/request_filter.py:426}}
Jul 23 09:28:11.663799 np0000005747 nova-scheduler[93449]: DEBUG nova.scheduler.request_filter [None req-ad6827c8-8472-4276-a280-bf667c70c7a6 tempest-ImageDependencyTests-736344830 tempest-ImageDependencyTests-736344830-project-member] virtio_sound_filter skipped {{(pid=93449) virtio_sound_filter /opt/stack/nova/nova/scheduler/request_filter.py:460}}
Jul 23 09:28:11.663912 np0000005747 nova-scheduler[93449]: DEBUG nova.scheduler.request_filter [None req-ad6827c8-8472-4276-a280-bf667c70c7a6 tempest-ImageDependencyTests-736344830 tempest-ImageDependencyTests-736344830-project-member] tpm_secret_security_filter skipped {{(pid=93449) tpm_secret_security_filter /opt/stack/nova/nova/scheduler/request_filter.py:477}}
Jul 23 09:28:12.149447 np0000005747 nova-scheduler[93449]: INFO nova.utils [None req-ad6827c8-8472-4276-a280-bf667c70c7a6 tempest-ImageDependencyTests-736344830 tempest-ImageDependencyTests-736344830-project-member] The cell worker thread pool ForkProcess-1.cell_worker is initialized
Jul 23 09:28:12.149817 np0000005747 nova-scheduler[93449]: DEBUG oslo_concurrency.lockutils [None req-ad6827c8-8472-4276-a280-bf667c70c7a6 tempest-ImageDependencyTests-736344830 tempest-ImageDependencyTests-736344830-project-member] Acquiring lock "99d979b5-b331-4179-aca7-d67dcc1353fe" by "nova.context.set_target_cell..get_or_set_cached_cell_and_set_connections" {{(pid=93449) inner /opt/stack/data/venv/lib/python3.12/site-packages/oslo_concurrency/lockutils.py:512}}
Jul 23 09:28:12.150039 np0000005747 nova-scheduler[93449]: DEBUG oslo_concurrency.lockutils [None req-ad6827c8-8472-4276-a280-bf667c70c7a6 tempest-ImageDependencyTests-736344830 tempest-ImageDependencyTests-736344830-project-member] Lock "99d979b5-b331-4179-aca7-d67dcc1353fe" acquired by "nova.context.set_target_cell..get_or_set_cached_cell_and_set_connections" :: waited 0.000s {{(pid=93449) inner /opt/stack/data/venv/lib/python3.12/site-packages/oslo_concurrency/lockutils.py:525}}
Jul 23 09:28:12.151408 np0000005747 nova-scheduler[93449]: DEBUG oslo_concurrency.lockutils [None req-ad6827c8-8472-4276-a280-bf667c70c7a6 tempest-ImageDependencyTests-736344830 tempest-ImageDependencyTests-736344830-project-member] Lock "99d979b5-b331-4179-aca7-d67dcc1353fe" "released" by "nova.context.set_target_cell..get_or_set_cached_cell_and_set_connections" :: held 0.001s {{(pid=93449) inner /opt/stack/data/venv/lib/python3.12/site-packages/oslo_concurrency/lockutils.py:544}}
Jul 23 09:28:12.153496 np0000005747 nova-scheduler[93449]: INFO dbcounter [None req-ad6827c8-8472-4276-a280-bf667c70c7a6 tempest-ImageDependencyTests-736344830 tempest-ImageDependencyTests-736344830-project-member] Registered counter for database nova_cell1
Jul 23 09:28:12.182964 np0000005747 nova-scheduler[93449]: DEBUG oslo_db.sqlalchemy.engines [None req-ad6827c8-8472-4276-a280-bf667c70c7a6 tempest-ImageDependencyTests-736344830 tempest-ImageDependencyTests-736344830-project-member] MySQL server mode set to STRICT_TRANS_TABLES,STRICT_ALL_TABLES,NO_ZERO_IN_DATE,NO_ZERO_DATE,ERROR_FOR_DIVISION_BY_ZERO,TRADITIONAL,NO_ENGINE_SUBSTITUTION {{(pid=93449) _check_effective_sql_mode /opt/stack/data/venv/lib/python3.12/site-packages/oslo_db/sqlalchemy/engines.py:325}}
Jul 23 09:28:12.187795 np0000005747 nova-scheduler[93449]: DEBUG dbcounter [-] [93449] Writer thread running {{(pid=93449) stat_writer /opt/stack/data/venv/lib/python3.12/site-packages/dbcounter.py:102}}
Jul 23 09:28:12.199270 np0000005747 nova-scheduler[93449]: DEBUG oslo_db.sqlalchemy.engines [None req-ad6827c8-8472-4276-a280-bf667c70c7a6 tempest-ImageDependencyTests-736344830 tempest-ImageDependencyTests-736344830-project-member] Parent process 92240 forked (93449) with an open database connection, which is being discarded and recreated. {{(pid=93449) checkout /opt/stack/data/venv/lib/python3.12/site-packages/oslo_db/sqlalchemy/engines.py:402}}
Jul 23 09:28:12.233376 np0000005747 nova-scheduler[93449]: DEBUG dbcounter [-] [93449] Writer thread running {{(pid=93449) stat_writer /opt/stack/data/venv/lib/python3.12/site-packages/dbcounter.py:102}}
Jul 23 09:28:12.237668 np0000005747 nova-scheduler[93449]: DEBUG oslo_concurrency.lockutils [None req-ad6827c8-8472-4276-a280-bf667c70c7a6 tempest-ImageDependencyTests-736344830 tempest-ImageDependencyTests-736344830-project-member] Acquiring lock "99d979b5-b331-4179-aca7-d67dcc1353fe" by "nova.context.set_target_cell..get_or_set_cached_cell_and_set_connections" {{(pid=93449) inner /opt/stack/data/venv/lib/python3.12/site-packages/oslo_concurrency/lockutils.py:512}}
Jul 23 09:28:12.237668 np0000005747 nova-scheduler[93449]: DEBUG oslo_concurrency.lockutils [None req-ad6827c8-8472-4276-a280-bf667c70c7a6 tempest-ImageDependencyTests-736344830 tempest-ImageDependencyTests-736344830-project-member] Lock "99d979b5-b331-4179-aca7-d67dcc1353fe" acquired by "nova.context.set_target_cell..get_or_set_cached_cell_and_set_connections" :: waited 0.000s {{(pid=93449) inner /opt/stack/data/venv/lib/python3.12/site-packages/oslo_concurrency/lockutils.py:525}}
Jul 23 09:28:12.237668 np0000005747 nova-scheduler[93449]: DEBUG oslo_concurrency.lockutils [None req-ad6827c8-8472-4276-a280-bf667c70c7a6 tempest-ImageDependencyTests-736344830 tempest-ImageDependencyTests-736344830-project-member] Lock "99d979b5-b331-4179-aca7-d67dcc1353fe" "released" by "nova.context.set_target_cell..get_or_set_cached_cell_and_set_connections" :: held 0.000s {{(pid=93449) inner /opt/stack/data/venv/lib/python3.12/site-packages/oslo_concurrency/lockutils.py:544}}
Jul 23 09:28:12.241801 np0000005747 nova-scheduler[93449]: DEBUG oslo_concurrency.lockutils [None req-ad6827c8-8472-4276-a280-bf667c70c7a6 tempest-ImageDependencyTests-736344830 tempest-ImageDependencyTests-736344830-project-member] Acquiring lock "np0000005747-np0000005747" by "nova.scheduler.host_manager.HostState.update.._locked_update" {{(pid=93449) inner /opt/stack/data/venv/lib/python3.12/site-packages/oslo_concurrency/lockutils.py:512}}
Jul 23 09:28:12.241957 np0000005747 nova-scheduler[93449]: DEBUG oslo_concurrency.lockutils [None req-ad6827c8-8472-4276-a280-bf667c70c7a6 tempest-ImageDependencyTests-736344830 tempest-ImageDependencyTests-736344830-project-member] Lock "np0000005747-np0000005747" acquired by "nova.scheduler.host_manager.HostState.update.._locked_update" :: waited 0.000s {{(pid=93449) inner /opt/stack/data/venv/lib/python3.12/site-packages/oslo_concurrency/lockutils.py:525}}
Jul 23 09:28:12.243008 np0000005747 nova-scheduler[93449]: DEBUG nova.scheduler.host_manager [None req-ad6827c8-8472-4276-a280-bf667c70c7a6 tempest-ImageDependencyTests-736344830 tempest-ImageDependencyTests-736344830-project-member] Update host state from compute node: ComputeNode(cpu_allocation_ratio=4.0,cpu_info='{"arch": "x86_64", "model": "EPYC-Milan", "vendor": "AMD", "topology": {"cells": 1, "sockets": 16, "cores": 1, "threads": 1}, "maxphysaddr": {"mode": "emulate", "bits": 40}, "features": ["hypervisor", "perfctr_core", "cx16", "pschange-mc-no", "arat", "sse4.2", "syscall", "bmi2", "cmov", "pse", "pclmuldq", "clwb", "stibp", "x2apic", "vgif", "gds-no", "fpu", "stibp-always-on", "flushbyasid", "vme", "popcnt", "clflush", "mmx", "pku", "vmcb-clean", "cmp_legacy", "pcid", "sha-ni", "fma", "misalignsse", "msr", "lfence-always-serializing", "pni", "xsavec", "pge", "vpclmulqdq", "movbe", "f16c", "fsrm", "mce", "lbrv", "svme-addr-chk", "lahf_lm", "aes", "xsave", "fxsr", "xsaves", "xsaveopt", "avx2", "fsgsbase", "pat", "ibrs", "smap", "tsc_adjust", "no-nested-data-bp", "virt-ssbd", "cx8", "clflushopt", "sse", "mmxext", "amd-psfd", "ibpb", "cr8legacy", "skip-l1dfl-vmentry", "3dnowprefetch", "erms", "nx", "pause-filter", "umip", "topoext", "smep", "vaes", "wbnoinvd", "rdctl-no", "rdrand", "ssbd", "osvw", "xsaveerptr", "npt", "sse2", "sse4a", "bmi1", "fxsr_opt", "tsc", "adx", "arch-capabilities", "spec-ctrl", "mca", "clzero", "rdseed", "pae", "svm", "nrip-save", "amd-stibp", "sse4.1", "amd-ssbd", "null-sel-clr-base", "tsc-deadline", "tsc-scale", "pdpe1gb", "pse36", "avx", "rdtscp", "ssse3", "de", "lm", "v-vmsave-vmload", "invpcid", "mds-no", "mtrr", "xgetbv1", "apic", "abm", "pfthreshold", "sep", "rdpid"]}',created_at=2026-07-23T09:26:10Z,current_workload=0,deleted=False,deleted_at=None,disk_allocation_ratio=1.0,disk_available_least=73,free_disk_gb=95,free_ram_mb=62765,host='np0000005747',host_ip=10.4.3.188,hypervisor_hostname='np0000005747',hypervisor_type='QEMU',hypervisor_version=8002002,id=1,local_gb=95,local_gb_used=0,mapped=1,memory_mb=63277,memory_mb_used=512,metrics='[]',numa_topology='{"nova_object.name": "NUMATopology", "nova_object.namespace": "nova", "nova_object.version": "1.2", "nova_object.data": {"cells": [{"nova_object.name": "NUMACell", "nova_object.namespace": "nova", "nova_object.version": "1.5", "nova_object.data": {"id": 0, "cpuset": [0, 1, 2, 3, 4, 5, 6, 7, 8, 9, 10, 11, 12, 13, 14, 15], "pcpuset": [0, 1, 2, 3, 4, 5, 6, 7, 8, 9, 10, 11, 12, 13, 14, 15], "memory": 63277, "cpu_usage": 0, "memory_usage": 0, "pinned_cpus": [], "siblings": [[6], [12], [2], [15], [5], [11], [8], [14], [4], [1], [7], [10], [0], [13], [3], [9]], "mempages": [{"nova_object.name": "NUMAPagesTopology", "nova_object.namespace": "nova", "nova_object.version": "1.1", "nova_object.data": {"size_kb": 4, "total": 16177929, "used": 0, "reserved": 0}, "nova_object.changes": ["size_kb", "reserved", "used", "total"]}, {"nova_object.name": "NUMAPagesTopology", "nova_object.namespace": "nova", "nova_object.version": "1.1", "nova_object.data": {"size_kb": 2048, "total": 41, "used": 0, "reserved": 0}, "nova_object.changes": ["size_kb", "reserved", "used", "total"]}, {"nova_object.name": "NUMAPagesTopology", "nova_object.namespace": "nova", "nova_object.version": "1.1", "nova_object.data": {"size_kb": 1048576, "total": 0, "used": 0, "reserved": 0}, "nova_object.changes": ["size_kb", "reserved", "used", "total"]}], "network_metadata": {"nova_object.name": "NetworkMetadata", "nova_object.namespace": "nova", "nova_object.version": "1.0", "nova_object.data": {"physnets": [], "tunneled": false}, "nova_object.changes": ["physnets", "tunneled"]}, "socket": null}, "nova_object.changes": ["siblings", "pcpuset", "mempages", "pinned_cpus", "memory", "cpuset", "network_metadata", "id", "cpu_usage", "socket", "memory_usage"]}]}, "nova_object.changes": ["cells"]}',pci_device_pools=PciDevicePoolList,ram_allocation_ratio=1.0,running_vms=0,service_id=3,stats={failed_builds='0',uptime=' 09:27:56 up 14 min, 2 users, load average: 1.66, 1.62, 0.92
Jul 23 09:28:12.243008 np0000005747 nova-scheduler[93449]: '},supported_hv_specs=[HVSpec,HVSpec,HVSpec,HVSpec,HVSpec,HVSpec,HVSpec,HVSpec,HVSpec,HVSpec,HVSpec,HVSpec,HVSpec,HVSpec,HVSpec,HVSpec,HVSpec,HVSpec,HVSpec,HVSpec,HVSpec,HVSpec,HVSpec,HVSpec,HVSpec],updated_at=2026-07-23T09:27:57Z,uuid=deb787f0-3d58-4f2f-ae9e-1dbec1397b07,vcpus=16,vcpus_used=0) {{(pid=93449) _locked_update /opt/stack/nova/nova/scheduler/host_manager.py:168}}
Jul 23 09:28:12.243956 np0000005747 nova-scheduler[93449]: DEBUG nova.scheduler.host_manager [None req-ad6827c8-8472-4276-a280-bf667c70c7a6 tempest-ImageDependencyTests-736344830 tempest-ImageDependencyTests-736344830-project-member] Update host state with aggregates: [] {{(pid=93449) _locked_update /opt/stack/nova/nova/scheduler/host_manager.py:171}}
Jul 23 09:28:12.244090 np0000005747 nova-scheduler[93449]: DEBUG nova.scheduler.host_manager [None req-ad6827c8-8472-4276-a280-bf667c70c7a6 tempest-ImageDependencyTests-736344830 tempest-ImageDependencyTests-736344830-project-member] Update host state with service dict: {'id': 3, 'uuid': '12858c48-94ba-4388-8675-460eb6b8f9bc', 'host': 'np0000005747', 'binary': 'nova-compute', 'topic': 'compute', 'report_count': 1, 'disabled': False, 'disabled_reason': None, 'last_seen_up': datetime.datetime(2026, 7, 23, 9, 26, 16, tzinfo=datetime.timezone.utc), 'forced_down': False, 'version': 72, 'created_at': datetime.datetime(2026, 7, 23, 9, 26, 10, tzinfo=datetime.timezone.utc), 'updated_at': datetime.datetime(2026, 7, 23, 9, 26, 16, tzinfo=datetime.timezone.utc), 'deleted_at': None, 'deleted': False} {{(pid=93449) _locked_update /opt/stack/nova/nova/scheduler/host_manager.py:174}}
Jul 23 09:28:12.244494 np0000005747 nova-scheduler[93449]: DEBUG nova.scheduler.host_manager [None req-ad6827c8-8472-4276-a280-bf667c70c7a6 tempest-ImageDependencyTests-736344830 tempest-ImageDependencyTests-736344830-project-member] Update host state with instances: [] {{(pid=93449) _locked_update /opt/stack/nova/nova/scheduler/host_manager.py:177}}
Jul 23 09:28:12.244494 np0000005747 nova-scheduler[93449]: DEBUG oslo_concurrency.lockutils [None req-ad6827c8-8472-4276-a280-bf667c70c7a6 tempest-ImageDependencyTests-736344830 tempest-ImageDependencyTests-736344830-project-member] Lock "np0000005747-np0000005747" "released" by "nova.scheduler.host_manager.HostState.update.._locked_update" :: held 0.002s {{(pid=93449) inner /opt/stack/data/venv/lib/python3.12/site-packages/oslo_concurrency/lockutils.py:544}}
Jul 23 09:28:12.244799 np0000005747 nova-scheduler[93449]: DEBUG nova.filters [None req-ad6827c8-8472-4276-a280-bf667c70c7a6 tempest-ImageDependencyTests-736344830 tempest-ImageDependencyTests-736344830-project-member] Starting with 1 host(s) {{(pid=93449) get_filtered_objects /opt/stack/nova/nova/filters.py:70}}
Jul 23 09:28:12.245031 np0000005747 nova-scheduler[93449]: DEBUG nova.filters [None req-ad6827c8-8472-4276-a280-bf667c70c7a6 tempest-ImageDependencyTests-736344830 tempest-ImageDependencyTests-736344830-project-member] Filter ComputeFilter returned 1 host(s) {{(pid=93449) get_filtered_objects /opt/stack/nova/nova/filters.py:102}}
Jul 23 09:28:12.245178 np0000005747 nova-scheduler[93449]: DEBUG nova.filters [None req-ad6827c8-8472-4276-a280-bf667c70c7a6 tempest-ImageDependencyTests-736344830 tempest-ImageDependencyTests-736344830-project-member] Filter ComputeCapabilitiesFilter returned 1 host(s) {{(pid=93449) get_filtered_objects /opt/stack/nova/nova/filters.py:102}}
Jul 23 09:28:12.245376 np0000005747 nova-scheduler[93449]: DEBUG nova.filters [None req-ad6827c8-8472-4276-a280-bf667c70c7a6 tempest-ImageDependencyTests-736344830 tempest-ImageDependencyTests-736344830-project-member] Filter ImagePropertiesFilter returned 1 host(s) {{(pid=93449) get_filtered_objects /opt/stack/nova/nova/filters.py:102}}
Jul 23 09:28:12.245852 np0000005747 nova-scheduler[93449]: DEBUG nova.filters [None req-ad6827c8-8472-4276-a280-bf667c70c7a6 tempest-ImageDependencyTests-736344830 tempest-ImageDependencyTests-736344830-project-member] Filter ServerGroupAntiAffinityFilter returned 1 host(s) {{(pid=93449) get_filtered_objects /opt/stack/nova/nova/filters.py:102}}
Jul 23 09:28:12.245852 np0000005747 nova-scheduler[93449]: DEBUG nova.filters [None req-ad6827c8-8472-4276-a280-bf667c70c7a6 tempest-ImageDependencyTests-736344830 tempest-ImageDependencyTests-736344830-project-member] Filter ServerGroupAffinityFilter returned 1 host(s) {{(pid=93449) get_filtered_objects /opt/stack/nova/nova/filters.py:102}}
Jul 23 09:28:12.245852 np0000005747 nova-scheduler[93449]: DEBUG nova.filters [None req-ad6827c8-8472-4276-a280-bf667c70c7a6 tempest-ImageDependencyTests-736344830 tempest-ImageDependencyTests-736344830-project-member] Filter SameHostFilter returned 1 host(s) {{(pid=93449) get_filtered_objects /opt/stack/nova/nova/filters.py:102}}
Jul 23 09:28:12.245852 np0000005747 nova-scheduler[93449]: DEBUG nova.filters [None req-ad6827c8-8472-4276-a280-bf667c70c7a6 tempest-ImageDependencyTests-736344830 tempest-ImageDependencyTests-736344830-project-member] Filter DifferentHostFilter returned 1 host(s) {{(pid=93449) get_filtered_objects /opt/stack/nova/nova/filters.py:102}}
Jul 23 09:28:12.246057 np0000005747 nova-scheduler[93449]: DEBUG nova.scheduler.manager [None req-ad6827c8-8472-4276-a280-bf667c70c7a6 tempest-ImageDependencyTests-736344830 tempest-ImageDependencyTests-736344830-project-member] Filtered [(np0000005747, np0000005747) ram: 62765MB disk: 74752MB io_ops: 0 instances: 0, allocation_candidates: 1] {{(pid=93449) _get_sorted_hosts /opt/stack/nova/nova/scheduler/manager.py:742}}
Jul 23 09:28:12.246402 np0000005747 nova-scheduler[93449]: DEBUG nova.scheduler.manager [None req-ad6827c8-8472-4276-a280-bf667c70c7a6 tempest-ImageDependencyTests-736344830 tempest-ImageDependencyTests-736344830-project-member] Weighed [WeighedHost [host: (np0000005747, np0000005747) ram: 62765MB disk: 74752MB io_ops: 0 instances: 0, allocation_candidates: 1, weight: 0.0]] {{(pid=93449) _get_sorted_hosts /opt/stack/nova/nova/scheduler/manager.py:764}}
Jul 23 09:28:12.246623 np0000005747 nova-scheduler[93449]: DEBUG nova.scheduler.utils [None req-ad6827c8-8472-4276-a280-bf667c70c7a6 tempest-ImageDependencyTests-736344830 tempest-ImageDependencyTests-736344830-project-member] Attempting to claim resources in the placement API for instance 00d9e242-1ec1-422e-8c89-5eb4682446d5 {{(pid=93449) claim_resources /opt/stack/nova/nova/scheduler/utils.py:1345}}
Jul 23 09:28:12.379141 np0000005747 nova-scheduler[93449]: DEBUG nova.scheduler.manager [None req-ad6827c8-8472-4276-a280-bf667c70c7a6 tempest-ImageDependencyTests-736344830 tempest-ImageDependencyTests-736344830-project-member] [instance: 00d9e242-1ec1-422e-8c89-5eb4682446d5] Selected host: (np0000005747, np0000005747) ram: 62765MB disk: 74752MB io_ops: 0 instances: 0, allocation_candidates: 1 {{(pid=93449) _consume_selected_host /opt/stack/nova/nova/scheduler/manager.py:624}}
Jul 23 09:28:12.379299 np0000005747 nova-scheduler[93449]: DEBUG oslo_concurrency.lockutils [None req-ad6827c8-8472-4276-a280-bf667c70c7a6 tempest-ImageDependencyTests-736344830 tempest-ImageDependencyTests-736344830-project-member] Acquiring lock "np0000005747-np0000005747" by "nova.scheduler.host_manager.HostState.consume_from_request.._locked" {{(pid=93449) inner /opt/stack/data/venv/lib/python3.12/site-packages/oslo_concurrency/lockutils.py:512}}
Jul 23 09:28:12.379448 np0000005747 nova-scheduler[93449]: DEBUG oslo_concurrency.lockutils [None req-ad6827c8-8472-4276-a280-bf667c70c7a6 tempest-ImageDependencyTests-736344830 tempest-ImageDependencyTests-736344830-project-member] Lock "np0000005747-np0000005747" acquired by "nova.scheduler.host_manager.HostState.consume_from_request.._locked" :: waited 0.000s {{(pid=93449) inner /opt/stack/data/venv/lib/python3.12/site-packages/oslo_concurrency/lockutils.py:525}}
Jul 23 09:28:12.379654 np0000005747 nova-scheduler[93449]: DEBUG oslo_concurrency.lockutils [None req-ad6827c8-8472-4276-a280-bf667c70c7a6 tempest-ImageDependencyTests-736344830 tempest-ImageDependencyTests-736344830-project-member] Lock "np0000005747-np0000005747" "released" by "nova.scheduler.host_manager.HostState.consume_from_request.._locked" :: held 0.000s {{(pid=93449) inner /opt/stack/data/venv/lib/python3.12/site-packages/oslo_concurrency/lockutils.py:544}}
Jul 23 09:28:14.066443 np0000005747 nova-scheduler[93451]: DEBUG nova.scheduler.manager [None req-538a6869-f0ee-4cac-bc6e-ce720b849d8e tempest-ServerBootFromVolumeStableRescueTest-1539226925 tempest-ServerBootFromVolumeStableRescueTest-1539226925-project-member] Starting to schedule for instances: ['a8aa75f2-15b3-4269-8f08-acc1595f4a77'] {{(pid=93451) select_destinations /opt/stack/nova/nova/scheduler/manager.py:209}}
Jul 23 09:28:14.066993 np0000005747 nova-scheduler[93451]: DEBUG nova.scheduler.request_filter [None req-538a6869-f0ee-4cac-bc6e-ce720b849d8e tempest-ServerBootFromVolumeStableRescueTest-1539226925 tempest-ServerBootFromVolumeStableRescueTest-1539226925-project-member] compute_status_filter request filter added forbidden trait COMPUTE_STATUS_DISABLED {{(pid=93451) compute_status_filter /opt/stack/nova/nova/scheduler/request_filter.py:253}}
Jul 23 09:28:14.067144 np0000005747 nova-scheduler[93451]: DEBUG nova.scheduler.request_filter [None req-538a6869-f0ee-4cac-bc6e-ce720b849d8e tempest-ServerBootFromVolumeStableRescueTest-1539226925 tempest-ServerBootFromVolumeStableRescueTest-1539226925-project-member] Request filter 'compute_status_filter' took 0.0 seconds {{(pid=93451) wrapper /opt/stack/nova/nova/scheduler/request_filter.py:46}}
Jul 23 09:28:14.067381 np0000005747 nova-scheduler[93451]: DEBUG nova.scheduler.request_filter [None req-538a6869-f0ee-4cac-bc6e-ce720b849d8e tempest-ServerBootFromVolumeStableRescueTest-1539226925 tempest-ServerBootFromVolumeStableRescueTest-1539226925-project-member] Request filter 'accelerators_filter' took 0.0 seconds {{(pid=93451) wrapper /opt/stack/nova/nova/scheduler/request_filter.py:46}}
Jul 23 09:28:14.068053 np0000005747 nova-scheduler[93451]: DEBUG nova.scheduler.request_filter [None req-538a6869-f0ee-4cac-bc6e-ce720b849d8e tempest-ServerBootFromVolumeStableRescueTest-1539226925 tempest-ServerBootFromVolumeStableRescueTest-1539226925-project-member] Request filter 'packed_virtqueue_filter' took 0.0 seconds {{(pid=93451) wrapper /opt/stack/nova/nova/scheduler/request_filter.py:46}}
Jul 23 09:28:14.068343 np0000005747 nova-scheduler[93451]: DEBUG nova.scheduler.request_filter [None req-538a6869-f0ee-4cac-bc6e-ce720b849d8e tempest-ServerBootFromVolumeStableRescueTest-1539226925 tempest-ServerBootFromVolumeStableRescueTest-1539226925-project-member] Request filter 'remote_managed_ports_filter' took 0.0 seconds {{(pid=93451) wrapper /opt/stack/nova/nova/scheduler/request_filter.py:46}}
Jul 23 09:28:14.068510 np0000005747 nova-scheduler[93451]: DEBUG nova.scheduler.request_filter [None req-538a6869-f0ee-4cac-bc6e-ce720b849d8e tempest-ServerBootFromVolumeStableRescueTest-1539226925 tempest-ServerBootFromVolumeStableRescueTest-1539226925-project-member] ephemeral_encryption_filter skipped {{(pid=93451) ephemeral_encryption_filter /opt/stack/nova/nova/scheduler/request_filter.py:426}}
Jul 23 09:28:14.068696 np0000005747 nova-scheduler[93451]: DEBUG nova.scheduler.request_filter [None req-538a6869-f0ee-4cac-bc6e-ce720b849d8e tempest-ServerBootFromVolumeStableRescueTest-1539226925 tempest-ServerBootFromVolumeStableRescueTest-1539226925-project-member] virtio_sound_filter skipped {{(pid=93451) virtio_sound_filter /opt/stack/nova/nova/scheduler/request_filter.py:460}}
