Jul 22 04:37:35.084826 np0000005615 devstack@c-api.service[96972]: DEBUG cinder.volume.api [None req-8d2b51da-5e73-43ec-ad94-dc1b4ac6cb88 tempest-TaggedBootDevicesTest-2028066979 tempest-TaggedBootDevicesTest-2028066979-project-member] Flow 'volume_create_api' (fd1e797f-592e-44da-9f22-5f2721ad74f0) transitioned into state 'SUCCESS' from state 'RUNNING' {{(pid=96972) _flow_receiver /opt/stack/data/venv/lib/python3.12/site-packages/taskflow/listeners/logging.py:160}}
Jul 22 04:37:35.085290 np0000005615 devstack@c-api.service[96972]: INFO cinder.volume.api [None req-8d2b51da-5e73-43ec-ad94-dc1b4ac6cb88 tempest-TaggedBootDevicesTest-2028066979 tempest-TaggedBootDevicesTest-2028066979-project-member] Create volume request issued successfully.
Jul 22 04:37:35.086112 np0000005615 devstack@c-api.service[96972]: INFO cinder.api.openstack.wsgi [None req-8d2b51da-5e73-43ec-ad94-dc1b4ac6cb88 tempest-TaggedBootDevicesTest-2028066979 tempest-TaggedBootDevicesTest-2028066979-project-member] https://10.4.3.34/volume/v3/volumes returned with HTTP 202
Jul 22 04:37:35.086540 np0000005615 devstack@c-api.service[96972]: [pid: 96972|app: 0|req: 15/48] 10.4.3.34 () {68 vars in 1252 bytes} [Wed Jul 22 04:37:34 2026] POST /volume/v3/volumes => generated 750 bytes in 619 msecs (HTTP/1.1 202) 7 headers in 291 bytes (2 switches on core 0)
Jul 22 04:37:35.100292 np0000005615 devstack@c-api.service[96974]: DEBUG cinder.api.middleware.request_id [None req-4867d629-8137-4251-b092-c0b4ea4b56b0 None None] RequestId filter calling following filter/app {{(pid=96974) _context_setter /opt/stack/cinder/cinder/api/middleware/request_id.py:62}}
Jul 22 04:37:35.102699 np0000005615 devstack@c-api.service[96974]: INFO cinder.api.openstack.wsgi [None req-4867d629-8137-4251-b092-c0b4ea4b56b0 tempest-TaggedBootDevicesTest-2028066979 tempest-TaggedBootDevicesTest-2028066979-project-member] GET https://10.4.3.34/volume/v3/volumes/204c009b-53ed-4947-b070-7ca1929e3ab8
Jul 22 04:37:35.102999 np0000005615 devstack@c-api.service[96974]: DEBUG cinder.api.openstack.wsgi [None req-4867d629-8137-4251-b092-c0b4ea4b56b0 tempest-TaggedBootDevicesTest-2028066979 tempest-TaggedBootDevicesTest-2028066979-project-member] Empty body provided in request {{(pid=96974) get_body /opt/stack/cinder/cinder/api/openstack/wsgi.py:725}}
Jul 22 04:37:35.103298 np0000005615 devstack@c-api.service[96974]: DEBUG cinder.api.openstack.wsgi [None req-4867d629-8137-4251-b092-c0b4ea4b56b0 tempest-TaggedBootDevicesTest-2028066979 tempest-TaggedBootDevicesTest-2028066979-project-member] Calling method 'show' {{(pid=96974) _process_stack /opt/stack/cinder/cinder/api/openstack/wsgi.py:878}}
Jul 22 04:37:35.113189 np0000005615 devstack@c-api.service[96974]: /opt/stack/data/venv/lib/python3.12/site-packages/oslo_context/context.py:102: DeprecationWarning: Policy enforcement is depending on the value of is_admin. This key is deprecated. Please update your policy file to use the standard policy values.
Jul 22 04:37:35.113189 np0000005615 devstack@c-api.service[96974]: warnings.warn(
Jul 22 04:37:35.117831 np0000005615 devstack@c-api.service[96974]: INFO cinder.volume.api [None req-4867d629-8137-4251-b092-c0b4ea4b56b0 tempest-TaggedBootDevicesTest-2028066979 tempest-TaggedBootDevicesTest-2028066979-project-member] Volume info retrieved successfully.
Jul 22 04:37:35.123915 np0000005615 devstack@c-api.service[96974]: INFO cinder.api.openstack.wsgi [None req-4867d629-8137-4251-b092-c0b4ea4b56b0 tempest-TaggedBootDevicesTest-2028066979 tempest-TaggedBootDevicesTest-2028066979-project-member] https://10.4.3.34/volume/v3/volumes/204c009b-53ed-4947-b070-7ca1929e3ab8 returned with HTTP 200
Jul 22 04:37:35.124406 np0000005615 devstack@c-api.service[96974]: [pid: 96974|app: 0|req: 18/49] 10.4.3.34 () {66 vars in 1341 bytes} [Wed Jul 22 04:37:35 2026] GET /volume/v3/volumes/204c009b-53ed-4947-b070-7ca1929e3ab8 => generated 818 bytes in 25 msecs (HTTP/1.1 200) 7 headers in 285 bytes (1 switches on core 0)
Jul 22 04:37:36.141299 np0000005615 devstack@c-api.service[96973]: DEBUG cinder.api.middleware.request_id [None req-0fc362e8-0025-4601-a1b1-1e22369bcf7b None None] RequestId filter calling following filter/app {{(pid=96973) _context_setter /opt/stack/cinder/cinder/api/middleware/request_id.py:62}}
Jul 22 04:37:36.143550 np0000005615 devstack@c-api.service[96973]: INFO cinder.api.openstack.wsgi [None req-0fc362e8-0025-4601-a1b1-1e22369bcf7b tempest-TaggedBootDevicesTest-2028066979 tempest-TaggedBootDevicesTest-2028066979-project-member] GET https://10.4.3.34/volume/v3/volumes/204c009b-53ed-4947-b070-7ca1929e3ab8
Jul 22 04:37:36.143735 np0000005615 devstack@c-api.service[96973]: DEBUG cinder.api.openstack.wsgi [None req-0fc362e8-0025-4601-a1b1-1e22369bcf7b tempest-TaggedBootDevicesTest-2028066979 tempest-TaggedBootDevicesTest-2028066979-project-member] Empty body provided in request {{(pid=96973) get_body /opt/stack/cinder/cinder/api/openstack/wsgi.py:725}}
Jul 22 04:37:36.143926 np0000005615 devstack@c-api.service[96973]: DEBUG cinder.api.openstack.wsgi [None req-0fc362e8-0025-4601-a1b1-1e22369bcf7b tempest-TaggedBootDevicesTest-2028066979 tempest-TaggedBootDevicesTest-2028066979-project-member] Calling method 'show' {{(pid=96973) _process_stack /opt/stack/cinder/cinder/api/openstack/wsgi.py:878}}
Jul 22 04:37:36.153764 np0000005615 devstack@c-api.service[96973]: /opt/stack/data/venv/lib/python3.12/site-packages/oslo_context/context.py:102: DeprecationWarning: Policy enforcement is depending on the value of is_admin. This key is deprecated. Please update your policy file to use the standard policy values.
Jul 22 04:37:36.153764 np0000005615 devstack@c-api.service[96973]: warnings.warn(
Jul 22 04:37:36.165504 np0000005615 devstack@c-api.service[96973]: INFO cinder.volume.api [None req-0fc362e8-0025-4601-a1b1-1e22369bcf7b tempest-TaggedBootDevicesTest-2028066979 tempest-TaggedBootDevicesTest-2028066979-project-member] Volume info retrieved successfully.
Jul 22 04:37:36.172897 np0000005615 devstack@c-api.service[96973]: INFO cinder.api.openstack.wsgi [None req-0fc362e8-0025-4601-a1b1-1e22369bcf7b tempest-TaggedBootDevicesTest-2028066979 tempest-TaggedBootDevicesTest-2028066979-project-member] https://10.4.3.34/volume/v3/volumes/204c009b-53ed-4947-b070-7ca1929e3ab8 returned with HTTP 200
Jul 22 04:37:36.173328 np0000005615 devstack@c-api.service[96973]: [pid: 96973|app: 0|req: 17/50] 10.4.3.34 () {66 vars in 1341 bytes} [Wed Jul 22 04:37:36 2026] GET /volume/v3/volumes/204c009b-53ed-4947-b070-7ca1929e3ab8 => generated 1358 bytes in 33 msecs (HTTP/1.1 200) 7 headers in 286 bytes (1 switches on core 0)
Jul 22 04:37:36.187322 np0000005615 devstack@c-api.service[96972]: DEBUG cinder.api.middleware.request_id [None req-7fcb79fc-4310-4210-afba-b7675680b216 None None] RequestId filter calling following filter/app {{(pid=96972) _context_setter /opt/stack/cinder/cinder/api/middleware/request_id.py:62}}
Jul 22 04:37:36.189258 np0000005615 devstack@c-api.service[96972]: INFO cinder.api.openstack.wsgi [None req-7fcb79fc-4310-4210-afba-b7675680b216 tempest-TaggedBootDevicesTest-2028066979 tempest-TaggedBootDevicesTest-2028066979-project-member] POST https://10.4.3.34/volume/v3/volumes
Jul 22 04:37:36.189558 np0000005615 devstack@c-api.service[96972]: DEBUG cinder.api.openstack.wsgi [None req-7fcb79fc-4310-4210-afba-b7675680b216 tempest-TaggedBootDevicesTest-2028066979 tempest-TaggedBootDevicesTest-2028066979-project-member] Action: 'create', calling method: create, body: {"volume": {"size": 1, "display_name": "tempest-TaggedBootDevicesTest-volume-14041693"}} {{(pid=96972) _process_stack /opt/stack/cinder/cinder/api/openstack/wsgi.py:876}}
Jul 22 04:37:36.191071 np0000005615 devstack@c-api.service[96972]: DEBUG cinder.api.v3.volumes [None req-7fcb79fc-4310-4210-afba-b7675680b216 tempest-TaggedBootDevicesTest-2028066979 tempest-TaggedBootDevicesTest-2028066979-project-member] Create volume request body: {'volume': {'size': 1, 'display_name': 'tempest-TaggedBootDevicesTest-volume-14041693'}} {{(pid=96972) create /opt/stack/cinder/cinder/api/v3/volumes.py:368}}
Jul 22 04:37:36.191184 np0000005615 devstack@c-api.service[96972]: INFO cinder.api.v3.volumes [None req-7fcb79fc-4310-4210-afba-b7675680b216 tempest-TaggedBootDevicesTest-2028066979 tempest-TaggedBootDevicesTest-2028066979-project-member] Create volume of 1 GB
Jul 22 04:37:36.191434 np0000005615 devstack@c-api.service[96972]: /opt/stack/data/venv/lib/python3.12/site-packages/oslo_context/context.py:102: DeprecationWarning: Policy enforcement is depending on the value of is_admin. This key is deprecated. Please update your policy file to use the standard policy values.
Jul 22 04:37:36.191434 np0000005615 devstack@c-api.service[96972]: warnings.warn(
Jul 22 04:37:36.195562 np0000005615 devstack@c-api.service[96972]: INFO cinder.volume.api [None req-7fcb79fc-4310-4210-afba-b7675680b216 tempest-TaggedBootDevicesTest-2028066979 tempest-TaggedBootDevicesTest-2028066979-project-member] Availability Zones retrieved successfully.
Jul 22 04:37:36.202313 np0000005615 devstack@c-api.service[96972]: DEBUG cinder.volume.api [None req-7fcb79fc-4310-4210-afba-b7675680b216 tempest-TaggedBootDevicesTest-2028066979 tempest-TaggedBootDevicesTest-2028066979-project-member] Flow 'volume_create_api' (420ac430-2373-4c03-94e0-6130181c22bb) transitioned into state 'RUNNING' from state 'PENDING' {{(pid=96972) _flow_receiver /opt/stack/data/venv/lib/python3.12/site-packages/taskflow/listeners/logging.py:160}}
Jul 22 04:37:36.203450 np0000005615 devstack@c-api.service[96972]: DEBUG cinder.volume.api [None req-7fcb79fc-4310-4210-afba-b7675680b216 tempest-TaggedBootDevicesTest-2028066979 tempest-TaggedBootDevicesTest-2028066979-project-member] Task 'cinder.volume.flows.api.create_volume.ExtractVolumeRequestTask;volume:create' (b4f0e8a8-8489-4950-ab01-6e8676c7cce5) transitioned into state 'RUNNING' from state 'PENDING' {{(pid=96972) _task_receiver /opt/stack/data/venv/lib/python3.12/site-packages/taskflow/listeners/logging.py:242}}
Jul 22 04:37:36.204748 np0000005615 devstack@c-api.service[96972]: DEBUG cinder.volume.flows.api.create_volume [None req-7fcb79fc-4310-4210-afba-b7675680b216 tempest-TaggedBootDevicesTest-2028066979 tempest-TaggedBootDevicesTest-2028066979-project-member] Validating volume size '1' using validate_int {{(pid=96972) _extract_size /opt/stack/cinder/cinder/volume/flows/api/create_volume.py:226}}
Jul 22 04:37:36.238185 np0000005615 devstack@c-api.service[96972]: DEBUG cinder.volume.api [None req-7fcb79fc-4310-4210-afba-b7675680b216 tempest-TaggedBootDevicesTest-2028066979 tempest-TaggedBootDevicesTest-2028066979-project-member] Task 'cinder.volume.flows.api.create_volume.ExtractVolumeRequestTask;volume:create' (b4f0e8a8-8489-4950-ab01-6e8676c7cce5) transitioned into state 'SUCCESS' from state 'RUNNING' with result '{'size': 1, 'snapshot_id': None, 'source_volid': None, 'volume_type': VolumeType(created_at=2026-07-22T04:35:32Z,deleted=False,deleted_at=None,description=None,extra_specs={volume_backend_name='storpool'},id=489dcbb5-b80b-49e3-b6b2-48a65ca7d698,is_public=True,name='storpool',projects=[],qos_specs=,qos_specs_id=None,updated_at=None), 'volume_type_id': '489dcbb5-b80b-49e3-b6b2-48a65ca7d698', 'encryption_key_id': None, 'qos_specs': None, 'consistencygroup_id': None, 'cgsnapshot_id': None, 'group_id': None, 'replication_status': 'disabled', 'refresh_az': False, 'backup_id': None, 'multiattach': False, 'availability_zones': ['nova']}' {{(pid=96972) _task_receiver /opt/stack/data/venv/lib/python3.12/site-packages/taskflow/listeners/logging.py:218}}
Jul 22 04:37:36.238185 np0000005615 devstack@c-api.service[96972]: DEBUG cinder.volume.api [None req-7fcb79fc-4310-4210-afba-b7675680b216 tempest-TaggedBootDevicesTest-2028066979 tempest-TaggedBootDevicesTest-2028066979-project-member] Task 'cinder.volume.flows.api.create_volume.QuotaReserveTask;volume:create' (b86a9caf-25e3-4c9e-8033-e09f30949aac) transitioned into state 'RUNNING' from state 'PENDING' {{(pid=96972) _task_receiver /opt/stack/data/venv/lib/python3.12/site-packages/taskflow/listeners/logging.py:242}}
Jul 22 04:37:36.296348 np0000005615 devstack@c-api.service[96972]: DEBUG cinder.quota [None req-7fcb79fc-4310-4210-afba-b7675680b216 tempest-TaggedBootDevicesTest-2028066979 tempest-TaggedBootDevicesTest-2028066979-project-member] Created reservations ['b9f431cc-3cab-47bd-bae0-c3d468555e88', '6e494f3f-4cdf-4de3-8679-f0cc947b4fe7', '8d1f41d6-d6ca-4651-b30b-9edc22cf711a', 'a24132ae-ab9a-48fc-8bf2-7385b82c7175'] {{(pid=96972) reserve /opt/stack/cinder/cinder/quota.py:752}}
Jul 22 04:37:36.297532 np0000005615 devstack@c-api.service[96972]: DEBUG cinder.volume.api [None req-7fcb79fc-4310-4210-afba-b7675680b216 tempest-TaggedBootDevicesTest-2028066979 tempest-TaggedBootDevicesTest-2028066979-project-member] Task 'cinder.volume.flows.api.create_volume.QuotaReserveTask;volume:create' (b86a9caf-25e3-4c9e-8033-e09f30949aac) transitioned into state 'SUCCESS' from state 'RUNNING' with result '{'reservations': ['b9f431cc-3cab-47bd-bae0-c3d468555e88', '6e494f3f-4cdf-4de3-8679-f0cc947b4fe7', '8d1f41d6-d6ca-4651-b30b-9edc22cf711a', 'a24132ae-ab9a-48fc-8bf2-7385b82c7175']}' {{(pid=96972) _task_receiver /opt/stack/data/venv/lib/python3.12/site-packages/taskflow/listeners/logging.py:218}}
Jul 22 04:37:36.298785 np0000005615 devstack@c-api.service[96972]: DEBUG cinder.volume.api [None req-7fcb79fc-4310-4210-afba-b7675680b216 tempest-TaggedBootDevicesTest-2028066979 tempest-TaggedBootDevicesTest-2028066979-project-member] Task 'cinder.volume.flows.api.create_volume.EntryCreateTask;volume:create' (89b25e97-9989-466d-bc3c-357e3f2f0a37) transitioned into state 'RUNNING' from state 'PENDING' {{(pid=96972) _task_receiver /opt/stack/data/venv/lib/python3.12/site-packages/taskflow/listeners/logging.py:242}}
Jul 22 04:37:36.329317 np0000005615 devstack@c-api.service[96972]: DEBUG cinder.volume.api [None req-7fcb79fc-4310-4210-afba-b7675680b216 tempest-TaggedBootDevicesTest-2028066979 tempest-TaggedBootDevicesTest-2028066979-project-member] Task 'cinder.volume.flows.api.create_volume.EntryCreateTask;volume:create' (89b25e97-9989-466d-bc3c-357e3f2f0a37) transitioned into state 'SUCCESS' from state 'RUNNING' with result '{'volume_id': 'cc6ccf4f-418a-4ce3-b6e7-ad03e639cde5', 'volume_properties': VolumeProperties(attach_status='detached',availability_zone='nova',cgsnapshot_id=None,consistencygroup_id=None,display_description=None,display_name='tempest-TaggedBootDevicesTest-volume-14041693',encryption_key_id=None,group_id=None,group_type_id=,metadata={},multiattach=False,project_id='18039a4f2ad641cc8a39808804398d24',qos_specs=None,replication_status=,reservations=['b9f431cc-3cab-47bd-bae0-c3d468555e88','6e494f3f-4cdf-4de3-8679-f0cc947b4fe7','8d1f41d6-d6ca-4651-b30b-9edc22cf711a','a24132ae-ab9a-48fc-8bf2-7385b82c7175'],size=1,snapshot_id=None,source_replicaid=,source_volid=None,status='creating',user_id='e341f8c48f924d36890ee72917c5ffa8',volume_type_id=489dcbb5-b80b-49e3-b6b2-48a65ca7d698), 'volume': Volume(_name_id=None,admin_metadata=,attach_status='detached',availability_zone='nova',bootable=False,cluster=,cluster_name=None,consistencygroup=,consistencygroup_id=None,created_at=2026-07-22T04:37:36Z,deleted=False,deleted_at=None,display_description=None,display_name='tempest-TaggedBootDevicesTest-volume-14041693',ec2_id=None,encryption_key_id=None,glance_metadata=,group=,group_id=None,host=None,id=cc6ccf4f-418a-4ce3-b6e7-ad03e639cde5,launched_at=None,metadata={},migration_status=None,multiattach=False,previous_status=None,project_id='18039a4f2ad641cc8a39808804398d24',provider_auth=None,provider_geometry=None,provider_id=None,provider_location=None,replication_driver_data=None,replication_extended_status=None,replication_status=None,scheduled_at=None,service_uuid=None,shared_targets=True,size=1,snapshot_id=None,snapshots=,source_volid=None,status='creating',terminated_at=None,updated_at=None,use_quota=True,user_id='e341f8c48f924d36890ee72917c5ffa8',volume_attachment=VolumeAttachmentList,volume_type=VolumeType(489dcbb5-b80b-49e3-b6b2-48a65ca7d698),volume_type_id=489dcbb5-b80b-49e3-b6b2-48a65ca7d698)}' {{(pid=96972) _task_receiver /opt/stack/data/venv/lib/python3.12/site-packages/taskflow/listeners/logging.py:218}}
Jul 22 04:37:36.330999 np0000005615 devstack@c-api.service[96972]: DEBUG cinder.volume.api [None req-7fcb79fc-4310-4210-afba-b7675680b216 tempest-TaggedBootDevicesTest-2028066979 tempest-TaggedBootDevicesTest-2028066979-project-member] Task 'cinder.volume.flows.api.create_volume.QuotaCommitTask;volume:create' (44fb5d20-918a-4e95-9ad7-821cc95bd010) transitioned into state 'RUNNING' from state 'PENDING' {{(pid=96972) _task_receiver /opt/stack/data/venv/lib/python3.12/site-packages/taskflow/listeners/logging.py:242}}
Jul 22 04:37:36.349113 np0000005615 devstack@c-api.service[96972]: DEBUG cinder.volume.api [None req-7fcb79fc-4310-4210-afba-b7675680b216 tempest-TaggedBootDevicesTest-2028066979 tempest-TaggedBootDevicesTest-2028066979-project-member] Task 'cinder.volume.flows.api.create_volume.QuotaCommitTask;volume:create' (44fb5d20-918a-4e95-9ad7-821cc95bd010) transitioned into state 'SUCCESS' from state 'RUNNING' with result '{'volume_properties': VolumeProperties(attach_status='detached',availability_zone='nova',cgsnapshot_id=None,consistencygroup_id=None,display_description=None,display_name='tempest-TaggedBootDevicesTest-volume-14041693',encryption_key_id=None,group_id=None,group_type_id=,metadata={},multiattach=False,project_id='18039a4f2ad641cc8a39808804398d24',qos_specs=None,replication_status=,reservations=['b9f431cc-3cab-47bd-bae0-c3d468555e88','6e494f3f-4cdf-4de3-8679-f0cc947b4fe7','8d1f41d6-d6ca-4651-b30b-9edc22cf711a','a24132ae-ab9a-48fc-8bf2-7385b82c7175'],size=1,snapshot_id=None,source_replicaid=,source_volid=None,status='creating',user_id='e341f8c48f924d36890ee72917c5ffa8',volume_type_id=489dcbb5-b80b-49e3-b6b2-48a65ca7d698)}' {{(pid=96972) _task_receiver /opt/stack/data/venv/lib/python3.12/site-packages/taskflow/listeners/logging.py:218}}
Jul 22 04:37:36.350021 np0000005615 devstack@c-api.service[96972]: DEBUG cinder.volume.api [None req-7fcb79fc-4310-4210-afba-b7675680b216 tempest-TaggedBootDevicesTest-2028066979 tempest-TaggedBootDevicesTest-2028066979-project-member] Task 'cinder.volume.flows.api.create_volume.VolumeCastTask;volume:create' (2ddcb642-f5b0-4f1e-b4c8-bcca11f0b463) transitioned into state 'RUNNING' from state 'PENDING' {{(pid=96972) _task_receiver /opt/stack/data/venv/lib/python3.12/site-packages/taskflow/listeners/logging.py:242}}
Jul 22 04:37:36.360112 np0000005615 devstack@c-api.service[96972]: DEBUG cinder.volume.api [None req-7fcb79fc-4310-4210-afba-b7675680b216 tempest-TaggedBootDevicesTest-2028066979 tempest-TaggedBootDevicesTest-2028066979-project-member] Task 'cinder.volume.flows.api.create_volume.VolumeCastTask;volume:create' (2ddcb642-f5b0-4f1e-b4c8-bcca11f0b463) transitioned into state 'SUCCESS' from state 'RUNNING' with result 'None' {{(pid=96972) _task_receiver /opt/stack/data/venv/lib/python3.12/site-packages/taskflow/listeners/logging.py:218}}
Jul 22 04:37:36.360884 np0000005615 devstack@c-api.service[96972]: DEBUG cinder.volume.api [None req-7fcb79fc-4310-4210-afba-b7675680b216 tempest-TaggedBootDevicesTest-2028066979 tempest-TaggedBootDevicesTest-2028066979-project-member] Flow 'volume_create_api' (420ac430-2373-4c03-94e0-6130181c22bb) transitioned into state 'SUCCESS' from state 'RUNNING' {{(pid=96972) _flow_receiver /opt/stack/data/venv/lib/python3.12/site-packages/taskflow/listeners/logging.py:160}}
Jul 22 04:37:36.361232 np0000005615 devstack@c-api.service[96972]: INFO cinder.volume.api [None req-7fcb79fc-4310-4210-afba-b7675680b216 tempest-TaggedBootDevicesTest-2028066979 tempest-TaggedBootDevicesTest-2028066979-project-member] Create volume request issued successfully.
Jul 22 04:37:36.362283 np0000005615 devstack@c-api.service[96972]: INFO cinder.api.openstack.wsgi [None req-7fcb79fc-4310-4210-afba-b7675680b216 tempest-TaggedBootDevicesTest-2028066979 tempest-TaggedBootDevicesTest-2028066979-project-member] https://10.4.3.34/volume/v3/volumes returned with HTTP 202
Jul 22 04:37:36.362695 np0000005615 devstack@c-api.service[96972]: [pid: 96972|app: 0|req: 16/51] 10.4.3.34 () {68 vars in 1251 bytes} [Wed Jul 22 04:37:36 2026] POST /volume/v3/volumes => generated 748 bytes in 176 msecs (HTTP/1.1 202) 7 headers in 291 bytes (1 switches on core 0)
Jul 22 04:37:36.379454 np0000005615 devstack@c-api.service[96974]: DEBUG cinder.api.middleware.request_id [None req-556e55f0-66d0-485d-a46f-1b9b8b5bdc35 None None] RequestId filter calling following filter/app {{(pid=96974) _context_setter /opt/stack/cinder/cinder/api/middleware/request_id.py:62}}
Jul 22 04:37:36.381151 np0000005615 devstack@c-api.service[96974]: INFO cinder.api.openstack.wsgi [None req-556e55f0-66d0-485d-a46f-1b9b8b5bdc35 tempest-TaggedBootDevicesTest-2028066979 tempest-TaggedBootDevicesTest-2028066979-project-member] GET https://10.4.3.34/volume/v3/volumes/cc6ccf4f-418a-4ce3-b6e7-ad03e639cde5
Jul 22 04:37:36.381365 np0000005615 devstack@c-api.service[96974]: DEBUG cinder.api.openstack.wsgi [None req-556e55f0-66d0-485d-a46f-1b9b8b5bdc35 tempest-TaggedBootDevicesTest-2028066979 tempest-TaggedBootDevicesTest-2028066979-project-member] Empty body provided in request {{(pid=96974) get_body /opt/stack/cinder/cinder/api/openstack/wsgi.py:725}}
Jul 22 04:37:36.381543 np0000005615 devstack@c-api.service[96974]: DEBUG cinder.api.openstack.wsgi [None req-556e55f0-66d0-485d-a46f-1b9b8b5bdc35 tempest-TaggedBootDevicesTest-2028066979 tempest-TaggedBootDevicesTest-2028066979-project-member] Calling method 'show' {{(pid=96974) _process_stack /opt/stack/cinder/cinder/api/openstack/wsgi.py:878}}
Jul 22 04:37:36.388143 np0000005615 devstack@c-api.service[96974]: /opt/stack/data/venv/lib/python3.12/site-packages/oslo_context/context.py:102: DeprecationWarning: Policy enforcement is depending on the value of is_admin. This key is deprecated. Please update your policy file to use the standard policy values.
Jul 22 04:37:36.388143 np0000005615 devstack@c-api.service[96974]: warnings.warn(
Jul 22 04:37:36.391617 np0000005615 devstack@c-api.service[96974]: INFO cinder.volume.api [None req-556e55f0-66d0-485d-a46f-1b9b8b5bdc35 tempest-TaggedBootDevicesTest-2028066979 tempest-TaggedBootDevicesTest-2028066979-project-member] Volume info retrieved successfully.
Jul 22 04:37:36.395940 np0000005615 devstack@c-api.service[96974]: INFO cinder.api.openstack.wsgi [None req-556e55f0-66d0-485d-a46f-1b9b8b5bdc35 tempest-TaggedBootDevicesTest-2028066979 tempest-TaggedBootDevicesTest-2028066979-project-member] https://10.4.3.34/volume/v3/volumes/cc6ccf4f-418a-4ce3-b6e7-ad03e639cde5 returned with HTTP 200
Jul 22 04:37:36.396324 np0000005615 devstack@c-api.service[96974]: [pid: 96974|app: 0|req: 19/52] 10.4.3.34 () {66 vars in 1341 bytes} [Wed Jul 22 04:37:36 2026] GET /volume/v3/volumes/cc6ccf4f-418a-4ce3-b6e7-ad03e639cde5 => generated 816 bytes in 17 msecs (HTTP/1.1 200) 7 headers in 285 bytes (1 switches on core 0)
Jul 22 04:37:37.019572 np0000005615 devstack@c-api.service[96973]: DEBUG cinder.api.middleware.request_id [None req-4fb33fa6-e00d-4306-8de4-46a58c428e1a None None] RequestId filter calling following filter/app {{(pid=96973) _context_setter /opt/stack/cinder/cinder/api/middleware/request_id.py:62}}
Jul 22 04:37:37.128988 np0000005615 devstack@c-api.service[96972]: DEBUG cinder.api.middleware.request_id [req-83589092-976c-4999-b74a-7a5b91c275e5 req-6c8622de-00f7-4fd6-8159-9c4f8fd601d2 None None] RequestId filter calling following filter/app {{(pid=96972) _context_setter /opt/stack/cinder/cinder/api/middleware/request_id.py:62}}
Jul 22 04:37:37.145511 np0000005615 devstack@c-api.service[96972]: INFO cinder.api.openstack.wsgi [req-83589092-976c-4999-b74a-7a5b91c275e5 req-6c8622de-00f7-4fd6-8159-9c4f8fd601d2 tempest-ServerActionsV293TestJSON-1398659736 tempest-ServerActionsV293TestJSON-1398659736-project-member] GET https://10.4.3.34/volume/v3/volumes/bfa21675-de20-402a-8ad0-8a8d1ee2d562
Jul 22 04:37:37.145777 np0000005615 devstack@c-api.service[96972]: DEBUG cinder.api.openstack.wsgi [req-83589092-976c-4999-b74a-7a5b91c275e5 req-6c8622de-00f7-4fd6-8159-9c4f8fd601d2 tempest-ServerActionsV293TestJSON-1398659736 tempest-ServerActionsV293TestJSON-1398659736-project-member] Empty body provided in request {{(pid=96972) get_body /opt/stack/cinder/cinder/api/openstack/wsgi.py:725}}
Jul 22 04:37:37.146067 np0000005615 devstack@c-api.service[96972]: DEBUG cinder.api.openstack.wsgi [req-83589092-976c-4999-b74a-7a5b91c275e5 req-6c8622de-00f7-4fd6-8159-9c4f8fd601d2 tempest-ServerActionsV293TestJSON-1398659736 tempest-ServerActionsV293TestJSON-1398659736-project-member] Calling method 'show' {{(pid=96972) _process_stack /opt/stack/cinder/cinder/api/openstack/wsgi.py:878}}
Jul 22 04:37:37.159478 np0000005615 devstack@c-api.service[96972]: /opt/stack/data/venv/lib/python3.12/site-packages/oslo_context/context.py:102: DeprecationWarning: Policy enforcement is depending on the value of is_admin. This key is deprecated. Please update your policy file to use the standard policy values.
Jul 22 04:37:37.159478 np0000005615 devstack@c-api.service[96972]: warnings.warn(
Jul 22 04:37:37.167640 np0000005615 devstack@c-api.service[96972]: INFO cinder.volume.api [req-83589092-976c-4999-b74a-7a5b91c275e5 req-6c8622de-00f7-4fd6-8159-9c4f8fd601d2 tempest-ServerActionsV293TestJSON-1398659736 tempest-ServerActionsV293TestJSON-1398659736-project-member] Volume info retrieved successfully.
Jul 22 04:37:37.177268 np0000005615 devstack@c-api.service[96972]: INFO cinder.api.openstack.wsgi [req-83589092-976c-4999-b74a-7a5b91c275e5 req-6c8622de-00f7-4fd6-8159-9c4f8fd601d2 tempest-ServerActionsV293TestJSON-1398659736 tempest-ServerActionsV293TestJSON-1398659736-project-member] https://10.4.3.34/volume/v3/volumes/bfa21675-de20-402a-8ad0-8a8d1ee2d562 returned with HTTP 200
Jul 22 04:37:37.177954 np0000005615 devstack@c-api.service[96972]: [pid: 96972|app: 0|req: 17/53] 10.4.3.34 () {68 vars in 1591 bytes} [Wed Jul 22 04:37:37 2026] GET /volume/v3/volumes/bfa21675-de20-402a-8ad0-8a8d1ee2d562 => generated 1390 bytes in 50 msecs (HTTP/1.1 200) 7 headers in 286 bytes (1 switches on core 0)
Jul 22 04:37:37.190725 np0000005615 devstack@c-api.service[96974]: DEBUG cinder.api.middleware.request_id [None req-89f1b463-0abc-4076-a350-9354edd8e61c None None] RequestId filter calling following filter/app {{(pid=96974) _context_setter /opt/stack/cinder/cinder/api/middleware/request_id.py:62}}
Jul 22 04:37:37.191363 np0000005615 devstack@c-api.service[96974]: INFO cinder.api.openstack.wsgi [None req-89f1b463-0abc-4076-a350-9354edd8e61c None None] GET https://10.4.3.34/volume//
Jul 22 04:37:37.191532 np0000005615 devstack@c-api.service[96974]: DEBUG cinder.api.openstack.wsgi [None req-89f1b463-0abc-4076-a350-9354edd8e61c None None] Empty body provided in request {{(pid=96974) get_body /opt/stack/cinder/cinder/api/openstack/wsgi.py:725}}
Jul 22 04:37:37.191748 np0000005615 devstack@c-api.service[96974]: DEBUG cinder.api.openstack.wsgi [None req-89f1b463-0abc-4076-a350-9354edd8e61c None None] Calling method 'all' {{(pid=96974) _process_stack /opt/stack/cinder/cinder/api/openstack/wsgi.py:878}}
Jul 22 04:37:37.192251 np0000005615 devstack@c-api.service[96974]: INFO cinder.api.openstack.wsgi [None req-89f1b463-0abc-4076-a350-9354edd8e61c None None] https://10.4.3.34/volume// returned with HTTP 300
Jul 22 04:37:37.192580 np0000005615 devstack@c-api.service[96974]: [pid: 96974|app: 0|req: 20/54] 10.4.3.34 () {66 vars in 1412 bytes} [Wed Jul 22 04:37:37 2026] GET /volume/ => generated 385 bytes in 2 msecs (HTTP/1.1 300) 7 headers in 299 bytes (1 switches on core 0)
Jul 22 04:37:37.200558 np0000005615 devstack@c-api.service[96972]: DEBUG cinder.api.middleware.request_id [req-83589092-976c-4999-b74a-7a5b91c275e5 req-bf8437a7-6f8d-4c47-8912-b1c15de3c8a3 None None] RequestId filter calling following filter/app {{(pid=96972) _context_setter /opt/stack/cinder/cinder/api/middleware/request_id.py:62}}
Jul 22 04:37:37.204365 np0000005615 devstack@c-api.service[96972]: INFO cinder.api.openstack.wsgi [req-83589092-976c-4999-b74a-7a5b91c275e5 req-bf8437a7-6f8d-4c47-8912-b1c15de3c8a3 tempest-ServerActionsV293TestJSON-1398659736 tempest-ServerActionsV293TestJSON-1398659736-project-member] POST https://10.4.3.34/volume/v3/attachments
Jul 22 04:37:37.204365 np0000005615 devstack@c-api.service[96972]: DEBUG cinder.api.openstack.wsgi [req-83589092-976c-4999-b74a-7a5b91c275e5 req-bf8437a7-6f8d-4c47-8912-b1c15de3c8a3 tempest-ServerActionsV293TestJSON-1398659736 tempest-ServerActionsV293TestJSON-1398659736-project-member] Action: 'create', calling method: version_select, body: {"attachment": {"volume_uuid": "bfa21675-de20-402a-8ad0-8a8d1ee2d562", "connector": null, "instance_uuid": "2bc37065-cf5a-42d7-8986-c7352de5d180"}} {{(pid=96972) _process_stack /opt/stack/cinder/cinder/api/openstack/wsgi.py:876}}
Jul 22 04:37:37.211232 np0000005615 devstack@c-api.service[96972]: /opt/stack/data/venv/lib/python3.12/site-packages/oslo_context/context.py:102: DeprecationWarning: Policy enforcement is depending on the value of is_admin. This key is deprecated. Please update your policy file to use the standard policy values.
Jul 22 04:37:37.211232 np0000005615 devstack@c-api.service[96972]: warnings.warn(
Jul 22 04:37:37.232116 np0000005615 devstack@c-api.service[96973]: INFO cinder.api.openstack.wsgi [None req-4fb33fa6-e00d-4306-8de4-46a58c428e1a tempest-GroupTypeSpecsTest-2035576917 tempest-GroupTypeSpecsTest-2035576917-project-admin] POST https://10.4.3.34/volume/v3/group_types
Jul 22 04:37:37.232665 np0000005615 devstack@c-api.service[96973]: DEBUG cinder.api.openstack.wsgi [None req-4fb33fa6-e00d-4306-8de4-46a58c428e1a tempest-GroupTypeSpecsTest-2035576917 tempest-GroupTypeSpecsTest-2035576917-project-admin] Action: 'create', calling method: version_select, body: {"group_type": {"name": "tempest-GroupTypeSpecsTest-group-type-1500497454"}} {{(pid=96973) _process_stack /opt/stack/cinder/cinder/api/openstack/wsgi.py:876}}
Jul 22 04:37:37.242213 np0000005615 devstack@c-api.service[96972]: /opt/stack/cinder/cinder/db/api.py:2468: SAWarning: SELECT statement has a cartesian product between FROM element(s) "volume_attachment", "volumes_1" and FROM element "volumes". Apply join condition(s) between each element to resolve.
Jul 22 04:37:37.242213 np0000005615 devstack@c-api.service[96972]: .first()
Jul 22 04:37:37.258721 np0000005615 devstack@c-api.service[96972]: INFO cinder.api.openstack.wsgi [req-83589092-976c-4999-b74a-7a5b91c275e5 req-bf8437a7-6f8d-4c47-8912-b1c15de3c8a3 tempest-ServerActionsV293TestJSON-1398659736 tempest-ServerActionsV293TestJSON-1398659736-project-member] https://10.4.3.34/volume/v3/attachments returned with HTTP 200
Jul 22 04:37:37.259192 np0000005615 devstack@c-api.service[96972]: [pid: 96972|app: 0|req: 18/55] 10.4.3.34 () {74 vars in 1587 bytes} [Wed Jul 22 04:37:37 2026] POST /volume/v3/attachments => generated 273 bytes in 59 msecs (HTTP/1.1 200) 7 headers in 286 bytes (1 switches on core 0)
Jul 22 04:37:37.264731 np0000005615 devstack@c-api.service[96973]: INFO cinder.api.openstack.wsgi [None req-4fb33fa6-e00d-4306-8de4-46a58c428e1a tempest-GroupTypeSpecsTest-2035576917 tempest-GroupTypeSpecsTest-2035576917-project-admin] https://10.4.3.34/volume/v3/group_types returned with HTTP 202
Jul 22 04:37:37.265259 np0000005615 devstack@c-api.service[96973]: [pid: 96973|app: 0|req: 18/56] 10.4.3.34 () {70 vars in 1304 bytes} [Wed Jul 22 04:37:37 2026] POST /volume/v3/group_types => generated 181 bytes in 246 msecs (HTTP/1.1 202) 7 headers in 292 bytes (1 switches on core 0)
Jul 22 04:37:37.275028 np0000005615 devstack@c-api.service[96974]: DEBUG cinder.api.middleware.request_id [None req-1f358b62-d467-4d35-8f8e-21fd064f0d36 None None] RequestId filter calling following filter/app {{(pid=96974) _context_setter /opt/stack/cinder/cinder/api/middleware/request_id.py:62}}
Jul 22 04:37:37.277180 np0000005615 devstack@c-api.service[96974]: INFO cinder.api.openstack.wsgi [None req-1f358b62-d467-4d35-8f8e-21fd064f0d36 tempest-GroupTypeSpecsTest-2035576917 tempest-GroupTypeSpecsTest-2035576917-project-admin] POST https://10.4.3.34/volume/v3/group_types/481525e8-3b1f-461c-b0e8-2f413a7b053f/group_specs
Jul 22 04:37:37.277633 np0000005615 devstack@c-api.service[96974]: DEBUG cinder.api.openstack.wsgi [None req-1f358b62-d467-4d35-8f8e-21fd064f0d36 tempest-GroupTypeSpecsTest-2035576917 tempest-GroupTypeSpecsTest-2035576917-project-admin] Action: 'create', calling method: version_select, body: {"group_specs": {"key1": "value1", "key2": "value2"}} {{(pid=96974) _process_stack /opt/stack/cinder/cinder/api/openstack/wsgi.py:876}}
Jul 22 04:37:37.302921 np0000005615 devstack@c-api.service[96974]: INFO cinder.api.openstack.wsgi [None req-1f358b62-d467-4d35-8f8e-21fd064f0d36 tempest-GroupTypeSpecsTest-2035576917 tempest-GroupTypeSpecsTest-2035576917-project-admin] https://10.4.3.34/volume/v3/group_types/481525e8-3b1f-461c-b0e8-2f413a7b053f/group_specs returned with HTTP 202
Jul 22 04:37:37.302921 np0000005615 devstack@c-api.service[96974]: [pid: 96974|app: 0|req: 21/57] 10.4.3.34 () {70 vars in 1451 bytes} [Wed Jul 22 04:37:37 2026] POST /volume/v3/group_types/481525e8-3b1f-461c-b0e8-2f413a7b053f/group_specs => generated 53 bytes in 28 msecs (HTTP/1.1 202) 7 headers in 291 bytes (1 switches on core 0)
Jul 22 04:37:37.310752 np0000005615 devstack@c-api.service[96972]: DEBUG cinder.api.middleware.request_id [None req-eeacdb28-1768-4296-91ac-ed93575b38bb None None] RequestId filter calling following filter/app {{(pid=96972) _context_setter /opt/stack/cinder/cinder/api/middleware/request_id.py:62}}
Jul 22 04:37:37.314559 np0000005615 devstack@c-api.service[96972]: INFO cinder.api.openstack.wsgi [None req-eeacdb28-1768-4296-91ac-ed93575b38bb tempest-GroupTypeSpecsTest-2035576917 tempest-GroupTypeSpecsTest-2035576917-project-admin] POST https://10.4.3.34/volume/v3/group_types/481525e8-3b1f-461c-b0e8-2f413a7b053f/group_specs
Jul 22 04:37:37.315089 np0000005615 devstack@c-api.service[96972]: DEBUG cinder.api.openstack.wsgi [None req-eeacdb28-1768-4296-91ac-ed93575b38bb tempest-GroupTypeSpecsTest-2035576917 tempest-GroupTypeSpecsTest-2035576917-project-admin] Action: 'create', calling method: version_select, body: {"group_specs": {"key2": "value2-updated", "key3": "value3"}} {{(pid=96972) _process_stack /opt/stack/cinder/cinder/api/openstack/wsgi.py:876}}
Jul 22 04:37:37.316920 np0000005615 devstack@c-api.service[96972]: /opt/stack/data/venv/lib/python3.12/site-packages/oslo_context/context.py:102: DeprecationWarning: Policy enforcement is depending on the value of is_admin. This key is deprecated. Please update your policy file to use the standard policy values.
Jul 22 04:37:37.316920 np0000005615 devstack@c-api.service[96972]: warnings.warn(
Jul 22 04:37:37.337813 np0000005615 devstack@c-api.service[96972]: INFO cinder.api.openstack.wsgi [None req-eeacdb28-1768-4296-91ac-ed93575b38bb tempest-GroupTypeSpecsTest-2035576917 tempest-GroupTypeSpecsTest-2035576917-project-admin] https://10.4.3.34/volume/v3/group_types/481525e8-3b1f-461c-b0e8-2f413a7b053f/group_specs returned with HTTP 202
Jul 22 04:37:37.338169 np0000005615 devstack@c-api.service[96972]: [pid: 96972|app: 0|req: 19/58] 10.4.3.34 () {70 vars in 1451 bytes} [Wed Jul 22 04:37:37 2026] POST /volume/v3/group_types/481525e8-3b1f-461c-b0e8-2f413a7b053f/group_specs => generated 61 bytes in 29 msecs (HTTP/1.1 202) 7 headers in 291 bytes (1 switches on core 0)
Jul 22 04:37:37.348922 np0000005615 devstack@c-api.service[96973]: DEBUG cinder.api.middleware.request_id [None req-03523e97-0f55-4eb9-86ef-7abfca5f4a04 None None] RequestId filter calling following filter/app {{(pid=96973) _context_setter /opt/stack/cinder/cinder/api/middleware/request_id.py:62}}
Jul 22 04:37:37.351154 np0000005615 devstack@c-api.service[96973]: INFO cinder.api.openstack.wsgi [None req-03523e97-0f55-4eb9-86ef-7abfca5f4a04 tempest-GroupTypeSpecsTest-2035576917 tempest-GroupTypeSpecsTest-2035576917-project-admin] GET https://10.4.3.34/volume/v3/group_types/481525e8-3b1f-461c-b0e8-2f413a7b053f/group_specs/key2
Jul 22 04:37:37.351576 np0000005615 devstack@c-api.service[96973]: DEBUG cinder.api.openstack.wsgi [None req-03523e97-0f55-4eb9-86ef-7abfca5f4a04 tempest-GroupTypeSpecsTest-2035576917 tempest-GroupTypeSpecsTest-2035576917-project-admin] Empty body provided in request {{(pid=96973) get_body /opt/stack/cinder/cinder/api/openstack/wsgi.py:725}}
Jul 22 04:37:37.351849 np0000005615 devstack@c-api.service[96973]: DEBUG cinder.api.openstack.wsgi [None req-03523e97-0f55-4eb9-86ef-7abfca5f4a04 tempest-GroupTypeSpecsTest-2035576917 tempest-GroupTypeSpecsTest-2035576917-project-admin] Calling method 'version_select' {{(pid=96973) _process_stack /opt/stack/cinder/cinder/api/openstack/wsgi.py:878}}
Jul 22 04:37:37.363740 np0000005615 devstack@c-api.service[96973]: INFO cinder.api.openstack.wsgi [None req-03523e97-0f55-4eb9-86ef-7abfca5f4a04 tempest-GroupTypeSpecsTest-2035576917 tempest-GroupTypeSpecsTest-2035576917-project-admin] https://10.4.3.34/volume/v3/group_types/481525e8-3b1f-461c-b0e8-2f413a7b053f/group_specs/key2 returned with HTTP 200
Jul 22 04:37:37.364534 np0000005615 devstack@c-api.service[96973]: [pid: 96973|app: 0|req: 19/59] 10.4.3.34 () {68 vars in 1445 bytes} [Wed Jul 22 04:37:37 2026] GET /volume/v3/group_types/481525e8-3b1f-461c-b0e8-2f413a7b053f/group_specs/key2 => generated 26 bytes in 17 msecs (HTTP/1.1 200) 7 headers in 285 bytes (1 switches on core 0)
Jul 22 04:37:37.372828 np0000005615 devstack@c-api.service[96974]: DEBUG cinder.api.middleware.request_id [None req-d7cf53c8-8e6b-47ae-94cc-1c3243ba287b None None] RequestId filter calling following filter/app {{(pid=96974) _context_setter /opt/stack/cinder/cinder/api/middleware/request_id.py:62}}
Jul 22 04:37:37.375542 np0000005615 devstack@c-api.service[96974]: INFO cinder.api.openstack.wsgi [None req-d7cf53c8-8e6b-47ae-94cc-1c3243ba287b tempest-GroupTypeSpecsTest-2035576917 tempest-GroupTypeSpecsTest-2035576917-project-admin] GET https://10.4.3.34/volume/v3/group_types/481525e8-3b1f-461c-b0e8-2f413a7b053f/group_specs/key3
Jul 22 04:37:37.375731 np0000005615 devstack@c-api.service[96974]: DEBUG cinder.api.openstack.wsgi [None req-d7cf53c8-8e6b-47ae-94cc-1c3243ba287b tempest-GroupTypeSpecsTest-2035576917 tempest-GroupTypeSpecsTest-2035576917-project-admin] Empty body provided in request {{(pid=96974) get_body /opt/stack/cinder/cinder/api/openstack/wsgi.py:725}}
Jul 22 04:37:37.375900 np0000005615 devstack@c-api.service[96974]: DEBUG cinder.api.openstack.wsgi [None req-d7cf53c8-8e6b-47ae-94cc-1c3243ba287b tempest-GroupTypeSpecsTest-2035576917 tempest-GroupTypeSpecsTest-2035576917-project-admin] Calling method 'version_select' {{(pid=96974) _process_stack /opt/stack/cinder/cinder/api/openstack/wsgi.py:878}}
Jul 22 04:37:37.387289 np0000005615 devstack@c-api.service[96974]: INFO cinder.api.openstack.wsgi [None req-d7cf53c8-8e6b-47ae-94cc-1c3243ba287b tempest-GroupTypeSpecsTest-2035576917 tempest-GroupTypeSpecsTest-2035576917-project-admin] https://10.4.3.34/volume/v3/group_types/481525e8-3b1f-461c-b0e8-2f413a7b053f/group_specs/key3 returned with HTTP 200
Jul 22 04:37:37.387703 np0000005615 devstack@c-api.service[96974]: [pid: 96974|app: 0|req: 22/60] 10.4.3.34 () {68 vars in 1445 bytes} [Wed Jul 22 04:37:37 2026] GET /volume/v3/group_types/481525e8-3b1f-461c-b0e8-2f413a7b053f/group_specs/key3 => generated 18 bytes in 15 msecs (HTTP/1.1 200) 7 headers in 285 bytes (1 switches on core 0)
Jul 22 04:37:37.393126 np0000005615 devstack@c-api.service[96972]: DEBUG cinder.api.middleware.request_id [None req-e4df3f4d-27f8-4b48-9729-ecaa89f609ed None None] RequestId filter calling following filter/app {{(pid=96972) _context_setter /opt/stack/cinder/cinder/api/middleware/request_id.py:62}}
Jul 22 04:37:37.399527 np0000005615 devstack@c-api.service[96973]: DEBUG cinder.api.middleware.request_id [None req-bb9b9f91-23a1-4bfe-a1e4-c795d484a974 None None] RequestId filter calling following filter/app {{(pid=96973) _context_setter /opt/stack/cinder/cinder/api/middleware/request_id.py:62}}
Jul 22 04:37:37.404067 np0000005615 devstack@c-api.service[96973]: INFO cinder.api.openstack.wsgi [None req-bb9b9f91-23a1-4bfe-a1e4-c795d484a974 tempest-GroupTypeSpecsTest-2035576917 tempest-GroupTypeSpecsTest-2035576917-project-admin] PUT https://10.4.3.34/volume/v3/group_types/481525e8-3b1f-461c-b0e8-2f413a7b053f/group_specs/key3
Jul 22 04:37:37.404512 np0000005615 devstack@c-api.service[96973]: DEBUG cinder.api.openstack.wsgi [None req-bb9b9f91-23a1-4bfe-a1e4-c795d484a974 tempest-GroupTypeSpecsTest-2035576917 tempest-GroupTypeSpecsTest-2035576917-project-admin] Action: 'update', calling method: version_select, body: {"key3": "value3-updated"} {{(pid=96973) _process_stack /opt/stack/cinder/cinder/api/openstack/wsgi.py:876}}
Jul 22 04:37:37.411759 np0000005615 devstack@c-api.service[96974]: DEBUG cinder.api.middleware.request_id [None req-c66e546c-d10b-4b44-a388-693d5ca91c19 None None] RequestId filter calling following filter/app {{(pid=96974) _context_setter /opt/stack/cinder/cinder/api/middleware/request_id.py:62}}
Jul 22 04:37:37.415849 np0000005615 devstack@c-api.service[96974]: INFO cinder.api.openstack.wsgi [None req-c66e546c-d10b-4b44-a388-693d5ca91c19 tempest-TaggedBootDevicesTest-2028066979 tempest-TaggedBootDevicesTest-2028066979-project-member] GET https://10.4.3.34/volume/v3/volumes/cc6ccf4f-418a-4ce3-b6e7-ad03e639cde5
Jul 22 04:37:37.416109 np0000005615 devstack@c-api.service[96974]: DEBUG cinder.api.openstack.wsgi [None req-c66e546c-d10b-4b44-a388-693d5ca91c19 tempest-TaggedBootDevicesTest-2028066979 tempest-TaggedBootDevicesTest-2028066979-project-member] Empty body provided in request {{(pid=96974) get_body /opt/stack/cinder/cinder/api/openstack/wsgi.py:725}}
Jul 22 04:37:37.416344 np0000005615 devstack@c-api.service[96974]: DEBUG cinder.api.openstack.wsgi [None req-c66e546c-d10b-4b44-a388-693d5ca91c19 tempest-TaggedBootDevicesTest-2028066979 tempest-TaggedBootDevicesTest-2028066979-project-member] Calling method 'show' {{(pid=96974) _process_stack /opt/stack/cinder/cinder/api/openstack/wsgi.py:878}}
Jul 22 04:37:37.424852 np0000005615 devstack@c-api.service[96974]: /opt/stack/data/venv/lib/python3.12/site-packages/oslo_context/context.py:102: DeprecationWarning: Policy enforcement is depending on the value of is_admin. This key is deprecated. Please update your policy file to use the standard policy values.
Jul 22 04:37:37.424852 np0000005615 devstack@c-api.service[96974]: warnings.warn(
Jul 22 04:37:37.425164 np0000005615 devstack@c-api.service[96973]: INFO cinder.api.openstack.wsgi [None req-bb9b9f91-23a1-4bfe-a1e4-c795d484a974 tempest-GroupTypeSpecsTest-2035576917 tempest-GroupTypeSpecsTest-2035576917-project-admin] https://10.4.3.34/volume/v3/group_types/481525e8-3b1f-461c-b0e8-2f413a7b053f/group_specs/key3 returned with HTTP 200
Jul 22 04:37:37.426073 np0000005615 devstack@c-api.service[96973]: [pid: 96973|app: 0|req: 20/61] 10.4.3.34 () {70 vars in 1465 bytes} [Wed Jul 22 04:37:37 2026] PUT /volume/v3/group_types/481525e8-3b1f-461c-b0e8-2f413a7b053f/group_specs/key3 => generated 26 bytes in 28 msecs (HTTP/1.1 200) 7 headers in 285 bytes (1 switches on core 0)
Jul 22 04:37:37.429049 np0000005615 devstack@c-api.service[96974]: INFO cinder.volume.api [None req-c66e546c-d10b-4b44-a388-693d5ca91c19 tempest-TaggedBootDevicesTest-2028066979 tempest-TaggedBootDevicesTest-2028066979-project-member] Volume info retrieved successfully.
Jul 22 04:37:37.434258 np0000005615 devstack@c-api.service[96974]: INFO cinder.api.openstack.wsgi [None req-c66e546c-d10b-4b44-a388-693d5ca91c19 tempest-TaggedBootDevicesTest-2028066979 tempest-TaggedBootDevicesTest-2028066979-project-member] https://10.4.3.34/volume/v3/volumes/cc6ccf4f-418a-4ce3-b6e7-ad03e639cde5 returned with HTTP 200
Jul 22 04:37:37.434462 np0000005615 devstack@c-api.service[96973]: DEBUG cinder.api.middleware.request_id [None req-321db74e-9cf4-4c44-9fb4-a95f04955373 None None] RequestId filter calling following filter/app {{(pid=96973) _context_setter /opt/stack/cinder/cinder/api/middleware/request_id.py:62}}
Jul 22 04:37:37.434502 np0000005615 devstack@c-api.service[96974]: [pid: 96974|app: 0|req: 23/62] 10.4.3.34 () {66 vars in 1341 bytes} [Wed Jul 22 04:37:37 2026] GET /volume/v3/volumes/cc6ccf4f-418a-4ce3-b6e7-ad03e639cde5 => generated 841 bytes in 23 msecs (HTTP/1.1 200) 7 headers in 285 bytes (1 switches on core 0)
Jul 22 04:37:37.435901 np0000005615 devstack@c-api.service[96973]: INFO cinder.api.openstack.wsgi [None req-321db74e-9cf4-4c44-9fb4-a95f04955373 tempest-GroupTypeSpecsTest-2035576917 tempest-GroupTypeSpecsTest-2035576917-project-admin] GET https://10.4.3.34/volume/v3/group_types/481525e8-3b1f-461c-b0e8-2f413a7b053f/group_specs
Jul 22 04:37:37.436150 np0000005615 devstack@c-api.service[96973]: DEBUG cinder.api.openstack.wsgi [None req-321db74e-9cf4-4c44-9fb4-a95f04955373 tempest-GroupTypeSpecsTest-2035576917 tempest-GroupTypeSpecsTest-2035576917-project-admin] Empty body provided in request {{(pid=96973) get_body /opt/stack/cinder/cinder/api/openstack/wsgi.py:725}}
Jul 22 04:37:37.436322 np0000005615 devstack@c-api.service[96973]: DEBUG cinder.api.openstack.wsgi [None req-321db74e-9cf4-4c44-9fb4-a95f04955373 tempest-GroupTypeSpecsTest-2035576917 tempest-GroupTypeSpecsTest-2035576917-project-admin] Calling method 'version_select' {{(pid=96973) _process_stack /opt/stack/cinder/cinder/api/openstack/wsgi.py:878}}
Jul 22 04:37:37.443890 np0000005615 devstack@c-api.service[96973]: INFO cinder.api.openstack.wsgi [None req-321db74e-9cf4-4c44-9fb4-a95f04955373 tempest-GroupTypeSpecsTest-2035576917 tempest-GroupTypeSpecsTest-2035576917-project-admin] https://10.4.3.34/volume/v3/group_types/481525e8-3b1f-461c-b0e8-2f413a7b053f/group_specs returned with HTTP 200
Jul 22 04:37:37.444797 np0000005615 devstack@c-api.service[96973]: [pid: 96973|app: 0|req: 21/63] 10.4.3.34 () {68 vars in 1430 bytes} [Wed Jul 22 04:37:37 2026] GET /volume/v3/group_types/481525e8-3b1f-461c-b0e8-2f413a7b053f/group_specs => generated 87 bytes in 11 msecs (HTTP/1.1 200) 7 headers in 285 bytes (1 switches on core 0)
Jul 22 04:37:37.449330 np0000005615 devstack@c-api.service[96974]: DEBUG cinder.api.middleware.request_id [None req-3e88ff1c-5d0a-4e29-9618-a6d4dcc2a44e None None] RequestId filter calling following filter/app {{(pid=96974) _context_setter /opt/stack/cinder/cinder/api/middleware/request_id.py:62}}
Jul 22 04:37:37.452092 np0000005615 devstack@c-api.service[96973]: DEBUG cinder.api.middleware.request_id [None req-1ad1e2d1-608c-4be4-a542-8b06057c554d None None] RequestId filter calling following filter/app {{(pid=96973) _context_setter /opt/stack/cinder/cinder/api/middleware/request_id.py:62}}
Jul 22 04:37:37.452872 np0000005615 devstack@c-api.service[96974]: INFO cinder.api.openstack.wsgi [None req-3e88ff1c-5d0a-4e29-9618-a6d4dcc2a44e tempest-TaggedBootDevicesTest-2028066979 tempest-TaggedBootDevicesTest-2028066979-project-member] POST https://10.4.3.34/volume/v3/volumes
Jul 22 04:37:37.453316 np0000005615 devstack@c-api.service[96974]: DEBUG cinder.api.openstack.wsgi [None req-3e88ff1c-5d0a-4e29-9618-a6d4dcc2a44e tempest-TaggedBootDevicesTest-2028066979 tempest-TaggedBootDevicesTest-2028066979-project-member] Action: 'create', calling method: create, body: {"volume": {"size": 1, "display_name": "tempest-TaggedBootDevicesTest-volume-2051206200"}} {{(pid=96974) _process_stack /opt/stack/cinder/cinder/api/openstack/wsgi.py:876}}
Jul 22 04:37:37.454466 np0000005615 devstack@c-api.service[96973]: INFO cinder.api.openstack.wsgi [None req-1ad1e2d1-608c-4be4-a542-8b06057c554d tempest-GroupTypeSpecsTest-2035576917 tempest-GroupTypeSpecsTest-2035576917-project-admin] DELETE https://10.4.3.34/volume/v3/group_types/481525e8-3b1f-461c-b0e8-2f413a7b053f/group_specs/key1
Jul 22 04:37:37.454983 np0000005615 devstack@c-api.service[96973]: DEBUG cinder.api.openstack.wsgi [None req-1ad1e2d1-608c-4be4-a542-8b06057c554d tempest-GroupTypeSpecsTest-2035576917 tempest-GroupTypeSpecsTest-2035576917-project-admin] Empty body provided in request {{(pid=96973) get_body /opt/stack/cinder/cinder/api/openstack/wsgi.py:725}}
Jul 22 04:37:37.455166 np0000005615 devstack@c-api.service[96974]: DEBUG cinder.api.v3.volumes [None req-3e88ff1c-5d0a-4e29-9618-a6d4dcc2a44e tempest-TaggedBootDevicesTest-2028066979 tempest-TaggedBootDevicesTest-2028066979-project-member] Create volume request body: {'volume': {'size': 1, 'display_name': 'tempest-TaggedBootDevicesTest-volume-2051206200'}} {{(pid=96974) create /opt/stack/cinder/cinder/api/v3/volumes.py:368}}
Jul 22 04:37:37.455220 np0000005615 devstack@c-api.service[96974]: INFO cinder.api.v3.volumes [None req-3e88ff1c-5d0a-4e29-9618-a6d4dcc2a44e tempest-TaggedBootDevicesTest-2028066979 tempest-TaggedBootDevicesTest-2028066979-project-member] Create volume of 1 GB
Jul 22 04:37:37.455262 np0000005615 devstack@c-api.service[96973]: DEBUG cinder.api.openstack.wsgi [None req-1ad1e2d1-608c-4be4-a542-8b06057c554d tempest-GroupTypeSpecsTest-2035576917 tempest-GroupTypeSpecsTest-2035576917-project-admin] Calling method 'version_select' {{(pid=96973) _process_stack /opt/stack/cinder/cinder/api/openstack/wsgi.py:878}}
Jul 22 04:37:37.460513 np0000005615 devstack@c-api.service[96974]: INFO cinder.volume.api [None req-3e88ff1c-5d0a-4e29-9618-a6d4dcc2a44e tempest-TaggedBootDevicesTest-2028066979 tempest-TaggedBootDevicesTest-2028066979-project-member] Availability Zones retrieved successfully.
