Jul 22 04:34:26.285323 np0000005615 systemd[1]: Starting devstack@n-api.service - Devstack devstack@n-api.service...
Jul 22 04:34:26.291159 np0000005615 devstack@n-api.service[84230]: [uWSGI] getting INI configuration from /etc/nova/nova-api-uwsgi.ini
Jul 22 04:34:26.293348 np0000005615 devstack@n-api.service[84230]: *** Starting uWSGI 2.0.24-debian (64bit) on [Wed Jul 22 04:34:26 2026] ***
Jul 22 04:34:26.293348 np0000005615 devstack@n-api.service[84230]: compiled with version: 13.2.0 on 17 April 2024 16:23:48
Jul 22 04:34:26.293348 np0000005615 devstack@n-api.service[84230]: os: Linux-6.8.0-136-generic #136-Ubuntu SMP PREEMPT_DYNAMIC Wed Jul 1 21:53:05 UTC 2026
Jul 22 04:34:26.293348 np0000005615 devstack@n-api.service[84230]: nodename: np0000005615
Jul 22 04:34:26.293348 np0000005615 devstack@n-api.service[84230]: machine: x86_64
Jul 22 04:34:26.293348 np0000005615 devstack@n-api.service[84230]: clock source: unix
Jul 22 04:34:26.293348 np0000005615 devstack@n-api.service[84230]: pcre jit disabled
Jul 22 04:34:26.293348 np0000005615 devstack@n-api.service[84230]: detected number of CPU cores: 16
Jul 22 04:34:26.293348 np0000005615 devstack@n-api.service[84230]: current working directory: /
Jul 22 04:34:26.293348 np0000005615 devstack@n-api.service[84230]: detected binary path: /usr/bin/uwsgi-core
Jul 22 04:34:26.293348 np0000005615 devstack@n-api.service[84230]: your processes number limit is 252954
Jul 22 04:34:26.293348 np0000005615 devstack@n-api.service[84230]: your memory page size is 4096 bytes
Jul 22 04:34:26.293348 np0000005615 devstack@n-api.service[84230]: detected max file descriptor number: 2048
Jul 22 04:34:26.293348 np0000005615 devstack@n-api.service[84230]: lock engine: pthread robust mutexes
Jul 22 04:34:26.294000 np0000005615 devstack@n-api.service[84230]: thunder lock: enabled
Jul 22 04:34:26.294000 np0000005615 devstack@n-api.service[84230]: uwsgi socket 0 bound to UNIX address /var/run/uwsgi/nova-api.socket fd 4
Jul 22 04:34:26.294000 np0000005615 devstack@n-api.service[84230]: Python version: 3.12.3 (main, Jun 19 2026, 12:46:00) [GCC 13.3.0]
Jul 22 04:34:26.294000 np0000005615 devstack@n-api.service[84230]: PEP 405 virtualenv detected: /opt/stack/data/venv
Jul 22 04:34:26.294000 np0000005615 devstack@n-api.service[84230]: Set PythonHome to /opt/stack/data/venv
Jul 22 04:34:26.325973 np0000005615 devstack@n-api.service[84230]: Python main interpreter initialized at 0x7d41bd6a4668
Jul 22 04:34:26.325973 np0000005615 devstack@n-api.service[84230]: python threads support enabled
Jul 22 04:34:26.325973 np0000005615 devstack@n-api.service[84230]: your server socket listen backlog is limited to 100 connections
Jul 22 04:34:26.325973 np0000005615 devstack@n-api.service[84230]: your mercy for graceful operations on workers is 80 seconds
Jul 22 04:34:26.326383 np0000005615 devstack@n-api.service[84230]: mapped 537436 bytes (524 KB) for 3 cores
Jul 22 04:34:26.326496 np0000005615 devstack@n-api.service[84230]: *** Operational MODE: preforking ***
Jul 22 04:34:26.326678 np0000005615 devstack@n-api.service[84230]: *** uWSGI is running in multiple interpreter mode ***
Jul 22 04:34:26.326678 np0000005615 devstack@n-api.service[84230]: spawned uWSGI master process (pid: 84230)
Jul 22 04:34:26.326937 np0000005615 systemd[1]: Started devstack@n-api.service - Devstack devstack@n-api.service.
Jul 22 04:34:26.327286 np0000005615 devstack@n-api.service[84230]: spawned uWSGI worker 1 (pid: 84231, cores: 1)
Jul 22 04:34:26.327724 np0000005615 devstack@n-api.service[84230]: spawned uWSGI worker 2 (pid: 84232, cores: 1)
Jul 22 04:34:26.328134 np0000005615 devstack@n-api.service[84230]: spawned uWSGI worker 3 (pid: 84233, cores: 1)
Jul 22 04:34:26.328181 np0000005615 devstack@n-api.service[84230]: running "unix_signal:15 gracefully_kill_them_all" (master-start)...
Jul 22 04:34:27.888524 np0000005615 devstack@n-api.service[84232]: INFO dbcounter [None req-16af1069-1707-4adc-8d14-2a246d86350a None None] Registered counter for database nova_api
Jul 22 04:34:27.890215 np0000005615 devstack@n-api.service[84231]: INFO dbcounter [None req-c980be94-5521-4122-b264-08223be1664d None None] Registered counter for database nova_api
Jul 22 04:34:27.911615 np0000005615 devstack@n-api.service[84233]: INFO dbcounter [None req-4fe4cc5c-49eb-4878-9652-440cd30d17b0 None None] Registered counter for database nova_api
Jul 22 04:34:27.923775 np0000005615 devstack@n-api.service[84232]: DEBUG oslo_db.sqlalchemy.engines [None req-16af1069-1707-4adc-8d14-2a246d86350a None None] MySQL server mode set to STRICT_TRANS_TABLES,STRICT_ALL_TABLES,NO_ZERO_IN_DATE,NO_ZERO_DATE,ERROR_FOR_DIVISION_BY_ZERO,TRADITIONAL,NO_ENGINE_SUBSTITUTION {{(pid=84232) _check_effective_sql_mode /opt/stack/data/venv/lib/python3.12/site-packages/oslo_db/sqlalchemy/engines.py:325}}
Jul 22 04:34:27.925471 np0000005615 devstack@n-api.service[84231]: DEBUG oslo_db.sqlalchemy.engines [None req-c980be94-5521-4122-b264-08223be1664d None None] MySQL server mode set to STRICT_TRANS_TABLES,STRICT_ALL_TABLES,NO_ZERO_IN_DATE,NO_ZERO_DATE,ERROR_FOR_DIVISION_BY_ZERO,TRADITIONAL,NO_ENGINE_SUBSTITUTION {{(pid=84231) _check_effective_sql_mode /opt/stack/data/venv/lib/python3.12/site-packages/oslo_db/sqlalchemy/engines.py:325}}
Jul 22 04:34:27.950618 np0000005615 devstack@n-api.service[84233]: DEBUG oslo_db.sqlalchemy.engines [None req-4fe4cc5c-49eb-4878-9652-440cd30d17b0 None None] MySQL server mode set to STRICT_TRANS_TABLES,STRICT_ALL_TABLES,NO_ZERO_IN_DATE,NO_ZERO_DATE,ERROR_FOR_DIVISION_BY_ZERO,TRADITIONAL,NO_ENGINE_SUBSTITUTION {{(pid=84233) _check_effective_sql_mode /opt/stack/data/venv/lib/python3.12/site-packages/oslo_db/sqlalchemy/engines.py:325}}
Jul 22 04:34:27.951020 np0000005615 devstack@n-api.service[84232]: DEBUG dbcounter [-] [84232] Writer thread running {{(pid=84232) stat_writer /opt/stack/data/venv/lib/python3.12/site-packages/dbcounter.py:102}}
Jul 22 04:34:27.953220 np0000005615 devstack@n-api.service[84232]: DEBUG nova.context [None req-16af1069-1707-4adc-8d14-2a246d86350a None None] Found 2 cells: 00000000-0000-0000-0000-000000000000(cell0),f29f73fa-9a8c-41a1-bc7b-bfcec46f393e(cell1) {{(pid=84232) load_cells /opt/stack/nova/nova/context.py:509}}
Jul 22 04:34:27.953515 np0000005615 devstack@n-api.service[84232]: INFO nova.utils [None req-16af1069-1707-4adc-8d14-2a246d86350a None None] The cell worker thread pool MainProcess.cell_worker is initialized
Jul 22 04:34:27.955126 np0000005615 devstack@n-api.service[84232]: DEBUG oslo_concurrency.lockutils [None req-16af1069-1707-4adc-8d14-2a246d86350a None None] Acquiring lock "00000000-0000-0000-0000-000000000000" by "nova.context.set_target_cell..get_or_set_cached_cell_and_set_connections" {{(pid=84232) inner /opt/stack/data/venv/lib/python3.12/site-packages/oslo_concurrency/lockutils.py:512}}
Jul 22 04:34:27.955254 np0000005615 devstack@n-api.service[84231]: DEBUG dbcounter [-] [84231] Writer thread running {{(pid=84231) stat_writer /opt/stack/data/venv/lib/python3.12/site-packages/dbcounter.py:102}}
Jul 22 04:34:27.955310 np0000005615 devstack@n-api.service[84232]: DEBUG oslo_concurrency.lockutils [None req-16af1069-1707-4adc-8d14-2a246d86350a None None] Lock "00000000-0000-0000-0000-000000000000" acquired by "nova.context.set_target_cell..get_or_set_cached_cell_and_set_connections" :: waited 0.000s {{(pid=84232) inner /opt/stack/data/venv/lib/python3.12/site-packages/oslo_concurrency/lockutils.py:525}}
Jul 22 04:34:27.955709 np0000005615 devstack@n-api.service[84232]: DEBUG oslo_concurrency.lockutils [None req-16af1069-1707-4adc-8d14-2a246d86350a None None] Lock "00000000-0000-0000-0000-000000000000" "released" by "nova.context.set_target_cell..get_or_set_cached_cell_and_set_connections" :: held 0.000s {{(pid=84232) inner /opt/stack/data/venv/lib/python3.12/site-packages/oslo_concurrency/lockutils.py:544}}
Jul 22 04:34:27.956368 np0000005615 devstack@n-api.service[84232]: DEBUG oslo_concurrency.lockutils [None req-16af1069-1707-4adc-8d14-2a246d86350a None None] Acquiring lock "f29f73fa-9a8c-41a1-bc7b-bfcec46f393e" by "nova.context.set_target_cell..get_or_set_cached_cell_and_set_connections" {{(pid=84232) inner /opt/stack/data/venv/lib/python3.12/site-packages/oslo_concurrency/lockutils.py:512}}
Jul 22 04:34:27.956495 np0000005615 devstack@n-api.service[84232]: DEBUG oslo_concurrency.lockutils [None req-16af1069-1707-4adc-8d14-2a246d86350a None None] Lock "f29f73fa-9a8c-41a1-bc7b-bfcec46f393e" acquired by "nova.context.set_target_cell..get_or_set_cached_cell_and_set_connections" :: waited 0.000s {{(pid=84232) inner /opt/stack/data/venv/lib/python3.12/site-packages/oslo_concurrency/lockutils.py:525}}
Jul 22 04:34:27.957374 np0000005615 devstack@n-api.service[84231]: DEBUG nova.context [None req-c980be94-5521-4122-b264-08223be1664d None None] Found 2 cells: 00000000-0000-0000-0000-000000000000(cell0),f29f73fa-9a8c-41a1-bc7b-bfcec46f393e(cell1) {{(pid=84231) load_cells /opt/stack/nova/nova/context.py:509}}
Jul 22 04:34:27.957617 np0000005615 devstack@n-api.service[84231]: INFO nova.utils [None req-c980be94-5521-4122-b264-08223be1664d None None] The cell worker thread pool MainProcess.cell_worker is initialized
Jul 22 04:34:27.958855 np0000005615 devstack@n-api.service[84232]: INFO dbcounter [None req-16af1069-1707-4adc-8d14-2a246d86350a None None] Registered counter for database nova_cell0
Jul 22 04:34:27.959510 np0000005615 devstack@n-api.service[84231]: DEBUG oslo_concurrency.lockutils [None req-c980be94-5521-4122-b264-08223be1664d None None] Acquiring lock "00000000-0000-0000-0000-000000000000" by "nova.context.set_target_cell..get_or_set_cached_cell_and_set_connections" {{(pid=84231) inner /opt/stack/data/venv/lib/python3.12/site-packages/oslo_concurrency/lockutils.py:512}}
Jul 22 04:34:27.959712 np0000005615 devstack@n-api.service[84231]: DEBUG oslo_concurrency.lockutils [None req-c980be94-5521-4122-b264-08223be1664d None None] Lock "00000000-0000-0000-0000-000000000000" acquired by "nova.context.set_target_cell..get_or_set_cached_cell_and_set_connections" :: waited 0.000s {{(pid=84231) inner /opt/stack/data/venv/lib/python3.12/site-packages/oslo_concurrency/lockutils.py:525}}
Jul 22 04:34:27.960142 np0000005615 devstack@n-api.service[84231]: DEBUG oslo_concurrency.lockutils [None req-c980be94-5521-4122-b264-08223be1664d None None] Lock "00000000-0000-0000-0000-000000000000" "released" by "nova.context.set_target_cell..get_or_set_cached_cell_and_set_connections" :: held 0.000s {{(pid=84231) inner /opt/stack/data/venv/lib/python3.12/site-packages/oslo_concurrency/lockutils.py:544}}
Jul 22 04:34:27.960241 np0000005615 devstack@n-api.service[84232]: DEBUG oslo_concurrency.lockutils [None req-16af1069-1707-4adc-8d14-2a246d86350a None None] Lock "f29f73fa-9a8c-41a1-bc7b-bfcec46f393e" "released" by "nova.context.set_target_cell..get_or_set_cached_cell_and_set_connections" :: held 0.002s {{(pid=84232) inner /opt/stack/data/venv/lib/python3.12/site-packages/oslo_concurrency/lockutils.py:544}}
Jul 22 04:34:27.960701 np0000005615 devstack@n-api.service[84231]: DEBUG oslo_concurrency.lockutils [None req-c980be94-5521-4122-b264-08223be1664d None None] Acquiring lock "f29f73fa-9a8c-41a1-bc7b-bfcec46f393e" by "nova.context.set_target_cell..get_or_set_cached_cell_and_set_connections" {{(pid=84231) inner /opt/stack/data/venv/lib/python3.12/site-packages/oslo_concurrency/lockutils.py:512}}
Jul 22 04:34:27.960895 np0000005615 devstack@n-api.service[84231]: DEBUG oslo_concurrency.lockutils [None req-c980be94-5521-4122-b264-08223be1664d None None] Lock "f29f73fa-9a8c-41a1-bc7b-bfcec46f393e" acquired by "nova.context.set_target_cell..get_or_set_cached_cell_and_set_connections" :: waited 0.000s {{(pid=84231) inner /opt/stack/data/venv/lib/python3.12/site-packages/oslo_concurrency/lockutils.py:525}}
Jul 22 04:34:27.961824 np0000005615 devstack@n-api.service[84232]: INFO dbcounter [None req-16af1069-1707-4adc-8d14-2a246d86350a None None] Registered counter for database nova_cell1
Jul 22 04:34:27.962917 np0000005615 devstack@n-api.service[84231]: INFO dbcounter [None req-c980be94-5521-4122-b264-08223be1664d None None] Registered counter for database nova_cell0
Jul 22 04:34:27.964107 np0000005615 devstack@n-api.service[84231]: DEBUG oslo_concurrency.lockutils [None req-c980be94-5521-4122-b264-08223be1664d None None] Lock "f29f73fa-9a8c-41a1-bc7b-bfcec46f393e" "released" by "nova.context.set_target_cell..get_or_set_cached_cell_and_set_connections" :: held 0.002s {{(pid=84231) inner /opt/stack/data/venv/lib/python3.12/site-packages/oslo_concurrency/lockutils.py:544}}
Jul 22 04:34:27.966168 np0000005615 devstack@n-api.service[84231]: INFO dbcounter [None req-c980be94-5521-4122-b264-08223be1664d None None] Registered counter for database nova_cell1
Jul 22 04:34:27.977430 np0000005615 devstack@n-api.service[84233]: DEBUG dbcounter [-] [84233] Writer thread running {{(pid=84233) stat_writer /opt/stack/data/venv/lib/python3.12/site-packages/dbcounter.py:102}}
Jul 22 04:34:27.980010 np0000005615 devstack@n-api.service[84233]: DEBUG nova.context [None req-4fe4cc5c-49eb-4878-9652-440cd30d17b0 None None] Found 2 cells: 00000000-0000-0000-0000-000000000000(cell0),f29f73fa-9a8c-41a1-bc7b-bfcec46f393e(cell1) {{(pid=84233) load_cells /opt/stack/nova/nova/context.py:509}}
Jul 22 04:34:27.980244 np0000005615 devstack@n-api.service[84233]: INFO nova.utils [None req-4fe4cc5c-49eb-4878-9652-440cd30d17b0 None None] The cell worker thread pool MainProcess.cell_worker is initialized
Jul 22 04:34:27.982052 np0000005615 devstack@n-api.service[84233]: DEBUG oslo_concurrency.lockutils [None req-4fe4cc5c-49eb-4878-9652-440cd30d17b0 None None] Acquiring lock "00000000-0000-0000-0000-000000000000" by "nova.context.set_target_cell..get_or_set_cached_cell_and_set_connections" {{(pid=84233) inner /opt/stack/data/venv/lib/python3.12/site-packages/oslo_concurrency/lockutils.py:512}}
Jul 22 04:34:27.982226 np0000005615 devstack@n-api.service[84233]: DEBUG oslo_concurrency.lockutils [None req-4fe4cc5c-49eb-4878-9652-440cd30d17b0 None None] Lock "00000000-0000-0000-0000-000000000000" acquired by "nova.context.set_target_cell..get_or_set_cached_cell_and_set_connections" :: waited 0.000s {{(pid=84233) inner /opt/stack/data/venv/lib/python3.12/site-packages/oslo_concurrency/lockutils.py:525}}
Jul 22 04:34:27.982569 np0000005615 devstack@n-api.service[84233]: DEBUG oslo_concurrency.lockutils [None req-4fe4cc5c-49eb-4878-9652-440cd30d17b0 None None] Lock "00000000-0000-0000-0000-000000000000" "released" by "nova.context.set_target_cell..get_or_set_cached_cell_and_set_connections" :: held 0.000s {{(pid=84233) inner /opt/stack/data/venv/lib/python3.12/site-packages/oslo_concurrency/lockutils.py:544}}
Jul 22 04:34:27.983174 np0000005615 devstack@n-api.service[84233]: DEBUG oslo_concurrency.lockutils [None req-4fe4cc5c-49eb-4878-9652-440cd30d17b0 None None] Acquiring lock "f29f73fa-9a8c-41a1-bc7b-bfcec46f393e" by "nova.context.set_target_cell..get_or_set_cached_cell_and_set_connections" {{(pid=84233) inner /opt/stack/data/venv/lib/python3.12/site-packages/oslo_concurrency/lockutils.py:512}}
Jul 22 04:34:27.983304 np0000005615 devstack@n-api.service[84233]: DEBUG oslo_concurrency.lockutils [None req-4fe4cc5c-49eb-4878-9652-440cd30d17b0 None None] Lock "f29f73fa-9a8c-41a1-bc7b-bfcec46f393e" acquired by "nova.context.set_target_cell..get_or_set_cached_cell_and_set_connections" :: waited 0.000s {{(pid=84233) inner /opt/stack/data/venv/lib/python3.12/site-packages/oslo_concurrency/lockutils.py:525}}
Jul 22 04:34:27.984109 np0000005615 devstack@n-api.service[84233]: DEBUG oslo_concurrency.lockutils [None req-4fe4cc5c-49eb-4878-9652-440cd30d17b0 None None] Lock "f29f73fa-9a8c-41a1-bc7b-bfcec46f393e" "released" by "nova.context.set_target_cell..get_or_set_cached_cell_and_set_connections" :: held 0.001s {{(pid=84233) inner /opt/stack/data/venv/lib/python3.12/site-packages/oslo_concurrency/lockutils.py:544}}
Jul 22 04:34:27.985721 np0000005615 devstack@n-api.service[84233]: INFO dbcounter [None req-4fe4cc5c-49eb-4878-9652-440cd30d17b0 None None] Registered counter for database nova_cell0
Jul 22 04:34:27.988554 np0000005615 devstack@n-api.service[84233]: INFO dbcounter [None req-4fe4cc5c-49eb-4878-9652-440cd30d17b0 None None] Registered counter for database nova_cell1
Jul 22 04:34:28.004988 np0000005615 devstack@n-api.service[84232]: DEBUG oslo_db.sqlalchemy.engines [None req-16af1069-1707-4adc-8d14-2a246d86350a None None] MySQL server mode set to STRICT_TRANS_TABLES,STRICT_ALL_TABLES,NO_ZERO_IN_DATE,NO_ZERO_DATE,ERROR_FOR_DIVISION_BY_ZERO,TRADITIONAL,NO_ENGINE_SUBSTITUTION {{(pid=84232) _check_effective_sql_mode /opt/stack/data/venv/lib/python3.12/site-packages/oslo_db/sqlalchemy/engines.py:325}}
Jul 22 04:34:28.008359 np0000005615 devstack@n-api.service[84232]: DEBUG oslo_db.sqlalchemy.engines [None req-16af1069-1707-4adc-8d14-2a246d86350a None None] MySQL server mode set to STRICT_TRANS_TABLES,STRICT_ALL_TABLES,NO_ZERO_IN_DATE,NO_ZERO_DATE,ERROR_FOR_DIVISION_BY_ZERO,TRADITIONAL,NO_ENGINE_SUBSTITUTION {{(pid=84232) _check_effective_sql_mode /opt/stack/data/venv/lib/python3.12/site-packages/oslo_db/sqlalchemy/engines.py:325}}
Jul 22 04:34:28.010214 np0000005615 devstack@n-api.service[84231]: DEBUG oslo_db.sqlalchemy.engines [None req-c980be94-5521-4122-b264-08223be1664d None None] MySQL server mode set to STRICT_TRANS_TABLES,STRICT_ALL_TABLES,NO_ZERO_IN_DATE,NO_ZERO_DATE,ERROR_FOR_DIVISION_BY_ZERO,TRADITIONAL,NO_ENGINE_SUBSTITUTION {{(pid=84231) _check_effective_sql_mode /opt/stack/data/venv/lib/python3.12/site-packages/oslo_db/sqlalchemy/engines.py:325}}
Jul 22 04:34:28.014057 np0000005615 devstack@n-api.service[84231]: DEBUG oslo_db.sqlalchemy.engines [None req-c980be94-5521-4122-b264-08223be1664d None None] MySQL server mode set to STRICT_TRANS_TABLES,STRICT_ALL_TABLES,NO_ZERO_IN_DATE,NO_ZERO_DATE,ERROR_FOR_DIVISION_BY_ZERO,TRADITIONAL,NO_ENGINE_SUBSTITUTION {{(pid=84231) _check_effective_sql_mode /opt/stack/data/venv/lib/python3.12/site-packages/oslo_db/sqlalchemy/engines.py:325}}
Jul 22 04:34:28.032001 np0000005615 devstack@n-api.service[84233]: DEBUG oslo_db.sqlalchemy.engines [None req-4fe4cc5c-49eb-4878-9652-440cd30d17b0 None None] MySQL server mode set to STRICT_TRANS_TABLES,STRICT_ALL_TABLES,NO_ZERO_IN_DATE,NO_ZERO_DATE,ERROR_FOR_DIVISION_BY_ZERO,TRADITIONAL,NO_ENGINE_SUBSTITUTION {{(pid=84233) _check_effective_sql_mode /opt/stack/data/venv/lib/python3.12/site-packages/oslo_db/sqlalchemy/engines.py:325}}
Jul 22 04:34:28.085800 np0000005615 devstack@n-api.service[84232]: DEBUG dbcounter [-] [84232] Writer thread running {{(pid=84232) stat_writer /opt/stack/data/venv/lib/python3.12/site-packages/dbcounter.py:102}}
Jul 22 04:34:28.090448 np0000005615 devstack@n-api.service[84232]: DEBUG dbcounter [-] [84232] Writer thread running {{(pid=84232) stat_writer /opt/stack/data/venv/lib/python3.12/site-packages/dbcounter.py:102}}
Jul 22 04:34:28.092157 np0000005615 devstack@n-api.service[84231]: DEBUG dbcounter [-] [84231] Writer thread running {{(pid=84231) stat_writer /opt/stack/data/venv/lib/python3.12/site-packages/dbcounter.py:102}}
Jul 22 04:34:28.093840 np0000005615 devstack@n-api.service[84232]: INFO dbcounter [None req-16af1069-1707-4adc-8d14-2a246d86350a None None] Registered counter for database nova_cell0
Jul 22 04:34:28.097386 np0000005615 devstack@n-api.service[84231]: DEBUG dbcounter [-] [84231] Writer thread running {{(pid=84231) stat_writer /opt/stack/data/venv/lib/python3.12/site-packages/dbcounter.py:102}}
Jul 22 04:34:28.100787 np0000005615 devstack@n-api.service[84231]: INFO dbcounter [None req-c980be94-5521-4122-b264-08223be1664d None None] Registered counter for database nova_cell0
Jul 22 04:34:28.115614 np0000005615 devstack@n-api.service[84233]: DEBUG oslo_db.sqlalchemy.engines [None req-4fe4cc5c-49eb-4878-9652-440cd30d17b0 None None] MySQL server mode set to STRICT_TRANS_TABLES,STRICT_ALL_TABLES,NO_ZERO_IN_DATE,NO_ZERO_DATE,ERROR_FOR_DIVISION_BY_ZERO,TRADITIONAL,NO_ENGINE_SUBSTITUTION {{(pid=84233) _check_effective_sql_mode /opt/stack/data/venv/lib/python3.12/site-packages/oslo_db/sqlalchemy/engines.py:325}}
Jul 22 04:34:28.116087 np0000005615 devstack@n-api.service[84233]: DEBUG dbcounter [-] [84233] Writer thread running {{(pid=84233) stat_writer /opt/stack/data/venv/lib/python3.12/site-packages/dbcounter.py:102}}
Jul 22 04:34:28.122932 np0000005615 devstack@n-api.service[84233]: DEBUG dbcounter [-] [84233] Writer thread running {{(pid=84233) stat_writer /opt/stack/data/venv/lib/python3.12/site-packages/dbcounter.py:102}}
Jul 22 04:34:28.126550 np0000005615 devstack@n-api.service[84233]: INFO dbcounter [None req-4fe4cc5c-49eb-4878-9652-440cd30d17b0 None None] Registered counter for database nova_cell0
Jul 22 04:34:28.130179 np0000005615 devstack@n-api.service[84232]: DEBUG oslo_db.sqlalchemy.engines [None req-16af1069-1707-4adc-8d14-2a246d86350a None None] MySQL server mode set to STRICT_TRANS_TABLES,STRICT_ALL_TABLES,NO_ZERO_IN_DATE,NO_ZERO_DATE,ERROR_FOR_DIVISION_BY_ZERO,TRADITIONAL,NO_ENGINE_SUBSTITUTION {{(pid=84232) _check_effective_sql_mode /opt/stack/data/venv/lib/python3.12/site-packages/oslo_db/sqlalchemy/engines.py:325}}
Jul 22 04:34:28.136089 np0000005615 devstack@n-api.service[84231]: DEBUG oslo_db.sqlalchemy.engines [None req-c980be94-5521-4122-b264-08223be1664d None None] MySQL server mode set to STRICT_TRANS_TABLES,STRICT_ALL_TABLES,NO_ZERO_IN_DATE,NO_ZERO_DATE,ERROR_FOR_DIVISION_BY_ZERO,TRADITIONAL,NO_ENGINE_SUBSTITUTION {{(pid=84231) _check_effective_sql_mode /opt/stack/data/venv/lib/python3.12/site-packages/oslo_db/sqlalchemy/engines.py:325}}
Jul 22 04:34:28.137127 np0000005615 devstack@n-api.service[84232]: DEBUG dbcounter [-] [84232] Writer thread running {{(pid=84232) stat_writer /opt/stack/data/venv/lib/python3.12/site-packages/dbcounter.py:102}}
Jul 22 04:34:28.141594 np0000005615 devstack@n-api.service[84231]: DEBUG dbcounter [-] [84231] Writer thread running {{(pid=84231) stat_writer /opt/stack/data/venv/lib/python3.12/site-packages/dbcounter.py:102}}
Jul 22 04:34:28.159842 np0000005615 devstack@n-api.service[84233]: DEBUG oslo_db.sqlalchemy.engines [None req-4fe4cc5c-49eb-4878-9652-440cd30d17b0 None None] MySQL server mode set to STRICT_TRANS_TABLES,STRICT_ALL_TABLES,NO_ZERO_IN_DATE,NO_ZERO_DATE,ERROR_FOR_DIVISION_BY_ZERO,TRADITIONAL,NO_ENGINE_SUBSTITUTION {{(pid=84233) _check_effective_sql_mode /opt/stack/data/venv/lib/python3.12/site-packages/oslo_db/sqlalchemy/engines.py:325}}
Jul 22 04:34:28.167275 np0000005615 devstack@n-api.service[84233]: DEBUG dbcounter [-] [84233] Writer thread running {{(pid=84233) stat_writer /opt/stack/data/venv/lib/python3.12/site-packages/dbcounter.py:102}}
Jul 22 04:34:28.495542 np0000005615 devstack@n-api.service[84232]: DEBUG oslo_concurrency.processutils [None req-16af1069-1707-4adc-8d14-2a246d86350a None None] Running cmd (subprocess): grep -F node.session.scan /sbin/iscsiadm {{(pid=84232) execute /opt/stack/data/venv/lib/python3.12/site-packages/oslo_concurrency/processutils.py:440}}
Jul 22 04:34:28.500185 np0000005615 devstack@n-api.service[84231]: DEBUG oslo_concurrency.processutils [None req-c980be94-5521-4122-b264-08223be1664d None None] Running cmd (subprocess): grep -F node.session.scan /sbin/iscsiadm {{(pid=84231) execute /opt/stack/data/venv/lib/python3.12/site-packages/oslo_concurrency/processutils.py:440}}
Jul 22 04:34:28.505062 np0000005615 devstack@n-api.service[84233]: DEBUG oslo_concurrency.processutils [None req-4fe4cc5c-49eb-4878-9652-440cd30d17b0 None None] Running cmd (subprocess): grep -F node.session.scan /sbin/iscsiadm {{(pid=84233) execute /opt/stack/data/venv/lib/python3.12/site-packages/oslo_concurrency/processutils.py:440}}
Jul 22 04:34:28.508200 np0000005615 devstack@n-api.service[84232]: DEBUG oslo_concurrency.processutils [None req-16af1069-1707-4adc-8d14-2a246d86350a None None] CMD "grep -F node.session.scan /sbin/iscsiadm" returned: 0 in 0.013s {{(pid=84232) execute /opt/stack/data/venv/lib/python3.12/site-packages/oslo_concurrency/processutils.py:468}}
Jul 22 04:34:28.512079 np0000005615 devstack@n-api.service[84231]: DEBUG oslo_concurrency.processutils [None req-c980be94-5521-4122-b264-08223be1664d None None] CMD "grep -F node.session.scan /sbin/iscsiadm" returned: 0 in 0.012s {{(pid=84231) execute /opt/stack/data/venv/lib/python3.12/site-packages/oslo_concurrency/processutils.py:468}}
Jul 22 04:34:28.519125 np0000005615 devstack@n-api.service[84233]: DEBUG oslo_concurrency.processutils [None req-4fe4cc5c-49eb-4878-9652-440cd30d17b0 None None] CMD "grep -F node.session.scan /sbin/iscsiadm" returned: 0 in 0.014s {{(pid=84233) execute /opt/stack/data/venv/lib/python3.12/site-packages/oslo_concurrency/processutils.py:468}}
Jul 22 04:34:29.108698 np0000005615 devstack@n-api.service[84233]: DEBUG nova.api.openstack.wsgi_app [None req-4fe4cc5c-49eb-4878-9652-440cd30d17b0 None None] ******************************************************************************** {{(pid=84233) log_opt_values /opt/stack/data/venv/lib/python3.12/site-packages/oslo_config/cfg.py:3226}}
Jul 22 04:34:29.109279 np0000005615 devstack@n-api.service[84233]: DEBUG nova.api.openstack.wsgi_app [None req-4fe4cc5c-49eb-4878-9652-440cd30d17b0 None None] Configuration options gathered from: {{(pid=84233) log_opt_values /opt/stack/data/venv/lib/python3.12/site-packages/oslo_config/cfg.py:3227}}
Jul 22 04:34:29.109279 np0000005615 devstack@n-api.service[84233]: DEBUG nova.api.openstack.wsgi_app [None req-4fe4cc5c-49eb-4878-9652-440cd30d17b0 None None] command line args: [] {{(pid=84233) log_opt_values /opt/stack/data/venv/lib/python3.12/site-packages/oslo_config/cfg.py:3228}}
Jul 22 04:34:29.109354 np0000005615 devstack@n-api.service[84233]: DEBUG nova.api.openstack.wsgi_app [None req-4fe4cc5c-49eb-4878-9652-440cd30d17b0 None None] config files: ['/etc/nova/api-paste.ini', '/etc/nova/nova.conf'] {{(pid=84233) log_opt_values /opt/stack/data/venv/lib/python3.12/site-packages/oslo_config/cfg.py:3229}}
Jul 22 04:34:29.109488 np0000005615 devstack@n-api.service[84233]: DEBUG nova.api.openstack.wsgi_app [None req-4fe4cc5c-49eb-4878-9652-440cd30d17b0 None None] ================================================================================ {{(pid=84233) log_opt_values /opt/stack/data/venv/lib/python3.12/site-packages/oslo_config/cfg.py:3234}}
Jul 22 04:34:29.109592 np0000005615 devstack@n-api.service[84233]: DEBUG nova.api.openstack.wsgi_app [None req-4fe4cc5c-49eb-4878-9652-440cd30d17b0 None None] allow_resize_to_same_host = True {{(pid=84233) log_opt_values /opt/stack/data/venv/lib/python3.12/site-packages/oslo_config/cfg.py:3242}}
Jul 22 04:34:29.109752 np0000005615 devstack@n-api.service[84233]: DEBUG nova.api.openstack.wsgi_app [None req-4fe4cc5c-49eb-4878-9652-440cd30d17b0 None None] arq_binding_timeout = 300 {{(pid=84233) log_opt_values /opt/stack/data/venv/lib/python3.12/site-packages/oslo_config/cfg.py:3242}}
Jul 22 04:34:29.109937 np0000005615 devstack@n-api.service[84233]: DEBUG nova.api.openstack.wsgi_app [None req-4fe4cc5c-49eb-4878-9652-440cd30d17b0 None None] block_device_allocate_retries = 60 {{(pid=84233) log_opt_values /opt/stack/data/venv/lib/python3.12/site-packages/oslo_config/cfg.py:3242}}
Jul 22 04:34:29.110126 np0000005615 devstack@n-api.service[84233]: DEBUG nova.api.openstack.wsgi_app [None req-4fe4cc5c-49eb-4878-9652-440cd30d17b0 None None] block_device_allocate_retries_interval = 3 {{(pid=84233) log_opt_values /opt/stack/data/venv/lib/python3.12/site-packages/oslo_config/cfg.py:3242}}
Jul 22 04:34:29.110303 np0000005615 devstack@n-api.service[84233]: DEBUG nova.api.openstack.wsgi_app [None req-4fe4cc5c-49eb-4878-9652-440cd30d17b0 None None] cell_worker_thread_pool_size = 5 {{(pid=84233) log_opt_values /opt/stack/data/venv/lib/python3.12/site-packages/oslo_config/cfg.py:3242}}
Jul 22 04:34:29.110480 np0000005615 devstack@n-api.service[84233]: DEBUG nova.api.openstack.wsgi_app [None req-4fe4cc5c-49eb-4878-9652-440cd30d17b0 None None] cert = self.pem {{(pid=84233) log_opt_values /opt/stack/data/venv/lib/python3.12/site-packages/oslo_config/cfg.py:3242}}
Jul 22 04:34:29.110655 np0000005615 devstack@n-api.service[84233]: DEBUG nova.api.openstack.wsgi_app [None req-4fe4cc5c-49eb-4878-9652-440cd30d17b0 None None] compute_driver = libvirt.LibvirtDriver {{(pid=84233) log_opt_values /opt/stack/data/venv/lib/python3.12/site-packages/oslo_config/cfg.py:3242}}
Jul 22 04:34:29.110838 np0000005615 devstack@n-api.service[84233]: DEBUG nova.api.openstack.wsgi_app [None req-4fe4cc5c-49eb-4878-9652-440cd30d17b0 None None] compute_monitors = [] {{(pid=84233) log_opt_values /opt/stack/data/venv/lib/python3.12/site-packages/oslo_config/cfg.py:3242}}
Jul 22 04:34:29.111045 np0000005615 devstack@n-api.service[84233]: DEBUG nova.api.openstack.wsgi_app [None req-4fe4cc5c-49eb-4878-9652-440cd30d17b0 None None] concurrency_backend = auto {{(pid=84233) log_opt_values /opt/stack/data/venv/lib/python3.12/site-packages/oslo_config/cfg.py:3242}}
Jul 22 04:34:29.111230 np0000005615 devstack@n-api.service[84233]: DEBUG nova.api.openstack.wsgi_app [None req-4fe4cc5c-49eb-4878-9652-440cd30d17b0 None None] config_dir = [] {{(pid=84233) log_opt_values /opt/stack/data/venv/lib/python3.12/site-packages/oslo_config/cfg.py:3242}}
Jul 22 04:34:29.111394 np0000005615 devstack@n-api.service[84233]: DEBUG nova.api.openstack.wsgi_app [None req-4fe4cc5c-49eb-4878-9652-440cd30d17b0 None None] config_drive_format = iso9660 {{(pid=84233) log_opt_values /opt/stack/data/venv/lib/python3.12/site-packages/oslo_config/cfg.py:3242}}
Jul 22 04:34:29.111493 np0000005615 devstack@n-api.service[84233]: DEBUG nova.api.openstack.wsgi_app [None req-4fe4cc5c-49eb-4878-9652-440cd30d17b0 None None] config_file = ['/etc/nova/api-paste.ini', '/etc/nova/nova.conf'] {{(pid=84233) log_opt_values /opt/stack/data/venv/lib/python3.12/site-packages/oslo_config/cfg.py:3242}}
Jul 22 04:34:29.111613 np0000005615 devstack@n-api.service[84233]: DEBUG nova.api.openstack.wsgi_app [None req-4fe4cc5c-49eb-4878-9652-440cd30d17b0 None None] config_source = [] {{(pid=84233) log_opt_values /opt/stack/data/venv/lib/python3.12/site-packages/oslo_config/cfg.py:3242}}
Jul 22 04:34:29.111736 np0000005615 devstack@n-api.service[84233]: DEBUG nova.api.openstack.wsgi_app [None req-4fe4cc5c-49eb-4878-9652-440cd30d17b0 None None] console_host = np0000005615 {{(pid=84233) log_opt_values /opt/stack/data/venv/lib/python3.12/site-packages/oslo_config/cfg.py:3242}}
Jul 22 04:34:29.111853 np0000005615 devstack@n-api.service[84233]: DEBUG nova.api.openstack.wsgi_app [None req-4fe4cc5c-49eb-4878-9652-440cd30d17b0 None None] control_exchange = nova {{(pid=84233) log_opt_values /opt/stack/data/venv/lib/python3.12/site-packages/oslo_config/cfg.py:3242}}
Jul 22 04:34:29.111996 np0000005615 devstack@n-api.service[84233]: DEBUG nova.api.openstack.wsgi_app [None req-4fe4cc5c-49eb-4878-9652-440cd30d17b0 None None] cpu_allocation_ratio = None {{(pid=84233) log_opt_values /opt/stack/data/venv/lib/python3.12/site-packages/oslo_config/cfg.py:3242}}
Jul 22 04:34:29.112112 np0000005615 devstack@n-api.service[84233]: DEBUG nova.api.openstack.wsgi_app [None req-4fe4cc5c-49eb-4878-9652-440cd30d17b0 None None] daemon = False {{(pid=84233) log_opt_values /opt/stack/data/venv/lib/python3.12/site-packages/oslo_config/cfg.py:3242}}
Jul 22 04:34:29.112232 np0000005615 devstack@n-api.service[84233]: DEBUG nova.api.openstack.wsgi_app [None req-4fe4cc5c-49eb-4878-9652-440cd30d17b0 None None] debug = True {{(pid=84233) log_opt_values /opt/stack/data/venv/lib/python3.12/site-packages/oslo_config/cfg.py:3242}}
Jul 22 04:34:29.112344 np0000005615 devstack@n-api.service[84233]: DEBUG nova.api.openstack.wsgi_app [None req-4fe4cc5c-49eb-4878-9652-440cd30d17b0 None None] default_access_ip_network_name = None {{(pid=84233) log_opt_values /opt/stack/data/venv/lib/python3.12/site-packages/oslo_config/cfg.py:3242}}
Jul 22 04:34:29.112460 np0000005615 devstack@n-api.service[84233]: DEBUG nova.api.openstack.wsgi_app [None req-4fe4cc5c-49eb-4878-9652-440cd30d17b0 None None] default_availability_zone = nova {{(pid=84233) log_opt_values /opt/stack/data/venv/lib/python3.12/site-packages/oslo_config/cfg.py:3242}}
Jul 22 04:34:29.112604 np0000005615 devstack@n-api.service[84233]: DEBUG nova.api.openstack.wsgi_app [None req-4fe4cc5c-49eb-4878-9652-440cd30d17b0 None None] default_ephemeral_format = ext4 {{(pid=84233) log_opt_values /opt/stack/data/venv/lib/python3.12/site-packages/oslo_config/cfg.py:3242}}
Jul 22 04:34:29.112769 np0000005615 devstack@n-api.service[84233]: DEBUG nova.api.openstack.wsgi_app [None req-4fe4cc5c-49eb-4878-9652-440cd30d17b0 None None] default_green_pool_size = 1000 {{(pid=84233) log_opt_values /opt/stack/data/venv/lib/python3.12/site-packages/oslo_config/cfg.py:3242}}
Jul 22 04:34:29.113070 np0000005615 devstack@n-api.service[84233]: DEBUG nova.api.openstack.wsgi_app [None req-4fe4cc5c-49eb-4878-9652-440cd30d17b0 None None] default_log_levels = ['amqp=WARN', 'boto=WARN', 'sqlalchemy=WARN', 'suds=INFO', 'oslo.messaging=INFO', 'oslo_messaging=INFO', 'iso8601=WARN', 'requests.packages.urllib3.connectionpool=WARN', 'urllib3.connectionpool=WARN', 'websocket=WARN', 'requests.packages.urllib3.util.retry=WARN', 'urllib3.util.retry=WARN', 'keystonemiddleware=WARN', 'routes.middleware=WARN', 'stevedore=WARN', 'taskflow=WARN', 'keystoneauth=WARN', 'oslo.cache=INFO', 'oslo_policy=INFO', 'dogpile.core.dogpile=INFO', 'glanceclient=WARN', 'oslo.privsep.daemon=INFO'] {{(pid=84233) log_opt_values /opt/stack/data/venv/lib/python3.12/site-packages/oslo_config/cfg.py:3242}}
Jul 22 04:34:29.113241 np0000005615 devstack@n-api.service[84233]: DEBUG nova.api.openstack.wsgi_app [None req-4fe4cc5c-49eb-4878-9652-440cd30d17b0 None None] default_schedule_zone = None {{(pid=84233) log_opt_values /opt/stack/data/venv/lib/python3.12/site-packages/oslo_config/cfg.py:3242}}
Jul 22 04:34:29.113408 np0000005615 devstack@n-api.service[84233]: DEBUG nova.api.openstack.wsgi_app [None req-4fe4cc5c-49eb-4878-9652-440cd30d17b0 None None] default_thread_pool_size = 10 {{(pid=84233) log_opt_values /opt/stack/data/venv/lib/python3.12/site-packages/oslo_config/cfg.py:3242}}
Jul 22 04:34:29.113589 np0000005615 devstack@n-api.service[84233]: DEBUG nova.api.openstack.wsgi_app [None req-4fe4cc5c-49eb-4878-9652-440cd30d17b0 None None] disk_allocation_ratio = None {{(pid=84233) log_opt_values /opt/stack/data/venv/lib/python3.12/site-packages/oslo_config/cfg.py:3242}}
Jul 22 04:34:29.113762 np0000005615 devstack@n-api.service[84233]: DEBUG nova.api.openstack.wsgi_app [None req-4fe4cc5c-49eb-4878-9652-440cd30d17b0 None None] enable_new_services = True {{(pid=84233) log_opt_values /opt/stack/data/venv/lib/python3.12/site-packages/oslo_config/cfg.py:3242}}
Jul 22 04:34:29.113883 np0000005615 devstack@n-api.service[84233]: DEBUG nova.api.openstack.wsgi_app [None req-4fe4cc5c-49eb-4878-9652-440cd30d17b0 None None] flat_injected = False {{(pid=84233) log_opt_values /opt/stack/data/venv/lib/python3.12/site-packages/oslo_config/cfg.py:3242}}
Jul 22 04:34:29.114108 np0000005615 devstack@n-api.service[84233]: DEBUG nova.api.openstack.wsgi_app [None req-4fe4cc5c-49eb-4878-9652-440cd30d17b0 None None] force_config_drive = True {{(pid=84233) log_opt_values /opt/stack/data/venv/lib/python3.12/site-packages/oslo_config/cfg.py:3242}}
Jul 22 04:34:29.114280 np0000005615 devstack@n-api.service[84233]: DEBUG nova.api.openstack.wsgi_app [None req-4fe4cc5c-49eb-4878-9652-440cd30d17b0 None None] force_raw_images = True {{(pid=84233) log_opt_values /opt/stack/data/venv/lib/python3.12/site-packages/oslo_config/cfg.py:3242}}
Jul 22 04:34:29.114467 np0000005615 devstack@n-api.service[84233]: DEBUG nova.api.openstack.wsgi_app [None req-4fe4cc5c-49eb-4878-9652-440cd30d17b0 None None] graceful_shutdown_timeout = 5 {{(pid=84233) log_opt_values /opt/stack/data/venv/lib/python3.12/site-packages/oslo_config/cfg.py:3242}}
Jul 22 04:34:29.114603 np0000005615 devstack@n-api.service[84233]: DEBUG nova.api.openstack.wsgi_app [None req-4fe4cc5c-49eb-4878-9652-440cd30d17b0 None None] heal_instance_info_cache_interval = -1 {{(pid=84233) log_opt_values /opt/stack/data/venv/lib/python3.12/site-packages/oslo_config/cfg.py:3242}}
Jul 22 04:34:29.114763 np0000005615 devstack@n-api.service[84233]: DEBUG nova.api.openstack.wsgi_app [None req-4fe4cc5c-49eb-4878-9652-440cd30d17b0 None None] host = np0000005615 {{(pid=84233) log_opt_values /opt/stack/data/venv/lib/python3.12/site-packages/oslo_config/cfg.py:3242}}
Jul 22 04:34:29.114895 np0000005615 devstack@n-api.service[84233]: DEBUG nova.api.openstack.wsgi_app [None req-4fe4cc5c-49eb-4878-9652-440cd30d17b0 None None] initial_cpu_allocation_ratio = 4.0 {{(pid=84233) log_opt_values /opt/stack/data/venv/lib/python3.12/site-packages/oslo_config/cfg.py:3242}}
Jul 22 04:34:29.115048 np0000005615 devstack@n-api.service[84233]: DEBUG nova.api.openstack.wsgi_app [None req-4fe4cc5c-49eb-4878-9652-440cd30d17b0 None None] initial_disk_allocation_ratio = 1.0 {{(pid=84233) log_opt_values /opt/stack/data/venv/lib/python3.12/site-packages/oslo_config/cfg.py:3242}}
Jul 22 04:34:29.115183 np0000005615 devstack@n-api.service[84233]: DEBUG nova.api.openstack.wsgi_app [None req-4fe4cc5c-49eb-4878-9652-440cd30d17b0 None None] initial_ram_allocation_ratio = 1.0 {{(pid=84233) log_opt_values /opt/stack/data/venv/lib/python3.12/site-packages/oslo_config/cfg.py:3242}}
Jul 22 04:34:29.115464 np0000005615 devstack@n-api.service[84233]: DEBUG nova.api.openstack.wsgi_app [None req-4fe4cc5c-49eb-4878-9652-440cd30d17b0 None None] injected_network_template = /opt/stack/nova/nova/virt/interfaces.template {{(pid=84233) log_opt_values /opt/stack/data/venv/lib/python3.12/site-packages/oslo_config/cfg.py:3242}}
Jul 22 04:34:29.115586 np0000005615 devstack@n-api.service[84233]: DEBUG nova.api.openstack.wsgi_app [None req-4fe4cc5c-49eb-4878-9652-440cd30d17b0 None None] instance_build_timeout = 0 {{(pid=84233) log_opt_values /opt/stack/data/venv/lib/python3.12/site-packages/oslo_config/cfg.py:3242}}
Jul 22 04:34:29.115699 np0000005615 devstack@n-api.service[84233]: DEBUG nova.api.openstack.wsgi_app [None req-4fe4cc5c-49eb-4878-9652-440cd30d17b0 None None] instance_delete_interval = 300 {{(pid=84233) log_opt_values /opt/stack/data/venv/lib/python3.12/site-packages/oslo_config/cfg.py:3242}}
Jul 22 04:34:29.115826 np0000005615 devstack@n-api.service[84233]: DEBUG nova.api.openstack.wsgi_app [None req-4fe4cc5c-49eb-4878-9652-440cd30d17b0 None None] instance_format = [instance: %(uuid)s] {{(pid=84233) log_opt_values /opt/stack/data/venv/lib/python3.12/site-packages/oslo_config/cfg.py:3242}}
Jul 22 04:34:29.115975 np0000005615 devstack@n-api.service[84233]: DEBUG nova.api.openstack.wsgi_app [None req-4fe4cc5c-49eb-4878-9652-440cd30d17b0 None None] instance_name_template = instance-%08x {{(pid=84233) log_opt_values /opt/stack/data/venv/lib/python3.12/site-packages/oslo_config/cfg.py:3242}}
Jul 22 04:34:29.116096 np0000005615 devstack@n-api.service[84233]: DEBUG nova.api.openstack.wsgi_app [None req-4fe4cc5c-49eb-4878-9652-440cd30d17b0 None None] instance_usage_audit = False {{(pid=84233) log_opt_values /opt/stack/data/venv/lib/python3.12/site-packages/oslo_config/cfg.py:3242}}
Jul 22 04:34:29.116218 np0000005615 devstack@n-api.service[84233]: DEBUG nova.api.openstack.wsgi_app [None req-4fe4cc5c-49eb-4878-9652-440cd30d17b0 None None] instance_usage_audit_period = month {{(pid=84233) log_opt_values /opt/stack/data/venv/lib/python3.12/site-packages/oslo_config/cfg.py:3242}}
Jul 22 04:34:29.116331 np0000005615 devstack@n-api.service[84233]: DEBUG nova.api.openstack.wsgi_app [None req-4fe4cc5c-49eb-4878-9652-440cd30d17b0 None None] instance_uuid_format = [instance: %(uuid)s] {{(pid=84233) log_opt_values /opt/stack/data/venv/lib/python3.12/site-packages/oslo_config/cfg.py:3242}}
Jul 22 04:34:29.116446 np0000005615 devstack@n-api.service[84233]: DEBUG nova.api.openstack.wsgi_app [None req-4fe4cc5c-49eb-4878-9652-440cd30d17b0 None None] instances_path = /opt/stack/data/nova/instances {{(pid=84233) log_opt_values /opt/stack/data/venv/lib/python3.12/site-packages/oslo_config/cfg.py:3242}}
Jul 22 04:34:29.116564 np0000005615 devstack@n-api.service[84233]: DEBUG nova.api.openstack.wsgi_app [None req-4fe4cc5c-49eb-4878-9652-440cd30d17b0 None None] internal_service_availability_zone = internal {{(pid=84233) log_opt_values /opt/stack/data/venv/lib/python3.12/site-packages/oslo_config/cfg.py:3242}}
Jul 22 04:34:29.116675 np0000005615 devstack@n-api.service[84233]: DEBUG nova.api.openstack.wsgi_app [None req-4fe4cc5c-49eb-4878-9652-440cd30d17b0 None None] key = None {{(pid=84233) log_opt_values /opt/stack/data/venv/lib/python3.12/site-packages/oslo_config/cfg.py:3242}}
Jul 22 04:34:29.116782 np0000005615 devstack@n-api.service[84233]: DEBUG nova.api.openstack.wsgi_app [None req-4fe4cc5c-49eb-4878-9652-440cd30d17b0 None None] live_migration_retry_count = 30 {{(pid=84233) log_opt_values /opt/stack/data/venv/lib/python3.12/site-packages/oslo_config/cfg.py:3242}}
Jul 22 04:34:29.116918 np0000005615 devstack@n-api.service[84233]: DEBUG nova.api.openstack.wsgi_app [None req-4fe4cc5c-49eb-4878-9652-440cd30d17b0 None None] log_color = False {{(pid=84233) log_opt_values /opt/stack/data/venv/lib/python3.12/site-packages/oslo_config/cfg.py:3242}}
Jul 22 04:34:29.117048 np0000005615 devstack@n-api.service[84233]: DEBUG nova.api.openstack.wsgi_app [None req-4fe4cc5c-49eb-4878-9652-440cd30d17b0 None None] log_config_append = None {{(pid=84233) log_opt_values /opt/stack/data/venv/lib/python3.12/site-packages/oslo_config/cfg.py:3242}}
Jul 22 04:34:29.117169 np0000005615 devstack@n-api.service[84233]: DEBUG nova.api.openstack.wsgi_app [None req-4fe4cc5c-49eb-4878-9652-440cd30d17b0 None None] log_date_format = %Y-%m-%d %H:%M:%S {{(pid=84233) log_opt_values /opt/stack/data/venv/lib/python3.12/site-packages/oslo_config/cfg.py:3242}}
Jul 22 04:34:29.117284 np0000005615 devstack@n-api.service[84233]: DEBUG nova.api.openstack.wsgi_app [None req-4fe4cc5c-49eb-4878-9652-440cd30d17b0 None None] log_dir = None {{(pid=84233) log_opt_values /opt/stack/data/venv/lib/python3.12/site-packages/oslo_config/cfg.py:3242}}
Jul 22 04:34:29.117392 np0000005615 devstack@n-api.service[84233]: DEBUG nova.api.openstack.wsgi_app [None req-4fe4cc5c-49eb-4878-9652-440cd30d17b0 None None] log_file = None {{(pid=84233) log_opt_values /opt/stack/data/venv/lib/python3.12/site-packages/oslo_config/cfg.py:3242}}
Jul 22 04:34:29.117482 np0000005615 devstack@n-api.service[84233]: DEBUG nova.api.openstack.wsgi_app [None req-4fe4cc5c-49eb-4878-9652-440cd30d17b0 None None] log_options = True {{(pid=84233) log_opt_values /opt/stack/data/venv/lib/python3.12/site-packages/oslo_config/cfg.py:3242}}
Jul 22 04:34:29.117591 np0000005615 devstack@n-api.service[84233]: DEBUG nova.api.openstack.wsgi_app [None req-4fe4cc5c-49eb-4878-9652-440cd30d17b0 None None] log_rotate_interval = 1 {{(pid=84233) log_opt_values /opt/stack/data/venv/lib/python3.12/site-packages/oslo_config/cfg.py:3242}}
Jul 22 04:34:29.117712 np0000005615 devstack@n-api.service[84233]: DEBUG nova.api.openstack.wsgi_app [None req-4fe4cc5c-49eb-4878-9652-440cd30d17b0 None None] log_rotate_interval_type = days {{(pid=84233) log_opt_values /opt/stack/data/venv/lib/python3.12/site-packages/oslo_config/cfg.py:3242}}
Jul 22 04:34:29.117827 np0000005615 devstack@n-api.service[84233]: DEBUG nova.api.openstack.wsgi_app [None req-4fe4cc5c-49eb-4878-9652-440cd30d17b0 None None] log_rotation_type = none {{(pid=84233) log_opt_values /opt/stack/data/venv/lib/python3.12/site-packages/oslo_config/cfg.py:3242}}
Jul 22 04:34:29.117933 np0000005615 devstack@n-api.service[84233]: DEBUG nova.api.openstack.wsgi_app [None req-4fe4cc5c-49eb-4878-9652-440cd30d17b0 None None] logging_context_format_string = %(color)s%(levelname)s %(name)s [%(global_request_id)s %(request_id)s %(project_name)s %(user_name)s%(color)s] %(instance)s%(color)s%(message)s {{(pid=84233) log_opt_values /opt/stack/data/venv/lib/python3.12/site-packages/oslo_config/cfg.py:3242}}
Jul 22 04:34:29.118035 np0000005615 devstack@n-api.service[84233]: DEBUG nova.api.openstack.wsgi_app [None req-4fe4cc5c-49eb-4878-9652-440cd30d17b0 None None] logging_debug_format_suffix = {{(pid=%(process)d) %(funcName)s %(pathname)s:%(lineno)d}} {{(pid=84233) log_opt_values /opt/stack/data/venv/lib/python3.12/site-packages/oslo_config/cfg.py:3242}}
Jul 22 04:34:29.118155 np0000005615 devstack@n-api.service[84233]: DEBUG nova.api.openstack.wsgi_app [None req-4fe4cc5c-49eb-4878-9652-440cd30d17b0 None None] logging_default_format_string = %(color)s%(levelname)s %(name)s [-%(color)s] %(instance)s%(color)s%(message)s {{(pid=84233) log_opt_values /opt/stack/data/venv/lib/python3.12/site-packages/oslo_config/cfg.py:3242}}
Jul 22 04:34:29.118272 np0000005615 devstack@n-api.service[84233]: DEBUG nova.api.openstack.wsgi_app [None req-4fe4cc5c-49eb-4878-9652-440cd30d17b0 None None] logging_exception_prefix = ERROR %(name)s %(instance)s {{(pid=84233) log_opt_values /opt/stack/data/venv/lib/python3.12/site-packages/oslo_config/cfg.py:3242}}
Jul 22 04:34:29.118356 np0000005615 devstack@n-api.service[84233]: DEBUG nova.api.openstack.wsgi_app [None req-4fe4cc5c-49eb-4878-9652-440cd30d17b0 None None] logging_user_identity_format = %(user)s %(project)s %(domain)s %(system_scope)s %(user_domain)s %(project_domain)s {{(pid=84233) log_opt_values /opt/stack/data/venv/lib/python3.12/site-packages/oslo_config/cfg.py:3242}}
Jul 22 04:34:29.118482 np0000005615 devstack@n-api.service[84233]: DEBUG nova.api.openstack.wsgi_app [None req-4fe4cc5c-49eb-4878-9652-440cd30d17b0 None None] long_rpc_timeout = 1800 {{(pid=84233) log_opt_values /opt/stack/data/venv/lib/python3.12/site-packages/oslo_config/cfg.py:3242}}
Jul 22 04:34:29.118596 np0000005615 devstack@n-api.service[84233]: DEBUG nova.api.openstack.wsgi_app [None req-4fe4cc5c-49eb-4878-9652-440cd30d17b0 None None] manager_shutdown_timeout = 160 {{(pid=84233) log_opt_values /opt/stack/data/venv/lib/python3.12/site-packages/oslo_config/cfg.py:3242}}
Jul 22 04:34:29.118696 np0000005615 devstack@n-api.service[84232]: DEBUG nova.api.openstack.wsgi_app [None req-16af1069-1707-4adc-8d14-2a246d86350a None None] ******************************************************************************** {{(pid=84232) log_opt_values /opt/stack/data/venv/lib/python3.12/site-packages/oslo_config/cfg.py:3226}}
Jul 22 04:34:29.118996 np0000005615 devstack@n-api.service[84233]: DEBUG nova.api.openstack.wsgi_app [None req-4fe4cc5c-49eb-4878-9652-440cd30d17b0 None None] max_concurrent_builds = 10 {{(pid=84233) log_opt_values /opt/stack/data/venv/lib/python3.12/site-packages/oslo_config/cfg.py:3242}}
Jul 22 04:34:29.118996 np0000005615 devstack@n-api.service[84233]: DEBUG nova.api.openstack.wsgi_app [None req-4fe4cc5c-49eb-4878-9652-440cd30d17b0 None None] max_concurrent_live_migrations = 1 {{(pid=84233) log_opt_values /opt/stack/data/venv/lib/python3.12/site-packages/oslo_config/cfg.py:3242}}
Jul 22 04:34:29.119079 np0000005615 devstack@n-api.service[84232]: DEBUG nova.api.openstack.wsgi_app [None req-16af1069-1707-4adc-8d14-2a246d86350a None None] Configuration options gathered from: {{(pid=84232) log_opt_values /opt/stack/data/venv/lib/python3.12/site-packages/oslo_config/cfg.py:3227}}
Jul 22 04:34:29.119124 np0000005615 devstack@n-api.service[84233]: DEBUG nova.api.openstack.wsgi_app [None req-4fe4cc5c-49eb-4878-9652-440cd30d17b0 None None] max_concurrent_snapshots = 5 {{(pid=84233) log_opt_values /opt/stack/data/venv/lib/python3.12/site-packages/oslo_config/cfg.py:3242}}
Jul 22 04:34:29.119124 np0000005615 devstack@n-api.service[84233]: DEBUG nova.api.openstack.wsgi_app [None req-4fe4cc5c-49eb-4878-9652-440cd30d17b0 None None] max_local_block_devices = 3 {{(pid=84233) log_opt_values /opt/stack/data/venv/lib/python3.12/site-packages/oslo_config/cfg.py:3242}}
Jul 22 04:34:29.119230 np0000005615 devstack@n-api.service[84233]: DEBUG nova.api.openstack.wsgi_app [None req-4fe4cc5c-49eb-4878-9652-440cd30d17b0 None None] max_logfile_count = 30 {{(pid=84233) log_opt_values /opt/stack/data/venv/lib/python3.12/site-packages/oslo_config/cfg.py:3242}}
Jul 22 04:34:29.119301 np0000005615 devstack@n-api.service[84233]: DEBUG nova.api.openstack.wsgi_app [None req-4fe4cc5c-49eb-4878-9652-440cd30d17b0 None None] max_logfile_size_mb = 200 {{(pid=84233) log_opt_values /opt/stack/data/venv/lib/python3.12/site-packages/oslo_config/cfg.py:3242}}
Jul 22 04:34:29.119369 np0000005615 devstack@n-api.service[84232]: DEBUG nova.api.openstack.wsgi_app [None req-16af1069-1707-4adc-8d14-2a246d86350a None None] command line args: [] {{(pid=84232) log_opt_values /opt/stack/data/venv/lib/python3.12/site-packages/oslo_config/cfg.py:3228}}
Jul 22 04:34:29.119510 np0000005615 devstack@n-api.service[84233]: DEBUG nova.api.openstack.wsgi_app [None req-4fe4cc5c-49eb-4878-9652-440cd30d17b0 None None] maximum_instance_delete_attempts = 5 {{(pid=84233) log_opt_values /opt/stack/data/venv/lib/python3.12/site-packages/oslo_config/cfg.py:3242}}
Jul 22 04:34:29.119571 np0000005615 devstack@n-api.service[84232]: DEBUG nova.api.openstack.wsgi_app [None req-16af1069-1707-4adc-8d14-2a246d86350a None None] config files: ['/etc/nova/api-paste.ini', '/etc/nova/nova.conf'] {{(pid=84232) log_opt_values /opt/stack/data/venv/lib/python3.12/site-packages/oslo_config/cfg.py:3229}}
Jul 22 04:34:29.119620 np0000005615 devstack@n-api.service[84233]: DEBUG nova.api.openstack.wsgi_app [None req-4fe4cc5c-49eb-4878-9652-440cd30d17b0 None None] migrate_max_retries = -1 {{(pid=84233) log_opt_values /opt/stack/data/venv/lib/python3.12/site-packages/oslo_config/cfg.py:3242}}
