Jul 22 04:37:39.401814 np0000005615 devstack@n-api.service[84231]: INFO nova.api.openstack.requestlog [None req-74f11d2a-4db7-4a25-a13b-351045b2bb65 tempest-ServerActionsV293TestJSON-1398659736 tempest-ServerActionsV293TestJSON-1398659736-project-member] 10.4.3.34 "GET /compute/v2.1/servers/2bc37065-cf5a-42d7-8986-c7352de5d180" status: 200 len: 1480 microversion: 2.93 time: 0.482693
Jul 22 04:37:39.402119 np0000005615 devstack@n-api.service[84231]: [pid: 84231|app: 0|req: 17/51] 10.4.3.34 () {68 vars in 1388 bytes} [Wed Jul 22 04:37:38 2026] GET /compute/v2.1/servers/2bc37065-cf5a-42d7-8986-c7352de5d180 => generated 1480 bytes in 483 msecs (HTTP/1.1 200) 9 headers in 360 bytes (1 switches on core 0)
Jul 22 04:37:39.679455 np0000005615 devstack@n-api.service[84232]: DEBUG nova.policy [None req-a3e5c964-2cf1-4d80-8dc3-babf8e6bd2d6 tempest-DeleteServersTestJSON-117457003 tempest-DeleteServersTestJSON-117457003-project-member] Policy check for os_compute_api:os-extended-server-attributes failed with credentials {'is_admin': False, 'user_id': '5eb3c654ff684861848f0229482953f3', 'user_domain_id': 'default', 'system_scope': None, 'domain_id': None, 'project_id': 'ef31aa36676444798abc0f161f3f48a7', 'project_domain_id': 'default', 'roles': ['reader', 'member'], 'is_admin_project': True, 'service_user_id': None, 'service_user_domain_id': None, 'service_project_id': None, 'service_project_domain_id': None, 'service_roles': []} {{(pid=84232) authorize /opt/stack/nova/nova/policy.py:192}}
Jul 22 04:37:39.687108 np0000005615 devstack@n-api.service[84232]: INFO nova.api.openstack.requestlog [None req-a3e5c964-2cf1-4d80-8dc3-babf8e6bd2d6 tempest-DeleteServersTestJSON-117457003 tempest-DeleteServersTestJSON-117457003-project-member] 10.4.3.34 "GET /compute/v2.1/servers/a248e1cd-2619-457c-b6da-d9a7662926dd" status: 200 len: 1309 microversion: 2.1 time: 0.947051
Jul 22 04:37:39.687532 np0000005615 devstack@n-api.service[84232]: [pid: 84232|app: 0|req: 17/52] 10.4.3.34 () {66 vars in 1347 bytes} [Wed Jul 22 04:37:38 2026] GET /compute/v2.1/servers/a248e1cd-2619-457c-b6da-d9a7662926dd => generated 1309 bytes in 948 msecs (HTTP/1.1 200) 9 headers in 358 bytes (1 switches on core 0)
Jul 22 04:37:40.420931 np0000005615 devstack@n-api.service[84231]: DEBUG nova.api.openstack.wsgi [None req-e2c20491-4abd-4c01-ac39-7a856b0e3aec tempest-ServerActionsV293TestJSON-1398659736 tempest-ServerActionsV293TestJSON-1398659736-project-member] Calling method '>' {{(pid=84231) _process_stack /opt/stack/nova/nova/api/openstack/wsgi.py:551}}
Jul 22 04:37:40.421886 np0000005615 devstack@n-api.service[84231]: DEBUG nova.compute.api [None req-e2c20491-4abd-4c01-ac39-7a856b0e3aec tempest-ServerActionsV293TestJSON-1398659736 tempest-ServerActionsV293TestJSON-1398659736-project-member] [instance: 2bc37065-cf5a-42d7-8986-c7352de5d180] Fetching instance by UUID {{(pid=84231) get /opt/stack/nova/nova/compute/api.py:3068}}
Jul 22 04:37:40.428032 np0000005615 devstack@n-api.service[84231]: DEBUG oslo_concurrency.lockutils [None req-e2c20491-4abd-4c01-ac39-7a856b0e3aec tempest-ServerActionsV293TestJSON-1398659736 tempest-ServerActionsV293TestJSON-1398659736-project-member] Acquiring lock "f29f73fa-9a8c-41a1-bc7b-bfcec46f393e" by "nova.context.set_target_cell..get_or_set_cached_cell_and_set_connections" {{(pid=84231) inner /opt/stack/data/venv/lib/python3.12/site-packages/oslo_concurrency/lockutils.py:512}}
Jul 22 04:37:40.428484 np0000005615 devstack@n-api.service[84231]: DEBUG oslo_concurrency.lockutils [None req-e2c20491-4abd-4c01-ac39-7a856b0e3aec tempest-ServerActionsV293TestJSON-1398659736 tempest-ServerActionsV293TestJSON-1398659736-project-member] Lock "f29f73fa-9a8c-41a1-bc7b-bfcec46f393e" acquired by "nova.context.set_target_cell..get_or_set_cached_cell_and_set_connections" :: waited 0.000s {{(pid=84231) inner /opt/stack/data/venv/lib/python3.12/site-packages/oslo_concurrency/lockutils.py:525}}
Jul 22 04:37:40.428857 np0000005615 devstack@n-api.service[84231]: DEBUG oslo_concurrency.lockutils [None req-e2c20491-4abd-4c01-ac39-7a856b0e3aec tempest-ServerActionsV293TestJSON-1398659736 tempest-ServerActionsV293TestJSON-1398659736-project-member] Lock "f29f73fa-9a8c-41a1-bc7b-bfcec46f393e" "released" by "nova.context.set_target_cell..get_or_set_cached_cell_and_set_connections" :: held 0.000s {{(pid=84231) inner /opt/stack/data/venv/lib/python3.12/site-packages/oslo_concurrency/lockutils.py:544}}
Jul 22 04:37:40.429553 np0000005615 devstack@n-api.service[84231]: DEBUG oslo_concurrency.lockutils [None req-e2c20491-4abd-4c01-ac39-7a856b0e3aec tempest-ServerActionsV293TestJSON-1398659736 tempest-ServerActionsV293TestJSON-1398659736-project-member] Acquiring lock "f29f73fa-9a8c-41a1-bc7b-bfcec46f393e" by "nova.context.set_target_cell..get_or_set_cached_cell_and_set_connections" {{(pid=84231) inner /opt/stack/data/venv/lib/python3.12/site-packages/oslo_concurrency/lockutils.py:512}}
Jul 22 04:37:40.430407 np0000005615 devstack@n-api.service[84231]: DEBUG oslo_concurrency.lockutils [None req-e2c20491-4abd-4c01-ac39-7a856b0e3aec tempest-ServerActionsV293TestJSON-1398659736 tempest-ServerActionsV293TestJSON-1398659736-project-member] Lock "f29f73fa-9a8c-41a1-bc7b-bfcec46f393e" acquired by "nova.context.set_target_cell..get_or_set_cached_cell_and_set_connections" :: waited 0.001s {{(pid=84231) inner /opt/stack/data/venv/lib/python3.12/site-packages/oslo_concurrency/lockutils.py:525}}
Jul 22 04:37:40.430864 np0000005615 devstack@n-api.service[84231]: DEBUG oslo_concurrency.lockutils [None req-e2c20491-4abd-4c01-ac39-7a856b0e3aec tempest-ServerActionsV293TestJSON-1398659736 tempest-ServerActionsV293TestJSON-1398659736-project-member] Lock "f29f73fa-9a8c-41a1-bc7b-bfcec46f393e" "released" by "nova.context.set_target_cell..get_or_set_cached_cell_and_set_connections" :: held 0.001s {{(pid=84231) inner /opt/stack/data/venv/lib/python3.12/site-packages/oslo_concurrency/lockutils.py:544}}
Jul 22 04:37:40.450537 np0000005615 devstack@n-api.service[84231]: WARNING neutronclient.v2_0.client [None req-e2c20491-4abd-4c01-ac39-7a856b0e3aec tempest-ServerActionsV293TestJSON-1398659736 tempest-ServerActionsV293TestJSON-1398659736-project-member] The python binding code in neutronclient is deprecated in favor of OpenstackSDK, please use that as this will be removed in a future release.
Jul 22 04:37:40.707857 np0000005615 devstack@n-api.service[84232]: DEBUG nova.api.openstack.wsgi [None req-7a52fa38-5c40-4a9b-bd16-1a2c7450d4af tempest-DeleteServersTestJSON-117457003 tempest-DeleteServersTestJSON-117457003-project-member] Calling method '>' {{(pid=84232) _process_stack /opt/stack/nova/nova/api/openstack/wsgi.py:551}}
Jul 22 04:37:40.709171 np0000005615 devstack@n-api.service[84232]: DEBUG nova.compute.api [None req-7a52fa38-5c40-4a9b-bd16-1a2c7450d4af tempest-DeleteServersTestJSON-117457003 tempest-DeleteServersTestJSON-117457003-project-member] [instance: a248e1cd-2619-457c-b6da-d9a7662926dd] Fetching instance by UUID {{(pid=84232) get /opt/stack/nova/nova/compute/api.py:3068}}
Jul 22 04:37:40.714173 np0000005615 devstack@n-api.service[84232]: DEBUG oslo_concurrency.lockutils [None req-7a52fa38-5c40-4a9b-bd16-1a2c7450d4af tempest-DeleteServersTestJSON-117457003 tempest-DeleteServersTestJSON-117457003-project-member] Acquiring lock "f29f73fa-9a8c-41a1-bc7b-bfcec46f393e" by "nova.context.set_target_cell..get_or_set_cached_cell_and_set_connections" {{(pid=84232) inner /opt/stack/data/venv/lib/python3.12/site-packages/oslo_concurrency/lockutils.py:512}}
Jul 22 04:37:40.714526 np0000005615 devstack@n-api.service[84232]: DEBUG oslo_concurrency.lockutils [None req-7a52fa38-5c40-4a9b-bd16-1a2c7450d4af tempest-DeleteServersTestJSON-117457003 tempest-DeleteServersTestJSON-117457003-project-member] Lock "f29f73fa-9a8c-41a1-bc7b-bfcec46f393e" acquired by "nova.context.set_target_cell..get_or_set_cached_cell_and_set_connections" :: waited 0.000s {{(pid=84232) inner /opt/stack/data/venv/lib/python3.12/site-packages/oslo_concurrency/lockutils.py:525}}
Jul 22 04:37:40.714835 np0000005615 devstack@n-api.service[84232]: DEBUG oslo_concurrency.lockutils [None req-7a52fa38-5c40-4a9b-bd16-1a2c7450d4af tempest-DeleteServersTestJSON-117457003 tempest-DeleteServersTestJSON-117457003-project-member] Lock "f29f73fa-9a8c-41a1-bc7b-bfcec46f393e" "released" by "nova.context.set_target_cell..get_or_set_cached_cell_and_set_connections" :: held 0.000s {{(pid=84232) inner /opt/stack/data/venv/lib/python3.12/site-packages/oslo_concurrency/lockutils.py:544}}
Jul 22 04:37:40.715396 np0000005615 devstack@n-api.service[84232]: DEBUG oslo_concurrency.lockutils [None req-7a52fa38-5c40-4a9b-bd16-1a2c7450d4af tempest-DeleteServersTestJSON-117457003 tempest-DeleteServersTestJSON-117457003-project-member] Acquiring lock "f29f73fa-9a8c-41a1-bc7b-bfcec46f393e" by "nova.context.set_target_cell..get_or_set_cached_cell_and_set_connections" {{(pid=84232) inner /opt/stack/data/venv/lib/python3.12/site-packages/oslo_concurrency/lockutils.py:512}}
Jul 22 04:37:40.715810 np0000005615 devstack@n-api.service[84232]: DEBUG oslo_concurrency.lockutils [None req-7a52fa38-5c40-4a9b-bd16-1a2c7450d4af tempest-DeleteServersTestJSON-117457003 tempest-DeleteServersTestJSON-117457003-project-member] Lock "f29f73fa-9a8c-41a1-bc7b-bfcec46f393e" acquired by "nova.context.set_target_cell..get_or_set_cached_cell_and_set_connections" :: waited 0.000s {{(pid=84232) inner /opt/stack/data/venv/lib/python3.12/site-packages/oslo_concurrency/lockutils.py:525}}
Jul 22 04:37:40.716255 np0000005615 devstack@n-api.service[84232]: DEBUG oslo_concurrency.lockutils [None req-7a52fa38-5c40-4a9b-bd16-1a2c7450d4af tempest-DeleteServersTestJSON-117457003 tempest-DeleteServersTestJSON-117457003-project-member] Lock "f29f73fa-9a8c-41a1-bc7b-bfcec46f393e" "released" by "nova.context.set_target_cell..get_or_set_cached_cell_and_set_connections" :: held 0.000s {{(pid=84232) inner /opt/stack/data/venv/lib/python3.12/site-packages/oslo_concurrency/lockutils.py:544}}
Jul 22 04:37:40.732240 np0000005615 devstack@n-api.service[84232]: WARNING neutronclient.v2_0.client [None req-7a52fa38-5c40-4a9b-bd16-1a2c7450d4af tempest-DeleteServersTestJSON-117457003 tempest-DeleteServersTestJSON-117457003-project-member] The python binding code in neutronclient is deprecated in favor of OpenstackSDK, please use that as this will be removed in a future release.
Jul 22 04:37:41.463139 np0000005615 devstack@n-api.service[84233]: WARNING neutronclient.v2_0.client [None req-4ae3e1eb-1d30-434a-b7d3-d5a66d8429ee tempest-AttachSCSIVolumeTestJSON-337832783 tempest-AttachSCSIVolumeTestJSON-337832783-project-member] The python binding code in neutronclient is deprecated in favor of OpenstackSDK, please use that as this will be removed in a future release.
Jul 22 04:37:41.670223 np0000005615 devstack@n-api.service[84231]: DEBUG nova.policy [None req-e2c20491-4abd-4c01-ac39-7a856b0e3aec tempest-ServerActionsV293TestJSON-1398659736 tempest-ServerActionsV293TestJSON-1398659736-project-member] Policy check for os_compute_api:os-extended-server-attributes failed with credentials {'is_admin': False, 'user_id': '9ed2c24c25914e20b241e4878a19abf5', 'user_domain_id': 'default', 'system_scope': None, 'domain_id': None, 'project_id': 'd31a7fe145d24febb1045136605051c0', 'project_domain_id': 'default', 'roles': ['reader', 'member'], 'is_admin_project': True, 'service_user_id': None, 'service_user_domain_id': None, 'service_project_id': None, 'service_project_domain_id': None, 'service_roles': []} {{(pid=84231) authorize /opt/stack/nova/nova/policy.py:192}}
Jul 22 04:37:41.675747 np0000005615 devstack@n-api.service[84231]: DEBUG nova.policy [None req-e2c20491-4abd-4c01-ac39-7a856b0e3aec tempest-ServerActionsV293TestJSON-1398659736 tempest-ServerActionsV293TestJSON-1398659736-project-member] Policy check for os_compute_api:servers:show:host_status failed with credentials {'is_admin': False, 'user_id': '9ed2c24c25914e20b241e4878a19abf5', 'user_domain_id': 'default', 'system_scope': None, 'domain_id': None, 'project_id': 'd31a7fe145d24febb1045136605051c0', 'project_domain_id': 'default', 'roles': ['reader', 'member'], 'is_admin_project': True, 'service_user_id': None, 'service_user_domain_id': None, 'service_project_id': None, 'service_project_domain_id': None, 'service_roles': []} {{(pid=84231) authorize /opt/stack/nova/nova/policy.py:192}}
Jul 22 04:37:41.676443 np0000005615 devstack@n-api.service[84231]: DEBUG nova.policy [None req-e2c20491-4abd-4c01-ac39-7a856b0e3aec tempest-ServerActionsV293TestJSON-1398659736 tempest-ServerActionsV293TestJSON-1398659736-project-member] Policy check for os_compute_api:servers:show:host_status:unknown-only failed with credentials {'is_admin': False, 'user_id': '9ed2c24c25914e20b241e4878a19abf5', 'user_domain_id': 'default', 'system_scope': None, 'domain_id': None, 'project_id': 'd31a7fe145d24febb1045136605051c0', 'project_domain_id': 'default', 'roles': ['reader', 'member'], 'is_admin_project': True, 'service_user_id': None, 'service_user_domain_id': None, 'service_project_id': None, 'service_project_domain_id': None, 'service_roles': []} {{(pid=84231) authorize /opt/stack/nova/nova/policy.py:192}}
Jul 22 04:37:41.685669 np0000005615 devstack@n-api.service[84231]: INFO nova.api.openstack.requestlog [None req-e2c20491-4abd-4c01-ac39-7a856b0e3aec tempest-ServerActionsV293TestJSON-1398659736 tempest-ServerActionsV293TestJSON-1398659736-project-member] 10.4.3.34 "GET /compute/v2.1/servers/2bc37065-cf5a-42d7-8986-c7352de5d180" status: 200 len: 1535 microversion: 2.93 time: 1.268201
Jul 22 04:37:41.686057 np0000005615 devstack@n-api.service[84231]: [pid: 84231|app: 0|req: 18/53] 10.4.3.34 () {68 vars in 1388 bytes} [Wed Jul 22 04:37:40 2026] GET /compute/v2.1/servers/2bc37065-cf5a-42d7-8986-c7352de5d180 => generated 1535 bytes in 1269 msecs (HTTP/1.1 200) 9 headers in 360 bytes (1 switches on core 0)
Jul 22 04:37:41.700932 np0000005615 devstack@n-api.service[84231]: DEBUG nova.api.openstack.wsgi [req-d1712c9e-2b7e-4557-9422-9a381141e7b4 req-d9547a88-5463-41f1-a166-1c3e15e7fc89 service nova] Action: 'create', calling method: >, body: {"events": [{"name": "network-changed", "server_uuid": "2bc37065-cf5a-42d7-8986-c7352de5d180", "tag": "e8cda46f-f6c3-40ac-b048-524a90be4f58"}]} {{(pid=84231) _process_stack /opt/stack/nova/nova/api/openstack/wsgi.py:549}}
Jul 22 04:37:41.708747 np0000005615 devstack@n-api.service[84231]: DEBUG oslo_concurrency.lockutils [req-d1712c9e-2b7e-4557-9422-9a381141e7b4 req-d9547a88-5463-41f1-a166-1c3e15e7fc89 service nova] Acquiring lock "f29f73fa-9a8c-41a1-bc7b-bfcec46f393e" by "nova.context.set_target_cell..get_or_set_cached_cell_and_set_connections" {{(pid=84231) inner /opt/stack/data/venv/lib/python3.12/site-packages/oslo_concurrency/lockutils.py:512}}
Jul 22 04:37:41.709004 np0000005615 devstack@n-api.service[84231]: DEBUG oslo_concurrency.lockutils [req-d1712c9e-2b7e-4557-9422-9a381141e7b4 req-d9547a88-5463-41f1-a166-1c3e15e7fc89 service nova] Lock "f29f73fa-9a8c-41a1-bc7b-bfcec46f393e" acquired by "nova.context.set_target_cell..get_or_set_cached_cell_and_set_connections" :: waited 0.000s {{(pid=84231) inner /opt/stack/data/venv/lib/python3.12/site-packages/oslo_concurrency/lockutils.py:525}}
Jul 22 04:37:41.709198 np0000005615 devstack@n-api.service[84231]: DEBUG oslo_concurrency.lockutils [req-d1712c9e-2b7e-4557-9422-9a381141e7b4 req-d9547a88-5463-41f1-a166-1c3e15e7fc89 service nova] Lock "f29f73fa-9a8c-41a1-bc7b-bfcec46f393e" "released" by "nova.context.set_target_cell..get_or_set_cached_cell_and_set_connections" :: held 0.000s {{(pid=84231) inner /opt/stack/data/venv/lib/python3.12/site-packages/oslo_concurrency/lockutils.py:544}}
Jul 22 04:37:41.718092 np0000005615 devstack@n-api.service[84231]: INFO nova.api.openstack.compute.server_external_events [req-d1712c9e-2b7e-4557-9422-9a381141e7b4 req-d9547a88-5463-41f1-a166-1c3e15e7fc89 service nova] Creating event network-changed:e8cda46f-f6c3-40ac-b048-524a90be4f58 for instance 2bc37065-cf5a-42d7-8986-c7352de5d180 on np0000005615
Jul 22 04:37:41.718548 np0000005615 devstack@n-api.service[84231]: DEBUG nova.compute.rpcapi [req-d1712c9e-2b7e-4557-9422-9a381141e7b4 req-d9547a88-5463-41f1-a166-1c3e15e7fc89 service nova] RPC: Sending the message to topic: compute-alt {{(pid=84231) prepare_for_alt_rpcserver /opt/stack/nova/nova/compute/rpcapi.py:595}}
Jul 22 04:37:41.722371 np0000005615 devstack@n-api.service[84231]: INFO nova.api.openstack.requestlog [req-d1712c9e-2b7e-4557-9422-9a381141e7b4 req-d9547a88-5463-41f1-a166-1c3e15e7fc89 service nova] 10.4.3.34 "POST /compute/v2.1/os-server-external-events" status: 200 len: 179 microversion: 2.1 time: 0.035825
Jul 22 04:37:41.722778 np0000005615 devstack@n-api.service[84231]: [pid: 84231|app: 0|req: 19/54] 10.4.3.34 () {72 vars in 1425 bytes} [Wed Jul 22 04:37:41 2026] POST /compute/v2.1/os-server-external-events => generated 179 bytes in 36 msecs (HTTP/1.1 200) 9 headers in 357 bytes (1 switches on core 0)
Jul 22 04:37:41.957053 np0000005615 devstack@n-api.service[84232]: DEBUG nova.policy [None req-7a52fa38-5c40-4a9b-bd16-1a2c7450d4af tempest-DeleteServersTestJSON-117457003 tempest-DeleteServersTestJSON-117457003-project-member] Policy check for os_compute_api:os-extended-server-attributes failed with credentials {'is_admin': False, 'user_id': '5eb3c654ff684861848f0229482953f3', 'user_domain_id': 'default', 'system_scope': None, 'domain_id': None, 'project_id': 'ef31aa36676444798abc0f161f3f48a7', 'project_domain_id': 'default', 'roles': ['reader', 'member'], 'is_admin_project': True, 'service_user_id': None, 'service_user_domain_id': None, 'service_project_id': None, 'service_project_domain_id': None, 'service_roles': []} {{(pid=84232) authorize /opt/stack/nova/nova/policy.py:192}}
Jul 22 04:37:41.968214 np0000005615 devstack@n-api.service[84232]: INFO nova.api.openstack.requestlog [None req-7a52fa38-5c40-4a9b-bd16-1a2c7450d4af tempest-DeleteServersTestJSON-117457003 tempest-DeleteServersTestJSON-117457003-project-member] 10.4.3.34 "GET /compute/v2.1/servers/a248e1cd-2619-457c-b6da-d9a7662926dd" status: 200 len: 1309 microversion: 2.1 time: 1.261687
Jul 22 04:37:41.968512 np0000005615 devstack@n-api.service[84232]: [pid: 84232|app: 0|req: 18/55] 10.4.3.34 () {66 vars in 1347 bytes} [Wed Jul 22 04:37:40 2026] GET /compute/v2.1/servers/a248e1cd-2619-457c-b6da-d9a7662926dd => generated 1309 bytes in 1262 msecs (HTTP/1.1 200) 9 headers in 358 bytes (1 switches on core 0)
Jul 22 04:37:42.445112 np0000005615 devstack@n-api.service[84231]: DEBUG nova.api.openstack.wsgi [req-72bf2e24-c5ba-405c-9f4a-9613d13d3734 req-6726d159-713a-4f08-b436-f5b360ce551d service nova] Action: 'create', calling method: >, body: {"events": [{"server_uuid": "2bc37065-cf5a-42d7-8986-c7352de5d180", "name": "network-vif-unplugged", "status": "completed", "tag": "e8cda46f-f6c3-40ac-b048-524a90be4f58"}]} {{(pid=84231) _process_stack /opt/stack/nova/nova/api/openstack/wsgi.py:549}}
Jul 22 04:37:42.455561 np0000005615 devstack@n-api.service[84231]: DEBUG oslo_concurrency.lockutils [req-72bf2e24-c5ba-405c-9f4a-9613d13d3734 req-6726d159-713a-4f08-b436-f5b360ce551d service nova] Acquiring lock "f29f73fa-9a8c-41a1-bc7b-bfcec46f393e" by "nova.context.set_target_cell..get_or_set_cached_cell_and_set_connections" {{(pid=84231) inner /opt/stack/data/venv/lib/python3.12/site-packages/oslo_concurrency/lockutils.py:512}}
Jul 22 04:37:42.455760 np0000005615 devstack@n-api.service[84231]: DEBUG oslo_concurrency.lockutils [req-72bf2e24-c5ba-405c-9f4a-9613d13d3734 req-6726d159-713a-4f08-b436-f5b360ce551d service nova] Lock "f29f73fa-9a8c-41a1-bc7b-bfcec46f393e" acquired by "nova.context.set_target_cell..get_or_set_cached_cell_and_set_connections" :: waited 0.000s {{(pid=84231) inner /opt/stack/data/venv/lib/python3.12/site-packages/oslo_concurrency/lockutils.py:525}}
Jul 22 04:37:42.455849 np0000005615 devstack@n-api.service[84231]: DEBUG oslo_concurrency.lockutils [req-72bf2e24-c5ba-405c-9f4a-9613d13d3734 req-6726d159-713a-4f08-b436-f5b360ce551d service nova] Lock "f29f73fa-9a8c-41a1-bc7b-bfcec46f393e" "released" by "nova.context.set_target_cell..get_or_set_cached_cell_and_set_connections" :: held 0.000s {{(pid=84231) inner /opt/stack/data/venv/lib/python3.12/site-packages/oslo_concurrency/lockutils.py:544}}
Jul 22 04:37:42.464117 np0000005615 devstack@n-api.service[84231]: INFO nova.api.openstack.compute.server_external_events [req-72bf2e24-c5ba-405c-9f4a-9613d13d3734 req-6726d159-713a-4f08-b436-f5b360ce551d service nova] Creating event network-vif-unplugged:e8cda46f-f6c3-40ac-b048-524a90be4f58 for instance 2bc37065-cf5a-42d7-8986-c7352de5d180 on np0000005615
Jul 22 04:37:42.464643 np0000005615 devstack@n-api.service[84231]: DEBUG nova.compute.rpcapi [req-72bf2e24-c5ba-405c-9f4a-9613d13d3734 req-6726d159-713a-4f08-b436-f5b360ce551d service nova] RPC: Sending the message to topic: compute-alt {{(pid=84231) prepare_for_alt_rpcserver /opt/stack/nova/nova/compute/rpcapi.py:595}}
Jul 22 04:37:42.470353 np0000005615 devstack@n-api.service[84231]: INFO nova.api.openstack.requestlog [req-72bf2e24-c5ba-405c-9f4a-9613d13d3734 req-6726d159-713a-4f08-b436-f5b360ce551d service nova] 10.4.3.34 "POST /compute/v2.1/os-server-external-events" status: 200 len: 185 microversion: 2.1 time: 0.180009
Jul 22 04:37:42.471523 np0000005615 devstack@n-api.service[84231]: [pid: 84231|app: 0|req: 20/56] 10.4.3.34 () {72 vars in 1425 bytes} [Wed Jul 22 04:37:42 2026] POST /compute/v2.1/os-server-external-events => generated 185 bytes in 181 msecs (HTTP/1.1 200) 9 headers in 357 bytes (1 switches on core 0)
Jul 22 04:37:42.689743 np0000005615 devstack@n-api.service[84232]: DEBUG nova.api.openstack.wsgi [None req-57f5b193-20f6-4c6a-8381-dc8eee564f07 tempest-VolumesAssistedSnapshotsTest-1202150969 tempest-VolumesAssistedSnapshotsTest-1202150969-project-member] Action: 'create', calling method: >, body: {"keypair": {"name": "tempest-keypair-1005627622", "public_key": "ecdsa-sha2-nistp384 AAAAE2VjZHNhLXNoYTItbmlzdHAzODQAAAAIbmlzdHAzODQAAABhBAfKZ/hpfTVBOKYJbwEBr2c0sUOEFKCV4tHEivVEMpvon5yt6et/o5tGBqFSjBv/B49YWZAxg3fbViTGIvduG7P9aFTlldSph1VndlezfAJmY03/u58zIi7/tBXLr9OK5Q=="}} {{(pid=84232) _process_stack /opt/stack/nova/nova/api/openstack/wsgi.py:549}}
Jul 22 04:37:42.710485 np0000005615 devstack@n-api.service[84231]: DEBUG nova.api.openstack.wsgi [None req-7bf419a0-9818-4715-b942-e9ee5e659c1a tempest-ServerActionsV293TestJSON-1398659736 tempest-ServerActionsV293TestJSON-1398659736-project-member] Calling method '>' {{(pid=84231) _process_stack /opt/stack/nova/nova/api/openstack/wsgi.py:551}}
Jul 22 04:37:42.712434 np0000005615 devstack@n-api.service[84232]: DEBUG nova.quota [None req-57f5b193-20f6-4c6a-8381-dc8eee564f07 tempest-VolumesAssistedSnapshotsTest-1202150969 tempest-VolumesAssistedSnapshotsTest-1202150969-project-member] Getting quotas for project ed46e49b647e43c2bf0ad6a3441e7e51. Resources: {'key_pairs'} {{(pid=84232) _get_quotas /opt/stack/nova/nova/quota.py:389}}
Jul 22 04:37:42.714956 np0000005615 devstack@n-api.service[84231]: DEBUG nova.compute.api [None req-7bf419a0-9818-4715-b942-e9ee5e659c1a tempest-ServerActionsV293TestJSON-1398659736 tempest-ServerActionsV293TestJSON-1398659736-project-member] [instance: 2bc37065-cf5a-42d7-8986-c7352de5d180] Fetching instance by UUID {{(pid=84231) get /opt/stack/nova/nova/compute/api.py:3068}}
Jul 22 04:37:42.718272 np0000005615 devstack@n-api.service[84232]: DEBUG nova.quota [None req-57f5b193-20f6-4c6a-8381-dc8eee564f07 tempest-VolumesAssistedSnapshotsTest-1202150969 tempest-VolumesAssistedSnapshotsTest-1202150969-project-member] Getting quotas for user 2f732c2d3b4947758726fb24ae86e659 and project ed46e49b647e43c2bf0ad6a3441e7e51. Resources: {'key_pairs'} {{(pid=84232) _get_quotas /opt/stack/nova/nova/quota.py:379}}
Jul 22 04:37:42.721095 np0000005615 devstack@n-api.service[84231]: DEBUG oslo_concurrency.lockutils [None req-7bf419a0-9818-4715-b942-e9ee5e659c1a tempest-ServerActionsV293TestJSON-1398659736 tempest-ServerActionsV293TestJSON-1398659736-project-member] Acquiring lock "f29f73fa-9a8c-41a1-bc7b-bfcec46f393e" by "nova.context.set_target_cell..get_or_set_cached_cell_and_set_connections" {{(pid=84231) inner /opt/stack/data/venv/lib/python3.12/site-packages/oslo_concurrency/lockutils.py:512}}
Jul 22 04:37:42.721095 np0000005615 devstack@n-api.service[84231]: DEBUG oslo_concurrency.lockutils [None req-7bf419a0-9818-4715-b942-e9ee5e659c1a tempest-ServerActionsV293TestJSON-1398659736 tempest-ServerActionsV293TestJSON-1398659736-project-member] Lock "f29f73fa-9a8c-41a1-bc7b-bfcec46f393e" acquired by "nova.context.set_target_cell..get_or_set_cached_cell_and_set_connections" :: waited 0.000s {{(pid=84231) inner /opt/stack/data/venv/lib/python3.12/site-packages/oslo_concurrency/lockutils.py:525}}
Jul 22 04:37:42.721239 np0000005615 devstack@n-api.service[84231]: DEBUG oslo_concurrency.lockutils [None req-7bf419a0-9818-4715-b942-e9ee5e659c1a tempest-ServerActionsV293TestJSON-1398659736 tempest-ServerActionsV293TestJSON-1398659736-project-member] Lock "f29f73fa-9a8c-41a1-bc7b-bfcec46f393e" "released" by "nova.context.set_target_cell..get_or_set_cached_cell_and_set_connections" :: held 0.000s {{(pid=84231) inner /opt/stack/data/venv/lib/python3.12/site-packages/oslo_concurrency/lockutils.py:544}}
Jul 22 04:37:42.721676 np0000005615 devstack@n-api.service[84231]: DEBUG oslo_concurrency.lockutils [None req-7bf419a0-9818-4715-b942-e9ee5e659c1a tempest-ServerActionsV293TestJSON-1398659736 tempest-ServerActionsV293TestJSON-1398659736-project-member] Acquiring lock "f29f73fa-9a8c-41a1-bc7b-bfcec46f393e" by "nova.context.set_target_cell..get_or_set_cached_cell_and_set_connections" {{(pid=84231) inner /opt/stack/data/venv/lib/python3.12/site-packages/oslo_concurrency/lockutils.py:512}}
Jul 22 04:37:42.723644 np0000005615 devstack@n-api.service[84231]: DEBUG oslo_concurrency.lockutils [None req-7bf419a0-9818-4715-b942-e9ee5e659c1a tempest-ServerActionsV293TestJSON-1398659736 tempest-ServerActionsV293TestJSON-1398659736-project-member] Lock "f29f73fa-9a8c-41a1-bc7b-bfcec46f393e" acquired by "nova.context.set_target_cell..get_or_set_cached_cell_and_set_connections" :: waited 0.000s {{(pid=84231) inner /opt/stack/data/venv/lib/python3.12/site-packages/oslo_concurrency/lockutils.py:525}}
Jul 22 04:37:42.724253 np0000005615 devstack@n-api.service[84231]: DEBUG oslo_concurrency.lockutils [None req-7bf419a0-9818-4715-b942-e9ee5e659c1a tempest-ServerActionsV293TestJSON-1398659736 tempest-ServerActionsV293TestJSON-1398659736-project-member] Lock "f29f73fa-9a8c-41a1-bc7b-bfcec46f393e" "released" by "nova.context.set_target_cell..get_or_set_cached_cell_and_set_connections" :: held 0.002s {{(pid=84231) inner /opt/stack/data/venv/lib/python3.12/site-packages/oslo_concurrency/lockutils.py:544}}
Jul 22 04:37:42.758706 np0000005615 devstack@n-api.service[84231]: WARNING neutronclient.v2_0.client [None req-7bf419a0-9818-4715-b942-e9ee5e659c1a tempest-ServerActionsV293TestJSON-1398659736 tempest-ServerActionsV293TestJSON-1398659736-project-member] The python binding code in neutronclient is deprecated in favor of OpenstackSDK, please use that as this will be removed in a future release.
Jul 22 04:37:42.760201 np0000005615 devstack@n-api.service[84232]: INFO nova.api.openstack.requestlog [None req-57f5b193-20f6-4c6a-8381-dc8eee564f07 tempest-VolumesAssistedSnapshotsTest-1202150969 tempest-VolumesAssistedSnapshotsTest-1202150969-project-member] 10.4.3.34 "POST /compute/v2.1/os-keypairs" status: 200 len: 386 microversion: 2.1 time: 0.444902
Jul 22 04:37:42.760615 np0000005615 devstack@n-api.service[84232]: [pid: 84232|app: 0|req: 19/57] 10.4.3.34 () {68 vars in 1270 bytes} [Wed Jul 22 04:37:42 2026] POST /compute/v2.1/os-keypairs => generated 386 bytes in 446 msecs (HTTP/1.1 200) 9 headers in 357 bytes (1 switches on core 0)
Jul 22 04:37:42.798252 np0000005615 devstack@n-api.service[84232]: DEBUG dbcounter [-] [84232] Writing DB stats nova_cell0:SELECT=2 {{(pid=84232) stat_writer /opt/stack/data/venv/lib/python3.12/site-packages/dbcounter.py:115}}
Jul 22 04:37:42.863240 np0000005615 devstack@n-api.service[84233]: DEBUG nova.virt.hardware [None req-4ae3e1eb-1d30-434a-b7d3-d5a66d8429ee tempest-AttachSCSIVolumeTestJSON-337832783 tempest-AttachSCSIVolumeTestJSON-337832783-project-member] Flavor limits 0:0:0 {{(pid=84233) get_cpu_topology_constraints /opt/stack/nova/nova/virt/hardware.py:516}}
Jul 22 04:37:42.863577 np0000005615 devstack@n-api.service[84233]: DEBUG nova.virt.hardware [None req-4ae3e1eb-1d30-434a-b7d3-d5a66d8429ee tempest-AttachSCSIVolumeTestJSON-337832783 tempest-AttachSCSIVolumeTestJSON-337832783-project-member] Image limits 0:0:0 {{(pid=84233) get_cpu_topology_constraints /opt/stack/nova/nova/virt/hardware.py:520}}
Jul 22 04:37:42.863807 np0000005615 devstack@n-api.service[84233]: DEBUG nova.virt.hardware [None req-4ae3e1eb-1d30-434a-b7d3-d5a66d8429ee tempest-AttachSCSIVolumeTestJSON-337832783 tempest-AttachSCSIVolumeTestJSON-337832783-project-member] Flavor pref 0:0:0 {{(pid=84233) get_cpu_topology_constraints /opt/stack/nova/nova/virt/hardware.py:556}}
Jul 22 04:37:42.864067 np0000005615 devstack@n-api.service[84233]: DEBUG nova.virt.hardware [None req-4ae3e1eb-1d30-434a-b7d3-d5a66d8429ee tempest-AttachSCSIVolumeTestJSON-337832783 tempest-AttachSCSIVolumeTestJSON-337832783-project-member] Image pref 0:0:0 {{(pid=84233) get_cpu_topology_constraints /opt/stack/nova/nova/virt/hardware.py:560}}
Jul 22 04:37:42.864297 np0000005615 devstack@n-api.service[84233]: DEBUG nova.virt.hardware [None req-4ae3e1eb-1d30-434a-b7d3-d5a66d8429ee tempest-AttachSCSIVolumeTestJSON-337832783 tempest-AttachSCSIVolumeTestJSON-337832783-project-member] Chose sockets=0, cores=0, threads=0; limits were sockets=65536, cores=65536, threads=65536 {{(pid=84233) get_cpu_topology_constraints /opt/stack/nova/nova/virt/hardware.py:598}}
Jul 22 04:37:42.870788 np0000005615 devstack@n-api.service[84233]: DEBUG oslo_concurrency.lockutils [None req-4ae3e1eb-1d30-434a-b7d3-d5a66d8429ee tempest-AttachSCSIVolumeTestJSON-337832783 tempest-AttachSCSIVolumeTestJSON-337832783-project-member] Acquiring lock "00000000-0000-0000-0000-000000000000" by "nova.context.set_target_cell..get_or_set_cached_cell_and_set_connections" {{(pid=84233) inner /opt/stack/data/venv/lib/python3.12/site-packages/oslo_concurrency/lockutils.py:512}}
Jul 22 04:37:42.870788 np0000005615 devstack@n-api.service[84233]: DEBUG oslo_concurrency.lockutils [None req-4ae3e1eb-1d30-434a-b7d3-d5a66d8429ee tempest-AttachSCSIVolumeTestJSON-337832783 tempest-AttachSCSIVolumeTestJSON-337832783-project-member] Lock "00000000-0000-0000-0000-000000000000" acquired by "nova.context.set_target_cell..get_or_set_cached_cell_and_set_connections" :: waited 0.000s {{(pid=84233) inner /opt/stack/data/venv/lib/python3.12/site-packages/oslo_concurrency/lockutils.py:525}}
Jul 22 04:37:42.870959 np0000005615 devstack@n-api.service[84233]: DEBUG oslo_concurrency.lockutils [None req-4ae3e1eb-1d30-434a-b7d3-d5a66d8429ee tempest-AttachSCSIVolumeTestJSON-337832783 tempest-AttachSCSIVolumeTestJSON-337832783-project-member] Lock "00000000-0000-0000-0000-000000000000" "released" by "nova.context.set_target_cell..get_or_set_cached_cell_and_set_connections" :: held 0.000s {{(pid=84233) inner /opt/stack/data/venv/lib/python3.12/site-packages/oslo_concurrency/lockutils.py:544}}
Jul 22 04:37:42.872538 np0000005615 devstack@n-api.service[84233]: DEBUG oslo_concurrency.lockutils [None req-4ae3e1eb-1d30-434a-b7d3-d5a66d8429ee tempest-AttachSCSIVolumeTestJSON-337832783 tempest-AttachSCSIVolumeTestJSON-337832783-project-member] Acquiring lock "f29f73fa-9a8c-41a1-bc7b-bfcec46f393e" by "nova.context.set_target_cell..get_or_set_cached_cell_and_set_connections" {{(pid=84233) inner /opt/stack/data/venv/lib/python3.12/site-packages/oslo_concurrency/lockutils.py:512}}
Jul 22 04:37:42.872538 np0000005615 devstack@n-api.service[84233]: DEBUG oslo_concurrency.lockutils [None req-4ae3e1eb-1d30-434a-b7d3-d5a66d8429ee tempest-AttachSCSIVolumeTestJSON-337832783 tempest-AttachSCSIVolumeTestJSON-337832783-project-member] Lock "f29f73fa-9a8c-41a1-bc7b-bfcec46f393e" acquired by "nova.context.set_target_cell..get_or_set_cached_cell_and_set_connections" :: waited 0.000s {{(pid=84233) inner /opt/stack/data/venv/lib/python3.12/site-packages/oslo_concurrency/lockutils.py:525}}
Jul 22 04:37:42.872538 np0000005615 devstack@n-api.service[84233]: DEBUG oslo_concurrency.lockutils [None req-4ae3e1eb-1d30-434a-b7d3-d5a66d8429ee tempest-AttachSCSIVolumeTestJSON-337832783 tempest-AttachSCSIVolumeTestJSON-337832783-project-member] Lock "f29f73fa-9a8c-41a1-bc7b-bfcec46f393e" "released" by "nova.context.set_target_cell..get_or_set_cached_cell_and_set_connections" :: held 0.000s {{(pid=84233) inner /opt/stack/data/venv/lib/python3.12/site-packages/oslo_concurrency/lockutils.py:544}}
Jul 22 04:37:42.902407 np0000005615 devstack@n-api.service[84233]: DEBUG nova.quota [None req-4ae3e1eb-1d30-434a-b7d3-d5a66d8429ee tempest-AttachSCSIVolumeTestJSON-337832783 tempest-AttachSCSIVolumeTestJSON-337832783-project-member] Getting quotas for project c17abd6cdeb346a3b0e302942b6a45f3. Resources: {'ram', 'instances', 'cores'} {{(pid=84233) _get_quotas /opt/stack/nova/nova/quota.py:389}}
Jul 22 04:37:42.904663 np0000005615 devstack@n-api.service[84233]: DEBUG nova.quota [None req-4ae3e1eb-1d30-434a-b7d3-d5a66d8429ee tempest-AttachSCSIVolumeTestJSON-337832783 tempest-AttachSCSIVolumeTestJSON-337832783-project-member] Getting quotas for user fa91a5504c7e4c30b685da3dd6a3d30a and project c17abd6cdeb346a3b0e302942b6a45f3. Resources: {'ram', 'instances', 'cores'} {{(pid=84233) _get_quotas /opt/stack/nova/nova/quota.py:379}}
Jul 22 04:37:42.911620 np0000005615 devstack@n-api.service[84233]: DEBUG nova.compute.api [None req-4ae3e1eb-1d30-434a-b7d3-d5a66d8429ee tempest-AttachSCSIVolumeTestJSON-337832783 tempest-AttachSCSIVolumeTestJSON-337832783-project-member] Going to run 1 instances... {{(pid=84233) _provision_instances /opt/stack/nova/nova/compute/api.py:1480}}
Jul 22 04:37:42.914382 np0000005615 devstack@n-api.service[84233]: DEBUG nova.compute.api [None req-4ae3e1eb-1d30-434a-b7d3-d5a66d8429ee tempest-AttachSCSIVolumeTestJSON-337832783 tempest-AttachSCSIVolumeTestJSON-337832783-project-member] [instance: 1790969c-3427-462b-ba68-d764ca5ca622] block_device_mapping [BlockDeviceMapping(attachment_id=,boot_index=0,connection_info=None,created_at=,delete_on_termination=True,deleted=,deleted_at=,destination_type='local',device_name=None,device_type='disk',disk_bus=None,encrypted=False,encryption_format=None,encryption_options=None,encryption_secret_uuid=None,guest_format=None,id=,image_id='d8d41d27-5ca1-4de3-b076-f03fad45eb40',instance=,instance_uuid=,no_device=False,snapshot_id=None,source_type='image',tag=None,updated_at=,uuid=,volume_id=None,volume_size=None,volume_type=None)] {{(pid=84233) _bdm_validate_set_size_and_instance /opt/stack/nova/nova/compute/api.py:1942}}
Jul 22 04:37:42.979993 np0000005615 devstack@n-api.service[84233]: INFO nova.api.openstack.requestlog [None req-4ae3e1eb-1d30-434a-b7d3-d5a66d8429ee tempest-AttachSCSIVolumeTestJSON-337832783 tempest-AttachSCSIVolumeTestJSON-337832783-project-member] 10.4.3.34 "POST /compute/v2.1/servers" status: 202 len: 404 microversion: 2.1 time: 4.222169
Jul 22 04:37:42.980432 np0000005615 devstack@n-api.service[84233]: [pid: 84233|app: 0|req: 19/58] 10.4.3.34 () {68 vars in 1258 bytes} [Wed Jul 22 04:37:38 2026] POST /compute/v2.1/servers => generated 404 bytes in 4223 msecs (HTTP/1.1 202) 10 headers in 450 bytes (1 switches on core 0)
Jul 22 04:37:42.987546 np0000005615 devstack@n-api.service[84232]: DEBUG nova.api.openstack.wsgi [None req-7517318e-d915-4e04-b637-d599970e0cde tempest-DeleteServersTestJSON-117457003 tempest-DeleteServersTestJSON-117457003-project-member] Calling method '>' {{(pid=84232) _process_stack /opt/stack/nova/nova/api/openstack/wsgi.py:551}}
Jul 22 04:37:42.990031 np0000005615 devstack@n-api.service[84232]: DEBUG nova.compute.api [None req-7517318e-d915-4e04-b637-d599970e0cde tempest-DeleteServersTestJSON-117457003 tempest-DeleteServersTestJSON-117457003-project-member] [instance: a248e1cd-2619-457c-b6da-d9a7662926dd] Fetching instance by UUID {{(pid=84232) get /opt/stack/nova/nova/compute/api.py:3068}}
Jul 22 04:37:42.995192 np0000005615 devstack@n-api.service[84233]: DEBUG nova.api.openstack.wsgi [None req-5f013c08-fb0b-45d1-bae2-c7eb07818c9f tempest-AttachSCSIVolumeTestJSON-337832783 tempest-AttachSCSIVolumeTestJSON-337832783-project-member] Calling method '>' {{(pid=84233) _process_stack /opt/stack/nova/nova/api/openstack/wsgi.py:551}}
Jul 22 04:37:42.997010 np0000005615 devstack@n-api.service[84233]: DEBUG nova.compute.api [None req-5f013c08-fb0b-45d1-bae2-c7eb07818c9f tempest-AttachSCSIVolumeTestJSON-337832783 tempest-AttachSCSIVolumeTestJSON-337832783-project-member] [instance: 1790969c-3427-462b-ba68-d764ca5ca622] Fetching instance by UUID {{(pid=84233) get /opt/stack/nova/nova/compute/api.py:3068}}
Jul 22 04:37:42.998973 np0000005615 devstack@n-api.service[84232]: DEBUG oslo_concurrency.lockutils [None req-7517318e-d915-4e04-b637-d599970e0cde tempest-DeleteServersTestJSON-117457003 tempest-DeleteServersTestJSON-117457003-project-member] Acquiring lock "f29f73fa-9a8c-41a1-bc7b-bfcec46f393e" by "nova.context.set_target_cell..get_or_set_cached_cell_and_set_connections" {{(pid=84232) inner /opt/stack/data/venv/lib/python3.12/site-packages/oslo_concurrency/lockutils.py:512}}
Jul 22 04:37:42.999628 np0000005615 devstack@n-api.service[84232]: DEBUG oslo_concurrency.lockutils [None req-7517318e-d915-4e04-b637-d599970e0cde tempest-DeleteServersTestJSON-117457003 tempest-DeleteServersTestJSON-117457003-project-member] Lock "f29f73fa-9a8c-41a1-bc7b-bfcec46f393e" acquired by "nova.context.set_target_cell..get_or_set_cached_cell_and_set_connections" :: waited 0.001s {{(pid=84232) inner /opt/stack/data/venv/lib/python3.12/site-packages/oslo_concurrency/lockutils.py:525}}
Jul 22 04:37:42.999930 np0000005615 devstack@n-api.service[84232]: DEBUG oslo_concurrency.lockutils [None req-7517318e-d915-4e04-b637-d599970e0cde tempest-DeleteServersTestJSON-117457003 tempest-DeleteServersTestJSON-117457003-project-member] Lock "f29f73fa-9a8c-41a1-bc7b-bfcec46f393e" "released" by "nova.context.set_target_cell..get_or_set_cached_cell_and_set_connections" :: held 0.001s {{(pid=84232) inner /opt/stack/data/venv/lib/python3.12/site-packages/oslo_concurrency/lockutils.py:544}}
Jul 22 04:37:43.000499 np0000005615 devstack@n-api.service[84232]: DEBUG oslo_concurrency.lockutils [None req-7517318e-d915-4e04-b637-d599970e0cde tempest-DeleteServersTestJSON-117457003 tempest-DeleteServersTestJSON-117457003-project-member] Acquiring lock "f29f73fa-9a8c-41a1-bc7b-bfcec46f393e" by "nova.context.set_target_cell..get_or_set_cached_cell_and_set_connections" {{(pid=84232) inner /opt/stack/data/venv/lib/python3.12/site-packages/oslo_concurrency/lockutils.py:512}}
Jul 22 04:37:43.000885 np0000005615 devstack@n-api.service[84232]: DEBUG oslo_concurrency.lockutils [None req-7517318e-d915-4e04-b637-d599970e0cde tempest-DeleteServersTestJSON-117457003 tempest-DeleteServersTestJSON-117457003-project-member] Lock "f29f73fa-9a8c-41a1-bc7b-bfcec46f393e" acquired by "nova.context.set_target_cell..get_or_set_cached_cell_and_set_connections" :: waited 0.000s {{(pid=84232) inner /opt/stack/data/venv/lib/python3.12/site-packages/oslo_concurrency/lockutils.py:525}}
Jul 22 04:37:43.001512 np0000005615 devstack@n-api.service[84232]: DEBUG oslo_concurrency.lockutils [None req-7517318e-d915-4e04-b637-d599970e0cde tempest-DeleteServersTestJSON-117457003 tempest-DeleteServersTestJSON-117457003-project-member] Lock "f29f73fa-9a8c-41a1-bc7b-bfcec46f393e" "released" by "nova.context.set_target_cell..get_or_set_cached_cell_and_set_connections" :: held 0.000s {{(pid=84232) inner /opt/stack/data/venv/lib/python3.12/site-packages/oslo_concurrency/lockutils.py:544}}
Jul 22 04:37:43.012016 np0000005615 devstack@n-api.service[84233]: WARNING neutronclient.v2_0.client [None req-5f013c08-fb0b-45d1-bae2-c7eb07818c9f tempest-AttachSCSIVolumeTestJSON-337832783 tempest-AttachSCSIVolumeTestJSON-337832783-project-member] The python binding code in neutronclient is deprecated in favor of OpenstackSDK, please use that as this will be removed in a future release.
Jul 22 04:37:43.021247 np0000005615 devstack@n-api.service[84232]: WARNING neutronclient.v2_0.client [None req-7517318e-d915-4e04-b637-d599970e0cde tempest-DeleteServersTestJSON-117457003 tempest-DeleteServersTestJSON-117457003-project-member] The python binding code in neutronclient is deprecated in favor of OpenstackSDK, please use that as this will be removed in a future release.
Jul 22 04:37:43.442236 np0000005615 devstack@n-api.service[84233]: DEBUG nova.policy [None req-5f013c08-fb0b-45d1-bae2-c7eb07818c9f tempest-AttachSCSIVolumeTestJSON-337832783 tempest-AttachSCSIVolumeTestJSON-337832783-project-member] Policy check for os_compute_api:os-extended-server-attributes failed with credentials {'is_admin': False, 'user_id': 'fa91a5504c7e4c30b685da3dd6a3d30a', 'user_domain_id': 'default', 'system_scope': None, 'domain_id': None, 'project_id': 'c17abd6cdeb346a3b0e302942b6a45f3', 'project_domain_id': 'default', 'roles': ['reader', 'member'], 'is_admin_project': True, 'service_user_id': None, 'service_user_domain_id': None, 'service_project_id': None, 'service_project_domain_id': None, 'service_roles': []} {{(pid=84233) authorize /opt/stack/nova/nova/policy.py:192}}
Jul 22 04:37:43.453216 np0000005615 devstack@n-api.service[84233]: INFO nova.api.openstack.requestlog [None req-5f013c08-fb0b-45d1-bae2-c7eb07818c9f tempest-AttachSCSIVolumeTestJSON-337832783 tempest-AttachSCSIVolumeTestJSON-337832783-project-member] 10.4.3.34 "GET /compute/v2.1/servers/1790969c-3427-462b-ba68-d764ca5ca622" status: 200 len: 1238 microversion: 2.1 time: 0.459691
Jul 22 04:37:43.453216 np0000005615 devstack@n-api.service[84233]: [pid: 84233|app: 0|req: 20/59] 10.4.3.34 () {66 vars in 1347 bytes} [Wed Jul 22 04:37:42 2026] GET /compute/v2.1/servers/1790969c-3427-462b-ba68-d764ca5ca622 => generated 1238 bytes in 461 msecs (HTTP/1.1 200) 9 headers in 358 bytes (1 switches on core 0)
Jul 22 04:37:43.692643 np0000005615 devstack@n-api.service[84231]: DEBUG nova.policy [None req-7bf419a0-9818-4715-b942-e9ee5e659c1a tempest-ServerActionsV293TestJSON-1398659736 tempest-ServerActionsV293TestJSON-1398659736-project-member] Policy check for os_compute_api:os-extended-server-attributes failed with credentials {'is_admin': False, 'user_id': '9ed2c24c25914e20b241e4878a19abf5', 'user_domain_id': 'default', 'system_scope': None, 'domain_id': None, 'project_id': 'd31a7fe145d24febb1045136605051c0', 'project_domain_id': 'default', 'roles': ['reader', 'member'], 'is_admin_project': True, 'service_user_id': None, 'service_user_domain_id': None, 'service_project_id': None, 'service_project_domain_id': None, 'service_roles': []} {{(pid=84231) authorize /opt/stack/nova/nova/policy.py:192}}
Jul 22 04:37:43.697565 np0000005615 devstack@n-api.service[84231]: DEBUG nova.policy [None req-7bf419a0-9818-4715-b942-e9ee5e659c1a tempest-ServerActionsV293TestJSON-1398659736 tempest-ServerActionsV293TestJSON-1398659736-project-member] Policy check for os_compute_api:servers:show:host_status failed with credentials {'is_admin': False, 'user_id': '9ed2c24c25914e20b241e4878a19abf5', 'user_domain_id': 'default', 'system_scope': None, 'domain_id': None, 'project_id': 'd31a7fe145d24febb1045136605051c0', 'project_domain_id': 'default', 'roles': ['reader', 'member'], 'is_admin_project': True, 'service_user_id': None, 'service_user_domain_id': None, 'service_project_id': None, 'service_project_domain_id': None, 'service_roles': []} {{(pid=84231) authorize /opt/stack/nova/nova/policy.py:192}}
Jul 22 04:37:43.698243 np0000005615 devstack@n-api.service[84231]: DEBUG nova.policy [None req-7bf419a0-9818-4715-b942-e9ee5e659c1a tempest-ServerActionsV293TestJSON-1398659736 tempest-ServerActionsV293TestJSON-1398659736-project-member] Policy check for os_compute_api:servers:show:host_status:unknown-only failed with credentials {'is_admin': False, 'user_id': '9ed2c24c25914e20b241e4878a19abf5', 'user_domain_id': 'default', 'system_scope': None, 'domain_id': None, 'project_id': 'd31a7fe145d24febb1045136605051c0', 'project_domain_id': 'default', 'roles': ['reader', 'member'], 'is_admin_project': True, 'service_user_id': None, 'service_user_domain_id': None, 'service_project_id': None, 'service_project_domain_id': None, 'service_roles': []} {{(pid=84231) authorize /opt/stack/nova/nova/policy.py:192}}
Jul 22 04:37:43.705241 np0000005615 devstack@n-api.service[84231]: INFO nova.api.openstack.requestlog [None req-7bf419a0-9818-4715-b942-e9ee5e659c1a tempest-ServerActionsV293TestJSON-1398659736 tempest-ServerActionsV293TestJSON-1398659736-project-member] 10.4.3.34 "GET /compute/v2.1/servers/2bc37065-cf5a-42d7-8986-c7352de5d180" status: 200 len: 1535 microversion: 2.93 time: 0.998769
Jul 22 04:37:43.705610 np0000005615 devstack@n-api.service[84231]: [pid: 84231|app: 0|req: 21/60] 10.4.3.34 () {68 vars in 1388 bytes} [Wed Jul 22 04:37:42 2026] GET /compute/v2.1/servers/2bc37065-cf5a-42d7-8986-c7352de5d180 => generated 1535 bytes in 999 msecs (HTTP/1.1 200) 9 headers in 360 bytes (1 switches on core 0)
Jul 22 04:37:43.921126 np0000005615 devstack@n-api.service[84232]: DEBUG nova.policy [None req-7517318e-d915-4e04-b637-d599970e0cde tempest-DeleteServersTestJSON-117457003 tempest-DeleteServersTestJSON-117457003-project-member] Policy check for os_compute_api:os-extended-server-attributes failed with credentials {'is_admin': False, 'user_id': '5eb3c654ff684861848f0229482953f3', 'user_domain_id': 'default', 'system_scope': None, 'domain_id': None, 'project_id': 'ef31aa36676444798abc0f161f3f48a7', 'project_domain_id': 'default', 'roles': ['reader', 'member'], 'is_admin_project': True, 'service_user_id': None, 'service_user_domain_id': None, 'service_project_id': None, 'service_project_domain_id': None, 'service_roles': []} {{(pid=84232) authorize /opt/stack/nova/nova/policy.py:192}}
Jul 22 04:37:43.929624 np0000005615 devstack@n-api.service[84232]: INFO nova.api.openstack.requestlog [None req-7517318e-d915-4e04-b637-d599970e0cde tempest-DeleteServersTestJSON-117457003 tempest-DeleteServersTestJSON-117457003-project-member] 10.4.3.34 "GET /compute/v2.1/servers/a248e1cd-2619-457c-b6da-d9a7662926dd" status: 200 len: 1309 microversion: 2.1 time: 0.945011
Jul 22 04:37:43.929807 np0000005615 devstack@n-api.service[84232]: [pid: 84232|app: 0|req: 20/61] 10.4.3.34 () {66 vars in 1347 bytes} [Wed Jul 22 04:37:42 2026] GET /compute/v2.1/servers/a248e1cd-2619-457c-b6da-d9a7662926dd => generated 1309 bytes in 946 msecs (HTTP/1.1 200) 9 headers in 358 bytes (1 switches on core 0)
Jul 22 04:37:44.471461 np0000005615 devstack@n-api.service[84233]: DEBUG nova.api.openstack.wsgi [None req-50992b74-8c23-4d74-95d0-f77f3b15bcd3 tempest-AttachSCSIVolumeTestJSON-337832783 tempest-AttachSCSIVolumeTestJSON-337832783-project-member] Calling method '>' {{(pid=84233) _process_stack /opt/stack/nova/nova/api/openstack/wsgi.py:551}}
Jul 22 04:37:44.472819 np0000005615 devstack@n-api.service[84233]: DEBUG nova.compute.api [None req-50992b74-8c23-4d74-95d0-f77f3b15bcd3 tempest-AttachSCSIVolumeTestJSON-337832783 tempest-AttachSCSIVolumeTestJSON-337832783-project-member] [instance: 1790969c-3427-462b-ba68-d764ca5ca622] Fetching instance by UUID {{(pid=84233) get /opt/stack/nova/nova/compute/api.py:3068}}
Jul 22 04:37:44.485672 np0000005615 devstack@n-api.service[84233]: DEBUG oslo_concurrency.lockutils [None req-50992b74-8c23-4d74-95d0-f77f3b15bcd3 tempest-AttachSCSIVolumeTestJSON-337832783 tempest-AttachSCSIVolumeTestJSON-337832783-project-member] Acquiring lock "f29f73fa-9a8c-41a1-bc7b-bfcec46f393e" by "nova.context.set_target_cell..get_or_set_cached_cell_and_set_connections" {{(pid=84233) inner /opt/stack/data/venv/lib/python3.12/site-packages/oslo_concurrency/lockutils.py:512}}
Jul 22 04:37:44.485672 np0000005615 devstack@n-api.service[84233]: DEBUG oslo_concurrency.lockutils [None req-50992b74-8c23-4d74-95d0-f77f3b15bcd3 tempest-AttachSCSIVolumeTestJSON-337832783 tempest-AttachSCSIVolumeTestJSON-337832783-project-member] Lock "f29f73fa-9a8c-41a1-bc7b-bfcec46f393e" acquired by "nova.context.set_target_cell..get_or_set_cached_cell_and_set_connections" :: waited 0.000s {{(pid=84233) inner /opt/stack/data/venv/lib/python3.12/site-packages/oslo_concurrency/lockutils.py:525}}
Jul 22 04:37:44.485672 np0000005615 devstack@n-api.service[84233]: DEBUG oslo_concurrency.lockutils [None req-50992b74-8c23-4d74-95d0-f77f3b15bcd3 tempest-AttachSCSIVolumeTestJSON-337832783 tempest-AttachSCSIVolumeTestJSON-337832783-project-member] Lock "f29f73fa-9a8c-41a1-bc7b-bfcec46f393e" "released" by "nova.context.set_target_cell..get_or_set_cached_cell_and_set_connections" :: held 0.000s {{(pid=84233) inner /opt/stack/data/venv/lib/python3.12/site-packages/oslo_concurrency/lockutils.py:544}}
Jul 22 04:37:44.485672 np0000005615 devstack@n-api.service[84233]: DEBUG oslo_concurrency.lockutils [None req-50992b74-8c23-4d74-95d0-f77f3b15bcd3 tempest-AttachSCSIVolumeTestJSON-337832783 tempest-AttachSCSIVolumeTestJSON-337832783-project-member] Acquiring lock "f29f73fa-9a8c-41a1-bc7b-bfcec46f393e" by "nova.context.set_target_cell..get_or_set_cached_cell_and_set_connections" {{(pid=84233) inner /opt/stack/data/venv/lib/python3.12/site-packages/oslo_concurrency/lockutils.py:512}}
