Jul 22 04:35:13.116956 np0000005615 nova-scheduler[93378]: DEBUG cotyledon.oslo_config_glue [-] oslo_messaging_rabbit.rabbit_qos_prefetch_count = 0 {{(pid=93378) log_opt_values /opt/stack/data/venv/lib/python3.12/site-packages/oslo_config/cfg.py:3253}}
Jul 22 04:35:13.116956 np0000005615 nova-scheduler[93378]: DEBUG cotyledon.oslo_config_glue [-] oslo_messaging_rabbit.rabbit_quorum_delivery_limit = 0 {{(pid=93378) log_opt_values /opt/stack/data/venv/lib/python3.12/site-packages/oslo_config/cfg.py:3253}}
Jul 22 04:35:13.117194 np0000005615 nova-scheduler[93378]: DEBUG cotyledon.oslo_config_glue [-] oslo_messaging_rabbit.rabbit_quorum_max_memory_bytes = 0 {{(pid=93378) log_opt_values /opt/stack/data/venv/lib/python3.12/site-packages/oslo_config/cfg.py:3253}}
Jul 22 04:35:13.117194 np0000005615 nova-scheduler[93378]: DEBUG cotyledon.oslo_config_glue [-] oslo_messaging_rabbit.rabbit_quorum_max_memory_length = 0 {{(pid=93378) log_opt_values /opt/stack/data/venv/lib/python3.12/site-packages/oslo_config/cfg.py:3253}}
Jul 22 04:35:13.117194 np0000005615 nova-scheduler[93378]: DEBUG cotyledon.oslo_config_glue [-] oslo_messaging_rabbit.rabbit_quorum_queue = False {{(pid=93378) log_opt_values /opt/stack/data/venv/lib/python3.12/site-packages/oslo_config/cfg.py:3253}}
Jul 22 04:35:13.117194 np0000005615 nova-scheduler[93378]: DEBUG cotyledon.oslo_config_glue [-] oslo_messaging_rabbit.rabbit_retry_backoff = 2 {{(pid=93378) log_opt_values /opt/stack/data/venv/lib/python3.12/site-packages/oslo_config/cfg.py:3253}}
Jul 22 04:35:13.117194 np0000005615 nova-scheduler[93378]: DEBUG cotyledon.oslo_config_glue [-] oslo_messaging_rabbit.rabbit_retry_interval = 1 {{(pid=93378) log_opt_values /opt/stack/data/venv/lib/python3.12/site-packages/oslo_config/cfg.py:3253}}
Jul 22 04:35:13.117194 np0000005615 nova-scheduler[93378]: DEBUG cotyledon.oslo_config_glue [-] oslo_messaging_rabbit.rabbit_stream_fanout = False {{(pid=93378) log_opt_values /opt/stack/data/venv/lib/python3.12/site-packages/oslo_config/cfg.py:3253}}
Jul 22 04:35:13.117194 np0000005615 nova-scheduler[93378]: DEBUG cotyledon.oslo_config_glue [-] oslo_messaging_rabbit.rabbit_transient_queues_ttl = 1800 {{(pid=93378) log_opt_values /opt/stack/data/venv/lib/python3.12/site-packages/oslo_config/cfg.py:3253}}
Jul 22 04:35:13.117194 np0000005615 nova-scheduler[93378]: DEBUG cotyledon.oslo_config_glue [-] oslo_messaging_rabbit.rabbit_transient_quorum_queue = False {{(pid=93378) log_opt_values /opt/stack/data/venv/lib/python3.12/site-packages/oslo_config/cfg.py:3253}}
Jul 22 04:35:13.117386 np0000005615 nova-scheduler[93378]: DEBUG cotyledon.oslo_config_glue [-] oslo_messaging_rabbit.rpc_conn_pool_size = 30 {{(pid=93378) log_opt_values /opt/stack/data/venv/lib/python3.12/site-packages/oslo_config/cfg.py:3253}}
Jul 22 04:35:13.117386 np0000005615 nova-scheduler[93378]: DEBUG cotyledon.oslo_config_glue [-] oslo_messaging_rabbit.ssl = False {{(pid=93378) log_opt_values /opt/stack/data/venv/lib/python3.12/site-packages/oslo_config/cfg.py:3253}}
Jul 22 04:35:13.117386 np0000005615 nova-scheduler[93378]: DEBUG cotyledon.oslo_config_glue [-] oslo_messaging_rabbit.ssl_ca_file = {{(pid=93378) log_opt_values /opt/stack/data/venv/lib/python3.12/site-packages/oslo_config/cfg.py:3253}}
Jul 22 04:35:13.117386 np0000005615 nova-scheduler[93378]: DEBUG cotyledon.oslo_config_glue [-] oslo_messaging_rabbit.ssl_cert_file = {{(pid=93378) log_opt_values /opt/stack/data/venv/lib/python3.12/site-packages/oslo_config/cfg.py:3253}}
Jul 22 04:35:13.117386 np0000005615 nova-scheduler[93378]: DEBUG cotyledon.oslo_config_glue [-] oslo_messaging_rabbit.ssl_enforce_fips_mode = False {{(pid=93378) log_opt_values /opt/stack/data/venv/lib/python3.12/site-packages/oslo_config/cfg.py:3253}}
Jul 22 04:35:13.117386 np0000005615 nova-scheduler[93378]: DEBUG cotyledon.oslo_config_glue [-] oslo_messaging_rabbit.ssl_enforce_hostname_verification = True {{(pid=93378) log_opt_values /opt/stack/data/venv/lib/python3.12/site-packages/oslo_config/cfg.py:3253}}
Jul 22 04:35:13.117386 np0000005615 nova-scheduler[93378]: DEBUG cotyledon.oslo_config_glue [-] oslo_messaging_rabbit.ssl_key_file = {{(pid=93378) log_opt_values /opt/stack/data/venv/lib/python3.12/site-packages/oslo_config/cfg.py:3253}}
Jul 22 04:35:13.117386 np0000005615 nova-scheduler[93378]: DEBUG cotyledon.oslo_config_glue [-] oslo_messaging_rabbit.ssl_version = {{(pid=93378) log_opt_values /opt/stack/data/venv/lib/python3.12/site-packages/oslo_config/cfg.py:3253}}
Jul 22 04:35:13.117386 np0000005615 nova-scheduler[93378]: DEBUG cotyledon.oslo_config_glue [-] oslo_messaging_rabbit.use_queue_manager = False {{(pid=93378) log_opt_values /opt/stack/data/venv/lib/python3.12/site-packages/oslo_config/cfg.py:3253}}
Jul 22 04:35:13.117612 np0000005615 nova-scheduler[93378]: DEBUG cotyledon.oslo_config_glue [-] oslo_messaging_notifications.driver = ['messagingv2'] {{(pid=93378) log_opt_values /opt/stack/data/venv/lib/python3.12/site-packages/oslo_config/cfg.py:3253}}
Jul 22 04:35:13.117612 np0000005615 nova-scheduler[93378]: DEBUG cotyledon.oslo_config_glue [-] oslo_messaging_notifications.retry = -1 {{(pid=93378) log_opt_values /opt/stack/data/venv/lib/python3.12/site-packages/oslo_config/cfg.py:3253}}
Jul 22 04:35:13.117612 np0000005615 nova-scheduler[93378]: DEBUG cotyledon.oslo_config_glue [-] oslo_messaging_notifications.topics = ['notifications'] {{(pid=93378) log_opt_values /opt/stack/data/venv/lib/python3.12/site-packages/oslo_config/cfg.py:3253}}
Jul 22 04:35:13.117612 np0000005615 nova-scheduler[93378]: DEBUG cotyledon.oslo_config_glue [-] oslo_messaging_notifications.transport_url = **** {{(pid=93378) log_opt_values /opt/stack/data/venv/lib/python3.12/site-packages/oslo_config/cfg.py:3253}}
Jul 22 04:35:13.117612 np0000005615 nova-scheduler[93378]: DEBUG cotyledon.oslo_config_glue [-] oslo_limit.auth_section = None {{(pid=93378) log_opt_values /opt/stack/data/venv/lib/python3.12/site-packages/oslo_config/cfg.py:3253}}
Jul 22 04:35:13.117612 np0000005615 nova-scheduler[93378]: DEBUG cotyledon.oslo_config_glue [-] oslo_limit.auth_type = None {{(pid=93378) log_opt_values /opt/stack/data/venv/lib/python3.12/site-packages/oslo_config/cfg.py:3253}}
Jul 22 04:35:13.117612 np0000005615 nova-scheduler[93378]: DEBUG cotyledon.oslo_config_glue [-] oslo_limit.cafile = None {{(pid=93378) log_opt_values /opt/stack/data/venv/lib/python3.12/site-packages/oslo_config/cfg.py:3253}}
Jul 22 04:35:13.117612 np0000005615 nova-scheduler[93378]: DEBUG cotyledon.oslo_config_glue [-] oslo_limit.certfile = None {{(pid=93378) log_opt_values /opt/stack/data/venv/lib/python3.12/site-packages/oslo_config/cfg.py:3253}}
Jul 22 04:35:13.117612 np0000005615 nova-scheduler[93378]: DEBUG cotyledon.oslo_config_glue [-] oslo_limit.collect_timing = False {{(pid=93378) log_opt_values /opt/stack/data/venv/lib/python3.12/site-packages/oslo_config/cfg.py:3253}}
Jul 22 04:35:13.117845 np0000005615 nova-scheduler[93378]: DEBUG cotyledon.oslo_config_glue [-] oslo_limit.connect_retries = None {{(pid=93378) log_opt_values /opt/stack/data/venv/lib/python3.12/site-packages/oslo_config/cfg.py:3253}}
Jul 22 04:35:13.117845 np0000005615 nova-scheduler[93378]: DEBUG cotyledon.oslo_config_glue [-] oslo_limit.connect_retry_delay = None {{(pid=93378) log_opt_values /opt/stack/data/venv/lib/python3.12/site-packages/oslo_config/cfg.py:3253}}
Jul 22 04:35:13.117845 np0000005615 nova-scheduler[93378]: DEBUG cotyledon.oslo_config_glue [-] oslo_limit.endpoint_id = None {{(pid=93378) log_opt_values /opt/stack/data/venv/lib/python3.12/site-packages/oslo_config/cfg.py:3253}}
Jul 22 04:35:13.117845 np0000005615 nova-scheduler[93378]: DEBUG cotyledon.oslo_config_glue [-] oslo_limit.endpoint_interface = public {{(pid=93378) log_opt_values /opt/stack/data/venv/lib/python3.12/site-packages/oslo_config/cfg.py:3253}}
Jul 22 04:35:13.117845 np0000005615 nova-scheduler[93378]: DEBUG cotyledon.oslo_config_glue [-] oslo_limit.endpoint_override = None {{(pid=93378) log_opt_values /opt/stack/data/venv/lib/python3.12/site-packages/oslo_config/cfg.py:3253}}
Jul 22 04:35:13.117845 np0000005615 nova-scheduler[93378]: DEBUG cotyledon.oslo_config_glue [-] oslo_limit.endpoint_region_name = None {{(pid=93378) log_opt_values /opt/stack/data/venv/lib/python3.12/site-packages/oslo_config/cfg.py:3253}}
Jul 22 04:35:13.117845 np0000005615 nova-scheduler[93378]: DEBUG cotyledon.oslo_config_glue [-] oslo_limit.endpoint_service_name = None {{(pid=93378) log_opt_values /opt/stack/data/venv/lib/python3.12/site-packages/oslo_config/cfg.py:3253}}
Jul 22 04:35:13.117845 np0000005615 nova-scheduler[93378]: DEBUG cotyledon.oslo_config_glue [-] oslo_limit.endpoint_service_type = None {{(pid=93378) log_opt_values /opt/stack/data/venv/lib/python3.12/site-packages/oslo_config/cfg.py:3253}}
Jul 22 04:35:13.117845 np0000005615 nova-scheduler[93378]: DEBUG cotyledon.oslo_config_glue [-] oslo_limit.insecure = False {{(pid=93378) log_opt_values /opt/stack/data/venv/lib/python3.12/site-packages/oslo_config/cfg.py:3253}}
Jul 22 04:35:13.118098 np0000005615 nova-scheduler[93378]: DEBUG cotyledon.oslo_config_glue [-] oslo_limit.keyfile = None {{(pid=93378) log_opt_values /opt/stack/data/venv/lib/python3.12/site-packages/oslo_config/cfg.py:3253}}
Jul 22 04:35:13.118098 np0000005615 nova-scheduler[93378]: DEBUG cotyledon.oslo_config_glue [-] oslo_limit.max_version = None {{(pid=93378) log_opt_values /opt/stack/data/venv/lib/python3.12/site-packages/oslo_config/cfg.py:3253}}
Jul 22 04:35:13.118098 np0000005615 nova-scheduler[93378]: DEBUG cotyledon.oslo_config_glue [-] oslo_limit.min_version = None {{(pid=93378) log_opt_values /opt/stack/data/venv/lib/python3.12/site-packages/oslo_config/cfg.py:3253}}
Jul 22 04:35:13.118098 np0000005615 nova-scheduler[93378]: DEBUG cotyledon.oslo_config_glue [-] oslo_limit.region_name = None {{(pid=93378) log_opt_values /opt/stack/data/venv/lib/python3.12/site-packages/oslo_config/cfg.py:3253}}
Jul 22 04:35:13.118098 np0000005615 nova-scheduler[93378]: DEBUG cotyledon.oslo_config_glue [-] oslo_limit.retriable_status_codes = None {{(pid=93378) log_opt_values /opt/stack/data/venv/lib/python3.12/site-packages/oslo_config/cfg.py:3253}}
Jul 22 04:35:13.118098 np0000005615 nova-scheduler[93378]: DEBUG cotyledon.oslo_config_glue [-] oslo_limit.service_name = None {{(pid=93378) log_opt_values /opt/stack/data/venv/lib/python3.12/site-packages/oslo_config/cfg.py:3253}}
Jul 22 04:35:13.118098 np0000005615 nova-scheduler[93378]: DEBUG cotyledon.oslo_config_glue [-] oslo_limit.service_type = None {{(pid=93378) log_opt_values /opt/stack/data/venv/lib/python3.12/site-packages/oslo_config/cfg.py:3253}}
Jul 22 04:35:13.118098 np0000005615 nova-scheduler[93378]: DEBUG cotyledon.oslo_config_glue [-] oslo_limit.split_loggers = False {{(pid=93378) log_opt_values /opt/stack/data/venv/lib/python3.12/site-packages/oslo_config/cfg.py:3253}}
Jul 22 04:35:13.118098 np0000005615 nova-scheduler[93378]: DEBUG cotyledon.oslo_config_glue [-] oslo_limit.status_code_retries = None {{(pid=93378) log_opt_values /opt/stack/data/venv/lib/python3.12/site-packages/oslo_config/cfg.py:3253}}
Jul 22 04:35:13.118319 np0000005615 nova-scheduler[93378]: DEBUG cotyledon.oslo_config_glue [-] oslo_limit.status_code_retry_delay = None {{(pid=93378) log_opt_values /opt/stack/data/venv/lib/python3.12/site-packages/oslo_config/cfg.py:3253}}
Jul 22 04:35:13.118319 np0000005615 nova-scheduler[93378]: DEBUG cotyledon.oslo_config_glue [-] oslo_limit.timeout = None {{(pid=93378) log_opt_values /opt/stack/data/venv/lib/python3.12/site-packages/oslo_config/cfg.py:3253}}
Jul 22 04:35:13.118319 np0000005615 nova-scheduler[93378]: DEBUG cotyledon.oslo_config_glue [-] oslo_limit.valid_interfaces = None {{(pid=93378) log_opt_values /opt/stack/data/venv/lib/python3.12/site-packages/oslo_config/cfg.py:3253}}
Jul 22 04:35:13.118319 np0000005615 nova-scheduler[93378]: DEBUG cotyledon.oslo_config_glue [-] oslo_limit.version = None {{(pid=93378) log_opt_values /opt/stack/data/venv/lib/python3.12/site-packages/oslo_config/cfg.py:3253}}
Jul 22 04:35:13.118319 np0000005615 nova-scheduler[93378]: DEBUG cotyledon.oslo_config_glue [-] oslo_reports.file_event_handler = None {{(pid=93378) log_opt_values /opt/stack/data/venv/lib/python3.12/site-packages/oslo_config/cfg.py:3253}}
Jul 22 04:35:13.118319 np0000005615 nova-scheduler[93378]: DEBUG cotyledon.oslo_config_glue [-] oslo_reports.file_event_handler_interval = 1 {{(pid=93378) log_opt_values /opt/stack/data/venv/lib/python3.12/site-packages/oslo_config/cfg.py:3253}}
Jul 22 04:35:13.118319 np0000005615 nova-scheduler[93378]: DEBUG cotyledon.oslo_config_glue [-] oslo_reports.log_dir = None {{(pid=93378) log_opt_values /opt/stack/data/venv/lib/python3.12/site-packages/oslo_config/cfg.py:3253}}
Jul 22 04:35:13.118319 np0000005615 nova-scheduler[93378]: DEBUG cotyledon.oslo_config_glue [-] ******************************************************************************** {{(pid=93378) log_opt_values /opt/stack/data/venv/lib/python3.12/site-packages/oslo_config/cfg.py:3260}}
Jul 22 04:35:13.118319 np0000005615 nova-scheduler[93378]: DEBUG cotyledon._service_worker [-] Run service ServiceWrapper(1) [93378] {{(pid=93378) wait_forever /opt/stack/data/venv/lib/python3.12/site-packages/cotyledon/_service_worker.py:218}}
Jul 22 04:35:13.118535 np0000005615 nova-scheduler[93378]: INFO nova.service [-] Starting scheduler node (version 33.1.0)
Jul 22 04:35:13.118535 np0000005615 nova-scheduler[93378]: INFO dbcounter [None req-916589d6-81f4-470a-b744-02fa7ab5dd1b None None] Registered counter for database nova_cell0
Jul 22 04:35:13.124038 np0000005615 nova-scheduler[93376]: DEBUG oslo_db.sqlalchemy.engines [None req-ccbec6f7-4450-4960-968b-47a615fd3e07 None None] MySQL server mode set to STRICT_TRANS_TABLES,STRICT_ALL_TABLES,NO_ZERO_IN_DATE,NO_ZERO_DATE,ERROR_FOR_DIVISION_BY_ZERO,TRADITIONAL,NO_ENGINE_SUBSTITUTION {{(pid=93376) _check_effective_sql_mode /opt/stack/data/venv/lib/python3.12/site-packages/oslo_db/sqlalchemy/engines.py:325}}
Jul 22 04:35:13.135377 np0000005615 nova-scheduler[93376]: DEBUG dbcounter [-] [93376] Writer thread running {{(pid=93376) stat_writer /opt/stack/data/venv/lib/python3.12/site-packages/dbcounter.py:102}}
Jul 22 04:35:13.139251 np0000005615 nova-scheduler[93380]: DEBUG oslo_db.sqlalchemy.engines [None req-4ac0f209-310e-48c0-a841-a7986faeb62a None None] MySQL server mode set to STRICT_TRANS_TABLES,STRICT_ALL_TABLES,NO_ZERO_IN_DATE,NO_ZERO_DATE,ERROR_FOR_DIVISION_BY_ZERO,TRADITIONAL,NO_ENGINE_SUBSTITUTION {{(pid=93380) _check_effective_sql_mode /opt/stack/data/venv/lib/python3.12/site-packages/oslo_db/sqlalchemy/engines.py:325}}
Jul 22 04:35:13.150400 np0000005615 nova-scheduler[93380]: DEBUG dbcounter [-] [93380] Writer thread running {{(pid=93380) stat_writer /opt/stack/data/venv/lib/python3.12/site-packages/dbcounter.py:102}}
Jul 22 04:35:13.152264 np0000005615 nova-scheduler[93376]: DEBUG nova.service [None req-ccbec6f7-4450-4960-968b-47a615fd3e07 None None] Creating RPC server for service: nova-scheduler on topic: scheduler {{(pid=93376) start /opt/stack/nova/nova/service.py:196}}
Jul 22 04:35:13.155603 np0000005615 nova-scheduler[93380]: DEBUG nova.service [None req-4ac0f209-310e-48c0-a841-a7986faeb62a None None] Creating RPC server for service: nova-scheduler on topic: scheduler {{(pid=93380) start /opt/stack/nova/nova/service.py:196}}
Jul 22 04:35:13.166524 np0000005615 nova-scheduler[93378]: DEBUG oslo_db.sqlalchemy.engines [None req-916589d6-81f4-470a-b744-02fa7ab5dd1b None None] MySQL server mode set to STRICT_TRANS_TABLES,STRICT_ALL_TABLES,NO_ZERO_IN_DATE,NO_ZERO_DATE,ERROR_FOR_DIVISION_BY_ZERO,TRADITIONAL,NO_ENGINE_SUBSTITUTION {{(pid=93378) _check_effective_sql_mode /opt/stack/data/venv/lib/python3.12/site-packages/oslo_db/sqlalchemy/engines.py:325}}
Jul 22 04:35:13.179178 np0000005615 nova-scheduler[93378]: DEBUG dbcounter [-] [93378] Writer thread running {{(pid=93378) stat_writer /opt/stack/data/venv/lib/python3.12/site-packages/dbcounter.py:102}}
Jul 22 04:35:13.181488 np0000005615 nova-scheduler[93376]: DEBUG nova.service [None req-ccbec6f7-4450-4960-968b-47a615fd3e07 None None] Join ServiceGroup membership for this service scheduler {{(pid=93376) start /opt/stack/nova/nova/service.py:222}}
Jul 22 04:35:13.181768 np0000005615 nova-scheduler[93376]: DEBUG nova.servicegroup.drivers.db [None req-ccbec6f7-4450-4960-968b-47a615fd3e07 None None] DB_Driver: join new ServiceGroup member np0000005615 to the scheduler group, service = {{(pid=93376) join /opt/stack/nova/nova/servicegroup/drivers/db.py:44}}
Jul 22 04:35:13.182957 np0000005615 nova-scheduler[93378]: DEBUG nova.service [None req-916589d6-81f4-470a-b744-02fa7ab5dd1b None None] Creating RPC server for service: nova-scheduler on topic: scheduler {{(pid=93378) start /opt/stack/nova/nova/service.py:196}}
Jul 22 04:35:13.187805 np0000005615 nova-scheduler[93380]: DEBUG nova.service [None req-4ac0f209-310e-48c0-a841-a7986faeb62a None None] Join ServiceGroup membership for this service scheduler {{(pid=93380) start /opt/stack/nova/nova/service.py:222}}
Jul 22 04:35:13.188285 np0000005615 nova-scheduler[93380]: DEBUG nova.servicegroup.drivers.db [None req-4ac0f209-310e-48c0-a841-a7986faeb62a None None] DB_Driver: join new ServiceGroup member np0000005615 to the scheduler group, service = {{(pid=93380) join /opt/stack/nova/nova/servicegroup/drivers/db.py:44}}
Jul 22 04:35:13.204551 np0000005615 nova-scheduler[93378]: DEBUG nova.service [None req-916589d6-81f4-470a-b744-02fa7ab5dd1b None None] Join ServiceGroup membership for this service scheduler {{(pid=93378) start /opt/stack/nova/nova/service.py:222}}
Jul 22 04:35:13.204767 np0000005615 nova-scheduler[93378]: DEBUG nova.servicegroup.drivers.db [None req-916589d6-81f4-470a-b744-02fa7ab5dd1b None None] DB_Driver: join new ServiceGroup member np0000005615 to the scheduler group, service = {{(pid=93378) join /opt/stack/nova/nova/servicegroup/drivers/db.py:44}}
Jul 22 04:35:18.194323 np0000005615 nova-scheduler[93376]: DEBUG oslo.service.backend._threading.loopingcall [-] Fixed interval looping call 'nova.servicegroup.drivers.db.DbDriver._report_state' sleeping for 119.99 seconds {{(pid=93376) _run_loop /opt/stack/data/venv/lib/python3.12/site-packages/oslo_service/backend/_threading/loopingcall.py:125}}
Jul 22 04:35:18.199760 np0000005615 nova-scheduler[93380]: DEBUG oslo.service.backend._threading.loopingcall [-] Fixed interval looping call 'nova.servicegroup.drivers.db.DbDriver._report_state' sleeping for 119.99 seconds {{(pid=93380) _run_loop /opt/stack/data/venv/lib/python3.12/site-packages/oslo_service/backend/_threading/loopingcall.py:125}}
Jul 22 04:35:18.216090 np0000005615 nova-scheduler[93378]: DEBUG oslo.service.backend._threading.loopingcall [-] Fixed interval looping call 'nova.servicegroup.drivers.db.DbDriver._report_state' sleeping for 119.99 seconds {{(pid=93378) _run_loop /opt/stack/data/venv/lib/python3.12/site-packages/oslo_service/backend/_threading/loopingcall.py:125}}
Jul 22 04:35:21.190844 np0000005615 nova-scheduler[93380]: DEBUG oslo.service.backend._threading.loopingcall [None req-4fc0d5d7-a9bd-4d86-8253-14dd6437892c None None] Dynamic interval looping call 'nova.service.Service.periodic_tasks' sleeping for 60.00 seconds {{(pid=93380) _run_loop /opt/stack/data/venv/lib/python3.12/site-packages/oslo_service/backend/_threading/loopingcall.py:125}}
Jul 22 04:35:21.703695 np0000005615 nova-scheduler[92169]: DEBUG dbcounter [-] [92169] Writing DB stats nova_api:SELECT=3 {{(pid=92169) stat_writer /opt/stack/data/venv/lib/python3.12/site-packages/dbcounter.py:115}}
Jul 22 04:35:21.837181 np0000005615 nova-scheduler[92169]: DEBUG dbcounter [-] [92169] Writing DB stats nova_cell0:SELECT=1 {{(pid=92169) stat_writer /opt/stack/data/venv/lib/python3.12/site-packages/dbcounter.py:115}}
Jul 22 04:35:21.841456 np0000005615 nova-scheduler[92169]: DEBUG dbcounter [-] [92169] Writing DB stats nova_cell1:SELECT=1 {{(pid=92169) stat_writer /opt/stack/data/venv/lib/python3.12/site-packages/dbcounter.py:115}}
Jul 22 04:35:28.191278 np0000005615 nova-scheduler[93376]: DEBUG dbcounter [-] [93376] Writing DB stats nova_cell0:SELECT=4,nova_cell0:INSERT=1,nova_cell0:UPDATE=1 {{(pid=93376) stat_writer /opt/stack/data/venv/lib/python3.12/site-packages/dbcounter.py:115}}
Jul 22 04:35:28.196942 np0000005615 nova-scheduler[93380]: DEBUG dbcounter [-] [93380] Writing DB stats nova_cell0:SELECT=3 {{(pid=93380) stat_writer /opt/stack/data/venv/lib/python3.12/site-packages/dbcounter.py:115}}
Jul 22 04:35:28.213336 np0000005615 nova-scheduler[93378]: DEBUG dbcounter [-] [93378] Writing DB stats nova_cell0:SELECT=3 {{(pid=93378) stat_writer /opt/stack/data/venv/lib/python3.12/site-packages/dbcounter.py:115}}
Jul 22 04:35:30.184501 np0000005615 nova-scheduler[93376]: DEBUG oslo.service.backend._threading.loopingcall [None req-93c45dff-5db0-4ff2-9b14-21dcc515774b None None] Dynamic interval looping call 'nova.service.Service.periodic_tasks' sleeping for 60.00 seconds {{(pid=93376) _run_loop /opt/stack/data/venv/lib/python3.12/site-packages/oslo_service/backend/_threading/loopingcall.py:125}}
Jul 22 04:36:02.207487 np0000005615 nova-scheduler[93378]: DEBUG oslo.service.backend._threading.loopingcall [None req-1f57f79a-a6cc-40b4-b902-48f584ecd933 None None] Dynamic interval looping call 'nova.service.Service.periodic_tasks' sleeping for 60.00 seconds {{(pid=93378) _run_loop /opt/stack/data/venv/lib/python3.12/site-packages/oslo_service/backend/_threading/loopingcall.py:125}}
Jul 22 04:36:21.191512 np0000005615 nova-scheduler[93380]: DEBUG oslo.service.backend._threading.loopingcall [None req-4fc0d5d7-a9bd-4d86-8253-14dd6437892c None None] Dynamic interval looping call 'nova.service.Service.periodic_tasks' sleeping for 60.00 seconds {{(pid=93380) _run_loop /opt/stack/data/venv/lib/python3.12/site-packages/oslo_service/backend/_threading/loopingcall.py:125}}
Jul 22 04:36:30.185018 np0000005615 nova-scheduler[93376]: DEBUG oslo.service.backend._threading.loopingcall [None req-93c45dff-5db0-4ff2-9b14-21dcc515774b None None] Dynamic interval looping call 'nova.service.Service.periodic_tasks' sleeping for 60.00 seconds {{(pid=93376) _run_loop /opt/stack/data/venv/lib/python3.12/site-packages/oslo_service/backend/_threading/loopingcall.py:125}}
Jul 22 04:37:02.207934 np0000005615 nova-scheduler[93378]: DEBUG oslo.service.backend._threading.loopingcall [None req-1f57f79a-a6cc-40b4-b902-48f584ecd933 None None] Dynamic interval looping call 'nova.service.Service.periodic_tasks' sleeping for 60.00 seconds {{(pid=93378) _run_loop /opt/stack/data/venv/lib/python3.12/site-packages/oslo_service/backend/_threading/loopingcall.py:125}}
Jul 22 04:37:18.191007 np0000005615 nova-scheduler[93376]: DEBUG oslo.service.backend._threading.loopingcall [-] Fixed interval looping call 'nova.servicegroup.drivers.db.DbDriver._report_state' sleeping for 119.99 seconds {{(pid=93376) _run_loop /opt/stack/data/venv/lib/python3.12/site-packages/oslo_service/backend/_threading/loopingcall.py:125}}
Jul 22 04:37:18.193961 np0000005615 nova-scheduler[93380]: DEBUG oslo.service.backend._threading.loopingcall [-] Fixed interval looping call 'nova.servicegroup.drivers.db.DbDriver._report_state' sleeping for 120.00 seconds {{(pid=93380) _run_loop /opt/stack/data/venv/lib/python3.12/site-packages/oslo_service/backend/_threading/loopingcall.py:125}}
Jul 22 04:37:18.213134 np0000005615 nova-scheduler[93378]: DEBUG oslo.service.backend._threading.loopingcall [-] Fixed interval looping call 'nova.servicegroup.drivers.db.DbDriver._report_state' sleeping for 119.99 seconds {{(pid=93378) _run_loop /opt/stack/data/venv/lib/python3.12/site-packages/oslo_service/backend/_threading/loopingcall.py:125}}
Jul 22 04:37:21.191992 np0000005615 nova-scheduler[93380]: DEBUG oslo.service.backend._threading.loopingcall [None req-4fc0d5d7-a9bd-4d86-8253-14dd6437892c None None] Dynamic interval looping call 'nova.service.Service.periodic_tasks' sleeping for 60.00 seconds {{(pid=93380) _run_loop /opt/stack/data/venv/lib/python3.12/site-packages/oslo_service/backend/_threading/loopingcall.py:125}}
Jul 22 04:37:28.187415 np0000005615 nova-scheduler[93376]: DEBUG dbcounter [-] [93376] Writing DB stats nova_cell0:SELECT=1,nova_cell0:UPDATE=1 {{(pid=93376) stat_writer /opt/stack/data/venv/lib/python3.12/site-packages/dbcounter.py:115}}
Jul 22 04:37:28.192547 np0000005615 nova-scheduler[93380]: DEBUG dbcounter [-] [93380] Writing DB stats nova_cell0:SELECT=1 {{(pid=93380) stat_writer /opt/stack/data/venv/lib/python3.12/site-packages/dbcounter.py:115}}
Jul 22 04:37:28.212469 np0000005615 nova-scheduler[93378]: DEBUG dbcounter [-] [93378] Writing DB stats nova_cell0:SELECT=1 {{(pid=93378) stat_writer /opt/stack/data/venv/lib/python3.12/site-packages/dbcounter.py:115}}
Jul 22 04:37:30.208267 np0000005615 nova-scheduler[93376]: DEBUG oslo.service.backend._threading.loopingcall [None req-93c45dff-5db0-4ff2-9b14-21dcc515774b None None] Dynamic interval looping call 'nova.service.Service.periodic_tasks' sleeping for 60.00 seconds {{(pid=93376) _run_loop /opt/stack/data/venv/lib/python3.12/site-packages/oslo_service/backend/_threading/loopingcall.py:125}}
Jul 22 04:37:32.971846 np0000005615 nova-scheduler[93376]: DEBUG nova.scheduler.manager [None req-a2a13d76-a2c7-49bf-88c1-167e1cc7de81 tempest-DeleteServersTestJSON-117457003 tempest-DeleteServersTestJSON-117457003-project-member] Starting to schedule for instances: ['a248e1cd-2619-457c-b6da-d9a7662926dd'] {{(pid=93376) select_destinations /opt/stack/nova/nova/scheduler/manager.py:209}}
Jul 22 04:37:32.974946 np0000005615 nova-scheduler[93376]: DEBUG nova.scheduler.request_filter [None req-a2a13d76-a2c7-49bf-88c1-167e1cc7de81 tempest-DeleteServersTestJSON-117457003 tempest-DeleteServersTestJSON-117457003-project-member] compute_status_filter request filter added forbidden trait COMPUTE_STATUS_DISABLED {{(pid=93376) compute_status_filter /opt/stack/nova/nova/scheduler/request_filter.py:253}}
Jul 22 04:37:32.975340 np0000005615 nova-scheduler[93376]: DEBUG nova.scheduler.request_filter [None req-a2a13d76-a2c7-49bf-88c1-167e1cc7de81 tempest-DeleteServersTestJSON-117457003 tempest-DeleteServersTestJSON-117457003-project-member] Request filter 'compute_status_filter' took 0.0 seconds {{(pid=93376) wrapper /opt/stack/nova/nova/scheduler/request_filter.py:46}}
Jul 22 04:37:32.975526 np0000005615 nova-scheduler[93376]: DEBUG nova.scheduler.request_filter [None req-a2a13d76-a2c7-49bf-88c1-167e1cc7de81 tempest-DeleteServersTestJSON-117457003 tempest-DeleteServersTestJSON-117457003-project-member] Request filter 'accelerators_filter' took 0.0 seconds {{(pid=93376) wrapper /opt/stack/nova/nova/scheduler/request_filter.py:46}}
Jul 22 04:37:32.976039 np0000005615 nova-scheduler[93376]: DEBUG nova.scheduler.request_filter [None req-a2a13d76-a2c7-49bf-88c1-167e1cc7de81 tempest-DeleteServersTestJSON-117457003 tempest-DeleteServersTestJSON-117457003-project-member] Request filter 'packed_virtqueue_filter' took 0.0 seconds {{(pid=93376) wrapper /opt/stack/nova/nova/scheduler/request_filter.py:46}}
Jul 22 04:37:32.976297 np0000005615 nova-scheduler[93376]: DEBUG nova.scheduler.request_filter [None req-a2a13d76-a2c7-49bf-88c1-167e1cc7de81 tempest-DeleteServersTestJSON-117457003 tempest-DeleteServersTestJSON-117457003-project-member] Request filter 'remote_managed_ports_filter' took 0.0 seconds {{(pid=93376) wrapper /opt/stack/nova/nova/scheduler/request_filter.py:46}}
Jul 22 04:37:32.976548 np0000005615 nova-scheduler[93376]: DEBUG nova.scheduler.request_filter [None req-a2a13d76-a2c7-49bf-88c1-167e1cc7de81 tempest-DeleteServersTestJSON-117457003 tempest-DeleteServersTestJSON-117457003-project-member] ephemeral_encryption_filter skipped {{(pid=93376) ephemeral_encryption_filter /opt/stack/nova/nova/scheduler/request_filter.py:426}}
Jul 22 04:37:32.976548 np0000005615 nova-scheduler[93376]: DEBUG nova.scheduler.request_filter [None req-a2a13d76-a2c7-49bf-88c1-167e1cc7de81 tempest-DeleteServersTestJSON-117457003 tempest-DeleteServersTestJSON-117457003-project-member] virtio_sound_filter skipped {{(pid=93376) virtio_sound_filter /opt/stack/nova/nova/scheduler/request_filter.py:460}}
Jul 22 04:37:32.976644 np0000005615 nova-scheduler[93376]: DEBUG nova.scheduler.request_filter [None req-a2a13d76-a2c7-49bf-88c1-167e1cc7de81 tempest-DeleteServersTestJSON-117457003 tempest-DeleteServersTestJSON-117457003-project-member] tpm_secret_security_filter skipped {{(pid=93376) tpm_secret_security_filter /opt/stack/nova/nova/scheduler/request_filter.py:477}}
Jul 22 04:37:33.502222 np0000005615 nova-scheduler[93376]: INFO nova.utils [None req-a2a13d76-a2c7-49bf-88c1-167e1cc7de81 tempest-DeleteServersTestJSON-117457003 tempest-DeleteServersTestJSON-117457003-project-member] The cell worker thread pool ForkProcess-1.cell_worker is initialized
Jul 22 04:37:33.502617 np0000005615 nova-scheduler[93376]: DEBUG oslo_concurrency.lockutils [None req-a2a13d76-a2c7-49bf-88c1-167e1cc7de81 tempest-DeleteServersTestJSON-117457003 tempest-DeleteServersTestJSON-117457003-project-member] Acquiring lock "f29f73fa-9a8c-41a1-bc7b-bfcec46f393e" by "nova.context.set_target_cell..get_or_set_cached_cell_and_set_connections" {{(pid=93376) inner /opt/stack/data/venv/lib/python3.12/site-packages/oslo_concurrency/lockutils.py:512}}
Jul 22 04:37:33.502793 np0000005615 nova-scheduler[93376]: DEBUG oslo_concurrency.lockutils [None req-a2a13d76-a2c7-49bf-88c1-167e1cc7de81 tempest-DeleteServersTestJSON-117457003 tempest-DeleteServersTestJSON-117457003-project-member] Lock "f29f73fa-9a8c-41a1-bc7b-bfcec46f393e" acquired by "nova.context.set_target_cell..get_or_set_cached_cell_and_set_connections" :: waited 0.000s {{(pid=93376) inner /opt/stack/data/venv/lib/python3.12/site-packages/oslo_concurrency/lockutils.py:525}}
Jul 22 04:37:33.504139 np0000005615 nova-scheduler[93376]: DEBUG oslo_concurrency.lockutils [None req-a2a13d76-a2c7-49bf-88c1-167e1cc7de81 tempest-DeleteServersTestJSON-117457003 tempest-DeleteServersTestJSON-117457003-project-member] Lock "f29f73fa-9a8c-41a1-bc7b-bfcec46f393e" "released" by "nova.context.set_target_cell..get_or_set_cached_cell_and_set_connections" :: held 0.001s {{(pid=93376) inner /opt/stack/data/venv/lib/python3.12/site-packages/oslo_concurrency/lockutils.py:544}}
Jul 22 04:37:33.506332 np0000005615 nova-scheduler[93376]: INFO dbcounter [None req-a2a13d76-a2c7-49bf-88c1-167e1cc7de81 tempest-DeleteServersTestJSON-117457003 tempest-DeleteServersTestJSON-117457003-project-member] Registered counter for database nova_cell1
Jul 22 04:37:33.549212 np0000005615 nova-scheduler[93376]: DEBUG oslo_db.sqlalchemy.engines [None req-a2a13d76-a2c7-49bf-88c1-167e1cc7de81 tempest-DeleteServersTestJSON-117457003 tempest-DeleteServersTestJSON-117457003-project-member] MySQL server mode set to STRICT_TRANS_TABLES,STRICT_ALL_TABLES,NO_ZERO_IN_DATE,NO_ZERO_DATE,ERROR_FOR_DIVISION_BY_ZERO,TRADITIONAL,NO_ENGINE_SUBSTITUTION {{(pid=93376) _check_effective_sql_mode /opt/stack/data/venv/lib/python3.12/site-packages/oslo_db/sqlalchemy/engines.py:325}}
Jul 22 04:37:33.555100 np0000005615 nova-scheduler[93376]: DEBUG dbcounter [-] [93376] Writer thread running {{(pid=93376) stat_writer /opt/stack/data/venv/lib/python3.12/site-packages/dbcounter.py:102}}
Jul 22 04:37:33.568105 np0000005615 nova-scheduler[93376]: DEBUG oslo_db.sqlalchemy.engines [None req-a2a13d76-a2c7-49bf-88c1-167e1cc7de81 tempest-DeleteServersTestJSON-117457003 tempest-DeleteServersTestJSON-117457003-project-member] Parent process 92169 forked (93376) with an open database connection, which is being discarded and recreated. {{(pid=93376) checkout /opt/stack/data/venv/lib/python3.12/site-packages/oslo_db/sqlalchemy/engines.py:402}}
Jul 22 04:37:33.613929 np0000005615 nova-scheduler[93376]: DEBUG dbcounter [-] [93376] Writer thread running {{(pid=93376) stat_writer /opt/stack/data/venv/lib/python3.12/site-packages/dbcounter.py:102}}
Jul 22 04:37:33.617073 np0000005615 nova-scheduler[93376]: DEBUG oslo_concurrency.lockutils [None req-a2a13d76-a2c7-49bf-88c1-167e1cc7de81 tempest-DeleteServersTestJSON-117457003 tempest-DeleteServersTestJSON-117457003-project-member] Acquiring lock "f29f73fa-9a8c-41a1-bc7b-bfcec46f393e" by "nova.context.set_target_cell..get_or_set_cached_cell_and_set_connections" {{(pid=93376) inner /opt/stack/data/venv/lib/python3.12/site-packages/oslo_concurrency/lockutils.py:512}}
Jul 22 04:37:33.617294 np0000005615 nova-scheduler[93376]: DEBUG oslo_concurrency.lockutils [None req-a2a13d76-a2c7-49bf-88c1-167e1cc7de81 tempest-DeleteServersTestJSON-117457003 tempest-DeleteServersTestJSON-117457003-project-member] Lock "f29f73fa-9a8c-41a1-bc7b-bfcec46f393e" acquired by "nova.context.set_target_cell..get_or_set_cached_cell_and_set_connections" :: waited 0.000s {{(pid=93376) inner /opt/stack/data/venv/lib/python3.12/site-packages/oslo_concurrency/lockutils.py:525}}
Jul 22 04:37:33.617462 np0000005615 nova-scheduler[93376]: DEBUG oslo_concurrency.lockutils [None req-a2a13d76-a2c7-49bf-88c1-167e1cc7de81 tempest-DeleteServersTestJSON-117457003 tempest-DeleteServersTestJSON-117457003-project-member] Lock "f29f73fa-9a8c-41a1-bc7b-bfcec46f393e" "released" by "nova.context.set_target_cell..get_or_set_cached_cell_and_set_connections" :: held 0.000s {{(pid=93376) inner /opt/stack/data/venv/lib/python3.12/site-packages/oslo_concurrency/lockutils.py:544}}
Jul 22 04:37:33.621883 np0000005615 nova-scheduler[93376]: DEBUG oslo_concurrency.lockutils [None req-a2a13d76-a2c7-49bf-88c1-167e1cc7de81 tempest-DeleteServersTestJSON-117457003 tempest-DeleteServersTestJSON-117457003-project-member] Acquiring lock "np0000005615-np0000005615" by "nova.scheduler.host_manager.HostState.update.._locked_update" {{(pid=93376) inner /opt/stack/data/venv/lib/python3.12/site-packages/oslo_concurrency/lockutils.py:512}}
Jul 22 04:37:33.621883 np0000005615 nova-scheduler[93376]: DEBUG oslo_concurrency.lockutils [None req-a2a13d76-a2c7-49bf-88c1-167e1cc7de81 tempest-DeleteServersTestJSON-117457003 tempest-DeleteServersTestJSON-117457003-project-member] Lock "np0000005615-np0000005615" acquired by "nova.scheduler.host_manager.HostState.update.._locked_update" :: waited 0.000s {{(pid=93376) inner /opt/stack/data/venv/lib/python3.12/site-packages/oslo_concurrency/lockutils.py:525}}
Jul 22 04:37:33.622429 np0000005615 nova-scheduler[93376]: DEBUG nova.scheduler.host_manager [None req-a2a13d76-a2c7-49bf-88c1-167e1cc7de81 tempest-DeleteServersTestJSON-117457003 tempest-DeleteServersTestJSON-117457003-project-member] Update host state from compute node: ComputeNode(cpu_allocation_ratio=4.0,cpu_info='{"arch": "x86_64", "model": "EPYC-Milan", "vendor": "AMD", "topology": {"cells": 1, "sockets": 16, "cores": 1, "threads": 1}, "maxphysaddr": {"mode": "emulate", "bits": 40}, "features": ["cmov", "pse", "mmxext", "lm", "ssse3", "svme-addr-chk", "rdpid", "abm", "adx", "clflush", "sse4a", "pdpe1gb", "f16c", "xsaveopt", "pause-filter", "pku", "v-vmsave-vmload", "clwb", "fsgsbase", "cr8legacy", "topoext", "gds-no", "skip-l1dfl-vmentry", "osvw", "pni", "vmcb-clean", "fma", "svm", "rdrand", "avx2", "mds-no", "xgetbv1", "cmp_legacy", "tsc-scale", "arat", "mtrr", "smap", "arch-capabilities", "xsaves", "ssbd", "rdctl-no", "sep", "clzero", "amd-ssbd", "bmi2", "sse2", "sse4.2", "movbe", "sse4.1", "cx8", "invpcid", "bmi1", "pse36", "perfctr_core", "mca", "amd-psfd", "fsrm", "3dnowprefetch", "misalignsse", "vaes", "spec-ctrl", "nrip-save", "virt-ssbd", "wbnoinvd", "null-sel-clr-base", "erms", "ibrs", "pfthreshold", "smep", "tsc_adjust", "xsavec", "tsc-deadline", "aes", "pge", "vpclmulqdq", "clflushopt", "tsc", "stibp-always-on", "rdseed", "flushbyasid", "cx16", "apic", "fxsr", "pcid", "hypervisor", "mce", "lfence-always-serializing", "xsaveerptr", "ibpb", "lbrv", "sha-ni", "x2apic", "nx", "vgif", "msr", "pae", "pschange-mc-no", "pclmuldq", "amd-stibp", "vme", "fpu", "lahf_lm", "mmx", "sse", "stibp", "rdtscp", "pat", "popcnt", "umip", "de", "xsave", "avx", "npt", "syscall", "no-nested-data-bp", "fxsr_opt"]}',created_at=2026-07-22T04:35:34Z,current_workload=0,deleted=False,deleted_at=None,disk_allocation_ratio=1.0,disk_available_least=73,free_disk_gb=95,free_ram_mb=62765,host='np0000005615',host_ip=10.4.3.34,hypervisor_hostname='np0000005615',hypervisor_type='QEMU',hypervisor_version=8002002,id=1,local_gb=95,local_gb_used=0,mapped=1,memory_mb=63277,memory_mb_used=512,metrics='[]',numa_topology='{"nova_object.name": "NUMATopology", "nova_object.namespace": "nova", "nova_object.version": "1.2", "nova_object.data": {"cells": [{"nova_object.name": "NUMACell", "nova_object.namespace": "nova", "nova_object.version": "1.5", "nova_object.data": {"id": 0, "cpuset": [0, 1, 2, 3, 4, 5, 6, 7, 8, 9, 10, 11, 12, 13, 14, 15], "pcpuset": [0, 1, 2, 3, 4, 5, 6, 7, 8, 9, 10, 11, 12, 13, 14, 15], "memory": 63277, "cpu_usage": 0, "memory_usage": 0, "pinned_cpus": [], "siblings": [[6], [12], [2], [15], [5], [11], [8], [14], [4], [1], [7], [10], [0], [13], [3], [9]], "mempages": [{"nova_object.name": "NUMAPagesTopology", "nova_object.namespace": "nova", "nova_object.version": "1.1", "nova_object.data": {"size_kb": 4, "total": 16177928, "used": 0, "reserved": 0}, "nova_object.changes": ["size_kb", "total", "reserved", "used"]}, {"nova_object.name": "NUMAPagesTopology", "nova_object.namespace": "nova", "nova_object.version": "1.1", "nova_object.data": {"size_kb": 2048, "total": 41, "used": 0, "reserved": 0}, "nova_object.changes": ["size_kb", "total", "reserved", "used"]}, {"nova_object.name": "NUMAPagesTopology", "nova_object.namespace": "nova", "nova_object.version": "1.1", "nova_object.data": {"size_kb": 1048576, "total": 0, "used": 0, "reserved": 0}, "nova_object.changes": ["size_kb", "total", "reserved", "used"]}], "network_metadata": {"nova_object.name": "NetworkMetadata", "nova_object.namespace": "nova", "nova_object.version": "1.0", "nova_object.data": {"physnets": [], "tunneled": false}, "nova_object.changes": ["physnets", "tunneled"]}, "socket": null}, "nova_object.changes": ["pinned_cpus", "pcpuset", "mempages", "cpu_usage", "cpuset", "siblings", "socket", "memory", "memory_usage", "id", "network_metadata"]}]}, "nova_object.changes": ["cells"]}',pci_device_pools=PciDevicePoolList,ram_allocation_ratio=1.0,running_vms=0,service_id=3,stats={failed_builds='0',uptime=' 04:37:23 up 13 min, 2 users, load average: 3.69, 1.86, 0.95
Jul 22 04:37:33.622429 np0000005615 nova-scheduler[93376]: '},supported_hv_specs=[HVSpec,HVSpec,HVSpec,HVSpec,HVSpec,HVSpec,HVSpec,HVSpec,HVSpec,HVSpec,HVSpec,HVSpec,HVSpec,HVSpec,HVSpec,HVSpec,HVSpec,HVSpec,HVSpec,HVSpec,HVSpec,HVSpec,HVSpec,HVSpec,HVSpec],updated_at=2026-07-22T04:37:23Z,uuid=49c1caca-39d9-4d55-9819-33977187d908,vcpus=16,vcpus_used=0) {{(pid=93376) _locked_update /opt/stack/nova/nova/scheduler/host_manager.py:168}}
Jul 22 04:37:33.623341 np0000005615 nova-scheduler[93376]: DEBUG nova.scheduler.host_manager [None req-a2a13d76-a2c7-49bf-88c1-167e1cc7de81 tempest-DeleteServersTestJSON-117457003 tempest-DeleteServersTestJSON-117457003-project-member] Update host state with aggregates: [] {{(pid=93376) _locked_update /opt/stack/nova/nova/scheduler/host_manager.py:171}}
Jul 22 04:37:33.623584 np0000005615 nova-scheduler[93376]: DEBUG nova.scheduler.host_manager [None req-a2a13d76-a2c7-49bf-88c1-167e1cc7de81 tempest-DeleteServersTestJSON-117457003 tempest-DeleteServersTestJSON-117457003-project-member] Update host state with service dict: {'id': 3, 'uuid': '07d45f50-ceba-414c-954f-f8f52198973a', 'host': 'np0000005615', 'binary': 'nova-compute', 'topic': 'compute', 'report_count': 1, 'disabled': False, 'disabled_reason': None, 'last_seen_up': datetime.datetime(2026, 7, 22, 4, 35, 40, tzinfo=datetime.timezone.utc), 'forced_down': False, 'version': 72, 'created_at': datetime.datetime(2026, 7, 22, 4, 35, 34, tzinfo=datetime.timezone.utc), 'updated_at': datetime.datetime(2026, 7, 22, 4, 35, 40, tzinfo=datetime.timezone.utc), 'deleted_at': None, 'deleted': False} {{(pid=93376) _locked_update /opt/stack/nova/nova/scheduler/host_manager.py:174}}
Jul 22 04:37:33.623716 np0000005615 nova-scheduler[93376]: DEBUG nova.scheduler.host_manager [None req-a2a13d76-a2c7-49bf-88c1-167e1cc7de81 tempest-DeleteServersTestJSON-117457003 tempest-DeleteServersTestJSON-117457003-project-member] Update host state with instances: [] {{(pid=93376) _locked_update /opt/stack/nova/nova/scheduler/host_manager.py:177}}
Jul 22 04:37:33.623828 np0000005615 nova-scheduler[93376]: DEBUG oslo_concurrency.lockutils [None req-a2a13d76-a2c7-49bf-88c1-167e1cc7de81 tempest-DeleteServersTestJSON-117457003 tempest-DeleteServersTestJSON-117457003-project-member] Lock "np0000005615-np0000005615" "released" by "nova.scheduler.host_manager.HostState.update.._locked_update" :: held 0.003s {{(pid=93376) inner /opt/stack/data/venv/lib/python3.12/site-packages/oslo_concurrency/lockutils.py:544}}
Jul 22 04:37:33.624276 np0000005615 nova-scheduler[93376]: DEBUG nova.filters [None req-a2a13d76-a2c7-49bf-88c1-167e1cc7de81 tempest-DeleteServersTestJSON-117457003 tempest-DeleteServersTestJSON-117457003-project-member] Starting with 1 host(s) {{(pid=93376) get_filtered_objects /opt/stack/nova/nova/filters.py:70}}
Jul 22 04:37:33.624820 np0000005615 nova-scheduler[93376]: DEBUG nova.filters [None req-a2a13d76-a2c7-49bf-88c1-167e1cc7de81 tempest-DeleteServersTestJSON-117457003 tempest-DeleteServersTestJSON-117457003-project-member] Filter ComputeFilter returned 1 host(s) {{(pid=93376) get_filtered_objects /opt/stack/nova/nova/filters.py:102}}
Jul 22 04:37:33.624820 np0000005615 nova-scheduler[93376]: DEBUG nova.filters [None req-a2a13d76-a2c7-49bf-88c1-167e1cc7de81 tempest-DeleteServersTestJSON-117457003 tempest-DeleteServersTestJSON-117457003-project-member] Filter ComputeCapabilitiesFilter returned 1 host(s) {{(pid=93376) get_filtered_objects /opt/stack/nova/nova/filters.py:102}}
Jul 22 04:37:33.624888 np0000005615 nova-scheduler[93376]: DEBUG nova.filters [None req-a2a13d76-a2c7-49bf-88c1-167e1cc7de81 tempest-DeleteServersTestJSON-117457003 tempest-DeleteServersTestJSON-117457003-project-member] Filter ImagePropertiesFilter returned 1 host(s) {{(pid=93376) get_filtered_objects /opt/stack/nova/nova/filters.py:102}}
Jul 22 04:37:33.625003 np0000005615 nova-scheduler[93376]: DEBUG nova.filters [None req-a2a13d76-a2c7-49bf-88c1-167e1cc7de81 tempest-DeleteServersTestJSON-117457003 tempest-DeleteServersTestJSON-117457003-project-member] Filter ServerGroupAntiAffinityFilter returned 1 host(s) {{(pid=93376) get_filtered_objects /opt/stack/nova/nova/filters.py:102}}
Jul 22 04:37:33.625167 np0000005615 nova-scheduler[93376]: DEBUG nova.filters [None req-a2a13d76-a2c7-49bf-88c1-167e1cc7de81 tempest-DeleteServersTestJSON-117457003 tempest-DeleteServersTestJSON-117457003-project-member] Filter ServerGroupAffinityFilter returned 1 host(s) {{(pid=93376) get_filtered_objects /opt/stack/nova/nova/filters.py:102}}
Jul 22 04:37:33.625294 np0000005615 nova-scheduler[93376]: DEBUG nova.filters [None req-a2a13d76-a2c7-49bf-88c1-167e1cc7de81 tempest-DeleteServersTestJSON-117457003 tempest-DeleteServersTestJSON-117457003-project-member] Filter SameHostFilter returned 1 host(s) {{(pid=93376) get_filtered_objects /opt/stack/nova/nova/filters.py:102}}
Jul 22 04:37:33.625387 np0000005615 nova-scheduler[93376]: DEBUG nova.filters [None req-a2a13d76-a2c7-49bf-88c1-167e1cc7de81 tempest-DeleteServersTestJSON-117457003 tempest-DeleteServersTestJSON-117457003-project-member] Filter DifferentHostFilter returned 1 host(s) {{(pid=93376) get_filtered_objects /opt/stack/nova/nova/filters.py:102}}
Jul 22 04:37:33.625505 np0000005615 nova-scheduler[93376]: DEBUG nova.scheduler.manager [None req-a2a13d76-a2c7-49bf-88c1-167e1cc7de81 tempest-DeleteServersTestJSON-117457003 tempest-DeleteServersTestJSON-117457003-project-member] Filtered [(np0000005615, np0000005615) ram: 62765MB disk: 74752MB io_ops: 0 instances: 0, allocation_candidates: 1] {{(pid=93376) _get_sorted_hosts /opt/stack/nova/nova/scheduler/manager.py:742}}
Jul 22 04:37:33.625692 np0000005615 nova-scheduler[93376]: DEBUG nova.scheduler.manager [None req-a2a13d76-a2c7-49bf-88c1-167e1cc7de81 tempest-DeleteServersTestJSON-117457003 tempest-DeleteServersTestJSON-117457003-project-member] Weighed [WeighedHost [host: (np0000005615, np0000005615) ram: 62765MB disk: 74752MB io_ops: 0 instances: 0, allocation_candidates: 1, weight: 0.0]] {{(pid=93376) _get_sorted_hosts /opt/stack/nova/nova/scheduler/manager.py:764}}
Jul 22 04:37:33.625869 np0000005615 nova-scheduler[93376]: DEBUG nova.scheduler.utils [None req-a2a13d76-a2c7-49bf-88c1-167e1cc7de81 tempest-DeleteServersTestJSON-117457003 tempest-DeleteServersTestJSON-117457003-project-member] Attempting to claim resources in the placement API for instance a248e1cd-2619-457c-b6da-d9a7662926dd {{(pid=93376) claim_resources /opt/stack/nova/nova/scheduler/utils.py:1345}}
Jul 22 04:37:33.788157 np0000005615 nova-scheduler[93376]: DEBUG nova.scheduler.manager [None req-a2a13d76-a2c7-49bf-88c1-167e1cc7de81 tempest-DeleteServersTestJSON-117457003 tempest-DeleteServersTestJSON-117457003-project-member] [instance: a248e1cd-2619-457c-b6da-d9a7662926dd] Selected host: (np0000005615, np0000005615) ram: 62765MB disk: 74752MB io_ops: 0 instances: 0, allocation_candidates: 1 {{(pid=93376) _consume_selected_host /opt/stack/nova/nova/scheduler/manager.py:624}}
Jul 22 04:37:33.788377 np0000005615 nova-scheduler[93376]: DEBUG oslo_concurrency.lockutils [None req-a2a13d76-a2c7-49bf-88c1-167e1cc7de81 tempest-DeleteServersTestJSON-117457003 tempest-DeleteServersTestJSON-117457003-project-member] Acquiring lock "np0000005615-np0000005615" by "nova.scheduler.host_manager.HostState.consume_from_request.._locked" {{(pid=93376) inner /opt/stack/data/venv/lib/python3.12/site-packages/oslo_concurrency/lockutils.py:512}}
Jul 22 04:37:33.788509 np0000005615 nova-scheduler[93376]: DEBUG oslo_concurrency.lockutils [None req-a2a13d76-a2c7-49bf-88c1-167e1cc7de81 tempest-DeleteServersTestJSON-117457003 tempest-DeleteServersTestJSON-117457003-project-member] Lock "np0000005615-np0000005615" acquired by "nova.scheduler.host_manager.HostState.consume_from_request.._locked" :: waited 0.000s {{(pid=93376) inner /opt/stack/data/venv/lib/python3.12/site-packages/oslo_concurrency/lockutils.py:525}}
Jul 22 04:37:33.788651 np0000005615 nova-scheduler[93376]: DEBUG oslo_concurrency.lockutils [None req-a2a13d76-a2c7-49bf-88c1-167e1cc7de81 tempest-DeleteServersTestJSON-117457003 tempest-DeleteServersTestJSON-117457003-project-member] Lock "np0000005615-np0000005615" "released" by "nova.scheduler.host_manager.HostState.consume_from_request.._locked" :: held 0.000s {{(pid=93376) inner /opt/stack/data/venv/lib/python3.12/site-packages/oslo_concurrency/lockutils.py:544}}
Jul 22 04:37:37.408363 np0000005615 nova-scheduler[93380]: DEBUG nova.scheduler.manager [None req-83589092-976c-4999-b74a-7a5b91c275e5 tempest-ServerActionsV293TestJSON-1398659736 tempest-ServerActionsV293TestJSON-1398659736-project-member] Starting to schedule for instances: ['2bc37065-cf5a-42d7-8986-c7352de5d180'] {{(pid=93380) select_destinations /opt/stack/nova/nova/scheduler/manager.py:209}}
Jul 22 04:37:37.408777 np0000005615 nova-scheduler[93380]: DEBUG nova.scheduler.request_filter [None req-83589092-976c-4999-b74a-7a5b91c275e5 tempest-ServerActionsV293TestJSON-1398659736 tempest-ServerActionsV293TestJSON-1398659736-project-member] compute_status_filter request filter added forbidden trait COMPUTE_STATUS_DISABLED {{(pid=93380) compute_status_filter /opt/stack/nova/nova/scheduler/request_filter.py:253}}
Jul 22 04:37:37.408884 np0000005615 nova-scheduler[93380]: DEBUG nova.scheduler.request_filter [None req-83589092-976c-4999-b74a-7a5b91c275e5 tempest-ServerActionsV293TestJSON-1398659736 tempest-ServerActionsV293TestJSON-1398659736-project-member] Request filter 'compute_status_filter' took 0.0 seconds {{(pid=93380) wrapper /opt/stack/nova/nova/scheduler/request_filter.py:46}}
Jul 22 04:37:37.409113 np0000005615 nova-scheduler[93380]: DEBUG nova.scheduler.request_filter [None req-83589092-976c-4999-b74a-7a5b91c275e5 tempest-ServerActionsV293TestJSON-1398659736 tempest-ServerActionsV293TestJSON-1398659736-project-member] Request filter 'accelerators_filter' took 0.0 seconds {{(pid=93380) wrapper /opt/stack/nova/nova/scheduler/request_filter.py:46}}
Jul 22 04:37:37.409287 np0000005615 nova-scheduler[93380]: DEBUG nova.scheduler.request_filter [None req-83589092-976c-4999-b74a-7a5b91c275e5 tempest-ServerActionsV293TestJSON-1398659736 tempest-ServerActionsV293TestJSON-1398659736-project-member] Request filter 'packed_virtqueue_filter' took 0.0 seconds {{(pid=93380) wrapper /opt/stack/nova/nova/scheduler/request_filter.py:46}}
Jul 22 04:37:37.409536 np0000005615 nova-scheduler[93380]: DEBUG nova.scheduler.request_filter [None req-83589092-976c-4999-b74a-7a5b91c275e5 tempest-ServerActionsV293TestJSON-1398659736 tempest-ServerActionsV293TestJSON-1398659736-project-member] Request filter 'remote_managed_ports_filter' took 0.0 seconds {{(pid=93380) wrapper /opt/stack/nova/nova/scheduler/request_filter.py:46}}
Jul 22 04:37:37.409666 np0000005615 nova-scheduler[93380]: DEBUG nova.scheduler.request_filter [None req-83589092-976c-4999-b74a-7a5b91c275e5 tempest-ServerActionsV293TestJSON-1398659736 tempest-ServerActionsV293TestJSON-1398659736-project-member] ephemeral_encryption_filter skipped {{(pid=93380) ephemeral_encryption_filter /opt/stack/nova/nova/scheduler/request_filter.py:426}}
Jul 22 04:37:37.409799 np0000005615 nova-scheduler[93380]: DEBUG nova.scheduler.request_filter [None req-83589092-976c-4999-b74a-7a5b91c275e5 tempest-ServerActionsV293TestJSON-1398659736 tempest-ServerActionsV293TestJSON-1398659736-project-member] virtio_sound_filter skipped {{(pid=93380) virtio_sound_filter /opt/stack/nova/nova/scheduler/request_filter.py:460}}
