Jul 22 04:34:48.593060 np0000005615 devstack@neutron-api.service[87531]: DEBUG ovsdbapp.backend.ovs_idl [None req-38e02aef-3ab3-4143-bf22-de0804894e3f None None] Created lookup_table index Chassis.name {{(pid=87531) autocreate_indices /opt/stack/data/venv/lib/python3.12/site-packages/ovsdbapp/backend/ovs_idl/__init__.py:87}}
Jul 22 04:34:48.593200 np0000005615 devstack@neutron-api.service[87531]: DEBUG ovsdbapp.backend.ovs_idl [None req-38e02aef-3ab3-4143-bf22-de0804894e3f None None] Created lookup_table index Port_Binding.logical_port {{(pid=87531) autocreate_indices /opt/stack/data/venv/lib/python3.12/site-packages/ovsdbapp/backend/ovs_idl/__init__.py:87}}
Jul 22 04:34:48.593251 np0000005615 devstack@neutron-api.service[87531]: DEBUG ovsdbapp.backend.ovs_idl [None req-38e02aef-3ab3-4143-bf22-de0804894e3f None None] Created schema index Chassis_Private.name {{(pid=87531) autocreate_indices /opt/stack/data/venv/lib/python3.12/site-packages/ovsdbapp/backend/ovs_idl/__init__.py:106}}
Jul 22 04:34:48.593592 np0000005615 devstack@neutron-api.service[87531]: DEBUG ovsdbapp.backend.ovs_idl [None req-38e02aef-3ab3-4143-bf22-de0804894e3f None None] Created schema index Datapath_Binding.tunnel_key {{(pid=87531) autocreate_indices /opt/stack/data/venv/lib/python3.12/site-packages/ovsdbapp/backend/ovs_idl/__init__.py:106}}
Jul 22 04:34:48.593654 np0000005615 devstack@neutron-api.service[87533]: DEBUG ovsdbapp.backend.ovs_idl [None req-ffd8b48a-6ec3-41ae-9fa6-9711fd337a13 None None] Created lookup_table index Chassis.name {{(pid=87533) autocreate_indices /opt/stack/data/venv/lib/python3.12/site-packages/ovsdbapp/backend/ovs_idl/__init__.py:87}}
Jul 22 04:34:48.593703 np0000005615 devstack@neutron-api.service[87533]: DEBUG ovsdbapp.backend.ovs_idl [None req-ffd8b48a-6ec3-41ae-9fa6-9711fd337a13 None None] Created lookup_table index Port_Binding.logical_port {{(pid=87533) autocreate_indices /opt/stack/data/venv/lib/python3.12/site-packages/ovsdbapp/backend/ovs_idl/__init__.py:87}}
Jul 22 04:34:48.593825 np0000005615 devstack@neutron-api.service[87533]: DEBUG ovsdbapp.backend.ovs_idl [None req-ffd8b48a-6ec3-41ae-9fa6-9711fd337a13 None None] Created schema index Chassis_Private.name {{(pid=87533) autocreate_indices /opt/stack/data/venv/lib/python3.12/site-packages/ovsdbapp/backend/ovs_idl/__init__.py:106}}
Jul 22 04:34:48.594063 np0000005615 devstack@neutron-api.service[87533]: DEBUG ovsdbapp.backend.ovs_idl [None req-ffd8b48a-6ec3-41ae-9fa6-9711fd337a13 None None] Created schema index Datapath_Binding.tunnel_key {{(pid=87533) autocreate_indices /opt/stack/data/venv/lib/python3.12/site-packages/ovsdbapp/backend/ovs_idl/__init__.py:106}}
Jul 22 04:34:48.595659 np0000005615 devstack@neutron-api.service[87531]: INFO ovsdbapp.backend.ovs_idl.vlog [None req-38e02aef-3ab3-4143-bf22-de0804894e3f None None] ssl:10.4.3.34:6642: connecting...
Jul 22 04:34:48.598204 np0000005615 devstack@neutron-api.service[87533]: INFO ovsdbapp.backend.ovs_idl.vlog [None req-ffd8b48a-6ec3-41ae-9fa6-9711fd337a13 None None] ssl:10.4.3.34:6642: connecting...
Jul 22 04:34:48.600221 np0000005615 devstack@neutron-api.service[87531]: INFO ovsdbapp.backend.ovs_idl.vlog [None req-38e02aef-3ab3-4143-bf22-de0804894e3f None None] ssl:10.4.3.34:6642: connected
Jul 22 04:34:48.603677 np0000005615 devstack@neutron-api.service[87533]: INFO ovsdbapp.backend.ovs_idl.vlog [None req-ffd8b48a-6ec3-41ae-9fa6-9711fd337a13 None None] ssl:10.4.3.34:6642: connected
Jul 22 04:34:48.625877 np0000005615 devstack@neutron-api.service[87531]: DEBUG neutron.common.ovn.hash_ring_manager [None req-38e02aef-3ab3-4143-bf22-de0804894e3f None None] Allow caching, nodes 3>=3 {{(pid=87531) _wait_startup_before_caching /opt/stack/neutron/neutron/common/ovn/hash_ring_manager.py:71}}
Jul 22 04:34:48.630027 np0000005615 devstack@neutron-api.service[87533]: DEBUG neutron.common.ovn.hash_ring_manager [None req-ffd8b48a-6ec3-41ae-9fa6-9711fd337a13 None None] Allow caching, nodes 3>=3 {{(pid=87533) _wait_startup_before_caching /opt/stack/neutron/neutron/common/ovn/hash_ring_manager.py:71}}
Jul 22 04:34:48.632322 np0000005615 devstack@neutron-api.service[87531]: DEBUG neutron.common.ovn.hash_ring_manager [None req-38e02aef-3ab3-4143-bf22-de0804894e3f None None] Hash Ring loaded. 3 active nodes. 0 offline nodes {{(pid=87531) _load_hash_ring /opt/stack/neutron/neutron/common/ovn/hash_ring_manager.py:110}}
Jul 22 04:34:48.632718 np0000005615 devstack@neutron-api.service[87531]: DEBUG ovsdbapp.backend.ovs_idl.event [None req-38e02aef-3ab3-4143-bf22-de0804894e3f None None] Matched CREATE: ChassisOVNAgentWriteEvent(events=('create', 'update'), table='Chassis_Private', conditions=None, old_conditions=None), priority=20 to row=Chassis_Private(uuid=4e892033-32d9-4e7b-8a99-281ed9a62beb, chassis=7f6eb6f1-7b66-4744-ad21-7bf9c797909a, external_ids={'neutron:ovn-bridge': 'br-int', 'neutron:ovn-neutron-agent-id': 'dc355f71-bb6f-5fa9-92f3-6996845e5a87', 'neutron:ovn-neutron-agent-sb-cfg': '0'}, name='3bb5a4ce-d9ad-4ded-8f71-7e79f5b9b89c', nb_cfg=0, nb_cfg_timestamp=0) old= {{(pid=87531) matches /opt/stack/data/venv/lib/python3.12/site-packages/ovsdbapp/backend/ovs_idl/event.py:55}}
Jul 22 04:34:48.633064 np0000005615 devstack@neutron-api.service[87531]: DEBUG ovsdbapp.backend.ovs_idl.event [None req-38e02aef-3ab3-4143-bf22-de0804894e3f None None] Matched CREATE: ChassisAgentWriteEvent(events=('create', 'update'), table='Chassis_Private', conditions=None, old_conditions=None), priority=20 to row=Chassis_Private(uuid=4e892033-32d9-4e7b-8a99-281ed9a62beb, chassis=7f6eb6f1-7b66-4744-ad21-7bf9c797909a, external_ids={'neutron:ovn-bridge': 'br-int', 'neutron:ovn-neutron-agent-id': 'dc355f71-bb6f-5fa9-92f3-6996845e5a87', 'neutron:ovn-neutron-agent-sb-cfg': '0'}, name='3bb5a4ce-d9ad-4ded-8f71-7e79f5b9b89c', nb_cfg=0, nb_cfg_timestamp=0) old= {{(pid=87531) matches /opt/stack/data/venv/lib/python3.12/site-packages/ovsdbapp/backend/ovs_idl/event.py:55}}
Jul 22 04:34:48.634827 np0000005615 devstack@neutron-api.service[87531]: INFO neutron.plugins.ml2.drivers.ovn.mech_driver.mech_driver [None req-38e02aef-3ab3-4143-bf22-de0804894e3f None None] WorkerService process has finished the post initialization
Jul 22 04:34:48.634870 np0000005615 devstack@neutron-api.service[87533]: DEBUG neutron.common.ovn.hash_ring_manager [None req-ffd8b48a-6ec3-41ae-9fa6-9711fd337a13 None None] Hash Ring loaded. 3 active nodes. 0 offline nodes {{(pid=87533) _load_hash_ring /opt/stack/neutron/neutron/common/ovn/hash_ring_manager.py:110}}
Jul 22 04:34:48.635128 np0000005615 devstack@neutron-api.service[87533]: DEBUG neutron.plugins.ml2.drivers.ovn.mech_driver.ovsdb.ovsdb_monitor [None req-ffd8b48a-6ec3-41ae-9fa6-9711fd337a13 None None] Hash Ring: Node cd5037f158815f4589fb9c88765f1a5a (host: np0000005615) handling event "create" for row 7f6eb6f1-7b66-4744-ad21-7bf9c797909a (table: Chassis) {{(pid=87533) notify /opt/stack/neutron/neutron/plugins/ml2/drivers/ovn/mech_driver/ovsdb/ovsdb_monitor.py:1013}}
Jul 22 04:34:48.635167 np0000005615 devstack@neutron-api.service[87531]: DEBUG oslo_concurrency.processutils [None req-38e02aef-3ab3-4143-bf22-de0804894e3f None None] Running cmd (subprocess): ovsdb-client transact ssl:10.4.3.34:6641 --timeout 180 -p /opt/stack/data/CA/int-ca/private/devstack-cert.key -c /opt/stack/data/CA/int-ca/devstack-cert.crt -C /opt/stack/data/CA/int-ca/ca-chain.pem ["OVN_Northbound", {"op": "wait", "timeout": 0, "table": "Port_Group", "where": [["name", "==", "pvlan_pg_drop"]], "until": "==", "rows": []}, {"op": "insert", "table": "ACL", "row": {"action": "drop", "direction": "to-lport", "match": "outport == @pvlan_pg_drop && ip", "priority": 1010}, "uuid-name": "pvlandroptoport"}, {"op": "insert", "table": "ACL", "row": {"action": "drop", "direction": "from-lport", "match": "inport == @pvlan_pg_drop && ip", "priority": 1010}, "uuid-name": "pvlandropfromport"}, {"op": "insert", "table": "Port_Group", "row": {"name": "pvlan_pg_drop", "acls": ["set", [["named-uuid", "pvlandroptoport"], ["named-uuid", "pvlandropfromport"]]]}}] {{(pid=87531) execute /opt/stack/data/venv/lib/python3.12/site-packages/oslo_concurrency/processutils.py:440}}
Jul 22 04:34:48.636260 np0000005615 devstack@neutron-api.service[87533]: DEBUG ovsdbapp.backend.ovs_idl.event [None req-ffd8b48a-6ec3-41ae-9fa6-9711fd337a13 None None] Matched CREATE: ChassisBandwidthConfigEvent(events=('create', 'update'), table='Chassis', conditions=None, old_conditions=None), priority=20 to row=Chassis(uuid=7f6eb6f1-7b66-4744-ad21-7bf9c797909a, encaps=[e0a8857a-f681-4fce-a28a-abca47820453], external_ids={}, hostname='np0000005615', name='3bb5a4ce-d9ad-4ded-8f71-7e79f5b9b89c', nb_cfg=0, other_config={'ct-commit-nat-v2': 'true', 'ct-commit-to-zone': 'true', 'ct-next-zone': 'true', 'ct-no-masked-label': 'true', 'ct-state-save': 'true', 'datapath-type': 'system', 'fdb-timestamp': 'true', 'iface-types': 'afxdp,afxdp-nonpmd,bareudp,erspan,geneve,gre,gtpu,internal,ip6erspan,ip6gre,lisp,patch,srv6,stt,system,tap,vxlan', 'is-interconn': 'false', 'ls-dpg-column': 'true', 'mac-binding-timestamp': 'true', 'ovn-bridge-mappings': 'public:br-ex', 'ovn-chassis-mac-mappings': '', 'ovn-cms-options': 'enable-chassis-as-gw', 'ovn-ct-lb-related': 'true', 'ovn-enable-lflow-cache': 'true', 'ovn-limit-lflow-cache': '', 'ovn-memlimit-lflow-cache-kb': '', 'ovn-monitor-all': 'false', 'ovn-trim-limit-lflow-cache': '', 'ovn-trim-timeout-ms': '', 'ovn-trim-wmark-perc-lflow-cache': '', 'port-up-notif': 'true'}, transport_zones=[], vtep_logical_switches=[]) old= {{(pid=87533) matches /opt/stack/data/venv/lib/python3.12/site-packages/ovsdbapp/backend/ovs_idl/event.py:55}}
Jul 22 04:34:48.637288 np0000005615 devstack@neutron-api.service[87533]: DEBUG ovsdbapp.backend.ovs_idl.event [None req-ffd8b48a-6ec3-41ae-9fa6-9711fd337a13 None None] Matched CREATE: ChassisOVNAgentWriteEvent(events=('create', 'update'), table='Chassis_Private', conditions=None, old_conditions=None), priority=20 to row=Chassis_Private(uuid=4e892033-32d9-4e7b-8a99-281ed9a62beb, chassis=7f6eb6f1-7b66-4744-ad21-7bf9c797909a, external_ids={'neutron:ovn-bridge': 'br-int', 'neutron:ovn-neutron-agent-id': 'dc355f71-bb6f-5fa9-92f3-6996845e5a87', 'neutron:ovn-neutron-agent-sb-cfg': '0'}, name='3bb5a4ce-d9ad-4ded-8f71-7e79f5b9b89c', nb_cfg=0, nb_cfg_timestamp=0) old= {{(pid=87533) matches /opt/stack/data/venv/lib/python3.12/site-packages/ovsdbapp/backend/ovs_idl/event.py:55}}
Jul 22 04:34:48.637860 np0000005615 devstack@neutron-api.service[87533]: DEBUG ovsdbapp.backend.ovs_idl.event [None req-ffd8b48a-6ec3-41ae-9fa6-9711fd337a13 None None] Matched CREATE: ChassisAgentWriteEvent(events=('create', 'update'), table='Chassis_Private', conditions=None, old_conditions=None), priority=20 to row=Chassis_Private(uuid=4e892033-32d9-4e7b-8a99-281ed9a62beb, chassis=7f6eb6f1-7b66-4744-ad21-7bf9c797909a, external_ids={'neutron:ovn-bridge': 'br-int', 'neutron:ovn-neutron-agent-id': 'dc355f71-bb6f-5fa9-92f3-6996845e5a87', 'neutron:ovn-neutron-agent-sb-cfg': '0'}, name='3bb5a4ce-d9ad-4ded-8f71-7e79f5b9b89c', nb_cfg=0, nb_cfg_timestamp=0) old= {{(pid=87533) matches /opt/stack/data/venv/lib/python3.12/site-packages/ovsdbapp/backend/ovs_idl/event.py:55}}
Jul 22 04:34:48.638245 np0000005615 devstack@neutron-api.service[87533]: DEBUG neutron.plugins.ml2.drivers.ovn.mech_driver.ovsdb.ovsdb_monitor [None req-ffd8b48a-6ec3-41ae-9fa6-9711fd337a13 None None] Hash Ring: Node cd5037f158815f4589fb9c88765f1a5a (host: np0000005615) handling event "create" for row 4e892033-32d9-4e7b-8a99-281ed9a62beb (table: Chassis_Private) {{(pid=87533) notify /opt/stack/neutron/neutron/plugins/ml2/drivers/ovn/mech_driver/ovsdb/ovsdb_monitor.py:1013}}
Jul 22 04:34:48.639617 np0000005615 devstack@neutron-api.service[87533]: INFO neutron.plugins.ml2.drivers.ovn.mech_driver.mech_driver [None req-ffd8b48a-6ec3-41ae-9fa6-9711fd337a13 None None] WorkerService process has finished the post initialization
Jul 22 04:34:48.640038 np0000005615 devstack@neutron-api.service[87533]: DEBUG oslo_concurrency.processutils [None req-ffd8b48a-6ec3-41ae-9fa6-9711fd337a13 None None] Running cmd (subprocess): ovsdb-client transact ssl:10.4.3.34:6641 --timeout 180 -p /opt/stack/data/CA/int-ca/private/devstack-cert.key -c /opt/stack/data/CA/int-ca/devstack-cert.crt -C /opt/stack/data/CA/int-ca/ca-chain.pem ["OVN_Northbound", {"op": "wait", "timeout": 0, "table": "Port_Group", "where": [["name", "==", "pvlan_pg_drop"]], "until": "==", "rows": []}, {"op": "insert", "table": "ACL", "row": {"action": "drop", "direction": "to-lport", "match": "outport == @pvlan_pg_drop && ip", "priority": 1010}, "uuid-name": "pvlandroptoport"}, {"op": "insert", "table": "ACL", "row": {"action": "drop", "direction": "from-lport", "match": "inport == @pvlan_pg_drop && ip", "priority": 1010}, "uuid-name": "pvlandropfromport"}, {"op": "insert", "table": "Port_Group", "row": {"name": "pvlan_pg_drop", "acls": ["set", [["named-uuid", "pvlandroptoport"], ["named-uuid", "pvlandropfromport"]]]}}] {{(pid=87533) execute /opt/stack/data/venv/lib/python3.12/site-packages/oslo_concurrency/processutils.py:440}}
Jul 22 04:34:48.647496 np0000005615 devstack@neutron-api.service[87533]: INFO neutron.plugins.ml2.drivers.ovn.mech_driver.ovsdb.extensions.qos [-] Starting OVNClientQosExtension
Jul 22 04:34:48.647752 np0000005615 devstack@neutron-api.service[87533]: INFO neutron.plugins.ml2.drivers.ovn.mech_driver.ovsdb.extensions.placement [-] Starting OVNClientPlacementExtension
Jul 22 04:34:48.660741 np0000005615 devstack@neutron-api.service[87531]: DEBUG oslo_concurrency.processutils [None req-38e02aef-3ab3-4143-bf22-de0804894e3f None None] CMD "ovsdb-client transact ssl:10.4.3.34:6641 --timeout 180 -p /opt/stack/data/CA/int-ca/private/devstack-cert.key -c /opt/stack/data/CA/int-ca/devstack-cert.crt -C /opt/stack/data/CA/int-ca/ca-chain.pem ["OVN_Northbound", {"op": "wait", "timeout": 0, "table": "Port_Group", "where": [["name", "==", "pvlan_pg_drop"]], "until": "==", "rows": []}, {"op": "insert", "table": "ACL", "row": {"action": "drop", "direction": "to-lport", "match": "outport == @pvlan_pg_drop && ip", "priority": 1010}, "uuid-name": "pvlandroptoport"}, {"op": "insert", "table": "ACL", "row": {"action": "drop", "direction": "from-lport", "match": "inport == @pvlan_pg_drop && ip", "priority": 1010}, "uuid-name": "pvlandropfromport"}, {"op": "insert", "table": "Port_Group", "row": {"name": "pvlan_pg_drop", "acls": ["set", [["named-uuid", "pvlandroptoport"], ["named-uuid", "pvlandropfromport"]]]}}]" returned: 0 in 0.025s {{(pid=87531) execute /opt/stack/data/venv/lib/python3.12/site-packages/oslo_concurrency/processutils.py:468}}
Jul 22 04:34:48.662589 np0000005615 devstack@neutron-api.service[87531]: WSGI app 0 (mountpoint='') ready in 6 seconds on interpreter 0x7d07ddca4668 pid: 87531 (default app)
Jul 22 04:34:48.673929 np0000005615 devstack@neutron-api.service[87533]: DEBUG oslo_concurrency.processutils [None req-ffd8b48a-6ec3-41ae-9fa6-9711fd337a13 None None] CMD "ovsdb-client transact ssl:10.4.3.34:6641 --timeout 180 -p /opt/stack/data/CA/int-ca/private/devstack-cert.key -c /opt/stack/data/CA/int-ca/devstack-cert.crt -C /opt/stack/data/CA/int-ca/ca-chain.pem ["OVN_Northbound", {"op": "wait", "timeout": 0, "table": "Port_Group", "where": [["name", "==", "pvlan_pg_drop"]], "until": "==", "rows": []}, {"op": "insert", "table": "ACL", "row": {"action": "drop", "direction": "to-lport", "match": "outport == @pvlan_pg_drop && ip", "priority": 1010}, "uuid-name": "pvlandroptoport"}, {"op": "insert", "table": "ACL", "row": {"action": "drop", "direction": "from-lport", "match": "inport == @pvlan_pg_drop && ip", "priority": 1010}, "uuid-name": "pvlandropfromport"}, {"op": "insert", "table": "Port_Group", "row": {"name": "pvlan_pg_drop", "acls": ["set", [["named-uuid", "pvlandroptoport"], ["named-uuid", "pvlandropfromport"]]]}}]" returned: 0 in 0.034s {{(pid=87533) execute /opt/stack/data/venv/lib/python3.12/site-packages/oslo_concurrency/processutils.py:468}}
Jul 22 04:34:48.676164 np0000005615 devstack@neutron-api.service[87533]: WSGI app 0 (mountpoint='') ready in 6 seconds on interpreter 0x7d07ddca4668 pid: 87533 (default app)
Jul 22 04:34:49.556318 np0000005615 devstack@neutron-api.service[87533]: DEBUG neutron.plugins.ml2.drivers.ovn.mech_driver.ovsdb.ovsdb_monitor [-] Hash Ring: Node cd5037f158815f4589fb9c88765f1a5a (host: np0000005615) handling event "update" for row e8cd1ce8-0abe-48cd-8e92-3fa3b9a2466b (table: Connection) {{(pid=87533) notify /opt/stack/neutron/neutron/plugins/ml2/drivers/ovn/mech_driver/ovsdb/ovsdb_monitor.py:1013}}
Jul 22 04:34:49.556867 np0000005615 devstack@neutron-api.service[87532]: DEBUG neutron.common.ovn.hash_ring_manager [-] Allow caching, nodes 3>=3 {{(pid=87532) _wait_startup_before_caching /opt/stack/neutron/neutron/common/ovn/hash_ring_manager.py:71}}
Jul 22 04:34:49.557133 np0000005615 devstack@neutron-api.service[87532]: DEBUG neutron.plugins.ml2.drivers.ovn.mech_driver.ovsdb.ovsdb_monitor [-] Hash Ring: Node 3149cbb893ba58df8636731acfc70d19 (host: np0000005615) handling event "update" for row e8cd1ce8-0abe-48cd-8e92-3fa3b9a2466b (table: Connection) {{(pid=87532) notify /opt/stack/neutron/neutron/plugins/ml2/drivers/ovn/mech_driver/ovsdb/ovsdb_monitor.py:1013}}
Jul 22 04:34:52.057208 np0000005615 devstack@neutron-api.service[87532]: DEBUG neutron.plugins.ml2.drivers.ovn.mech_driver.ovsdb.ovsdb_monitor [-] Hash Ring: Node 3149cbb893ba58df8636731acfc70d19 (host: np0000005615) handling event "update" for row e8cd1ce8-0abe-48cd-8e92-3fa3b9a2466b (table: Connection) {{(pid=87532) notify /opt/stack/neutron/neutron/plugins/ml2/drivers/ovn/mech_driver/ovsdb/ovsdb_monitor.py:1013}}
Jul 22 04:34:52.057551 np0000005615 devstack@neutron-api.service[87533]: DEBUG neutron.plugins.ml2.drivers.ovn.mech_driver.ovsdb.ovsdb_monitor [-] Hash Ring: Node cd5037f158815f4589fb9c88765f1a5a (host: np0000005615) handling event "update" for row e8cd1ce8-0abe-48cd-8e92-3fa3b9a2466b (table: Connection) {{(pid=87533) notify /opt/stack/neutron/neutron/plugins/ml2/drivers/ovn/mech_driver/ovsdb/ovsdb_monitor.py:1013}}
Jul 22 04:34:52.358943 np0000005615 devstack@neutron-api.service[87532]: DEBUG neutron.api.wsgi [None req-bb55a090-5e15-4da0-a5af-571bb6d2e66b admin admin] Missing Content-Type {{(pid=87532) get_content_type /opt/stack/neutron/neutron/api/wsgi.py:80}}
Jul 22 04:34:52.359394 np0000005615 devstack@neutron-api.service[87532]: DEBUG neutron.api.wsgi [None req-bb55a090-5e15-4da0-a5af-571bb6d2e66b admin admin] https://10.4.3.34/networking/v2.0/extensions returned with HTTP 200 {{(pid=87532) __call__ /opt/stack/neutron/neutron/api/wsgi.py:540}}
Jul 22 04:34:52.359789 np0000005615 devstack@neutron-api.service[87532]: [pid: 87532|app: 0|req: 2/2] 10.4.3.34 () {64 vars in 1285 bytes} [Wed Jul 22 04:34:51 2026] GET /networking/v2.0/extensions => generated 16171 bytes in 524 msecs (HTTP/1.1 200) 4 headers in 159 bytes (1 switches on core 0)
Jul 22 04:34:52.711277 np0000005615 devstack@neutron-api.service[87531]: DEBUG neutron.api.v2.base [None req-1a5d947f-c2c7-4528-8cae-10b127d62572 admin admin] Request body: {'subnetpool': {'prefixes': ['10.1.0.0/20'], 'shared': True, 'name': 'shared-default-subnetpool-v4', 'is_default': True, 'default_prefixlen': 26}} {{(pid=87531) prepare_request_body /opt/stack/neutron/neutron/api/v2/base.py:727}}
Jul 22 04:34:52.905230 np0000005615 devstack@neutron-api.service[87531]: DEBUG neutron.policy [None req-1a5d947f-c2c7-4528-8cae-10b127d62572 admin admin] Loaded default policies from ['neutron'] under neutron.policies entry points {{(pid=87531) register_rules /opt/stack/neutron/neutron/policy.py:65}}
Jul 22 04:34:53.029199 np0000005615 devstack@neutron-api.service[87531]: DEBUG neutron_lib.callbacks.manager [None req-1a5d947f-c2c7-4528-8cae-10b127d62572 admin admin] Publish callbacks ['neutron.objects.securitygroup.RbacNeutronDbObjectMixin.validate_rbac_policy_change-1998709391643', 'neutron.objects.address_group.RbacNeutronDbObjectMixin.validate_rbac_policy_change-1998709418456', 'neutron.objects.network.RbacNeutronDbObjectMixin.validate_rbac_policy_change-1998709291495', 'neutron.objects.qos.policy.RbacNeutronDbObjectMixin.validate_rbac_policy_change-1998709290076', 'neutron.objects.subnetpool.RbacNeutronDbObjectMixin.validate_rbac_policy_change-1998709069781', 'neutron.objects.address_scope.RbacNeutronDbObjectMixin.validate_rbac_policy_change-1998709075972', 'neutron.plugins.ml2.plugin.External_net_db_mixin._process_ext_policy_create-302862', 'neutron.plugins.ml2.plugin.NeutronDbPluginV2.validate_network_rbac_policy_change-307414'] for rbac-policy (None), before_create {{(pid=87531) _notify_loop /opt/stack/data/venv/lib/python3.12/site-packages/neutron_lib/callbacks/manager.py:184}}
Jul 22 04:34:53.065790 np0000005615 devstack@neutron-api.service[87531]: DEBUG neutron_lib.callbacks.manager [None req-1a5d947f-c2c7-4528-8cae-10b127d62572 admin admin] Publish callbacks [] for subnetpool (None), before_response {{(pid=87531) _notify_loop /opt/stack/data/venv/lib/python3.12/site-packages/neutron_lib/callbacks/manager.py:184}}
Jul 22 04:34:53.066242 np0000005615 devstack@neutron-api.service[87531]: [pid: 87531|app: 0|req: 1/3] 10.4.3.34 () {68 vars in 1329 bytes} [Wed Jul 22 04:34:52 2026] POST /networking/v2.0/subnetpools => generated 533 bytes in 443 msecs (HTTP/1.1 201) 4 headers in 162 bytes (1 switches on core 0)
Jul 22 04:34:53.371950 np0000005615 devstack@neutron-api.service[87533]: DEBUG neutron.api.v2.base [None req-78b4eed8-e859-4eef-a61d-6dbfa53341e3 admin admin] Request body: {'subnetpool': {'prefixes': ['fde9:aa05:4616::/56'], 'shared': True, 'name': 'shared-default-subnetpool-v6', 'is_default': True, 'default_prefixlen': 64}} {{(pid=87533) prepare_request_body /opt/stack/neutron/neutron/api/v2/base.py:727}}
Jul 22 04:34:53.524287 np0000005615 devstack@neutron-api.service[87533]: DEBUG neutron.policy [None req-78b4eed8-e859-4eef-a61d-6dbfa53341e3 admin admin] Loaded default policies from ['neutron'] under neutron.policies entry points {{(pid=87533) register_rules /opt/stack/neutron/neutron/policy.py:65}}
Jul 22 04:34:53.652867 np0000005615 devstack@neutron-api.service[87533]: DEBUG neutron_lib.callbacks.manager [None req-78b4eed8-e859-4eef-a61d-6dbfa53341e3 admin admin] Publish callbacks ['neutron.objects.securitygroup.RbacNeutronDbObjectMixin.validate_rbac_policy_change-1998709195015', 'neutron.objects.address_group.RbacNeutronDbObjectMixin.validate_rbac_policy_change-1998709221415', 'neutron.objects.network.RbacNeutronDbObjectMixin.validate_rbac_policy_change-1998709292368', 'neutron.objects.qos.policy.RbacNeutronDbObjectMixin.validate_rbac_policy_change-1998709303816', 'neutron.objects.subnetpool.RbacNeutronDbObjectMixin.validate_rbac_policy_change-1998709315649', 'neutron.objects.address_scope.RbacNeutronDbObjectMixin.validate_rbac_policy_change-1998709083624', 'neutron.plugins.ml2.plugin.External_net_db_mixin._process_ext_policy_create-15670036', 'neutron.plugins.ml2.plugin.NeutronDbPluginV2.validate_network_rbac_policy_change-15677292'] for rbac-policy (None), before_create {{(pid=87533) _notify_loop /opt/stack/data/venv/lib/python3.12/site-packages/neutron_lib/callbacks/manager.py:184}}
Jul 22 04:34:53.687030 np0000005615 devstack@neutron-api.service[87533]: DEBUG neutron_lib.callbacks.manager [None req-78b4eed8-e859-4eef-a61d-6dbfa53341e3 admin admin] Publish callbacks [] for subnetpool (None), before_response {{(pid=87533) _notify_loop /opt/stack/data/venv/lib/python3.12/site-packages/neutron_lib/callbacks/manager.py:184}}
Jul 22 04:34:53.687673 np0000005615 devstack@neutron-api.service[87533]: [pid: 87533|app: 0|req: 1/4] 10.4.3.34 () {68 vars in 1329 bytes} [Wed Jul 22 04:34:53 2026] POST /networking/v2.0/subnetpools => generated 543 bytes in 406 msecs (HTTP/1.1 201) 4 headers in 162 bytes (1 switches on core 0)
Jul 22 04:34:53.903239 np0000005615 devstack@neutron-api.service[87532]: DEBUG neutron.api.v2.base [None req-02a8b52b-b296-4479-b914-9a1c4b9f1aa7 admin admin] Request body: {'network': {'admin_state_up': True, 'name': 'private'}} {{(pid=87532) prepare_request_body /opt/stack/neutron/neutron/api/v2/base.py:727}}
Jul 22 04:34:53.927385 np0000005615 devstack@neutron-api.service[87532]: DEBUG neutron.pecan_wsgi.hooks.quota_enforcement [None req-02a8b52b-b296-4479-b914-9a1c4b9f1aa7 admin admin] Made reservation on behalf of b7c4373e66a84a67844e7469f40bfb26 for: {'network': 1} {{(pid=87532) before /opt/stack/neutron/neutron/pecan_wsgi/hooks/quota_enforcement.py:66}}
Jul 22 04:34:54.069505 np0000005615 devstack@neutron-api.service[87532]: DEBUG neutron.policy [None req-02a8b52b-b296-4479-b914-9a1c4b9f1aa7 admin admin] Loaded default policies from ['neutron'] under neutron.policies entry points {{(pid=87532) register_rules /opt/stack/neutron/neutron/policy.py:65}}
Jul 22 04:34:54.162370 np0000005615 devstack@neutron-api.service[87532]: DEBUG neutron_lib.callbacks.manager [None req-02a8b52b-b296-4479-b914-9a1c4b9f1aa7 admin admin] Publish callbacks ['neutron.plugins.ml2.plugin.SecurityGroupDbMixin._ensure_default_security_group_handler-1885416'] for network (None), before_create {{(pid=87532) _notify_loop /opt/stack/data/venv/lib/python3.12/site-packages/neutron_lib/callbacks/manager.py:184}}
Jul 22 04:34:54.179489 np0000005615 devstack@neutron-api.service[87532]: DEBUG neutron_lib.callbacks.manager [None req-02a8b52b-b296-4479-b914-9a1c4b9f1aa7 admin admin] Publish callbacks [] for security_group (None), before_create {{(pid=87532) _notify_loop /opt/stack/data/venv/lib/python3.12/site-packages/neutron_lib/callbacks/manager.py:184}}
Jul 22 04:34:54.279390 np0000005615 devstack@neutron-api.service[87532]: DEBUG neutron_lib.callbacks.manager [None req-02a8b52b-b296-4479-b914-9a1c4b9f1aa7 admin admin] Publish callbacks ['neutron.plugins.ml2.drivers.ovn.mech_driver.mech_driver.OVNMechanismDriver._create_security_group_precommit-338125'] for security_group (6d85360e-e99c-47f8-b353-6df24cc67cae), precommit_create {{(pid=87532) _notify_loop /opt/stack/data/venv/lib/python3.12/site-packages/neutron_lib/callbacks/manager.py:184}}
Jul 22 04:34:54.279550 np0000005615 devstack@neutron-api.service[87532]: DEBUG neutron.db.ovn_revision_numbers_db [None req-02a8b52b-b296-4479-b914-9a1c4b9f1aa7 admin admin] create_initial_revision uuid=6d85360e-e99c-47f8-b353-6df24cc67cae, type=security_groups, rev=-1 {{(pid=87532) create_initial_revision /opt/stack/neutron/neutron/db/ovn_revision_numbers_db.py:98}}
Jul 22 04:34:54.281770 np0000005615 devstack@neutron-api.service[87532]: DEBUG neutron.db.ovn_revision_numbers_db [None req-02a8b52b-b296-4479-b914-9a1c4b9f1aa7 admin admin] create_initial_revision uuid=13f65d30-2fd5-4119-97ae-7369df2a5e6a, type=security_group_rules, rev=-1 {{(pid=87532) create_initial_revision /opt/stack/neutron/neutron/db/ovn_revision_numbers_db.py:98}}
Jul 22 04:34:54.282703 np0000005615 devstack@neutron-api.service[87532]: DEBUG neutron.db.ovn_revision_numbers_db [None req-02a8b52b-b296-4479-b914-9a1c4b9f1aa7 admin admin] create_initial_revision uuid=65f085b1-186d-443b-973e-3c3420796b40, type=security_group_rules, rev=-1 {{(pid=87532) create_initial_revision /opt/stack/neutron/neutron/db/ovn_revision_numbers_db.py:98}}
Jul 22 04:34:54.283668 np0000005615 devstack@neutron-api.service[87532]: DEBUG neutron.db.ovn_revision_numbers_db [None req-02a8b52b-b296-4479-b914-9a1c4b9f1aa7 admin admin] create_initial_revision uuid=8ae2ebf0-52aa-47d1-8793-820e6155f8df, type=security_group_rules, rev=-1 {{(pid=87532) create_initial_revision /opt/stack/neutron/neutron/db/ovn_revision_numbers_db.py:98}}
Jul 22 04:34:54.284577 np0000005615 devstack@neutron-api.service[87532]: DEBUG neutron.db.ovn_revision_numbers_db [None req-02a8b52b-b296-4479-b914-9a1c4b9f1aa7 admin admin] create_initial_revision uuid=f40443b8-5d94-4483-b2ae-abc2fb1f342b, type=security_group_rules, rev=-1 {{(pid=87532) create_initial_revision /opt/stack/neutron/neutron/db/ovn_revision_numbers_db.py:98}}
Jul 22 04:34:54.288174 np0000005615 devstack@neutron-api.service[87532]: DEBUG neutron_lib.callbacks.manager [None req-02a8b52b-b296-4479-b914-9a1c4b9f1aa7 admin admin] Publish callbacks ['neutron.plugins.ml2.drivers.ovn.mech_driver.mech_driver.OVNMechanismDriver._create_security_group-338119', 'neutron.plugins.ml2.ovo_rpc._ObjectChangeHandler.handle_event-3369382'] for security_group (6d85360e-e99c-47f8-b353-6df24cc67cae), after_create {{(pid=87532) _notify_loop /opt/stack/data/venv/lib/python3.12/site-packages/neutron_lib/callbacks/manager.py:184}}
Jul 22 04:34:54.288780 np0000005615 devstack@neutron-api.service[87532]: DEBUG ovsdbapp.backend.ovs_idl.transaction [-] Running txn n=1 command(idx=0): PgAddCommand(_result=None, name=pg_6d85360e_e99c_47f8_b353_6df24cc67cae, may_exist=False, columns={'acls': [], 'external_ids': {'neutron:security_group_id': '6d85360e-e99c-47f8-b353-6df24cc67cae'}}) {{(pid=87532) do_commit /opt/stack/data/venv/lib/python3.12/site-packages/ovsdbapp/backend/ovs_idl/transaction.py:89}}
Jul 22 04:34:54.289671 np0000005615 devstack@neutron-api.service[87532]: DEBUG ovsdbapp.backend.ovs_idl.transaction [-] Running txn n=1 command(idx=1): PgAclAddCommand(_result=None, entity=pg_6d85360e_e99c_47f8_b353_6df24cc67cae, direction=to-lport, priority=1002, match=outport == @pg_6d85360e_e99c_47f8_b353_6df24cc67cae && ip4 && ip4.src == $pg_6d85360e_e99c_47f8_b353_6df24cc67cae_ip4, action=allow-related, log=False, may_exist=True, severity=[], name=[], meter=[], external_ids={'neutron:security_group_rule_id': '13f65d30-2fd5-4119-97ae-7369df2a5e6a'}) {{(pid=87532) do_commit /opt/stack/data/venv/lib/python3.12/site-packages/ovsdbapp/backend/ovs_idl/transaction.py:89}}
Jul 22 04:34:54.289997 np0000005615 devstack@neutron-api.service[87532]: DEBUG ovsdbapp.backend.ovs_idl.transaction [-] Running txn n=1 command(idx=2): PgAclAddCommand(_result=None, entity=pg_6d85360e_e99c_47f8_b353_6df24cc67cae, direction=from-lport, priority=1002, match=inport == @pg_6d85360e_e99c_47f8_b353_6df24cc67cae && ip4, action=allow-related, log=False, may_exist=True, severity=[], name=[], meter=[], external_ids={'neutron:security_group_rule_id': '65f085b1-186d-443b-973e-3c3420796b40'}) {{(pid=87532) do_commit /opt/stack/data/venv/lib/python3.12/site-packages/ovsdbapp/backend/ovs_idl/transaction.py:89}}
Jul 22 04:34:54.290295 np0000005615 devstack@neutron-api.service[87532]: DEBUG ovsdbapp.backend.ovs_idl.transaction [-] Running txn n=1 command(idx=3): PgAclAddCommand(_result=None, entity=pg_6d85360e_e99c_47f8_b353_6df24cc67cae, direction=to-lport, priority=1002, match=outport == @pg_6d85360e_e99c_47f8_b353_6df24cc67cae && ip6 && ip6.src == $pg_6d85360e_e99c_47f8_b353_6df24cc67cae_ip6, action=allow-related, log=False, may_exist=True, severity=[], name=[], meter=[], external_ids={'neutron:security_group_rule_id': '8ae2ebf0-52aa-47d1-8793-820e6155f8df'}) {{(pid=87532) do_commit /opt/stack/data/venv/lib/python3.12/site-packages/ovsdbapp/backend/ovs_idl/transaction.py:89}}
Jul 22 04:34:54.290513 np0000005615 devstack@neutron-api.service[87532]: DEBUG ovsdbapp.backend.ovs_idl.transaction [-] Running txn n=1 command(idx=4): PgAclAddCommand(_result=None, entity=pg_6d85360e_e99c_47f8_b353_6df24cc67cae, direction=from-lport, priority=1002, match=inport == @pg_6d85360e_e99c_47f8_b353_6df24cc67cae && ip6, action=allow-related, log=False, may_exist=True, severity=[], name=[], meter=[], external_ids={'neutron:security_group_rule_id': 'f40443b8-5d94-4483-b2ae-abc2fb1f342b'}) {{(pid=87532) do_commit /opt/stack/data/venv/lib/python3.12/site-packages/ovsdbapp/backend/ovs_idl/transaction.py:89}}
Jul 22 04:34:54.294075 np0000005615 devstack@neutron-api.service[87532]: DEBUG neutron.plugins.ml2.drivers.ovn.mech_driver.ovsdb.ovsdb_monitor [-] Hash Ring: Node 3149cbb893ba58df8636731acfc70d19 (host: np0000005615) handling event "create" for row 41cdf6c2-1c49-408f-8a21-73cdf5e6ce1a (table: ACL) {{(pid=87532) notify /opt/stack/neutron/neutron/plugins/ml2/drivers/ovn/mech_driver/ovsdb/ovsdb_monitor.py:1013}}
Jul 22 04:34:54.294306 np0000005615 devstack@neutron-api.service[87532]: DEBUG neutron.plugins.ml2.drivers.ovn.mech_driver.ovsdb.ovsdb_monitor [-] Hash Ring: Node 3149cbb893ba58df8636731acfc70d19 (host: np0000005615) handling event "create" for row 46aa7d59-5d9d-4135-bee6-f9c516f014f9 (table: ACL) {{(pid=87532) notify /opt/stack/neutron/neutron/plugins/ml2/drivers/ovn/mech_driver/ovsdb/ovsdb_monitor.py:1013}}
Jul 22 04:34:54.294535 np0000005615 devstack@neutron-api.service[87532]: DEBUG neutron.plugins.ml2.drivers.ovn.mech_driver.ovsdb.ovsdb_monitor [-] Hash Ring: Node 3149cbb893ba58df8636731acfc70d19 (host: np0000005615) handling event "create" for row 6d8557a9-5d7f-4d73-854d-3d18433031b2 (table: ACL) {{(pid=87532) notify /opt/stack/neutron/neutron/plugins/ml2/drivers/ovn/mech_driver/ovsdb/ovsdb_monitor.py:1013}}
Jul 22 04:34:54.294647 np0000005615 devstack@neutron-api.service[87532]: DEBUG neutron.plugins.ml2.drivers.ovn.mech_driver.ovsdb.ovsdb_monitor [-] Hash Ring: Node 3149cbb893ba58df8636731acfc70d19 (host: np0000005615) handling event "create" for row 832e3e3c-f0fb-4201-a07c-6102544a6797 (table: ACL) {{(pid=87532) notify /opt/stack/neutron/neutron/plugins/ml2/drivers/ovn/mech_driver/ovsdb/ovsdb_monitor.py:1013}}
Jul 22 04:34:54.295145 np0000005615 devstack@neutron-api.service[87532]: DEBUG neutron.plugins.ml2.drivers.ovn.mech_driver.ovsdb.ovsdb_monitor [-] Hash Ring: Node 3149cbb893ba58df8636731acfc70d19 (host: np0000005615) handling event "create" for row db133435-7f5a-4f43-9afa-dac480c0c36f (table: Port_Group) {{(pid=87532) notify /opt/stack/neutron/neutron/plugins/ml2/drivers/ovn/mech_driver/ovsdb/ovsdb_monitor.py:1013}}
Jul 22 04:34:54.299902 np0000005615 devstack@neutron-api.service[87531]: DEBUG neutron.plugins.ml2.drivers.ovn.mech_driver.ovsdb.ovsdb_monitor [-] Hash Ring: Node 5a39fdf31d3e5a799b409e0089789579 (host: np0000005615) handling event "create" for row 46aa7d59-5d9d-4135-bee6-f9c516f014f9 (table: ACL) {{(pid=87531) notify /opt/stack/neutron/neutron/plugins/ml2/drivers/ovn/mech_driver/ovsdb/ovsdb_monitor.py:1013}}
Jul 22 04:34:54.301067 np0000005615 devstack@neutron-api.service[87533]: DEBUG neutron.plugins.ml2.drivers.ovn.mech_driver.ovsdb.ovsdb_monitor [-] Hash Ring: Node cd5037f158815f4589fb9c88765f1a5a (host: np0000005615) handling event "create" for row 6d8557a9-5d7f-4d73-854d-3d18433031b2 (table: ACL) {{(pid=87533) notify /opt/stack/neutron/neutron/plugins/ml2/drivers/ovn/mech_driver/ovsdb/ovsdb_monitor.py:1013}}
Jul 22 04:34:54.301221 np0000005615 devstack@neutron-api.service[87533]: DEBUG neutron.plugins.ml2.drivers.ovn.mech_driver.ovsdb.ovsdb_monitor [-] Hash Ring: Node cd5037f158815f4589fb9c88765f1a5a (host: np0000005615) handling event "create" for row 832e3e3c-f0fb-4201-a07c-6102544a6797 (table: ACL) {{(pid=87533) notify /opt/stack/neutron/neutron/plugins/ml2/drivers/ovn/mech_driver/ovsdb/ovsdb_monitor.py:1013}}
Jul 22 04:34:54.301377 np0000005615 devstack@neutron-api.service[87533]: DEBUG neutron.plugins.ml2.drivers.ovn.mech_driver.ovsdb.ovsdb_monitor [-] Hash Ring: Node cd5037f158815f4589fb9c88765f1a5a (host: np0000005615) handling event "create" for row db133435-7f5a-4f43-9afa-dac480c0c36f (table: Port_Group) {{(pid=87533) notify /opt/stack/neutron/neutron/plugins/ml2/drivers/ovn/mech_driver/ovsdb/ovsdb_monitor.py:1013}}
Jul 22 04:34:54.317361 np0000005615 devstack@neutron-api.service[87532]: INFO neutron.db.ovn_revision_numbers_db [None req-02a8b52b-b296-4479-b914-9a1c4b9f1aa7 admin admin] Successfully bumped revision number for resource 6d85360e-e99c-47f8-b353-6df24cc67cae (type: security_groups) to 1
Jul 22 04:34:54.331694 np0000005615 devstack@neutron-api.service[87532]: INFO neutron.db.ovn_revision_numbers_db [None req-02a8b52b-b296-4479-b914-9a1c4b9f1aa7 admin admin] Successfully bumped revision number for resource 13f65d30-2fd5-4119-97ae-7369df2a5e6a (type: security_group_rules) to 0
Jul 22 04:34:54.340663 np0000005615 devstack@neutron-api.service[87532]: INFO neutron.db.ovn_revision_numbers_db [None req-02a8b52b-b296-4479-b914-9a1c4b9f1aa7 admin admin] Successfully bumped revision number for resource 65f085b1-186d-443b-973e-3c3420796b40 (type: security_group_rules) to 0
Jul 22 04:34:54.349617 np0000005615 devstack@neutron-api.service[87532]: INFO neutron.db.ovn_revision_numbers_db [None req-02a8b52b-b296-4479-b914-9a1c4b9f1aa7 admin admin] Successfully bumped revision number for resource 8ae2ebf0-52aa-47d1-8793-820e6155f8df (type: security_group_rules) to 0
Jul 22 04:34:54.359499 np0000005615 devstack@neutron-api.service[87532]: INFO neutron.db.ovn_revision_numbers_db [None req-02a8b52b-b296-4479-b914-9a1c4b9f1aa7 admin admin] Successfully bumped revision number for resource f40443b8-5d94-4483-b2ae-abc2fb1f342b (type: security_group_rules) to 0
Jul 22 04:34:54.380646 np0000005615 devstack@neutron-api.service[87532]: DEBUG neutron.api.rpc.handlers.resources_rpc [None req-02a8b52b-b296-4479-b914-9a1c4b9f1aa7 admin admin] Pushing event updated for resources: {'SecurityGroup': ['ID=6d85360e-e99c-47f8-b353-6df24cc67cae,revision_number=1']} {{(pid=87532) push /opt/stack/neutron/neutron/api/rpc/handlers/resources_rpc.py:237}}
Jul 22 04:34:54.387437 np0000005615 devstack@neutron-api.service[87532]: DEBUG ovsdbapp.backend.ovs_idl.transaction [-] Running txn n=1 command(idx=0): CheckLivenessCommand(_result=None) {{(pid=87532) do_commit /opt/stack/data/venv/lib/python3.12/site-packages/ovsdbapp/backend/ovs_idl/transaction.py:89}}
Jul 22 04:34:54.389343 np0000005615 devstack@neutron-api.service[87532]: DEBUG neutron.plugins.ml2.drivers.ovn.mech_driver.ovsdb.ovsdb_monitor [-] Hash Ring: Node 3149cbb893ba58df8636731acfc70d19 (host: np0000005615) handling event "update" for row 29409f6f-96a0-475f-b24d-1d3822feedf8 (table: NB_Global) {{(pid=87532) notify /opt/stack/neutron/neutron/plugins/ml2/drivers/ovn/mech_driver/ovsdb/ovsdb_monitor.py:1013}}
Jul 22 04:34:54.391268 np0000005615 devstack@neutron-api.service[87533]: DEBUG neutron.plugins.ml2.drivers.ovn.mech_driver.ovsdb.ovsdb_monitor [-] Hash Ring: Node cd5037f158815f4589fb9c88765f1a5a (host: np0000005615) handling event "update" for row 29409f6f-96a0-475f-b24d-1d3822feedf8 (table: NB_Global) {{(pid=87533) notify /opt/stack/neutron/neutron/plugins/ml2/drivers/ovn/mech_driver/ovsdb/ovsdb_monitor.py:1013}}
Jul 22 04:34:54.392347 np0000005615 devstack@neutron-api.service[87533]: DEBUG neutron.plugins.ml2.drivers.ovn.mech_driver.ovsdb.ovsdb_monitor [-] Hash Ring: Node cd5037f158815f4589fb9c88765f1a5a (host: np0000005615) handling event "update" for row 29409f6f-96a0-475f-b24d-1d3822feedf8 (table: NB_Global) {{(pid=87533) notify /opt/stack/neutron/neutron/plugins/ml2/drivers/ovn/mech_driver/ovsdb/ovsdb_monitor.py:1013}}
Jul 22 04:34:54.392583 np0000005615 devstack@neutron-api.service[87532]: DEBUG neutron.api.rpc.callbacks.version_manager [None req-02a8b52b-b296-4479-b914-9a1c4b9f1aa7 admin admin] Tracked resource versions report:
Jul 22 04:34:54.392583 np0000005615 devstack@neutron-api.service[87532]: pushed versions:
Jul 22 04:34:54.392583 np0000005615 devstack@neutron-api.service[87532]: { 'AddressGroup': {'1.2'},
Jul 22 04:34:54.392583 np0000005615 devstack@neutron-api.service[87532]: 'Agent': {'1.1'},
Jul 22 04:34:54.392583 np0000005615 devstack@neutron-api.service[87532]: 'ConntrackHelper': {'1.0'},
Jul 22 04:34:54.392583 np0000005615 devstack@neutron-api.service[87532]: 'LocalIPAssociation': {'1.0'},
Jul 22 04:34:54.392583 np0000005615 devstack@neutron-api.service[87532]: 'Log': {'1.0'},
Jul 22 04:34:54.392583 np0000005615 devstack@neutron-api.service[87532]: 'NDPProxy': {'1.0'},
Jul 22 04:34:54.392583 np0000005615 devstack@neutron-api.service[87532]: 'Network': {'1.3'},
Jul 22 04:34:54.392583 np0000005615 devstack@neutron-api.service[87532]: 'Port': {'1.11'},
Jul 22 04:34:54.392583 np0000005615 devstack@neutron-api.service[87532]: 'PortForwarding': {'1.3'},
Jul 22 04:34:54.392583 np0000005615 devstack@neutron-api.service[87532]: 'QosPolicy': {'1.10'},
Jul 22 04:34:54.392583 np0000005615 devstack@neutron-api.service[87532]: 'SecurityGroup': {'1.6'},
Jul 22 04:34:54.392583 np0000005615 devstack@neutron-api.service[87532]: 'SecurityGroupRule': {'1.3'},
Jul 22 04:34:54.392583 np0000005615 devstack@neutron-api.service[87532]: 'SubPort': {'1.0'},
Jul 22 04:34:54.392583 np0000005615 devstack@neutron-api.service[87532]: 'Subnet': {'1.2'},
Jul 22 04:34:54.392583 np0000005615 devstack@neutron-api.service[87532]: 'Trunk': {'1.1'}}
Jul 22 04:34:54.392583 np0000005615 devstack@neutron-api.service[87532]: consumer versions:
Jul 22 04:34:54.392583 np0000005615 devstack@neutron-api.service[87532]: {}
Jul 22 04:34:54.392583 np0000005615 devstack@neutron-api.service[87532]: {{(pid=87532) report /opt/stack/neutron/neutron/api/rpc/callbacks/version_manager.py:183}}
Jul 22 04:34:54.395680 np0000005615 devstack@neutron-api.service[87533]: DEBUG ovsdbapp.backend.ovs_idl.event [-] Matched UPDATE: ChassisAgentWriteEvent(events=('create', 'update'), table='Chassis_Private', conditions=None, old_conditions=None), priority=20 to row=Chassis_Private(uuid=4e892033-32d9-4e7b-8a99-281ed9a62beb, chassis=7f6eb6f1-7b66-4744-ad21-7bf9c797909a, external_ids={'neutron:ovn-bridge': 'br-int', 'neutron:ovn-neutron-agent-id': 'dc355f71-bb6f-5fa9-92f3-6996845e5a87', 'neutron:ovn-neutron-agent-sb-cfg': '0'}, name='3bb5a4ce-d9ad-4ded-8f71-7e79f5b9b89c', nb_cfg=1, nb_cfg_timestamp=1784694894390) old=Chassis_Private(uuid=4e892033-32d9-4e7b-8a99-281ed9a62beb, nb_cfg=0, nb_cfg_timestamp=0) {{(pid=87533) matches /opt/stack/data/venv/lib/python3.12/site-packages/ovsdbapp/backend/ovs_idl/event.py:55}}
Jul 22 04:34:54.395885 np0000005615 devstack@neutron-api.service[87531]: DEBUG ovsdbapp.backend.ovs_idl.event [-] Matched UPDATE: ChassisAgentWriteEvent(events=('create', 'update'), table='Chassis_Private', conditions=None, old_conditions=None), priority=20 to row=Chassis_Private(uuid=4e892033-32d9-4e7b-8a99-281ed9a62beb, chassis=7f6eb6f1-7b66-4744-ad21-7bf9c797909a, external_ids={'neutron:ovn-bridge': 'br-int', 'neutron:ovn-neutron-agent-id': 'dc355f71-bb6f-5fa9-92f3-6996845e5a87', 'neutron:ovn-neutron-agent-sb-cfg': '0'}, name='3bb5a4ce-d9ad-4ded-8f71-7e79f5b9b89c', nb_cfg=1, nb_cfg_timestamp=1784694894390) old=Chassis_Private(uuid=4e892033-32d9-4e7b-8a99-281ed9a62beb, nb_cfg=0, nb_cfg_timestamp=0) {{(pid=87531) matches /opt/stack/data/venv/lib/python3.12/site-packages/ovsdbapp/backend/ovs_idl/event.py:55}}
Jul 22 04:34:54.396061 np0000005615 devstack@neutron-api.service[87533]: DEBUG neutron.plugins.ml2.drivers.ovn.mech_driver.ovsdb.ovsdb_monitor [-] Hash Ring: Node cd5037f158815f4589fb9c88765f1a5a (host: np0000005615) handling event "update" for row 4e892033-32d9-4e7b-8a99-281ed9a62beb (table: Chassis_Private) {{(pid=87533) notify /opt/stack/neutron/neutron/plugins/ml2/drivers/ovn/mech_driver/ovsdb/ovsdb_monitor.py:1013}}
Jul 22 04:34:54.399116 np0000005615 devstack@neutron-api.service[87532]: DEBUG ovsdbapp.backend.ovs_idl.event [-] Matched UPDATE: ChassisAgentWriteEvent(events=('create', 'update'), table='Chassis_Private', conditions=None, old_conditions=None), priority=20 to row=Chassis_Private(uuid=4e892033-32d9-4e7b-8a99-281ed9a62beb, chassis=7f6eb6f1-7b66-4744-ad21-7bf9c797909a, external_ids={'neutron:ovn-bridge': 'br-int', 'neutron:ovn-neutron-agent-id': 'dc355f71-bb6f-5fa9-92f3-6996845e5a87', 'neutron:ovn-neutron-agent-sb-cfg': '0'}, name='3bb5a4ce-d9ad-4ded-8f71-7e79f5b9b89c', nb_cfg=1, nb_cfg_timestamp=1784694894390) old=Chassis_Private(uuid=4e892033-32d9-4e7b-8a99-281ed9a62beb, nb_cfg=0, nb_cfg_timestamp=0) {{(pid=87532) matches /opt/stack/data/venv/lib/python3.12/site-packages/ovsdbapp/backend/ovs_idl/event.py:55}}
Jul 22 04:34:54.399209 np0000005615 devstack@neutron-api.service[87531]: DEBUG ovsdbapp.backend.ovs_idl.event [-] Matched UPDATE: ChassisOVNAgentWriteEvent(events=('create', 'update'), table='Chassis_Private', conditions=None, old_conditions=None), priority=20 to row=Chassis_Private(uuid=4e892033-32d9-4e7b-8a99-281ed9a62beb, chassis=7f6eb6f1-7b66-4744-ad21-7bf9c797909a, external_ids={'neutron:ovn-bridge': 'br-int', 'neutron:ovn-neutron-agent-id': 'dc355f71-bb6f-5fa9-92f3-6996845e5a87', 'neutron:ovn-neutron-agent-sb-cfg': '1'}, name='3bb5a4ce-d9ad-4ded-8f71-7e79f5b9b89c', nb_cfg=1, nb_cfg_timestamp=1784694894390) old=Chassis_Private(uuid=4e892033-32d9-4e7b-8a99-281ed9a62beb, external_ids={'neutron:ovn-bridge': 'br-int', 'neutron:ovn-neutron-agent-id': 'dc355f71-bb6f-5fa9-92f3-6996845e5a87', 'neutron:ovn-neutron-agent-sb-cfg': '0'}) {{(pid=87531) matches /opt/stack/data/venv/lib/python3.12/site-packages/ovsdbapp/backend/ovs_idl/event.py:55}}
Jul 22 04:34:54.400538 np0000005615 devstack@neutron-api.service[87532]: DEBUG neutron.plugins.ml2.drivers.ovn.mech_driver.ovsdb.ovsdb_monitor [-] Hash Ring: Node 3149cbb893ba58df8636731acfc70d19 (host: np0000005615) handling event "update" for row 29409f6f-96a0-475f-b24d-1d3822feedf8 (table: NB_Global) {{(pid=87532) notify /opt/stack/neutron/neutron/plugins/ml2/drivers/ovn/mech_driver/ovsdb/ovsdb_monitor.py:1013}}
Jul 22 04:34:54.401356 np0000005615 devstack@neutron-api.service[87533]: DEBUG neutron.plugins.ml2.drivers.ovn.mech_driver.ovsdb.ovsdb_monitor [-] Hash Ring: Node cd5037f158815f4589fb9c88765f1a5a (host: np0000005615) handling event "update" for row 29409f6f-96a0-475f-b24d-1d3822feedf8 (table: NB_Global) {{(pid=87533) notify /opt/stack/neutron/neutron/plugins/ml2/drivers/ovn/mech_driver/ovsdb/ovsdb_monitor.py:1013}}
Jul 22 04:34:54.401848 np0000005615 devstack@neutron-api.service[87533]: DEBUG neutron.plugins.ml2.drivers.ovn.mech_driver.ovsdb.ovsdb_monitor [-] Hash Ring: Node cd5037f158815f4589fb9c88765f1a5a (host: np0000005615) handling event "update" for row 29409f6f-96a0-475f-b24d-1d3822feedf8 (table: NB_Global) {{(pid=87533) notify /opt/stack/neutron/neutron/plugins/ml2/drivers/ovn/mech_driver/ovsdb/ovsdb_monitor.py:1013}}
Jul 22 04:34:54.403013 np0000005615 devstack@neutron-api.service[87533]: DEBUG ovsdbapp.backend.ovs_idl.event [-] Matched UPDATE: ChassisOVNAgentWriteEvent(events=('create', 'update'), table='Chassis_Private', conditions=None, old_conditions=None), priority=20 to row=Chassis_Private(uuid=4e892033-32d9-4e7b-8a99-281ed9a62beb, chassis=7f6eb6f1-7b66-4744-ad21-7bf9c797909a, external_ids={'neutron:ovn-bridge': 'br-int', 'neutron:ovn-neutron-agent-id': 'dc355f71-bb6f-5fa9-92f3-6996845e5a87', 'neutron:ovn-neutron-agent-sb-cfg': '1'}, name='3bb5a4ce-d9ad-4ded-8f71-7e79f5b9b89c', nb_cfg=1, nb_cfg_timestamp=1784694894390) old=Chassis_Private(uuid=4e892033-32d9-4e7b-8a99-281ed9a62beb, external_ids={'neutron:ovn-bridge': 'br-int', 'neutron:ovn-neutron-agent-id': 'dc355f71-bb6f-5fa9-92f3-6996845e5a87', 'neutron:ovn-neutron-agent-sb-cfg': '0'}) {{(pid=87533) matches /opt/stack/data/venv/lib/python3.12/site-packages/ovsdbapp/backend/ovs_idl/event.py:55}}
Jul 22 04:34:54.403455 np0000005615 devstack@neutron-api.service[87532]: DEBUG neutron.plugins.ml2.drivers.ovn.mech_driver.ovsdb.ovsdb_monitor [-] Hash Ring: Node 3149cbb893ba58df8636731acfc70d19 (host: np0000005615) handling event "update" for row 29409f6f-96a0-475f-b24d-1d3822feedf8 (table: NB_Global) {{(pid=87532) notify /opt/stack/neutron/neutron/plugins/ml2/drivers/ovn/mech_driver/ovsdb/ovsdb_monitor.py:1013}}
Jul 22 04:34:54.403965 np0000005615 devstack@neutron-api.service[87533]: DEBUG neutron.plugins.ml2.drivers.ovn.mech_driver.ovsdb.ovsdb_monitor [-] Hash Ring: Node cd5037f158815f4589fb9c88765f1a5a (host: np0000005615) handling event "update" for row 4e892033-32d9-4e7b-8a99-281ed9a62beb (table: Chassis_Private) {{(pid=87533) notify /opt/stack/neutron/neutron/plugins/ml2/drivers/ovn/mech_driver/ovsdb/ovsdb_monitor.py:1013}}
Jul 22 04:34:54.405282 np0000005615 devstack@neutron-api.service[87532]: DEBUG neutron.plugins.ml2.drivers.ovn.mech_driver.ovsdb.ovsdb_monitor [-] Hash Ring: Node 3149cbb893ba58df8636731acfc70d19 (host: np0000005615) handling event "update" for row 29409f6f-96a0-475f-b24d-1d3822feedf8 (table: NB_Global) {{(pid=87532) notify /opt/stack/neutron/neutron/plugins/ml2/drivers/ovn/mech_driver/ovsdb/ovsdb_monitor.py:1013}}
Jul 22 04:34:54.409277 np0000005615 devstack@neutron-api.service[87532]: DEBUG neutron.common.ovn.hash_ring_manager [-] Allow caching, nodes 3>=3 {{(pid=87532) _wait_startup_before_caching /opt/stack/neutron/neutron/common/ovn/hash_ring_manager.py:71}}
Jul 22 04:34:54.409430 np0000005615 devstack@neutron-api.service[87532]: DEBUG neutron.plugins.ml2.drivers.ovn.mech_driver.ovsdb.ovsdb_monitor [-] Hash Ring: Node 3149cbb893ba58df8636731acfc70d19 (host: np0000005615) handling event "update" for row 4e892033-32d9-4e7b-8a99-281ed9a62beb (table: Chassis_Private) {{(pid=87532) notify /opt/stack/neutron/neutron/plugins/ml2/drivers/ovn/mech_driver/ovsdb/ovsdb_monitor.py:1013}}
Jul 22 04:34:54.410611 np0000005615 devstack@neutron-api.service[87532]: DEBUG ovsdbapp.backend.ovs_idl.event [-] Matched UPDATE: ChassisOVNAgentWriteEvent(events=('create', 'update'), table='Chassis_Private', conditions=None, old_conditions=None), priority=20 to row=Chassis_Private(uuid=4e892033-32d9-4e7b-8a99-281ed9a62beb, chassis=7f6eb6f1-7b66-4744-ad21-7bf9c797909a, external_ids={'neutron:ovn-bridge': 'br-int', 'neutron:ovn-neutron-agent-id': 'dc355f71-bb6f-5fa9-92f3-6996845e5a87', 'neutron:ovn-neutron-agent-sb-cfg': '1'}, name='3bb5a4ce-d9ad-4ded-8f71-7e79f5b9b89c', nb_cfg=1, nb_cfg_timestamp=1784694894390) old=Chassis_Private(uuid=4e892033-32d9-4e7b-8a99-281ed9a62beb, external_ids={'neutron:ovn-bridge': 'br-int', 'neutron:ovn-neutron-agent-id': 'dc355f71-bb6f-5fa9-92f3-6996845e5a87', 'neutron:ovn-neutron-agent-sb-cfg': '0'}) {{(pid=87532) matches /opt/stack/data/venv/lib/python3.12/site-packages/ovsdbapp/backend/ovs_idl/event.py:55}}
