Aug 20 00:51:43.231420 np0000007838 devstack@neutron-api.service[90811]: DEBUG neutron_lib.callbacks.manager [None req-6ecbf0cf-0ca7-4277-96f3-f7e5e1793c2c None None] Subscribe: > allowed_address_pair before_create 55550000, False {{(pid=90811) subscribe /opt/stack/data/venv/lib/python3.12/site-packages/neutron_lib/callbacks/manager.py:52}}
Aug 20 00:51:43.231616 np0000007838 devstack@neutron-api.service[90809]: INFO neutron.api.extensions [None req-98d26022-ca0a-4d8d-9ca7-5ba5930e3d67 None None] Loaded extension: stateful-security-group
Aug 20 00:51:43.231780 np0000007838 devstack@neutron-api.service[90811]: DEBUG neutron_lib.callbacks.manager [None req-6ecbf0cf-0ca7-4277-96f3-f7e5e1793c2c None None] Subscribe: > security_group precommit_create 55550000, False {{(pid=90811) subscribe /opt/stack/data/venv/lib/python3.12/site-packages/neutron_lib/callbacks/manager.py:52}}
Aug 20 00:51:43.232003 np0000007838 devstack@neutron-api.service[90809]: DEBUG neutron.api.extensions [None req-98d26022-ca0a-4d8d-9ca7-5ba5930e3d67 None None] Loading extension file: stdattrs_common.py {{(pid=90809) _load_all_extensions_from_path /opt/stack/neutron/neutron/api/extensions.py:449}}
Aug 20 00:51:43.232229 np0000007838 devstack@neutron-api.service[90811]: DEBUG neutron_lib.callbacks.manager [None req-6ecbf0cf-0ca7-4277-96f3-f7e5e1793c2c None None] Subscribe: > security_group after_update 55550000, False {{(pid=90811) subscribe /opt/stack/data/venv/lib/python3.12/site-packages/neutron_lib/callbacks/manager.py:52}}
Aug 20 00:51:43.232229 np0000007838 devstack@neutron-api.service[90811]: DEBUG neutron_lib.callbacks.manager [None req-6ecbf0cf-0ca7-4277-96f3-f7e5e1793c2c None None] Subscribe: > security_group after_create 55550000, False {{(pid=90811) subscribe /opt/stack/data/venv/lib/python3.12/site-packages/neutron_lib/callbacks/manager.py:52}}
Aug 20 00:51:43.232720 np0000007838 devstack@neutron-api.service[90809]: WARNING neutron.api.extensions [None req-98d26022-ca0a-4d8d-9ca7-5ba5930e3d67 None None] Did not find expected name "Stdattrs_common" in /opt/stack/neutron/neutron/extensions/stdattrs_common.py
Aug 20 00:51:43.232987 np0000007838 devstack@neutron-api.service[90811]: DEBUG neutron_lib.callbacks.manager [None req-6ecbf0cf-0ca7-4277-96f3-f7e5e1793c2c None None] Subscribe: > security_group precommit_delete 55550000, False {{(pid=90811) subscribe /opt/stack/data/venv/lib/python3.12/site-packages/neutron_lib/callbacks/manager.py:52}}
Aug 20 00:51:43.233277 np0000007838 devstack@neutron-api.service[90809]: DEBUG neutron.api.extensions [None req-98d26022-ca0a-4d8d-9ca7-5ba5930e3d67 None None] Loading extension file: subnet_dns_publish_fixed_ip.py {{(pid=90809) _load_all_extensions_from_path /opt/stack/neutron/neutron/api/extensions.py:449}}
Aug 20 00:51:43.233449 np0000007838 devstack@neutron-api.service[90811]: DEBUG neutron_lib.callbacks.manager [None req-6ecbf0cf-0ca7-4277-96f3-f7e5e1793c2c None None] Subscribe: > security_group after_delete 55550000, False {{(pid=90811) subscribe /opt/stack/data/venv/lib/python3.12/site-packages/neutron_lib/callbacks/manager.py:52}}
Aug 20 00:51:43.233449 np0000007838 devstack@neutron-api.service[90811]: DEBUG neutron_lib.callbacks.manager [None req-6ecbf0cf-0ca7-4277-96f3-f7e5e1793c2c None None] Subscribe: > security_group_rule precommit_create 55550000, False {{(pid=90811) subscribe /opt/stack/data/venv/lib/python3.12/site-packages/neutron_lib/callbacks/manager.py:52}}
Aug 20 00:51:43.233449 np0000007838 devstack@neutron-api.service[90811]: DEBUG neutron_lib.callbacks.manager [None req-6ecbf0cf-0ca7-4277-96f3-f7e5e1793c2c None None] Subscribe: > security_group_rule after_create 55550000, False {{(pid=90811) subscribe /opt/stack/data/venv/lib/python3.12/site-packages/neutron_lib/callbacks/manager.py:52}}
Aug 20 00:51:43.233895 np0000007838 devstack@neutron-api.service[90809]: DEBUG neutron.api.extensions [None req-98d26022-ca0a-4d8d-9ca7-5ba5930e3d67 None None] Ext name="Subnet DNS publish fixed IP" alias="subnet-dns-publish-fixed-ip" description="Support choosing to publish DNS records for IPs from a subnet" updated="2019-05-24T10:00:00-00:00" {{(pid=90809) _check_extension /opt/stack/neutron/neutron/api/extensions.py:415}}
Aug 20 00:51:43.234107 np0000007838 devstack@neutron-api.service[90811]: DEBUG neutron_lib.callbacks.manager [None req-6ecbf0cf-0ca7-4277-96f3-f7e5e1793c2c None None] Subscribe: > security_group_rule before_delete 55550000, False {{(pid=90811) subscribe /opt/stack/data/venv/lib/python3.12/site-packages/neutron_lib/callbacks/manager.py:52}}
Aug 20 00:51:43.234107 np0000007838 devstack@neutron-api.service[90811]: DEBUG neutron_lib.callbacks.manager [None req-6ecbf0cf-0ca7-4277-96f3-f7e5e1793c2c None None] Subscribe: > address_group after_create 55550000, False {{(pid=90811) subscribe /opt/stack/data/venv/lib/python3.12/site-packages/neutron_lib/callbacks/manager.py:52}}
Aug 20 00:51:43.234424 np0000007838 devstack@neutron-api.service[90809]: INFO neutron.api.extensions [None req-98d26022-ca0a-4d8d-9ca7-5ba5930e3d67 None None] Loaded extension: subnet-dns-publish-fixed-ip
Aug 20 00:51:43.234579 np0000007838 devstack@neutron-api.service[90811]: DEBUG neutron_lib.callbacks.manager [None req-6ecbf0cf-0ca7-4277-96f3-f7e5e1793c2c None None] Subscribe: > address_group after_update 55550000, False {{(pid=90811) subscribe /opt/stack/data/venv/lib/python3.12/site-packages/neutron_lib/callbacks/manager.py:52}}
Aug 20 00:51:43.234781 np0000007838 devstack@neutron-api.service[90809]: DEBUG neutron.api.extensions [None req-98d26022-ca0a-4d8d-9ca7-5ba5930e3d67 None None] Loading extension file: subnet_external_network.py {{(pid=90809) _load_all_extensions_from_path /opt/stack/neutron/neutron/api/extensions.py:449}}
Aug 20 00:51:43.234933 np0000007838 devstack@neutron-api.service[90811]: DEBUG neutron_lib.callbacks.manager [None req-6ecbf0cf-0ca7-4277-96f3-f7e5e1793c2c None None] Subscribe: > address_group after_delete 55550000, False {{(pid=90811) subscribe /opt/stack/data/venv/lib/python3.12/site-packages/neutron_lib/callbacks/manager.py:52}}
Aug 20 00:51:43.235083 np0000007838 devstack@neutron-api.service[90809]: DEBUG neutron.api.extensions [None req-98d26022-ca0a-4d8d-9ca7-5ba5930e3d67 None None] Ext name="Subnet belongs to an external network" alias="subnet-external-network" description="Informs if the subnet belongs to an external network" updated="2024-02-05T18:00:00-00:00" {{(pid=90809) _check_extension /opt/stack/neutron/neutron/api/extensions.py:415}}
Aug 20 00:51:43.235175 np0000007838 devstack@neutron-api.service[90811]: DEBUG neutron_lib.callbacks.manager [None req-6ecbf0cf-0ca7-4277-96f3-f7e5e1793c2c None None] Subscribe: > qos_plugin after_init 55550000, False {{(pid=90811) subscribe /opt/stack/data/venv/lib/python3.12/site-packages/neutron_lib/callbacks/manager.py:52}}
Aug 20 00:51:43.235355 np0000007838 devstack@neutron-api.service[90809]: INFO neutron.api.extensions [None req-98d26022-ca0a-4d8d-9ca7-5ba5930e3d67 None None] Loaded extension: subnet-external-network
Aug 20 00:51:43.235541 np0000007838 devstack@neutron-api.service[90811]: DEBUG neutron_lib.callbacks.manager [None req-6ecbf0cf-0ca7-4277-96f3-f7e5e1793c2c None None] Subscribe: > trunk_plugin after_init 55550000, False {{(pid=90811) subscribe /opt/stack/data/venv/lib/python3.12/site-packages/neutron_lib/callbacks/manager.py:52}}
Aug 20 00:51:43.235731 np0000007838 devstack@neutron-api.service[90809]: DEBUG neutron.api.extensions [None req-98d26022-ca0a-4d8d-9ca7-5ba5930e3d67 None None] Loading extension file: subnet_onboard.py {{(pid=90809) _load_all_extensions_from_path /opt/stack/neutron/neutron/api/extensions.py:449}}
Aug 20 00:51:43.235982 np0000007838 devstack@neutron-api.service[90811]: DEBUG neutron_lib.callbacks.manager [None req-6ecbf0cf-0ca7-4277-96f3-f7e5e1793c2c None None] Subscribe: > logging-plugin after_init 55550000, False {{(pid=90811) subscribe /opt/stack/data/venv/lib/python3.12/site-packages/neutron_lib/callbacks/manager.py:52}}
Aug 20 00:51:43.236263 np0000007838 devstack@neutron-api.service[90809]: DEBUG neutron.api.extensions [None req-98d26022-ca0a-4d8d-9ca7-5ba5930e3d67 None None] Ext name="Subnet Onboard" alias="subnet_onboard" description="Provides support for onboarding subnets into subnet pools" updated="2018-12-18T09:00:00-00:00" {{(pid=90809) _check_extension /opt/stack/neutron/neutron/api/extensions.py:415}}
Aug 20 00:51:43.236263 np0000007838 devstack@neutron-api.service[90809]: INFO neutron.api.extensions [None req-98d26022-ca0a-4d8d-9ca7-5ba5930e3d67 None None] Loaded extension: subnet_onboard
Aug 20 00:51:43.236263 np0000007838 devstack@neutron-api.service[90809]: DEBUG neutron.api.extensions [None req-98d26022-ca0a-4d8d-9ca7-5ba5930e3d67 None None] Loading extension file: subnet_segmentid_writable.py {{(pid=90809) _load_all_extensions_from_path /opt/stack/neutron/neutron/api/extensions.py:449}}
Aug 20 00:51:43.236627 np0000007838 devstack@neutron-api.service[90811]: INFO neutron.services.logapi.drivers.ovn.driver [None req-6ecbf0cf-0ca7-4277-96f3-f7e5e1793c2c None None] OVN logging driver registered
Aug 20 00:51:43.236867 np0000007838 devstack@neutron-api.service[90809]: DEBUG neutron.api.extensions [None req-98d26022-ca0a-4d8d-9ca7-5ba5930e3d67 None None] Ext name="Subnet SegmentID (writable)" alias="subnet-segmentid-writable" description="Provides a writable segment_id attribute for a subnet resource." updated="2018-03-12T00:00:00-00:00" {{(pid=90809) _check_extension /opt/stack/neutron/neutron/api/extensions.py:415}}
Aug 20 00:51:43.237316 np0000007838 devstack@neutron-api.service[90811]: DEBUG neutron_lib.callbacks.manager [None req-6ecbf0cf-0ca7-4277-96f3-f7e5e1793c2c None None] Subscribe: ._register_pvlan_driver at 0x76741ed137e0> pvlan_plugin before_spawn 55550000, False {{(pid=90811) subscribe /opt/stack/data/venv/lib/python3.12/site-packages/neutron_lib/callbacks/manager.py:52}}
Aug 20 00:51:43.237583 np0000007838 devstack@neutron-api.service[90809]: INFO neutron.api.extensions [None req-98d26022-ca0a-4d8d-9ca7-5ba5930e3d67 None None] Extension subnet-segmentid-writable not supported by any of loaded plugins
Aug 20 00:51:43.237825 np0000007838 devstack@neutron-api.service[90811]: DEBUG neutron_lib.callbacks.manager [None req-6ecbf0cf-0ca7-4277-96f3-f7e5e1793c2c None None] Subscribe: process after_init 55550000, False {{(pid=90811) subscribe /opt/stack/data/venv/lib/python3.12/site-packages/neutron_lib/callbacks/manager.py:52}}
Aug 20 00:51:43.238212 np0000007838 devstack@neutron-api.service[90809]: DEBUG neutron.api.extensions [None req-98d26022-ca0a-4d8d-9ca7-5ba5930e3d67 None None] Loading extension file: subnet_service_types.py {{(pid=90809) _load_all_extensions_from_path /opt/stack/neutron/neutron/api/extensions.py:449}}
Aug 20 00:51:43.238212 np0000007838 devstack@neutron-api.service[90809]: DEBUG neutron.api.extensions [None req-98d26022-ca0a-4d8d-9ca7-5ba5930e3d67 None None] Ext name="Subnet service types" alias="subnet-service-types" description="Provides ability to set the subnet service_types field" updated="2016-03-15T18:00:00-00:00" {{(pid=90809) _check_extension /opt/stack/neutron/neutron/api/extensions.py:415}}
Aug 20 00:51:43.238212 np0000007838 devstack@neutron-api.service[90809]: INFO neutron.api.extensions [None req-98d26022-ca0a-4d8d-9ca7-5ba5930e3d67 None None] Loaded extension: subnet-service-types
Aug 20 00:51:43.238212 np0000007838 devstack@neutron-api.service[90809]: DEBUG neutron.api.extensions [None req-98d26022-ca0a-4d8d-9ca7-5ba5930e3d67 None None] Loading extension file: subnetallocation.py {{(pid=90809) _load_all_extensions_from_path /opt/stack/neutron/neutron/api/extensions.py:449}}
Aug 20 00:51:43.238212 np0000007838 devstack@neutron-api.service[90809]: DEBUG neutron.api.extensions [None req-98d26022-ca0a-4d8d-9ca7-5ba5930e3d67 None None] Ext name="Subnet Allocation" alias="subnet_allocation" description="Enables allocation of subnets from a subnet pool" updated="2015-03-30T10:00:00-00:00" {{(pid=90809) _check_extension /opt/stack/neutron/neutron/api/extensions.py:415}}
Aug 20 00:51:43.238212 np0000007838 devstack@neutron-api.service[90809]: INFO neutron.api.extensions [None req-98d26022-ca0a-4d8d-9ca7-5ba5930e3d67 None None] Loaded extension: subnet_allocation
Aug 20 00:51:43.238212 np0000007838 devstack@neutron-api.service[90809]: DEBUG neutron.api.extensions [None req-98d26022-ca0a-4d8d-9ca7-5ba5930e3d67 None None] Loading extension file: subnetpool_prefix_ops.py {{(pid=90809) _load_all_extensions_from_path /opt/stack/neutron/neutron/api/extensions.py:449}}
Aug 20 00:51:43.238668 np0000007838 devstack@neutron-api.service[90809]: DEBUG neutron.api.extensions [None req-98d26022-ca0a-4d8d-9ca7-5ba5930e3d67 None None] Ext name="Subnet Pool Prefix Operations" alias="subnetpool-prefix-ops" description="Provides support for adjusting the prefix list of subnet pools" updated="2019-02-08T10:00:00-00:00" {{(pid=90809) _check_extension /opt/stack/neutron/neutron/api/extensions.py:415}}
Aug 20 00:51:43.238668 np0000007838 devstack@neutron-api.service[90809]: INFO neutron.api.extensions [None req-98d26022-ca0a-4d8d-9ca7-5ba5930e3d67 None None] Loaded extension: subnetpool-prefix-ops
Aug 20 00:51:43.238668 np0000007838 devstack@neutron-api.service[90809]: DEBUG neutron.api.extensions [None req-98d26022-ca0a-4d8d-9ca7-5ba5930e3d67 None None] Loading extension file: tag_creation.py {{(pid=90809) _load_all_extensions_from_path /opt/stack/neutron/neutron/api/extensions.py:449}}
Aug 20 00:51:43.238668 np0000007838 devstack@neutron-api.service[90809]: DEBUG neutron.api.extensions [None req-98d26022-ca0a-4d8d-9ca7-5ba5930e3d67 None None] Ext name="Tag creation extension" alias="tag-creation" description="Allow to create multiple tags for a resource" updated="2024-23-07T10:00:00-00:00" {{(pid=90809) _check_extension /opt/stack/neutron/neutron/api/extensions.py:415}}
Aug 20 00:51:43.238668 np0000007838 devstack@neutron-api.service[90809]: INFO neutron.api.extensions [None req-98d26022-ca0a-4d8d-9ca7-5ba5930e3d67 None None] Loaded extension: tag-creation
Aug 20 00:51:43.238668 np0000007838 devstack@neutron-api.service[90809]: DEBUG neutron.api.extensions [None req-98d26022-ca0a-4d8d-9ca7-5ba5930e3d67 None None] Loading extension file: tag_ports_during_bulk_creation.py {{(pid=90809) _load_all_extensions_from_path /opt/stack/neutron/neutron/api/extensions.py:449}}
Aug 20 00:51:43.239066 np0000007838 devstack@neutron-api.service[90811]: DEBUG neutron.plugins.ml2.plugin [None req-6ecbf0cf-0ca7-4277-96f3-f7e5e1793c2c None None] neutron.plugins.ml2.plugin.Ml2Plugin method _start_rpc_notifiers called with arguments () {} {{(pid=90811) wrapper /opt/stack/data/venv/lib/python3.12/site-packages/oslo_log/helpers.py:77}}
Aug 20 00:51:43.239172 np0000007838 devstack@neutron-api.service[90809]: DEBUG neutron.api.extensions [None req-98d26022-ca0a-4d8d-9ca7-5ba5930e3d67 None None] Ext name="Tag Ports During Bulk Creation" alias="tag-ports-during-bulk-creation" description="Allow to tag ports during bulk creation" updated="2019-12-29T19:00:00-00:00" {{(pid=90809) _check_extension /opt/stack/neutron/neutron/api/extensions.py:415}}
Aug 20 00:51:43.239172 np0000007838 devstack@neutron-api.service[90809]: INFO neutron.api.extensions [None req-98d26022-ca0a-4d8d-9ca7-5ba5930e3d67 None None] Extension tag-ports-during-bulk-creation not supported by any of loaded plugins
Aug 20 00:51:43.239386 np0000007838 devstack@neutron-api.service[90811]: DEBUG neutron_lib.callbacks.manager [None req-6ecbf0cf-0ca7-4277-96f3-f7e5e1793c2c None None] Subscribe: > port after_create 55550000, False {{(pid=90811) subscribe /opt/stack/data/venv/lib/python3.12/site-packages/neutron_lib/callbacks/manager.py:52}}
Aug 20 00:51:43.239477 np0000007838 devstack@neutron-api.service[90809]: DEBUG neutron.api.extensions [None req-98d26022-ca0a-4d8d-9ca7-5ba5930e3d67 None None] Loading extension file: tagging.py {{(pid=90809) _load_all_extensions_from_path /opt/stack/neutron/neutron/api/extensions.py:449}}
Aug 20 00:51:43.239602 np0000007838 devstack@neutron-api.service[90811]: DEBUG neutron_lib.callbacks.manager [None req-6ecbf0cf-0ca7-4277-96f3-f7e5e1793c2c None None] Subscribe: > port after_update 55550000, False {{(pid=90811) subscribe /opt/stack/data/venv/lib/python3.12/site-packages/neutron_lib/callbacks/manager.py:52}}
Aug 20 00:51:43.239602 np0000007838 devstack@neutron-api.service[90811]: DEBUG neutron_lib.callbacks.manager [None req-6ecbf0cf-0ca7-4277-96f3-f7e5e1793c2c None None] Subscribe: > port after_delete 55550000, False {{(pid=90811) subscribe /opt/stack/data/venv/lib/python3.12/site-packages/neutron_lib/callbacks/manager.py:52}}
Aug 20 00:51:43.239602 np0000007838 devstack@neutron-api.service[90811]: DEBUG neutron_lib.callbacks.manager [None req-6ecbf0cf-0ca7-4277-96f3-f7e5e1793c2c None None] Subscribe: > subnet after_create 55550000, False {{(pid=90811) subscribe /opt/stack/data/venv/lib/python3.12/site-packages/neutron_lib/callbacks/manager.py:52}}
Aug 20 00:51:43.239602 np0000007838 devstack@neutron-api.service[90811]: DEBUG neutron_lib.callbacks.manager [None req-6ecbf0cf-0ca7-4277-96f3-f7e5e1793c2c None None] Subscribe: > subnet after_update 55550000, False {{(pid=90811) subscribe /opt/stack/data/venv/lib/python3.12/site-packages/neutron_lib/callbacks/manager.py:52}}
Aug 20 00:51:43.239789 np0000007838 devstack@neutron-api.service[90811]: DEBUG neutron_lib.callbacks.manager [None req-6ecbf0cf-0ca7-4277-96f3-f7e5e1793c2c None None] Subscribe: > subnet after_delete 55550000, False {{(pid=90811) subscribe /opt/stack/data/venv/lib/python3.12/site-packages/neutron_lib/callbacks/manager.py:52}}
Aug 20 00:51:43.239789 np0000007838 devstack@neutron-api.service[90811]: DEBUG neutron_lib.callbacks.manager [None req-6ecbf0cf-0ca7-4277-96f3-f7e5e1793c2c None None] Subscribe: > network after_create 55550000, False {{(pid=90811) subscribe /opt/stack/data/venv/lib/python3.12/site-packages/neutron_lib/callbacks/manager.py:52}}
Aug 20 00:51:43.239927 np0000007838 devstack@neutron-api.service[90809]: DEBUG neutron.api.extensions [None req-98d26022-ca0a-4d8d-9ca7-5ba5930e3d67 None None] Ext name="Tag support for resources with standard attribute: port, subnet, subnetpool, network, security_group, router, floatingip, policy, trunk, network_segment_range" alias="standard-attr-tag" description="Enables to set tag on resources with standard attribute." updated="2017-01-01T00:00:00-00:00" {{(pid=90809) _check_extension /opt/stack/neutron/neutron/api/extensions.py:415}}
Aug 20 00:51:43.240139 np0000007838 devstack@neutron-api.service[90811]: DEBUG neutron_lib.callbacks.manager [None req-6ecbf0cf-0ca7-4277-96f3-f7e5e1793c2c None None] Subscribe: > network after_update 55550000, False {{(pid=90811) subscribe /opt/stack/data/venv/lib/python3.12/site-packages/neutron_lib/callbacks/manager.py:52}}
Aug 20 00:51:43.240278 np0000007838 devstack@neutron-api.service[90809]: INFO neutron.api.extensions [None req-98d26022-ca0a-4d8d-9ca7-5ba5930e3d67 None None] Loaded extension: standard-attr-tag
Aug 20 00:51:43.240383 np0000007838 devstack@neutron-api.service[90811]: DEBUG neutron_lib.callbacks.manager [None req-6ecbf0cf-0ca7-4277-96f3-f7e5e1793c2c None None] Subscribe: > network after_delete 55550000, False {{(pid=90811) subscribe /opt/stack/data/venv/lib/python3.12/site-packages/neutron_lib/callbacks/manager.py:52}}
Aug 20 00:51:43.240468 np0000007838 devstack@neutron-api.service[90809]: DEBUG neutron.api.extensions [None req-98d26022-ca0a-4d8d-9ca7-5ba5930e3d67 None None] Loading extension file: timestamp.py {{(pid=90809) _load_all_extensions_from_path /opt/stack/neutron/neutron/api/extensions.py:449}}
Aug 20 00:51:43.240609 np0000007838 devstack@neutron-api.service[90811]: DEBUG neutron_lib.callbacks.manager [None req-6ecbf0cf-0ca7-4277-96f3-f7e5e1793c2c None None] Subscribe: > security_group after_create 55550000, False {{(pid=90811) subscribe /opt/stack/data/venv/lib/python3.12/site-packages/neutron_lib/callbacks/manager.py:52}}
Aug 20 00:51:43.240609 np0000007838 devstack@neutron-api.service[90811]: DEBUG neutron_lib.callbacks.manager [None req-6ecbf0cf-0ca7-4277-96f3-f7e5e1793c2c None None] Subscribe: > security_group after_update 55550000, False {{(pid=90811) subscribe /opt/stack/data/venv/lib/python3.12/site-packages/neutron_lib/callbacks/manager.py:52}}
Aug 20 00:51:43.240828 np0000007838 devstack@neutron-api.service[90809]: DEBUG neutron.api.extensions [None req-98d26022-ca0a-4d8d-9ca7-5ba5930e3d67 None None] Ext name="Resource timestamps" alias="standard-attr-timestamp" description="Adds created_at and updated_at fields to all Neutron resources that have Neutron standard attributes." updated="2016-09-12T10:00:00-00:00" {{(pid=90809) _check_extension /opt/stack/neutron/neutron/api/extensions.py:415}}
Aug 20 00:51:43.240973 np0000007838 devstack@neutron-api.service[90811]: DEBUG neutron_lib.callbacks.manager [None req-6ecbf0cf-0ca7-4277-96f3-f7e5e1793c2c None None] Subscribe: > security_group after_delete 55550000, False {{(pid=90811) subscribe /opt/stack/data/venv/lib/python3.12/site-packages/neutron_lib/callbacks/manager.py:52}}
Aug 20 00:51:43.241192 np0000007838 devstack@neutron-api.service[90809]: INFO neutron.api.extensions [None req-98d26022-ca0a-4d8d-9ca7-5ba5930e3d67 None None] Loaded extension: standard-attr-timestamp
Aug 20 00:51:43.241311 np0000007838 devstack@neutron-api.service[90811]: DEBUG neutron_lib.callbacks.manager [None req-6ecbf0cf-0ca7-4277-96f3-f7e5e1793c2c None None] Subscribe: > security_group_rule after_create 55550000, False {{(pid=90811) subscribe /opt/stack/data/venv/lib/python3.12/site-packages/neutron_lib/callbacks/manager.py:52}}
Aug 20 00:51:43.241482 np0000007838 devstack@neutron-api.service[90809]: DEBUG neutron.api.extensions [None req-98d26022-ca0a-4d8d-9ca7-5ba5930e3d67 None None] Loading extension file: trunk.py {{(pid=90809) _load_all_extensions_from_path /opt/stack/neutron/neutron/api/extensions.py:449}}
Aug 20 00:51:43.241621 np0000007838 devstack@neutron-api.service[90811]: DEBUG neutron_lib.callbacks.manager [None req-6ecbf0cf-0ca7-4277-96f3-f7e5e1793c2c None None] Subscribe: > security_group_rule after_update 55550000, False {{(pid=90811) subscribe /opt/stack/data/venv/lib/python3.12/site-packages/neutron_lib/callbacks/manager.py:52}}
Aug 20 00:51:43.241621 np0000007838 devstack@neutron-api.service[90811]: DEBUG neutron_lib.callbacks.manager [None req-6ecbf0cf-0ca7-4277-96f3-f7e5e1793c2c None None] Subscribe: > security_group_rule after_delete 55550000, False {{(pid=90811) subscribe /opt/stack/data/venv/lib/python3.12/site-packages/neutron_lib/callbacks/manager.py:52}}
Aug 20 00:51:43.241740 np0000007838 devstack@neutron-api.service[90809]: DEBUG neutron.api.extensions [None req-98d26022-ca0a-4d8d-9ca7-5ba5930e3d67 None None] Ext name="Trunk Extension" alias="trunk" description="Provides support for trunk ports" updated="2016-01-01T10:00:00-00:00" {{(pid=90809) _check_extension /opt/stack/neutron/neutron/api/extensions.py:415}}
Aug 20 00:51:43.241861 np0000007838 devstack@neutron-api.service[90811]: DEBUG neutron_lib.callbacks.manager [None req-6ecbf0cf-0ca7-4277-96f3-f7e5e1793c2c None None] Subscribe: > address_group after_create 55550000, False {{(pid=90811) subscribe /opt/stack/data/venv/lib/python3.12/site-packages/neutron_lib/callbacks/manager.py:52}}
Aug 20 00:51:43.242055 np0000007838 devstack@neutron-api.service[90809]: INFO neutron.api.extensions [None req-98d26022-ca0a-4d8d-9ca7-5ba5930e3d67 None None] Extension trunk not supported by any of loaded plugins
Aug 20 00:51:43.242159 np0000007838 devstack@neutron-api.service[90811]: DEBUG neutron_lib.callbacks.manager [None req-6ecbf0cf-0ca7-4277-96f3-f7e5e1793c2c None None] Subscribe: > address_group after_update 55550000, False {{(pid=90811) subscribe /opt/stack/data/venv/lib/python3.12/site-packages/neutron_lib/callbacks/manager.py:52}}
Aug 20 00:51:43.242270 np0000007838 devstack@neutron-api.service[90809]: DEBUG neutron.api.extensions [None req-98d26022-ca0a-4d8d-9ca7-5ba5930e3d67 None None] Loading extension file: trunk_details.py {{(pid=90809) _load_all_extensions_from_path /opt/stack/neutron/neutron/api/extensions.py:449}}
Aug 20 00:51:43.242527 np0000007838 devstack@neutron-api.service[90811]: DEBUG neutron_lib.callbacks.manager [None req-6ecbf0cf-0ca7-4277-96f3-f7e5e1793c2c None None] Subscribe: > address_group after_delete 55550000, False {{(pid=90811) subscribe /opt/stack/data/venv/lib/python3.12/site-packages/neutron_lib/callbacks/manager.py:52}}
Aug 20 00:51:43.242751 np0000007838 devstack@neutron-api.service[90809]: DEBUG neutron.api.extensions [None req-98d26022-ca0a-4d8d-9ca7-5ba5930e3d67 None None] Ext name="Trunk port details" alias="trunk-details" description="Expose trunk port details" updated="2016-01-01T10:00:00-00:00" {{(pid=90809) _check_extension /opt/stack/neutron/neutron/api/extensions.py:415}}
Aug 20 00:51:43.242956 np0000007838 devstack@neutron-api.service[90811]: DEBUG neutron.plugins.ml2.ovo_rpc [None req-6ecbf0cf-0ca7-4277-96f3-f7e5e1793c2c None None] ML2 OVO RPC backend initialized. {{(pid=90811) __init__ /opt/stack/neutron/neutron/plugins/ml2/ovo_rpc.py:117}}
Aug 20 00:51:43.243190 np0000007838 devstack@neutron-api.service[90809]: INFO neutron.api.extensions [None req-98d26022-ca0a-4d8d-9ca7-5ba5930e3d67 None None] Extension trunk-details not supported by any of loaded plugins
Aug 20 00:51:43.243190 np0000007838 devstack@neutron-api.service[90809]: DEBUG neutron.api.extensions [None req-98d26022-ca0a-4d8d-9ca7-5ba5930e3d67 None None] Loading extension file: uplink_status_propagation.py {{(pid=90809) _load_all_extensions_from_path /opt/stack/neutron/neutron/api/extensions.py:449}}
Aug 20 00:51:43.243190 np0000007838 devstack@neutron-api.service[90809]: DEBUG neutron.api.extensions [None req-98d26022-ca0a-4d8d-9ca7-5ba5930e3d67 None None] Ext name="Uplink status propagation extension" alias="uplink-status-propagation" description="Provides ability to propagate port uplink status." updated="2018-05-31T18:00:00-00:00" {{(pid=90809) _check_extension /opt/stack/neutron/neutron/api/extensions.py:415}}
Aug 20 00:51:43.243190 np0000007838 devstack@neutron-api.service[90809]: INFO neutron.api.extensions [None req-98d26022-ca0a-4d8d-9ca7-5ba5930e3d67 None None] Extension uplink-status-propagation not supported by any of loaded plugins
Aug 20 00:51:43.243190 np0000007838 devstack@neutron-api.service[90809]: DEBUG neutron.api.extensions [None req-98d26022-ca0a-4d8d-9ca7-5ba5930e3d67 None None] Loading extension file: uplink_status_propagation_updatable.py {{(pid=90809) _load_all_extensions_from_path /opt/stack/neutron/neutron/api/extensions.py:449}}
Aug 20 00:51:43.243549 np0000007838 devstack@neutron-api.service[90811]: INFO neutron.quota [None req-6ecbf0cf-0ca7-4277-96f3-f7e5e1793c2c None None] Loaded quota_driver: .
Aug 20 00:51:43.243549 np0000007838 devstack@neutron-api.service[90811]: INFO neutron.plugins.ml2.plugin [None req-6ecbf0cf-0ca7-4277-96f3-f7e5e1793c2c None None] Modular L2 Plugin initialization complete
Aug 20 00:51:43.243876 np0000007838 devstack@neutron-api.service[90809]: DEBUG neutron.api.extensions [None req-98d26022-ca0a-4d8d-9ca7-5ba5930e3d67 None None] Ext name="Uplink status propagation updatable extension" alias="uplink-status-propagation-updatable" description="Provides ability to update the port uplink status." updated="2024-09-03T18:00:00-00:00" {{(pid=90809) _check_extension /opt/stack/neutron/neutron/api/extensions.py:415}}
Aug 20 00:51:43.244131 np0000007838 devstack@neutron-api.service[90811]: DEBUG neutron.manager [None req-6ecbf0cf-0ca7-4277-96f3-f7e5e1793c2c None None] Loading services supported by the core plugin {{(pid=90811) _load_services_from_core_plugin /opt/stack/neutron/neutron/manager.py:167}}
Aug 20 00:51:43.244378 np0000007838 devstack@neutron-api.service[90809]: INFO neutron.api.extensions [None req-98d26022-ca0a-4d8d-9ca7-5ba5930e3d67 None None] Extension uplink-status-propagation-updatable not supported by any of loaded plugins
Aug 20 00:51:43.244607 np0000007838 devstack@neutron-api.service[90811]: INFO neutron.plugins.ml2.managers [None req-6ecbf0cf-0ca7-4277-96f3-f7e5e1793c2c None None] Got port-security extension from driver 'port_security'
Aug 20 00:51:43.244818 np0000007838 devstack@neutron-api.service[90809]: DEBUG neutron.api.extensions [None req-98d26022-ca0a-4d8d-9ca7-5ba5930e3d67 None None] Loading extension file: vlantransparent.py {{(pid=90809) _load_all_extensions_from_path /opt/stack/neutron/neutron/api/extensions.py:449}}
Aug 20 00:51:43.245014 np0000007838 devstack@neutron-api.service[90811]: DEBUG neutron.manager [None req-6ecbf0cf-0ca7-4277-96f3-f7e5e1793c2c None None] Loading service plugins: ['ovn-router', 'auto_allocate', 'tag', 'timestamp', 'network_ip_availability', 'flavors', 'revisions'] {{(pid=90811) _load_service_plugins /opt/stack/neutron/neutron/manager.py:192}}
Aug 20 00:51:43.245230 np0000007838 devstack@neutron-api.service[90809]: DEBUG neutron.api.extensions [None req-98d26022-ca0a-4d8d-9ca7-5ba5930e3d67 None None] Ext name="Vlantransparent" alias="vlan-transparent" description="Provides Vlan Transparent Networks" updated="2015-03-23T09:00:00-00:00" {{(pid=90809) _check_extension /opt/stack/neutron/neutron/api/extensions.py:415}}
Aug 20 00:51:43.245431 np0000007838 devstack@neutron-api.service[90811]: INFO neutron.manager [None req-6ecbf0cf-0ca7-4277-96f3-f7e5e1793c2c None None] Loading Plugin: ovn-router
Aug 20 00:51:43.245617 np0000007838 devstack@neutron-api.service[90809]: INFO neutron.api.extensions [None req-98d26022-ca0a-4d8d-9ca7-5ba5930e3d67 None None] Loaded extension: vlan-transparent
Aug 20 00:51:43.245617 np0000007838 devstack@neutron-api.service[90809]: INFO neutron.quota.resource_registry [None req-98d26022-ca0a-4d8d-9ca7-5ba5930e3d67 None None] Creating instance of TrackedResource for resource:network
Aug 20 00:51:43.245617 np0000007838 devstack@neutron-api.service[90809]: INFO neutron.quota.resource_registry [None req-98d26022-ca0a-4d8d-9ca7-5ba5930e3d67 None None] Creating instance of TrackedResource for resource:subnet
Aug 20 00:51:43.245617 np0000007838 devstack@neutron-api.service[90809]: INFO neutron.quota.resource_registry [None req-98d26022-ca0a-4d8d-9ca7-5ba5930e3d67 None None] Creating instance of TrackedResource for resource:subnetpool
Aug 20 00:51:43.245617 np0000007838 devstack@neutron-api.service[90809]: INFO neutron.quota.resource_registry [None req-98d26022-ca0a-4d8d-9ca7-5ba5930e3d67 None None] Creating instance of TrackedResource for resource:port
Aug 20 00:51:43.246238 np0000007838 devstack@neutron-api.service[90809]: INFO neutron.quota.resource_registry [None req-98d26022-ca0a-4d8d-9ca7-5ba5930e3d67 None None] Creating instance of CountableResource for resource:router_route
Aug 20 00:51:43.246473 np0000007838 devstack@neutron-api.service[90809]: DEBUG neutron.api.v2.resource_helper [None req-98d26022-ca0a-4d8d-9ca7-5ba5930e3d67 None None] Service L3_ROUTER_NAT assigned prefix: {{(pid=90809) build_resource_info /opt/stack/neutron/neutron/api/v2/resource_helper.py:77}}
Aug 20 00:51:43.247323 np0000007838 devstack@neutron-api.service[90809]: DEBUG neutron.api.v2.resource_helper [None req-98d26022-ca0a-4d8d-9ca7-5ba5930e3d67 None None] Service FLAVORS assigned prefix: {{(pid=90809) build_resource_info /opt/stack/neutron/neutron/api/v2/resource_helper.py:77}}
Aug 20 00:51:43.248594 np0000007838 devstack@neutron-api.service[90809]: DEBUG neutron.api.v2.resource_helper [None req-98d26022-ca0a-4d8d-9ca7-5ba5930e3d67 None None] Service L3_ROUTER_NAT assigned prefix: {{(pid=90809) build_resource_info /opt/stack/neutron/neutron/api/v2/resource_helper.py:77}}
Aug 20 00:51:43.249466 np0000007838 devstack@neutron-api.service[90809]: DEBUG neutron.api.v2.resource_helper [None req-98d26022-ca0a-4d8d-9ca7-5ba5930e3d67 None None] Service L3_ROUTER_NAT assigned prefix: {{(pid=90809) build_resource_info /opt/stack/neutron/neutron/api/v2/resource_helper.py:77}}
Aug 20 00:51:43.249466 np0000007838 devstack@neutron-api.service[90809]: INFO neutron.quota.resource_registry [None req-98d26022-ca0a-4d8d-9ca7-5ba5930e3d67 None None] Creating instance of TrackedResource for resource:router
Aug 20 00:51:43.250101 np0000007838 devstack@neutron-api.service[90809]: INFO neutron.quota.resource_registry [None req-98d26022-ca0a-4d8d-9ca7-5ba5930e3d67 None None] Creating instance of TrackedResource for resource:floatingip
Aug 20 00:51:43.251422 np0000007838 devstack@neutron-api.service[90809]: INFO neutron.quota.resource_registry [None req-98d26022-ca0a-4d8d-9ca7-5ba5930e3d67 None None] Creating instance of CountableResource for resource:rbac_policy
Aug 20 00:51:43.252045 np0000007838 devstack@neutron-api.service[90809]: INFO neutron.quota.resource_registry [None req-98d26022-ca0a-4d8d-9ca7-5ba5930e3d67 None None] Creating instance of TrackedResource for resource:security_group
Aug 20 00:51:43.252545 np0000007838 devstack@neutron-api.service[90809]: INFO neutron.quota.resource_registry [None req-98d26022-ca0a-4d8d-9ca7-5ba5930e3d67 None None] Creating instance of TrackedResource for resource:security_group_rule
Aug 20 00:51:43.253214 np0000007838 devstack@neutron-api.service[90809]: DEBUG neutron.api.v2.resource_helper [None req-98d26022-ca0a-4d8d-9ca7-5ba5930e3d67 None None] Service CORE assigned prefix: {{(pid=90809) build_resource_info /opt/stack/neutron/neutron/api/v2/resource_helper.py:77}}
Aug 20 00:51:43.253684 np0000007838 devstack@neutron-api.service[90809]: INFO neutron.quota.resource_registry [None req-98d26022-ca0a-4d8d-9ca7-5ba5930e3d67 None None] Creating instance of TrackedResource for resource:subnetpool
Aug 20 00:51:43.253684 np0000007838 devstack@neutron-api.service[90809]: WARNING neutron.quota.resource_registry [None req-98d26022-ca0a-4d8d-9ca7-5ba5930e3d67 None None] subnetpool is already registered
Aug 20 00:51:43.254085 np0000007838 devstack@neutron-api.service[90809]: DEBUG neutron.api.v2.resource_helper [None req-98d26022-ca0a-4d8d-9ca7-5ba5930e3d67 None None] Service CORE assigned prefix: {{(pid=90809) build_resource_info /opt/stack/neutron/neutron/api/v2/resource_helper.py:77}}
Aug 20 00:51:43.254261 np0000007838 devstack@neutron-api.service[90809]: INFO neutron.quota.resource_registry [None req-98d26022-ca0a-4d8d-9ca7-5ba5930e3d67 None None] Creating instance of TrackedResource for resource:subnetpool
Aug 20 00:51:43.254508 np0000007838 devstack@neutron-api.service[90809]: WARNING neutron.quota.resource_registry [None req-98d26022-ca0a-4d8d-9ca7-5ba5930e3d67 None None] subnetpool is already registered
Aug 20 00:51:43.254970 np0000007838 devstack@neutron-api.service[90811]: DEBUG neutron_lib.callbacks.manager [None req-6ecbf0cf-0ca7-4277-96f3-f7e5e1793c2c None None] Subscribe: > router before_delete 55550000, False {{(pid=90811) subscribe /opt/stack/data/venv/lib/python3.12/site-packages/neutron_lib/callbacks/manager.py:52}}
Aug 20 00:51:43.255240 np0000007838 devstack@neutron-api.service[90811]: DEBUG neutron_lib.callbacks.manager [None req-6ecbf0cf-0ca7-4277-96f3-f7e5e1793c2c None None] Subscribe: port before_update 55550000, False {{(pid=90811) subscribe /opt/stack/data/venv/lib/python3.12/site-packages/neutron_lib/callbacks/manager.py:52}}
Aug 20 00:51:43.255240 np0000007838 devstack@neutron-api.service[90811]: DEBUG neutron_lib.callbacks.manager [None req-6ecbf0cf-0ca7-4277-96f3-f7e5e1793c2c None None] Subscribe: port after_update 55550000, False {{(pid=90811) subscribe /opt/stack/data/venv/lib/python3.12/site-packages/neutron_lib/callbacks/manager.py:52}}
Aug 20 00:51:43.255539 np0000007838 devstack@neutron-api.service[90811]: DEBUG neutron_lib.callbacks.manager [None req-6ecbf0cf-0ca7-4277-96f3-f7e5e1793c2c None None] Subscribe: > port precommit_delete 55550000, False {{(pid=90811) subscribe /opt/stack/data/venv/lib/python3.12/site-packages/neutron_lib/callbacks/manager.py:52}}
Aug 20 00:51:43.255539 np0000007838 devstack@neutron-api.service[90811]: DEBUG neutron_lib.callbacks.manager [None req-6ecbf0cf-0ca7-4277-96f3-f7e5e1793c2c None None] Subscribe: port before_update 55550000, False {{(pid=90811) subscribe /opt/stack/data/venv/lib/python3.12/site-packages/neutron_lib/callbacks/manager.py:52}}
Aug 20 00:51:43.255891 np0000007838 devstack@neutron-api.service[90811]: DEBUG neutron_lib.callbacks.manager [None req-6ecbf0cf-0ca7-4277-96f3-f7e5e1793c2c None None] Subscribe: port before_delete 55550000, False {{(pid=90811) subscribe /opt/stack/data/venv/lib/python3.12/site-packages/neutron_lib/callbacks/manager.py:52}}
Aug 20 00:51:43.255891 np0000007838 devstack@neutron-api.service[90811]: DEBUG neutron_lib.callbacks.manager [None req-6ecbf0cf-0ca7-4277-96f3-f7e5e1793c2c None None] Subscribe: > router precommit_create 55550000, False {{(pid=90811) subscribe /opt/stack/data/venv/lib/python3.12/site-packages/neutron_lib/callbacks/manager.py:52}}
Aug 20 00:51:43.256173 np0000007838 devstack@neutron-api.service[90811]: DEBUG neutron_lib.callbacks.manager [None req-6ecbf0cf-0ca7-4277-96f3-f7e5e1793c2c None None] Subscribe: > router precommit_create 55550000, False {{(pid=90811) subscribe /opt/stack/data/venv/lib/python3.12/site-packages/neutron_lib/callbacks/manager.py:52}}
Aug 20 00:51:43.256173 np0000007838 devstack@neutron-api.service[90811]: DEBUG neutron_lib.callbacks.manager [None req-6ecbf0cf-0ca7-4277-96f3-f7e5e1793c2c None None] Subscribe: > router precommit_update 55550000, False {{(pid=90811) subscribe /opt/stack/data/venv/lib/python3.12/site-packages/neutron_lib/callbacks/manager.py:52}}
Aug 20 00:51:43.256419 np0000007838 devstack@neutron-api.service[90811]: DEBUG neutron_lib.callbacks.manager [None req-6ecbf0cf-0ca7-4277-96f3-f7e5e1793c2c None None] Subscribe: subnet after_update 55550000, False {{(pid=90811) subscribe /opt/stack/data/venv/lib/python3.12/site-packages/neutron_lib/callbacks/manager.py:52}}
Aug 20 00:51:43.256658 np0000007838 devstack@neutron-api.service[90811]: DEBUG neutron.quota.resource_registry [None req-6ecbf0cf-0ca7-4277-96f3-f7e5e1793c2c None None] Tracking information for resource: router configured {{(pid=90811) set_tracked_resource /opt/stack/neutron/neutron/quota/resource_registry.py:203}}
Aug 20 00:51:43.256658 np0000007838 devstack@neutron-api.service[90811]: DEBUG neutron.quota.resource_registry [None req-6ecbf0cf-0ca7-4277-96f3-f7e5e1793c2c None None] Tracking information for resource: floatingip configured {{(pid=90811) set_tracked_resource /opt/stack/neutron/neutron/quota/resource_registry.py:203}}
Aug 20 00:51:43.256992 np0000007838 devstack@neutron-api.service[90811]: INFO neutron.services.ovn_l3.plugin [None req-6ecbf0cf-0ca7-4277-96f3-f7e5e1793c2c None None] Starting OVNL3RouterPlugin
Aug 20 00:51:43.257289 np0000007838 devstack@neutron-api.service[90811]: DEBUG neutron_lib.callbacks.manager [None req-6ecbf0cf-0ca7-4277-96f3-f7e5e1793c2c None None] Subscribe: > port_forwarding_plugin after_init 55550000, False {{(pid=90811) subscribe /opt/stack/data/venv/lib/python3.12/site-packages/neutron_lib/callbacks/manager.py:52}}
Aug 20 00:51:43.257504 np0000007838 devstack@neutron-api.service[90811]: DEBUG neutron_lib.callbacks.manager [None req-6ecbf0cf-0ca7-4277-96f3-f7e5e1793c2c None None] Subscribe: > router before_create 55550100, False {{(pid=90811) subscribe /opt/stack/data/venv/lib/python3.12/site-packages/neutron_lib/callbacks/manager.py:52}}
Aug 20 00:51:43.257720 np0000007838 devstack@neutron-api.service[90809]: INFO neutron.quota.resource_registry [None req-98d26022-ca0a-4d8d-9ca7-5ba5930e3d67 None None] Creating instance of CountableResource for resource:router_route
Aug 20 00:51:43.257859 np0000007838 devstack@neutron-api.service[90811]: DEBUG neutron_lib.callbacks.manager [None req-6ecbf0cf-0ca7-4277-96f3-f7e5e1793c2c None None] Subscribe: > router precommit_delete 55550100, False {{(pid=90811) subscribe /opt/stack/data/venv/lib/python3.12/site-packages/neutron_lib/callbacks/manager.py:52}}
Aug 20 00:51:43.258041 np0000007838 devstack@neutron-api.service[90809]: WARNING neutron.quota.resource_registry [None req-98d26022-ca0a-4d8d-9ca7-5ba5930e3d67 None None] router_route is already registered
Aug 20 00:51:43.258239 np0000007838 devstack@neutron-api.service[90811]: DEBUG neutron_lib.callbacks.manager [None req-6ecbf0cf-0ca7-4277-96f3-f7e5e1793c2c None None] Subscribe: > router precommit_create 55550100, False {{(pid=90811) subscribe /opt/stack/data/venv/lib/python3.12/site-packages/neutron_lib/callbacks/manager.py:52}}
Aug 20 00:51:43.258485 np0000007838 devstack@neutron-api.service[90809]: DEBUG neutron.api.v2.resource_helper [None req-98d26022-ca0a-4d8d-9ca7-5ba5930e3d67 None None] Service L3_ROUTER_NAT assigned prefix: {{(pid=90809) build_resource_info /opt/stack/neutron/neutron/api/v2/resource_helper.py:77}}
Aug 20 00:51:43.258625 np0000007838 devstack@neutron-api.service[90811]: DEBUG neutron_lib.callbacks.manager [None req-6ecbf0cf-0ca7-4277-96f3-f7e5e1793c2c None None] Subscribe: > router precommit_update 55550100, False {{(pid=90811) subscribe /opt/stack/data/venv/lib/python3.12/site-packages/neutron_lib/callbacks/manager.py:52}}
Aug 20 00:51:43.258799 np0000007838 devstack@neutron-api.service[90809]: DEBUG neutron.api.v2.resource_helper [None req-98d26022-ca0a-4d8d-9ca7-5ba5930e3d67 None None] Service FLAVORS assigned prefix: {{(pid=90809) build_resource_info /opt/stack/neutron/neutron/api/v2/resource_helper.py:77}}
Aug 20 00:51:43.259260 np0000007838 devstack@neutron-api.service[90809]: DEBUG neutron.api.v2.resource_helper [None req-98d26022-ca0a-4d8d-9ca7-5ba5930e3d67 None None] Service L3_ROUTER_NAT assigned prefix: {{(pid=90809) build_resource_info /opt/stack/neutron/neutron/api/v2/resource_helper.py:77}}
Aug 20 00:51:43.259815 np0000007838 devstack@neutron-api.service[90809]: DEBUG neutron.api.v2.resource_helper [None req-98d26022-ca0a-4d8d-9ca7-5ba5930e3d67 None None] Service L3_ROUTER_NAT assigned prefix: {{(pid=90809) build_resource_info /opt/stack/neutron/neutron/api/v2/resource_helper.py:77}}
Aug 20 00:51:43.260066 np0000007838 devstack@neutron-api.service[90809]: INFO neutron.quota.resource_registry [None req-98d26022-ca0a-4d8d-9ca7-5ba5930e3d67 None None] Creating instance of TrackedResource for resource:router
Aug 20 00:51:43.260066 np0000007838 devstack@neutron-api.service[90809]: WARNING neutron.quota.resource_registry [None req-98d26022-ca0a-4d8d-9ca7-5ba5930e3d67 None None] router is already registered
Aug 20 00:51:43.260636 np0000007838 devstack@neutron-api.service[90809]: INFO neutron.quota.resource_registry [None req-98d26022-ca0a-4d8d-9ca7-5ba5930e3d67 None None] Creating instance of TrackedResource for resource:floatingip
Aug 20 00:51:43.260636 np0000007838 devstack@neutron-api.service[90809]: WARNING neutron.quota.resource_registry [None req-98d26022-ca0a-4d8d-9ca7-5ba5930e3d67 None None] floatingip is already registered
Aug 20 00:51:43.262113 np0000007838 devstack@neutron-api.service[90809]: INFO neutron.quota.resource_registry [None req-98d26022-ca0a-4d8d-9ca7-5ba5930e3d67 None None] Creating instance of CountableResource for resource:rbac_policy
Aug 20 00:51:43.262279 np0000007838 devstack@neutron-api.service[90809]: WARNING neutron.quota.resource_registry [None req-98d26022-ca0a-4d8d-9ca7-5ba5930e3d67 None None] rbac_policy is already registered
Aug 20 00:51:43.262873 np0000007838 devstack@neutron-api.service[90809]: INFO neutron.quota.resource_registry [None req-98d26022-ca0a-4d8d-9ca7-5ba5930e3d67 None None] Creating instance of TrackedResource for resource:security_group
Aug 20 00:51:43.263119 np0000007838 devstack@neutron-api.service[90809]: WARNING neutron.quota.resource_registry [None req-98d26022-ca0a-4d8d-9ca7-5ba5930e3d67 None None] security_group is already registered
Aug 20 00:51:43.263362 np0000007838 devstack@neutron-api.service[90811]: DEBUG neutron.services.provider_configuration [None req-6ecbf0cf-0ca7-4277-96f3-f7e5e1793c2c None None] Service providers = [] {{(pid=90811) parse_service_provider_opt /opt/stack/neutron/neutron/services/provider_configuration.py:170}}
Aug 20 00:51:43.263362 np0000007838 devstack@neutron-api.service[90811]: DEBUG neutron.db.servicetype_db [None req-6ecbf0cf-0ca7-4277-96f3-f7e5e1793c2c None None] Adding provider configuration for service L3_ROUTER_NAT {{(pid=90811) add_provider_configuration /opt/stack/neutron/neutron/db/servicetype_db.py:45}}
Aug 20 00:51:43.263565 np0000007838 devstack@neutron-api.service[90809]: INFO neutron.quota.resource_registry [None req-98d26022-ca0a-4d8d-9ca7-5ba5930e3d67 None None] Creating instance of TrackedResource for resource:security_group_rule
Aug 20 00:51:43.263737 np0000007838 devstack@neutron-api.service[90809]: WARNING neutron.quota.resource_registry [None req-98d26022-ca0a-4d8d-9ca7-5ba5930e3d67 None None] security_group_rule is already registered
Aug 20 00:51:43.264423 np0000007838 devstack@neutron-api.service[90809]: DEBUG neutron.api.v2.resource_helper [None req-98d26022-ca0a-4d8d-9ca7-5ba5930e3d67 None None] Service CORE assigned prefix: {{(pid=90809) build_resource_info /opt/stack/neutron/neutron/api/v2/resource_helper.py:77}}
Aug 20 00:51:43.264423 np0000007838 devstack@neutron-api.service[90809]: INFO neutron.quota.resource_registry [None req-98d26022-ca0a-4d8d-9ca7-5ba5930e3d67 None None] Creating instance of TrackedResource for resource:subnetpool
Aug 20 00:51:43.265052 np0000007838 devstack@neutron-api.service[90809]: WARNING neutron.quota.resource_registry [None req-98d26022-ca0a-4d8d-9ca7-5ba5930e3d67 None None] subnetpool is already registered
Aug 20 00:51:43.265714 np0000007838 devstack@neutron-api.service[90811]: DEBUG neutron_lib.callbacks.manager [None req-6ecbf0cf-0ca7-4277-96f3-f7e5e1793c2c None None] Subscribe: > router precommit_create 55549900, False {{(pid=90811) subscribe /opt/stack/data/venv/lib/python3.12/site-packages/neutron_lib/callbacks/manager.py:52}}
Aug 20 00:51:43.266054 np0000007838 devstack@neutron-api.service[90809]: DEBUG neutron.api.v2.resource_helper [None req-98d26022-ca0a-4d8d-9ca7-5ba5930e3d67 None None] Service CORE assigned prefix: {{(pid=90809) build_resource_info /opt/stack/neutron/neutron/api/v2/resource_helper.py:77}}
Aug 20 00:51:43.266191 np0000007838 devstack@neutron-api.service[90811]: DEBUG neutron_lib.callbacks.manager [None req-6ecbf0cf-0ca7-4277-96f3-f7e5e1793c2c None None] Subscribe: > router_interface after_create 55550000, False {{(pid=90811) subscribe /opt/stack/data/venv/lib/python3.12/site-packages/neutron_lib/callbacks/manager.py:52}}
Aug 20 00:51:43.266590 np0000007838 devstack@neutron-api.service[90809]: INFO neutron.quota.resource_registry [None req-98d26022-ca0a-4d8d-9ca7-5ba5930e3d67 None None] Creating instance of TrackedResource for resource:subnetpool
Aug 20 00:51:43.266885 np0000007838 devstack@neutron-api.service[90811]: DEBUG neutron_lib.callbacks.manager [None req-6ecbf0cf-0ca7-4277-96f3-f7e5e1793c2c None None] Subscribe: > floatingip after_create 55550000, False {{(pid=90811) subscribe /opt/stack/data/venv/lib/python3.12/site-packages/neutron_lib/callbacks/manager.py:52}}
Aug 20 00:51:43.267219 np0000007838 devstack@neutron-api.service[90809]: WARNING neutron.quota.resource_registry [None req-98d26022-ca0a-4d8d-9ca7-5ba5930e3d67 None None] subnetpool is already registered
Aug 20 00:51:43.267451 np0000007838 devstack@neutron-api.service[90811]: DEBUG neutron_lib.callbacks.manager [None req-6ecbf0cf-0ca7-4277-96f3-f7e5e1793c2c None None] Subscribe: > floatingip precommit_create 55550000, False {{(pid=90811) subscribe /opt/stack/data/venv/lib/python3.12/site-packages/neutron_lib/callbacks/manager.py:52}}
Aug 20 00:51:43.267451 np0000007838 devstack@neutron-api.service[90811]: DEBUG neutron_lib.callbacks.manager [None req-6ecbf0cf-0ca7-4277-96f3-f7e5e1793c2c None None] Subscribe: > floatingip precommit_update 55550000, False {{(pid=90811) subscribe /opt/stack/data/venv/lib/python3.12/site-packages/neutron_lib/callbacks/manager.py:52}}
Aug 20 00:51:43.267451 np0000007838 devstack@neutron-api.service[90811]: DEBUG neutron_lib.callbacks.manager [None req-6ecbf0cf-0ca7-4277-96f3-f7e5e1793c2c None None] Subscribe: > floatingip after_delete 55550000, False {{(pid=90811) subscribe /opt/stack/data/venv/lib/python3.12/site-packages/neutron_lib/callbacks/manager.py:52}}
Aug 20 00:51:43.267451 np0000007838 devstack@neutron-api.service[90811]: DEBUG neutron_lib.callbacks.manager [None req-6ecbf0cf-0ca7-4277-96f3-f7e5e1793c2c None None] Subscribe: > floatingip after_status_update 55550000, False {{(pid=90811) subscribe /opt/stack/data/venv/lib/python3.12/site-packages/neutron_lib/callbacks/manager.py:52}}
Aug 20 00:51:43.267910 np0000007838 devstack@neutron-api.service[90809]: DEBUG neutron.api.extensions [None req-98d26022-ca0a-4d8d-9ca7-5ba5930e3d67 None None] Extended resource: extensions {{(pid=90809) __init__ /opt/stack/neutron/neutron/api/extensions.py:156}}
Aug 20 00:51:43.268581 np0000007838 devstack@neutron-api.service[90811]: DEBUG neutron_lib.callbacks.manager [None req-6ecbf0cf-0ca7-4277-96f3-f7e5e1793c2c None None] Subscribe: > floatingip after_update 55550000, False {{(pid=90811) subscribe /opt/stack/data/venv/lib/python3.12/site-packages/neutron_lib/callbacks/manager.py:52}}
Aug 20 00:51:43.268581 np0000007838 devstack@neutron-api.service[90811]: DEBUG neutron_lib.callbacks.manager [None req-6ecbf0cf-0ca7-4277-96f3-f7e5e1793c2c None None] Subscribe: > port_forwarding after_create 55550000, False {{(pid=90811) subscribe /opt/stack/data/venv/lib/python3.12/site-packages/neutron_lib/callbacks/manager.py:52}}
Aug 20 00:51:43.268581 np0000007838 devstack@neutron-api.service[90811]: DEBUG neutron_lib.callbacks.manager [None req-6ecbf0cf-0ca7-4277-96f3-f7e5e1793c2c None None] Subscribe: > router_interface after_delete 55550000, False {{(pid=90811) subscribe /opt/stack/data/venv/lib/python3.12/site-packages/neutron_lib/callbacks/manager.py:52}}
