Jul 09 09:52:06.438643 np0000004871 devstack@neutron-api.service[87400]: DEBUG neutron.plugins.ml2.drivers.ovn.mech_driver.ovsdb.ovsdb_monitor [None req-6aa154c8-e20d-4b68-b3a4-1da1d0311e8c None None] Hash Ring: Node fd276dea49f45f6f81f8ed9eba57fc1b (host: np0000004871) handling event "update" for row 460f130b-6471-44be-8225-95beffec610f (table: Logical_Switch) {{(pid=87400) notify /opt/stack/neutron/neutron/plugins/ml2/drivers/ovn/mech_driver/ovsdb/ovsdb_monitor.py:1030}}
Jul 09 09:52:06.440919 np0000004871 devstack@neutron-api.service[87398]: DEBUG neutron.plugins.ml2.drivers.ovn.mech_driver.ovsdb.ovsdb_monitor [None req-e08cfe3c-49aa-45b5-b55e-d4ba954ab0a8 None None] Hash Ring: Node 1f755ec9d7b059e3a585ba70e12fef5a (host: np0000004871) handling event "create" for row 9a24548d-47df-4a7b-8b97-700872abcca6 (table: Logical_Switch_Port) {{(pid=87398) notify /opt/stack/neutron/neutron/plugins/ml2/drivers/ovn/mech_driver/ovsdb/ovsdb_monitor.py:1030}}
Jul 09 09:52:06.442613 np0000004871 devstack@neutron-api.service[87398]: DEBUG neutron.db.ovn_revision_numbers_db [None req-1b3a2891-73ad-47f6-9558-e503791a8eed admin admin] create_initial_revision uuid=c121b1cd-1b7f-4ec2-94b4-cbaaf8d3ca0a, type=security_group_rules, rev=-1 {{(pid=87398) create_initial_revision /opt/stack/neutron/neutron/db/ovn_revision_numbers_db.py:98}}
Jul 09 09:52:06.443217 np0000004871 devstack@neutron-api.service[87400]: DEBUG neutron.plugins.ml2.drivers.ovn.mech_driver.ovsdb.ovsdb_monitor [None req-d3cb3b4f-4c90-413e-ac3b-d97646d0a653 None None] Hash Ring: Node fd276dea49f45f6f81f8ed9eba57fc1b (host: np0000004871) handling event "create" for row b0d56ab0-9c54-4c04-b525-baf10be54bc7 (table: Port_Binding) {{(pid=87400) notify /opt/stack/neutron/neutron/plugins/ml2/drivers/ovn/mech_driver/ovsdb/ovsdb_monitor.py:1030}}
Jul 09 09:52:06.444158 np0000004871 devstack@neutron-api.service[87398]: DEBUG ovsdbapp.backend.ovs_idl.event [None req-e08cfe3c-49aa-45b5-b55e-d4ba954ab0a8 None None] Matched CREATE: LogicalSwitchPortCreateEvent(events=('create',), table='Logical_Switch_Port', conditions=[], old_conditions=None), priority=20 to row=Logical_Switch_Port(uuid=9a24548d-47df-4a7b-8b97-700872abcca6, addresses=['fa:16:3e:24:40:e1'], dhcpv4_options=[], dhcpv6_options=[], dynamic_addresses=[], enabled=True, external_ids={'neutron:cidrs': '', 'neutron:device_id': 'ovnmeta-460f130b-6471-44be-8225-95beffec610f', 'neutron:device_owner': 'network:distributed', 'neutron:mtu': '1372', 'neutron:network_name': 'neutron-460f130b-6471-44be-8225-95beffec610f', 'neutron:port_capabilities': '', 'neutron:port_name': '', 'neutron:project_id': 'db212f06328e40739c462e2ffee132a5', 'neutron:revision_number': '1', 'neutron:security_group_ids': '', 'neutron:subnet_pool_addr_scope4': '', 'neutron:subnet_pool_addr_scope6': '', 'neutron:vnic_type': 'normal'}, ha_chassis_group=[], mirror_rules=[], name='19a2b2da-f7a9-4991-af83-7f2d94f30f80', options={}, parent_name=[], port_security=[], tag=[], tag_request=[], type='localport', up=[]) old= {{(pid=87398) matches /opt/stack/data/venv/lib/python3.12/site-packages/ovsdbapp/backend/ovs_idl/event.py:55}}
Jul 09 09:52:06.445618 np0000004871 devstack@neutron-api.service[87398]: INFO neutron.plugins.ml2.drivers.ovn.mech_driver.mech_driver [None req-aaf65e02-c0bc-4bb4-8afa-dcfd335a4ee1 None None] OVN reports status down for port: 19a2b2da-f7a9-4991-af83-7f2d94f30f80
Jul 09 09:52:06.446195 np0000004871 devstack@neutron-api.service[87398]: DEBUG neutron.db.ovn_revision_numbers_db [None req-1b3a2891-73ad-47f6-9558-e503791a8eed admin admin] create_initial_revision uuid=e6c7ac27-f8cc-4f1a-bdb0-6bedcb042fd5, type=security_group_rules, rev=-1 {{(pid=87398) create_initial_revision /opt/stack/neutron/neutron/db/ovn_revision_numbers_db.py:98}}
Jul 09 09:52:06.447517 np0000004871 devstack@neutron-api.service[87398]: DEBUG neutron.plugins.ml2.drivers.ovn.mech_driver.ovsdb.ovsdb_monitor [None req-e08cfe3c-49aa-45b5-b55e-d4ba954ab0a8 None None] Hash Ring: Node 1f755ec9d7b059e3a585ba70e12fef5a (host: np0000004871) handling event "update" for row 9a24548d-47df-4a7b-8b97-700872abcca6 (table: Logical_Switch_Port) {{(pid=87398) notify /opt/stack/neutron/neutron/plugins/ml2/drivers/ovn/mech_driver/ovsdb/ovsdb_monitor.py:1030}}
Jul 09 09:52:06.448363 np0000004871 devstack@neutron-api.service[87398]: DEBUG neutron.db.ovn_revision_numbers_db [None req-1b3a2891-73ad-47f6-9558-e503791a8eed admin admin] create_initial_revision uuid=f32fb862-684c-4659-aa17-bc566fc8319f, type=security_group_rules, rev=-1 {{(pid=87398) create_initial_revision /opt/stack/neutron/neutron/db/ovn_revision_numbers_db.py:98}}
Jul 09 09:52:06.453502 np0000004871 devstack@neutron-api.service[87398]: DEBUG neutron_lib.callbacks.manager [None req-1b3a2891-73ad-47f6-9558-e503791a8eed admin admin] Publish callbacks ['neutron.plugins.ml2.drivers.ovn.mech_driver.mech_driver.OVNMechanismDriver._create_security_group-840856', 'neutron.plugins.ml2.ovo_rpc._ObjectChangeHandler.handle_event-3857853'] for security_group (ea082118-ee1c-4ea9-b04a-44924e757580), after_create {{(pid=87398) _notify_loop /opt/stack/data/venv/lib/python3.12/site-packages/neutron_lib/callbacks/manager.py:184}}
Jul 09 09:52:06.454445 np0000004871 devstack@neutron-api.service[87400]: DEBUG neutron.plugins.ml2.drivers.ovn.mech_driver.mech_driver [None req-f38b184d-ecb2-4313-be1f-2558e8d05c5f admin admin] Validating network segment with type geneve, segmentation ID 44216, physical network None {{(pid=87400) _validate_network_segments /opt/stack/neutron/neutron/plugins/ml2/drivers/ovn/mech_driver/mech_driver.py:646}}
Jul 09 09:52:06.454621 np0000004871 devstack@neutron-api.service[87400]: DEBUG neutron.db.ovn_revision_numbers_db [None req-f38b184d-ecb2-4313-be1f-2558e8d05c5f admin admin] create_initial_revision uuid=e195e0ca-8e62-4185-8c06-e0f89e29e0ba, type=networks, rev=-1 {{(pid=87400) create_initial_revision /opt/stack/neutron/neutron/db/ovn_revision_numbers_db.py:98}}
Jul 09 09:52:06.460538 np0000004871 devstack@neutron-api.service[87398]: DEBUG ovsdbapp.backend.ovs_idl.transaction [None req-e08cfe3c-49aa-45b5-b55e-d4ba954ab0a8 None None] Running txn n=1 command(idx=0): PgAddCommand(_result=None, name=pg_ea082118_ee1c_4ea9_b04a_44924e757580, may_exist=False, columns={'acls': [], 'external_ids': {'neutron:security_group_id': 'ea082118-ee1c-4ea9-b04a-44924e757580'}}) {{(pid=87398) do_commit /opt/stack/data/venv/lib/python3.12/site-packages/ovsdbapp/backend/ovs_idl/transaction.py:89}}
Jul 09 09:52:06.461050 np0000004871 devstack@neutron-api.service[87398]: DEBUG ovsdbapp.backend.ovs_idl.transaction [None req-e08cfe3c-49aa-45b5-b55e-d4ba954ab0a8 None None] Running txn n=1 command(idx=1): PgAclAddCommand(_result=None, entity=pg_ea082118_ee1c_4ea9_b04a_44924e757580, direction=from-lport, priority=1002, match=inport == @pg_ea082118_ee1c_4ea9_b04a_44924e757580 && ip4, action=allow-related, log=False, may_exist=True, severity=[], name=[], meter=[], external_ids={'neutron:security_group_rule_id': '950061fc-2e1e-4118-bdb8-34e9600f8efa'}) {{(pid=87398) do_commit /opt/stack/data/venv/lib/python3.12/site-packages/ovsdbapp/backend/ovs_idl/transaction.py:89}}
Jul 09 09:52:06.461553 np0000004871 devstack@neutron-api.service[87398]: DEBUG ovsdbapp.backend.ovs_idl.transaction [None req-e08cfe3c-49aa-45b5-b55e-d4ba954ab0a8 None None] Running txn n=1 command(idx=2): PgAclAddCommand(_result=None, entity=pg_ea082118_ee1c_4ea9_b04a_44924e757580, direction=to-lport, priority=1002, match=outport == @pg_ea082118_ee1c_4ea9_b04a_44924e757580 && ip6 && ip6.src == $pg_ea082118_ee1c_4ea9_b04a_44924e757580_ip6, action=allow-related, log=False, may_exist=True, severity=[], name=[], meter=[], external_ids={'neutron:security_group_rule_id': 'c121b1cd-1b7f-4ec2-94b4-cbaaf8d3ca0a'}) {{(pid=87398) do_commit /opt/stack/data/venv/lib/python3.12/site-packages/ovsdbapp/backend/ovs_idl/transaction.py:89}}
Jul 09 09:52:06.461818 np0000004871 devstack@neutron-api.service[87399]: INFO neutron.db.ovn_revision_numbers_db [None req-3b356fed-d862-41a5-8eac-241e554a4678 admin admin] Successfully bumped revision number for resource 19a2b2da-f7a9-4991-af83-7f2d94f30f80 (type: ports) to 1
Jul 09 09:52:06.462193 np0000004871 devstack@neutron-api.service[87398]: DEBUG ovsdbapp.backend.ovs_idl.transaction [None req-e08cfe3c-49aa-45b5-b55e-d4ba954ab0a8 None None] Running txn n=1 command(idx=3): PgAclAddCommand(_result=None, entity=pg_ea082118_ee1c_4ea9_b04a_44924e757580, direction=to-lport, priority=1002, match=outport == @pg_ea082118_ee1c_4ea9_b04a_44924e757580 && ip4 && ip4.src == $pg_ea082118_ee1c_4ea9_b04a_44924e757580_ip4, action=allow-related, log=False, may_exist=True, severity=[], name=[], meter=[], external_ids={'neutron:security_group_rule_id': 'e6c7ac27-f8cc-4f1a-bdb0-6bedcb042fd5'}) {{(pid=87398) do_commit /opt/stack/data/venv/lib/python3.12/site-packages/ovsdbapp/backend/ovs_idl/transaction.py:89}}
Jul 09 09:52:06.462540 np0000004871 devstack@neutron-api.service[87398]: DEBUG ovsdbapp.backend.ovs_idl.transaction [None req-e08cfe3c-49aa-45b5-b55e-d4ba954ab0a8 None None] Running txn n=1 command(idx=4): PgAclAddCommand(_result=None, entity=pg_ea082118_ee1c_4ea9_b04a_44924e757580, direction=from-lport, priority=1002, match=inport == @pg_ea082118_ee1c_4ea9_b04a_44924e757580 && ip6, action=allow-related, log=False, may_exist=True, severity=[], name=[], meter=[], external_ids={'neutron:security_group_rule_id': 'f32fb862-684c-4659-aa17-bc566fc8319f'}) {{(pid=87398) do_commit /opt/stack/data/venv/lib/python3.12/site-packages/ovsdbapp/backend/ovs_idl/transaction.py:89}}
Jul 09 09:52:06.470172 np0000004871 devstack@neutron-api.service[87398]: DEBUG neutron.plugins.ml2.drivers.ovn.mech_driver.ovsdb.ovsdb_monitor [None req-e08cfe3c-49aa-45b5-b55e-d4ba954ab0a8 None None] Hash Ring: Node 1f755ec9d7b059e3a585ba70e12fef5a (host: np0000004871) handling event "create" for row cf025f06-18af-40e0-b8e0-5400332246db (table: ACL) {{(pid=87398) notify /opt/stack/neutron/neutron/plugins/ml2/drivers/ovn/mech_driver/ovsdb/ovsdb_monitor.py:1030}}
Jul 09 09:52:06.470564 np0000004871 devstack@neutron-api.service[87400]: DEBUG neutron.plugins.ml2.drivers.ovn.mech_driver.ovsdb.ovsdb_monitor [None req-6aa154c8-e20d-4b68-b3a4-1da1d0311e8c None None] Hash Ring: Node fd276dea49f45f6f81f8ed9eba57fc1b (host: np0000004871) handling event "create" for row 10730d24-4051-446b-8f8d-047778b88f99 (table: ACL) {{(pid=87400) notify /opt/stack/neutron/neutron/plugins/ml2/drivers/ovn/mech_driver/ovsdb/ovsdb_monitor.py:1030}}
Jul 09 09:52:06.470656 np0000004871 devstack@neutron-api.service[87399]: DEBUG neutron.pecan_wsgi.hooks.policy_enforcement [None req-3b356fed-d862-41a5-8eac-241e554a4678 admin admin] Attributes excluded by policy engine: ['standard_attr_id'] {{(pid=87399) _exclude_attributes_by_policy /opt/stack/neutron/neutron/pecan_wsgi/hooks/policy_enforcement.py:259}}
Jul 09 09:52:06.470764 np0000004871 devstack@neutron-api.service[87400]: DEBUG neutron.plugins.ml2.drivers.ovn.mech_driver.ovsdb.ovsdb_monitor [None req-6aa154c8-e20d-4b68-b3a4-1da1d0311e8c None None] Hash Ring: Node fd276dea49f45f6f81f8ed9eba57fc1b (host: np0000004871) handling event "create" for row 85d44feb-5904-4a6d-9885-e5291701fa4f (table: ACL) {{(pid=87400) notify /opt/stack/neutron/neutron/plugins/ml2/drivers/ovn/mech_driver/ovsdb/ovsdb_monitor.py:1030}}
Jul 09 09:52:06.470868 np0000004871 devstack@neutron-api.service[87399]: DEBUG neutron_lib.callbacks.manager [None req-3b356fed-d862-41a5-8eac-241e554a4678 admin admin] Publish callbacks [] for network (None), before_response {{(pid=87399) _notify_loop /opt/stack/data/venv/lib/python3.12/site-packages/neutron_lib/callbacks/manager.py:184}}
Jul 09 09:52:06.470950 np0000004871 devstack@neutron-api.service[87400]: DEBUG neutron.plugins.ml2.drivers.ovn.mech_driver.ovsdb.ovsdb_monitor [None req-6aa154c8-e20d-4b68-b3a4-1da1d0311e8c None None] Hash Ring: Node fd276dea49f45f6f81f8ed9eba57fc1b (host: np0000004871) handling event "create" for row 6ca69b15-2822-4f0e-b153-fed1f9dc917e (table: Port_Group) {{(pid=87400) notify /opt/stack/neutron/neutron/plugins/ml2/drivers/ovn/mech_driver/ovsdb/ovsdb_monitor.py:1030}}
Jul 09 09:52:06.471563 np0000004871 devstack@neutron-api.service[87398]: DEBUG neutron.plugins.ml2.drivers.ovn.mech_driver.ovsdb.ovsdb_monitor [None req-e08cfe3c-49aa-45b5-b55e-d4ba954ab0a8 None None] Hash Ring: Node 1f755ec9d7b059e3a585ba70e12fef5a (host: np0000004871) handling event "create" for row ebe353bb-d6ee-4245-af61-bd2bedbd6f79 (table: ACL) {{(pid=87398) notify /opt/stack/neutron/neutron/plugins/ml2/drivers/ovn/mech_driver/ovsdb/ovsdb_monitor.py:1030}}
Jul 09 09:52:06.471743 np0000004871 devstack@neutron-api.service[87400]: DEBUG neutron_lib.callbacks.manager [None req-f38b184d-ecb2-4313-be1f-2558e8d05c5f admin admin] Publish callbacks ['neutron.plugins.ml2.ovo_rpc._ObjectChangeHandler.handle_event-3805689'] for network (e195e0ca-8e62-4185-8c06-e0f89e29e0ba), after_create {{(pid=87400) _notify_loop /opt/stack/data/venv/lib/python3.12/site-packages/neutron_lib/callbacks/manager.py:184}}
Jul 09 09:52:06.481277 np0000004871 devstack@neutron-api.service[87399]: [pid: 87399|app: 0|req: 16/44] 10.4.3.173 () {68 vars in 1277 bytes} [Thu Jul 9 09:52:05 2026] POST /networking/v2.0/networks => generated 723 bytes in 875 msecs (HTTP/1.1 201) 4 headers in 162 bytes (1 switches on core 0)
Jul 09 09:52:06.497504 np0000004871 devstack@neutron-api.service[87398]: DEBUG neutron.db.provisioning_blocks [None req-aaf65e02-c0bc-4bb4-8afa-dcfd335a4ee1 None None] Transition to ACTIVE for port object 19a2b2da-f7a9-4991-af83-7f2d94f30f80 will not be triggered until provisioned by entity L2. {{(pid=87398) add_provisioning_component /opt/stack/neutron/neutron/db/provisioning_blocks.py:74}}
Jul 09 09:52:06.502266 np0000004871 devstack@neutron-api.service[87400]: DEBUG neutron.api.rpc.handlers.resources_rpc [None req-f38b184d-ecb2-4313-be1f-2558e8d05c5f admin admin] Pushing event updated for resources: {'Network': ['ID=e195e0ca-8e62-4185-8c06-e0f89e29e0ba,revision_number=1']} {{(pid=87400) push /opt/stack/neutron/neutron/api/rpc/handlers/resources_rpc.py:237}}
Jul 09 09:52:06.505276 np0000004871 devstack@neutron-api.service[87398]: INFO neutron.db.ovn_revision_numbers_db [None req-1b3a2891-73ad-47f6-9558-e503791a8eed admin admin] Successfully bumped revision number for resource ea082118-ee1c-4ea9-b04a-44924e757580 (type: security_groups) to 1
Jul 09 09:52:06.510898 np0000004871 devstack@neutron-api.service[87400]: DEBUG ovsdbapp.backend.ovs_idl.transaction [None req-6aa154c8-e20d-4b68-b3a4-1da1d0311e8c None None] Running txn n=1 command(idx=0): AddNetworkCommand(_result=None, network_uuid=e195e0ca-8e62-4185-8c06-e0f89e29e0ba, may_exist=True, columns={'external_ids': {'neutron:network_name': 'tempest-AttachVolumeShelveTestJSON-1292349946-network', 'neutron:mtu': '1372', 'neutron:revision_number': '1', 'neutron:availability_zone_hints': '', 'neutron:provnet-network-type': 'geneve'}, 'other_config': {'mcast_snoop': 'false', 'mcast_flood_unregistered': 'false', 'vlan-passthru': 'false'}}) {{(pid=87400) do_commit /opt/stack/data/venv/lib/python3.12/site-packages/ovsdbapp/backend/ovs_idl/transaction.py:89}}
Jul 09 09:52:06.510898 np0000004871 devstack@neutron-api.service[87400]: DEBUG neutron.common.ovn.utils [None req-6aa154c8-e20d-4b68-b3a4-1da1d0311e8c None None] OVS persist_uuid supported=True {{(pid=87400) ovs_persist_uuid_supported /opt/stack/neutron/neutron/common/ovn/utils.py:1564}}
Jul 09 09:52:06.520133 np0000004871 devstack@neutron-api.service[87400]: DEBUG neutron.plugins.ml2.drivers.ovn.mech_driver.ovsdb.ovsdb_monitor [None req-d3cb3b4f-4c90-413e-ac3b-d97646d0a653 None None] Hash Ring: Node fd276dea49f45f6f81f8ed9eba57fc1b (host: np0000004871) handling event "create" for row 4d9afcb3-8992-4a21-a598-5179c734e5da (table: Datapath_Binding) {{(pid=87400) notify /opt/stack/neutron/neutron/plugins/ml2/drivers/ovn/mech_driver/ovsdb/ovsdb_monitor.py:1030}}
Jul 09 09:52:06.527450 np0000004871 devstack@neutron-api.service[87398]: DEBUG neutron.plugins.ml2.drivers.ovn.mech_driver.ovsdb.ovsdb_monitor [None req-e08cfe3c-49aa-45b5-b55e-d4ba954ab0a8 None None] Hash Ring: Node 1f755ec9d7b059e3a585ba70e12fef5a (host: np0000004871) handling event "create" for row e195e0ca-8e62-4185-8c06-e0f89e29e0ba (table: Logical_Switch) {{(pid=87398) notify /opt/stack/neutron/neutron/plugins/ml2/drivers/ovn/mech_driver/ovsdb/ovsdb_monitor.py:1030}}
Jul 09 09:52:06.536238 np0000004871 devstack@neutron-api.service[87400]: INFO neutron.db.ovn_revision_numbers_db [None req-f38b184d-ecb2-4313-be1f-2558e8d05c5f admin admin] Successfully bumped revision number for resource e195e0ca-8e62-4185-8c06-e0f89e29e0ba (type: networks) to 1
Jul 09 09:52:06.538977 np0000004871 devstack@neutron-api.service[87398]: INFO neutron.db.ovn_revision_numbers_db [None req-1b3a2891-73ad-47f6-9558-e503791a8eed admin admin] Successfully bumped revision number for resource 950061fc-2e1e-4118-bdb8-34e9600f8efa (type: security_group_rules) to 0
Jul 09 09:52:06.549948 np0000004871 devstack@neutron-api.service[87398]: DEBUG neutron.plugins.ml2.plugin [None req-aaf65e02-c0bc-4bb4-8afa-dcfd335a4ee1 None None] Current status of the port 19a2b2da-f7a9-4991-af83-7f2d94f30f80 is: DOWN; New status is: DOWN {{(pid=87398) _update_individual_port_db_status /opt/stack/neutron/neutron/plugins/ml2/plugin.py:2473}}
Jul 09 09:52:06.552043 np0000004871 devstack@neutron-api.service[87398]: DEBUG ovsdbapp.backend.ovs_idl.transaction [None req-e08cfe3c-49aa-45b5-b55e-d4ba954ab0a8 None None] Running txn n=1 command(idx=0): DbRemoveCommand(_result=None, table=Logical_Switch_Port, record=19a2b2da-f7a9-4991-af83-7f2d94f30f80, column=external_ids, values=('neutron:host_id',), keyvalues={}, if_exists=True) {{(pid=87398) do_commit /opt/stack/data/venv/lib/python3.12/site-packages/ovsdbapp/backend/ovs_idl/transaction.py:89}}
Jul 09 09:52:06.555668 np0000004871 devstack@neutron-api.service[87398]: INFO neutron.db.ovn_revision_numbers_db [None req-1b3a2891-73ad-47f6-9558-e503791a8eed admin admin] Successfully bumped revision number for resource c121b1cd-1b7f-4ec2-94b4-cbaaf8d3ca0a (type: security_group_rules) to 0
Jul 09 09:52:06.567364 np0000004871 devstack@neutron-api.service[87398]: INFO neutron.db.ovn_revision_numbers_db [None req-1b3a2891-73ad-47f6-9558-e503791a8eed admin admin] Successfully bumped revision number for resource e6c7ac27-f8cc-4f1a-bdb0-6bedcb042fd5 (type: security_group_rules) to 0
Jul 09 09:52:06.577513 np0000004871 devstack@neutron-api.service[87398]: INFO neutron.db.ovn_revision_numbers_db [None req-1b3a2891-73ad-47f6-9558-e503791a8eed admin admin] Successfully bumped revision number for resource f32fb862-684c-4659-aa17-bc566fc8319f (type: security_group_rules) to 0
Jul 09 09:52:06.599337 np0000004871 devstack@neutron-api.service[87398]: DEBUG neutron.api.rpc.handlers.resources_rpc [None req-1b3a2891-73ad-47f6-9558-e503791a8eed admin admin] Pushing event updated for resources: {'SecurityGroup': ['ID=ea082118-ee1c-4ea9-b04a-44924e757580,revision_number=1']} {{(pid=87398) push /opt/stack/neutron/neutron/api/rpc/handlers/resources_rpc.py:237}}
Jul 09 09:52:06.600484 np0000004871 devstack@neutron-api.service[87400]: DEBUG neutron_lib.callbacks.manager [None req-f38b184d-ecb2-4313-be1f-2558e8d05c5f admin admin] Publish callbacks ['neutron.plugins.ml2.plugin.SecurityGroupDbMixin._ensure_default_security_group_handler-509421'] for port (None), before_create {{(pid=87400) _notify_loop /opt/stack/data/venv/lib/python3.12/site-packages/neutron_lib/callbacks/manager.py:184}}
Jul 09 09:52:06.605558 np0000004871 devstack@neutron-api.service[87398]: DEBUG neutron.api.rpc.callbacks.version_manager [None req-1b3a2891-73ad-47f6-9558-e503791a8eed admin admin] Tracked resource versions report:
Jul 09 09:52:06.605558 np0000004871 devstack@neutron-api.service[87398]: pushed versions:
Jul 09 09:52:06.605558 np0000004871 devstack@neutron-api.service[87398]: { 'AddressGroup': {'1.2'},
Jul 09 09:52:06.605558 np0000004871 devstack@neutron-api.service[87398]: 'Agent': {'1.1'},
Jul 09 09:52:06.605558 np0000004871 devstack@neutron-api.service[87398]: 'ConntrackHelper': {'1.0'},
Jul 09 09:52:06.605558 np0000004871 devstack@neutron-api.service[87398]: 'LocalIPAssociation': {'1.0'},
Jul 09 09:52:06.605558 np0000004871 devstack@neutron-api.service[87398]: 'Log': {'1.0'},
Jul 09 09:52:06.605558 np0000004871 devstack@neutron-api.service[87398]: 'NDPProxy': {'1.0'},
Jul 09 09:52:06.605558 np0000004871 devstack@neutron-api.service[87398]: 'Network': {'1.3'},
Jul 09 09:52:06.605558 np0000004871 devstack@neutron-api.service[87398]: 'Port': {'1.11'},
Jul 09 09:52:06.605558 np0000004871 devstack@neutron-api.service[87398]: 'PortForwarding': {'1.3'},
Jul 09 09:52:06.605558 np0000004871 devstack@neutron-api.service[87398]: 'QosPolicy': {'1.10'},
Jul 09 09:52:06.605558 np0000004871 devstack@neutron-api.service[87398]: 'SecurityGroup': {'1.6'},
Jul 09 09:52:06.605558 np0000004871 devstack@neutron-api.service[87398]: 'SecurityGroupRule': {'1.3'},
Jul 09 09:52:06.605558 np0000004871 devstack@neutron-api.service[87398]: 'SubPort': {'1.0'},
Jul 09 09:52:06.605558 np0000004871 devstack@neutron-api.service[87398]: 'Subnet': {'1.2'},
Jul 09 09:52:06.605558 np0000004871 devstack@neutron-api.service[87398]: 'Trunk': {'1.1'}}
Jul 09 09:52:06.605558 np0000004871 devstack@neutron-api.service[87398]: consumer versions:
Jul 09 09:52:06.605558 np0000004871 devstack@neutron-api.service[87398]: { OVN Controller Gateway agent@np0000004871: {},
Jul 09 09:52:06.605558 np0000004871 devstack@neutron-api.service[87398]: OVN Neutron agent@np0000004871: {}}
Jul 09 09:52:06.605558 np0000004871 devstack@neutron-api.service[87398]: {{(pid=87398) report /opt/stack/neutron/neutron/api/rpc/callbacks/version_manager.py:183}}
Jul 09 09:52:06.644405 np0000004871 devstack@neutron-api.service[87398]: DEBUG neutron.plugins.ml2.drivers.helpers [None req-1b3a2891-73ad-47f6-9558-e503791a8eed admin admin] geneve segment allocate from pool success with {'geneve_vni': 26254} {{(pid=87398) allocate_partially_specified_segment /opt/stack/neutron/neutron/plugins/ml2/drivers/helpers.py:142}}
Jul 09 09:52:06.650678 np0000004871 devstack@neutron-api.service[87398]: DEBUG neutron_lib.callbacks.manager [None req-1b3a2891-73ad-47f6-9558-e503791a8eed admin admin] Publish callbacks ['neutron.plugins.ml2.plugin.Ml2Plugin._handle_segment_change-15724849'] for segment (186505b4-67ac-4de1-a607-5c84d5f90c26), precommit_create {{(pid=87398) _notify_loop /opt/stack/data/venv/lib/python3.12/site-packages/neutron_lib/callbacks/manager.py:184}}
Jul 09 09:52:06.650798 np0000004871 devstack@neutron-api.service[87398]: INFO neutron.db.segments_db [None req-1b3a2891-73ad-47f6-9558-e503791a8eed admin admin] Added segment 186505b4-67ac-4de1-a607-5c84d5f90c26 of type geneve for network 91e487b9-6cc5-4427-b2c9-ae3e085097ce
Jul 09 09:52:06.655197 np0000004871 devstack@neutron-api.service[87399]: DEBUG neutron.api.v2.base [None req-5d3dd72e-d44d-4c60-a2f0-36a9ef96ccfa admin admin] Request body: {'network': {'name': 'tempest-AttachSCSIVolumeTestJSON-1024304639-network', 'project_id': 'f893869114f348598eb5f178752ed3b7'}} {{(pid=87399) prepare_request_body /opt/stack/neutron/neutron/api/v2/base.py:727}}
Jul 09 09:52:06.664989 np0000004871 devstack@neutron-api.service[87398]: DEBUG neutron_lib.callbacks.manager [None req-1b3a2891-73ad-47f6-9558-e503791a8eed admin admin] Publish callbacks ['neutron.services.auto_allocate.db._ensure_external_network_default_value_callback-7881923663212'] for network (91e487b9-6cc5-4427-b2c9-ae3e085097ce), precommit_create {{(pid=87398) _notify_loop /opt/stack/data/venv/lib/python3.12/site-packages/neutron_lib/callbacks/manager.py:184}}
Jul 09 09:52:06.667029 np0000004871 devstack@neutron-api.service[87399]: DEBUG neutron.pecan_wsgi.hooks.quota_enforcement [None req-5d3dd72e-d44d-4c60-a2f0-36a9ef96ccfa admin admin] Made reservation on behalf of f893869114f348598eb5f178752ed3b7 for: {'network': 1} {{(pid=87399) before /opt/stack/neutron/neutron/pecan_wsgi/hooks/quota_enforcement.py:66}}
Jul 09 09:52:06.669522 np0000004871 devstack@neutron-api.service[87399]: DEBUG neutron_lib.callbacks.manager [None req-5d3dd72e-d44d-4c60-a2f0-36a9ef96ccfa admin admin] Publish callbacks ['neutron.plugins.ml2.plugin.SecurityGroupDbMixin._ensure_default_security_group_handler-36594'] for network (None), before_create {{(pid=87399) _notify_loop /opt/stack/data/venv/lib/python3.12/site-packages/neutron_lib/callbacks/manager.py:184}}
Jul 09 09:52:06.673787 np0000004871 devstack@neutron-api.service[87399]: DEBUG neutron_lib.callbacks.manager [None req-5d3dd72e-d44d-4c60-a2f0-36a9ef96ccfa admin admin] Publish callbacks [] for security_group (None), before_create {{(pid=87399) _notify_loop /opt/stack/data/venv/lib/python3.12/site-packages/neutron_lib/callbacks/manager.py:184}}
Jul 09 09:52:06.676112 np0000004871 devstack@neutron-api.service[87398]: DEBUG neutron.plugins.ml2.drivers.ovn.mech_driver.mech_driver [None req-1b3a2891-73ad-47f6-9558-e503791a8eed admin admin] Validating network segment with type geneve, segmentation ID 26254, physical network None {{(pid=87398) _validate_network_segments /opt/stack/neutron/neutron/plugins/ml2/drivers/ovn/mech_driver/mech_driver.py:646}}
Jul 09 09:52:06.676309 np0000004871 devstack@neutron-api.service[87398]: DEBUG neutron.db.ovn_revision_numbers_db [None req-1b3a2891-73ad-47f6-9558-e503791a8eed admin admin] create_initial_revision uuid=91e487b9-6cc5-4427-b2c9-ae3e085097ce, type=networks, rev=-1 {{(pid=87398) create_initial_revision /opt/stack/neutron/neutron/db/ovn_revision_numbers_db.py:98}}
Jul 09 09:52:06.685572 np0000004871 devstack@neutron-api.service[87398]: DEBUG neutron_lib.callbacks.manager [None req-1b3a2891-73ad-47f6-9558-e503791a8eed admin admin] Publish callbacks ['neutron.plugins.ml2.ovo_rpc._ObjectChangeHandler.handle_event-3857854'] for network (91e487b9-6cc5-4427-b2c9-ae3e085097ce), after_create {{(pid=87398) _notify_loop /opt/stack/data/venv/lib/python3.12/site-packages/neutron_lib/callbacks/manager.py:184}}
Jul 09 09:52:06.695499 np0000004871 devstack@neutron-api.service[87400]: DEBUG neutron_lib.callbacks.manager [None req-f38b184d-ecb2-4313-be1f-2558e8d05c5f admin admin] Publish callbacks ['neutron.plugins.ml2.drivers.ovn.mech_driver.mech_driver.OVNMechanismDriver._validate_allowed_address_pairs-850649'] for allowed_address_pair (bb8dfff9-1569-43be-bd52-6c6e183ddf2d), before_create {{(pid=87400) _notify_loop /opt/stack/data/venv/lib/python3.12/site-packages/neutron_lib/callbacks/manager.py:184}}
Jul 09 09:52:06.696147 np0000004871 devstack@neutron-api.service[87400]: DEBUG neutron_lib.callbacks.manager [None req-f38b184d-ecb2-4313-be1f-2558e8d05c5f admin admin] Publish callbacks [] for port (bb8dfff9-1569-43be-bd52-6c6e183ddf2d), precommit_create {{(pid=87400) _notify_loop /opt/stack/data/venv/lib/python3.12/site-packages/neutron_lib/callbacks/manager.py:184}}
Jul 09 09:52:06.696368 np0000004871 devstack@neutron-api.service[87400]: DEBUG neutron.plugins.ml2.drivers.ovn.mech_driver.mech_driver [None req-f38b184d-ecb2-4313-be1f-2558e8d05c5f admin admin] No provisioning block for port bb8dfff9-1569-43be-bd52-6c6e183ddf2d since it does not have a host {{(pid=87400) _is_port_provisioning_required /opt/stack/neutron/neutron/plugins/ml2/drivers/ovn/mech_driver/mech_driver.py:899}}
Jul 09 09:52:06.696533 np0000004871 devstack@neutron-api.service[87400]: DEBUG neutron.db.ovn_revision_numbers_db [None req-f38b184d-ecb2-4313-be1f-2558e8d05c5f admin admin] create_initial_revision uuid=bb8dfff9-1569-43be-bd52-6c6e183ddf2d, type=ports, rev=-1 {{(pid=87400) create_initial_revision /opt/stack/neutron/neutron/db/ovn_revision_numbers_db.py:98}}
Jul 09 09:52:06.700199 np0000004871 devstack@neutron-api.service[87398]: DEBUG neutron.api.rpc.handlers.resources_rpc [None req-1b3a2891-73ad-47f6-9558-e503791a8eed admin admin] Pushing event updated for resources: {'Network': ['ID=91e487b9-6cc5-4427-b2c9-ae3e085097ce,revision_number=1']} {{(pid=87398) push /opt/stack/neutron/neutron/api/rpc/handlers/resources_rpc.py:237}}
Jul 09 09:52:06.709712 np0000004871 devstack@neutron-api.service[87398]: DEBUG ovsdbapp.backend.ovs_idl.transaction [None req-e08cfe3c-49aa-45b5-b55e-d4ba954ab0a8 None None] Running txn n=1 command(idx=0): AddNetworkCommand(_result=None, network_uuid=91e487b9-6cc5-4427-b2c9-ae3e085097ce, may_exist=True, columns={'external_ids': {'neutron:network_name': 'tempest-TaggedBootDevicesTest-1170311421-network', 'neutron:mtu': '1372', 'neutron:revision_number': '1', 'neutron:availability_zone_hints': '', 'neutron:provnet-network-type': 'geneve'}, 'other_config': {'mcast_snoop': 'false', 'mcast_flood_unregistered': 'false', 'vlan-passthru': 'false'}}) {{(pid=87398) do_commit /opt/stack/data/venv/lib/python3.12/site-packages/ovsdbapp/backend/ovs_idl/transaction.py:89}}
Jul 09 09:52:06.711546 np0000004871 devstack@neutron-api.service[87398]: DEBUG neutron.plugins.ml2.drivers.ovn.mech_driver.ovsdb.ovsdb_monitor [None req-e08cfe3c-49aa-45b5-b55e-d4ba954ab0a8 None None] Hash Ring: Node 1f755ec9d7b059e3a585ba70e12fef5a (host: np0000004871) handling event "create" for row 91e487b9-6cc5-4427-b2c9-ae3e085097ce (table: Logical_Switch) {{(pid=87398) notify /opt/stack/neutron/neutron/plugins/ml2/drivers/ovn/mech_driver/ovsdb/ovsdb_monitor.py:1030}}
Jul 09 09:52:06.718480 np0000004871 devstack@neutron-api.service[87398]: DEBUG neutron.plugins.ml2.drivers.ovn.mech_driver.ovsdb.ovsdb_monitor [None req-4654d0f6-28c9-4aec-9002-0181c134e086 None None] Hash Ring: Node 1f755ec9d7b059e3a585ba70e12fef5a (host: np0000004871) handling event "create" for row 110df52a-2c17-4fa0-97af-a4fd4fbbb5a5 (table: Datapath_Binding) {{(pid=87398) notify /opt/stack/neutron/neutron/plugins/ml2/drivers/ovn/mech_driver/ovsdb/ovsdb_monitor.py:1030}}
Jul 09 09:52:06.732071 np0000004871 devstack@neutron-api.service[87399]: DEBUG neutron_lib.callbacks.manager [None req-5d3dd72e-d44d-4c60-a2f0-36a9ef96ccfa admin admin] Publish callbacks ['neutron.plugins.ml2.drivers.ovn.mech_driver.mech_driver.OVNMechanismDriver._create_security_group_precommit-849902'] for security_group (015c84c4-b07b-430e-83bc-97cdf3b6a05d), precommit_create {{(pid=87399) _notify_loop /opt/stack/data/venv/lib/python3.12/site-packages/neutron_lib/callbacks/manager.py:184}}
Jul 09 09:52:06.732226 np0000004871 devstack@neutron-api.service[87399]: DEBUG neutron.db.ovn_revision_numbers_db [None req-5d3dd72e-d44d-4c60-a2f0-36a9ef96ccfa admin admin] create_initial_revision uuid=015c84c4-b07b-430e-83bc-97cdf3b6a05d, type=security_groups, rev=-1 {{(pid=87399) create_initial_revision /opt/stack/neutron/neutron/db/ovn_revision_numbers_db.py:98}}
Jul 09 09:52:06.733444 np0000004871 devstack@neutron-api.service[87399]: DEBUG neutron.db.ovn_revision_numbers_db [None req-5d3dd72e-d44d-4c60-a2f0-36a9ef96ccfa admin admin] create_initial_revision uuid=7520af2d-1f1f-4073-ba9c-4331953ef1a6, type=security_group_rules, rev=-1 {{(pid=87399) create_initial_revision /opt/stack/neutron/neutron/db/ovn_revision_numbers_db.py:98}}
Jul 09 09:52:06.734575 np0000004871 devstack@neutron-api.service[87399]: DEBUG neutron.db.ovn_revision_numbers_db [None req-5d3dd72e-d44d-4c60-a2f0-36a9ef96ccfa admin admin] create_initial_revision uuid=c7c0e787-aa5a-405e-ad5f-aa641aa5a583, type=security_group_rules, rev=-1 {{(pid=87399) create_initial_revision /opt/stack/neutron/neutron/db/ovn_revision_numbers_db.py:98}}
Jul 09 09:52:06.735533 np0000004871 devstack@neutron-api.service[87399]: DEBUG neutron.db.ovn_revision_numbers_db [None req-5d3dd72e-d44d-4c60-a2f0-36a9ef96ccfa admin admin] create_initial_revision uuid=daa50b14-b254-4e5f-aa30-8f92d1e6df1e, type=security_group_rules, rev=-1 {{(pid=87399) create_initial_revision /opt/stack/neutron/neutron/db/ovn_revision_numbers_db.py:98}}
Jul 09 09:52:06.735589 np0000004871 devstack@neutron-api.service[87398]: INFO neutron.db.ovn_revision_numbers_db [None req-1b3a2891-73ad-47f6-9558-e503791a8eed admin admin] Successfully bumped revision number for resource 91e487b9-6cc5-4427-b2c9-ae3e085097ce (type: networks) to 1
Jul 09 09:52:06.736501 np0000004871 devstack@neutron-api.service[87399]: DEBUG neutron.db.ovn_revision_numbers_db [None req-5d3dd72e-d44d-4c60-a2f0-36a9ef96ccfa admin admin] create_initial_revision uuid=f480d2d0-81e8-4d99-b975-9273b93cb7f2, type=security_group_rules, rev=-1 {{(pid=87399) create_initial_revision /opt/stack/neutron/neutron/db/ovn_revision_numbers_db.py:98}}
Jul 09 09:52:06.742828 np0000004871 devstack@neutron-api.service[87399]: DEBUG neutron_lib.callbacks.manager [None req-5d3dd72e-d44d-4c60-a2f0-36a9ef96ccfa admin admin] Publish callbacks ['neutron.plugins.ml2.drivers.ovn.mech_driver.mech_driver.OVNMechanismDriver._create_security_group-849812', 'neutron.plugins.ml2.ovo_rpc._ObjectChangeHandler.handle_event-3393649'] for security_group (015c84c4-b07b-430e-83bc-97cdf3b6a05d), after_create {{(pid=87399) _notify_loop /opt/stack/data/venv/lib/python3.12/site-packages/neutron_lib/callbacks/manager.py:184}}
Jul 09 09:52:06.743486 np0000004871 devstack@neutron-api.service[87399]: DEBUG ovsdbapp.backend.ovs_idl.transaction [None req-8de0450d-c74d-45e9-933d-7326c4dae2e3 None None] Running txn n=1 command(idx=0): PgAddCommand(_result=None, name=pg_015c84c4_b07b_430e_83bc_97cdf3b6a05d, may_exist=False, columns={'acls': [], 'external_ids': {'neutron:security_group_id': '015c84c4-b07b-430e-83bc-97cdf3b6a05d'}}) {{(pid=87399) do_commit /opt/stack/data/venv/lib/python3.12/site-packages/ovsdbapp/backend/ovs_idl/transaction.py:89}}
Jul 09 09:52:06.744053 np0000004871 devstack@neutron-api.service[87399]: DEBUG ovsdbapp.backend.ovs_idl.transaction [None req-8de0450d-c74d-45e9-933d-7326c4dae2e3 None None] Running txn n=1 command(idx=1): PgAclAddCommand(_result=None, entity=pg_015c84c4_b07b_430e_83bc_97cdf3b6a05d, direction=from-lport, priority=1002, match=inport == @pg_015c84c4_b07b_430e_83bc_97cdf3b6a05d && ip6, action=allow-related, log=False, may_exist=True, severity=[], name=[], meter=[], external_ids={'neutron:security_group_rule_id': '7520af2d-1f1f-4073-ba9c-4331953ef1a6'}) {{(pid=87399) do_commit /opt/stack/data/venv/lib/python3.12/site-packages/ovsdbapp/backend/ovs_idl/transaction.py:89}}
Jul 09 09:52:06.744053 np0000004871 devstack@neutron-api.service[87399]: DEBUG ovsdbapp.backend.ovs_idl.transaction [None req-8de0450d-c74d-45e9-933d-7326c4dae2e3 None None] Running txn n=1 command(idx=2): PgAclAddCommand(_result=None, entity=pg_015c84c4_b07b_430e_83bc_97cdf3b6a05d, direction=from-lport, priority=1002, match=inport == @pg_015c84c4_b07b_430e_83bc_97cdf3b6a05d && ip4, action=allow-related, log=False, may_exist=True, severity=[], name=[], meter=[], external_ids={'neutron:security_group_rule_id': 'c7c0e787-aa5a-405e-ad5f-aa641aa5a583'}) {{(pid=87399) do_commit /opt/stack/data/venv/lib/python3.12/site-packages/ovsdbapp/backend/ovs_idl/transaction.py:89}}
Jul 09 09:52:06.744210 np0000004871 devstack@neutron-api.service[87399]: DEBUG ovsdbapp.backend.ovs_idl.transaction [None req-8de0450d-c74d-45e9-933d-7326c4dae2e3 None None] Running txn n=1 command(idx=3): PgAclAddCommand(_result=None, entity=pg_015c84c4_b07b_430e_83bc_97cdf3b6a05d, direction=to-lport, priority=1002, match=outport == @pg_015c84c4_b07b_430e_83bc_97cdf3b6a05d && ip6 && ip6.src == $pg_015c84c4_b07b_430e_83bc_97cdf3b6a05d_ip6, action=allow-related, log=False, may_exist=True, severity=[], name=[], meter=[], external_ids={'neutron:security_group_rule_id': 'daa50b14-b254-4e5f-aa30-8f92d1e6df1e'}) {{(pid=87399) do_commit /opt/stack/data/venv/lib/python3.12/site-packages/ovsdbapp/backend/ovs_idl/transaction.py:89}}
Jul 09 09:52:06.744322 np0000004871 devstack@neutron-api.service[87399]: DEBUG ovsdbapp.backend.ovs_idl.transaction [None req-8de0450d-c74d-45e9-933d-7326c4dae2e3 None None] Running txn n=1 command(idx=4): PgAclAddCommand(_result=None, entity=pg_015c84c4_b07b_430e_83bc_97cdf3b6a05d, direction=to-lport, priority=1002, match=outport == @pg_015c84c4_b07b_430e_83bc_97cdf3b6a05d && ip4 && ip4.src == $pg_015c84c4_b07b_430e_83bc_97cdf3b6a05d_ip4, action=allow-related, log=False, may_exist=True, severity=[], name=[], meter=[], external_ids={'neutron:security_group_rule_id': 'f480d2d0-81e8-4d99-b975-9273b93cb7f2'}) {{(pid=87399) do_commit /opt/stack/data/venv/lib/python3.12/site-packages/ovsdbapp/backend/ovs_idl/transaction.py:89}}
Jul 09 09:52:06.744426 np0000004871 devstack@neutron-api.service[87400]: DEBUG neutron_lib.callbacks.manager [None req-f38b184d-ecb2-4313-be1f-2558e8d05c5f admin admin] Publish callbacks ['neutron.plugins.ml2.ovo_rpc._ObjectChangeHandler.handle_event-3805640'] for port (bb8dfff9-1569-43be-bd52-6c6e183ddf2d), after_create {{(pid=87400) _notify_loop /opt/stack/data/venv/lib/python3.12/site-packages/neutron_lib/callbacks/manager.py:184}}
Jul 09 09:52:06.748681 np0000004871 devstack@neutron-api.service[87399]: DEBUG neutron.plugins.ml2.drivers.ovn.mech_driver.ovsdb.ovsdb_monitor [None req-8de0450d-c74d-45e9-933d-7326c4dae2e3 None None] Hash Ring: Node 3fe95f3caede5993934e8b6df623ae62 (host: np0000004871) handling event "create" for row 9eb36aa3-67fd-4b99-b958-126c9e04f85c (table: Port_Group) {{(pid=87399) notify /opt/stack/neutron/neutron/plugins/ml2/drivers/ovn/mech_driver/ovsdb/ovsdb_monitor.py:1030}}
Jul 09 09:52:06.753129 np0000004871 devstack@neutron-api.service[87398]: DEBUG neutron_lib.callbacks.manager [None req-1b3a2891-73ad-47f6-9558-e503791a8eed admin admin] Publish callbacks ['neutron.plugins.ml2.plugin.SecurityGroupDbMixin._ensure_default_security_group_handler-14885363'] for port (None), before_create {{(pid=87398) _notify_loop /opt/stack/data/venv/lib/python3.12/site-packages/neutron_lib/callbacks/manager.py:184}}
Jul 09 09:52:06.756981 np0000004871 devstack@neutron-api.service[87398]: DEBUG neutron.plugins.ml2.drivers.ovn.mech_driver.ovsdb.ovsdb_monitor [None req-e08cfe3c-49aa-45b5-b55e-d4ba954ab0a8 None None] Hash Ring: Node 1f755ec9d7b059e3a585ba70e12fef5a (host: np0000004871) handling event "create" for row a23c280a-a749-4ff3-8bbe-70647f50f969 (table: ACL) {{(pid=87398) notify /opt/stack/neutron/neutron/plugins/ml2/drivers/ovn/mech_driver/ovsdb/ovsdb_monitor.py:1030}}
Jul 09 09:52:06.757260 np0000004871 devstack@neutron-api.service[87398]: DEBUG neutron.plugins.ml2.drivers.ovn.mech_driver.ovsdb.ovsdb_monitor [None req-e08cfe3c-49aa-45b5-b55e-d4ba954ab0a8 None None] Hash Ring: Node 1f755ec9d7b059e3a585ba70e12fef5a (host: np0000004871) handling event "create" for row a830c2dc-e09b-4221-b29a-1f23a0960d45 (table: ACL) {{(pid=87398) notify /opt/stack/neutron/neutron/plugins/ml2/drivers/ovn/mech_driver/ovsdb/ovsdb_monitor.py:1030}}
Jul 09 09:52:06.757476 np0000004871 devstack@neutron-api.service[87398]: DEBUG neutron.plugins.ml2.drivers.ovn.mech_driver.ovsdb.ovsdb_monitor [None req-e08cfe3c-49aa-45b5-b55e-d4ba954ab0a8 None None] Hash Ring: Node 1f755ec9d7b059e3a585ba70e12fef5a (host: np0000004871) handling event "create" for row fbb8cc4d-56cc-4cb3-be8f-3de93bd08bf1 (table: ACL) {{(pid=87398) notify /opt/stack/neutron/neutron/plugins/ml2/drivers/ovn/mech_driver/ovsdb/ovsdb_monitor.py:1030}}
Jul 09 09:52:06.765484 np0000004871 devstack@neutron-api.service[87399]: INFO neutron.db.ovn_revision_numbers_db [None req-5d3dd72e-d44d-4c60-a2f0-36a9ef96ccfa admin admin] Successfully bumped revision number for resource 015c84c4-b07b-430e-83bc-97cdf3b6a05d (type: security_groups) to 1
Jul 09 09:52:06.769196 np0000004871 devstack@neutron-api.service[87400]: DEBUG neutron.plugins.ml2.drivers.ovn.mech_driver.ovsdb.ovsdb_monitor [None req-6aa154c8-e20d-4b68-b3a4-1da1d0311e8c None None] Hash Ring: Node fd276dea49f45f6f81f8ed9eba57fc1b (host: np0000004871) handling event "create" for row 500887d6-384e-4bb7-bec9-27bae7e28a9a (table: ACL) {{(pid=87400) notify /opt/stack/neutron/neutron/plugins/ml2/drivers/ovn/mech_driver/ovsdb/ovsdb_monitor.py:1030}}
Jul 09 09:52:06.775881 np0000004871 devstack@neutron-api.service[87399]: INFO neutron.db.ovn_revision_numbers_db [None req-5d3dd72e-d44d-4c60-a2f0-36a9ef96ccfa admin admin] Successfully bumped revision number for resource 7520af2d-1f1f-4073-ba9c-4331953ef1a6 (type: security_group_rules) to 0
Jul 09 09:52:06.780286 np0000004871 devstack@neutron-api.service[87400]: DEBUG neutron.api.rpc.handlers.resources_rpc [None req-f38b184d-ecb2-4313-be1f-2558e8d05c5f admin admin] Pushing event updated for resources: {'Port': ['ID=bb8dfff9-1569-43be-bd52-6c6e183ddf2d,revision_number=1']} {{(pid=87400) push /opt/stack/neutron/neutron/api/rpc/handlers/resources_rpc.py:237}}
Jul 09 09:52:06.789655 np0000004871 devstack@neutron-api.service[87399]: INFO neutron.db.ovn_revision_numbers_db [None req-5d3dd72e-d44d-4c60-a2f0-36a9ef96ccfa admin admin] Successfully bumped revision number for resource c7c0e787-aa5a-405e-ad5f-aa641aa5a583 (type: security_group_rules) to 0
Jul 09 09:52:06.791376 np0000004871 devstack@neutron-api.service[87400]: DEBUG neutron.plugins.ml2.drivers.ovn.mech_driver.ovsdb.commands [None req-f38b184d-ecb2-4313-be1f-2558e8d05c5f admin admin] Converting tag [] to a tag_request {{(pid=87400) _tag_column_to_tag_request /opt/stack/neutron/neutron/plugins/ml2/drivers/ovn/mech_driver/ovsdb/commands.py:205}}
Jul 09 09:52:06.792699 np0000004871 devstack@neutron-api.service[87400]: DEBUG ovsdbapp.backend.ovs_idl.transaction [None req-6aa154c8-e20d-4b68-b3a4-1da1d0311e8c None None] Running txn n=1 command(idx=0): AddLSwitchPortCommand(_result=None, lport=bb8dfff9-1569-43be-bd52-6c6e183ddf2d, lswitch=neutron-e195e0ca-8e62-4185-8c06-e0f89e29e0ba, may_exist=True, network_uuid=e195e0ca-8e62-4185-8c06-e0f89e29e0ba, columns={'addresses': ['fa:16:3e:f0:b8:db'], 'external_ids': {'neutron:port_name': '', 'neutron:device_id': 'ovnmeta-e195e0ca-8e62-4185-8c06-e0f89e29e0ba', 'neutron:project_id': '8e7be216ec4f4513b0a3c325e877e23d', 'neutron:cidrs': '', 'neutron:device_owner': 'network:distributed', 'neutron:subnet_pool_addr_scope4': '', 'neutron:subnet_pool_addr_scope6': '', 'neutron:network_name': 'neutron-e195e0ca-8e62-4185-8c06-e0f89e29e0ba', 'neutron:security_group_ids': '', 'neutron:revision_number': '1', 'neutron:vnic_type': 'normal', 'neutron:port_capabilities': '', 'neutron:mtu': '1372'}, 'parent_name': [], 'enabled': True, 'options': {}, 'type': 'localport', 'port_security': [], 'dhcpv4_options': [], 'dhcpv6_options': [], 'tag_request': []}) {{(pid=87400) do_commit /opt/stack/data/venv/lib/python3.12/site-packages/ovsdbapp/backend/ovs_idl/transaction.py:89}}
Jul 09 09:52:06.793642 np0000004871 devstack@neutron-api.service[87400]: DEBUG ovsdbapp.backend.ovs_idl.transaction [None req-6aa154c8-e20d-4b68-b3a4-1da1d0311e8c None None] Running txn n=1 command(idx=1): QoSDelCommand(_result=None, switch=neutron-e195e0ca-8e62-4185-8c06-e0f89e29e0ba, conditions=[('direction', '=', 'to-lport'), ('priority', '=', 2002), ('match', '=', 'outport == "bb8dfff9-1569-43be-bd52-6c6e183ddf2d"')], if_exists=True) {{(pid=87400) do_commit /opt/stack/data/venv/lib/python3.12/site-packages/ovsdbapp/backend/ovs_idl/transaction.py:89}}
Jul 09 09:52:06.793858 np0000004871 devstack@neutron-api.service[87400]: DEBUG ovsdbapp.backend.ovs_idl.transaction [None req-6aa154c8-e20d-4b68-b3a4-1da1d0311e8c None None] Running txn n=1 command(idx=2): QoSDelCommand(_result=None, switch=neutron-e195e0ca-8e62-4185-8c06-e0f89e29e0ba, conditions=[('direction', '=', 'from-lport'), ('priority', '=', 2002), ('match', '=', 'inport == "bb8dfff9-1569-43be-bd52-6c6e183ddf2d"')], if_exists=True) {{(pid=87400) do_commit /opt/stack/data/venv/lib/python3.12/site-packages/ovsdbapp/backend/ovs_idl/transaction.py:89}}
Jul 09 09:52:06.805830 np0000004871 devstack@neutron-api.service[87398]: DEBUG neutron.plugins.ml2.drivers.ovn.mech_driver.ovsdb.ovsdb_monitor [None req-e08cfe3c-49aa-45b5-b55e-d4ba954ab0a8 None None] Hash Ring: Node 1f755ec9d7b059e3a585ba70e12fef5a (host: np0000004871) handling event "update" for row e195e0ca-8e62-4185-8c06-e0f89e29e0ba (table: Logical_Switch) {{(pid=87398) notify /opt/stack/neutron/neutron/plugins/ml2/drivers/ovn/mech_driver/ovsdb/ovsdb_monitor.py:1030}}
Jul 09 09:52:06.807536 np0000004871 devstack@neutron-api.service[87400]: DEBUG neutron.plugins.ml2.drivers.ovn.mech_driver.ovsdb.ovsdb_monitor [None req-d3cb3b4f-4c90-413e-ac3b-d97646d0a653 None None] Hash Ring: Node fd276dea49f45f6f81f8ed9eba57fc1b (host: np0000004871) handling event "create" for row a9be134b-d00f-4094-b014-0402326f90e6 (table: Port_Binding) {{(pid=87400) notify /opt/stack/neutron/neutron/plugins/ml2/drivers/ovn/mech_driver/ovsdb/ovsdb_monitor.py:1030}}
Jul 09 09:52:06.807815 np0000004871 devstack@neutron-api.service[87398]: DEBUG neutron.plugins.ml2.drivers.ovn.mech_driver.ovsdb.ovsdb_monitor [None req-e08cfe3c-49aa-45b5-b55e-d4ba954ab0a8 None None] Hash Ring: Node 1f755ec9d7b059e3a585ba70e12fef5a (host: np0000004871) handling event "create" for row 25c4c04b-f364-4e4a-868c-6210dcbf2087 (table: Logical_Switch_Port) {{(pid=87398) notify /opt/stack/neutron/neutron/plugins/ml2/drivers/ovn/mech_driver/ovsdb/ovsdb_monitor.py:1030}}
Jul 09 09:52:06.808823 np0000004871 devstack@neutron-api.service[87398]: DEBUG ovsdbapp.backend.ovs_idl.event [None req-e08cfe3c-49aa-45b5-b55e-d4ba954ab0a8 None None] Matched CREATE: LogicalSwitchPortCreateEvent(events=('create',), table='Logical_Switch_Port', conditions=[], old_conditions=None), priority=20 to row=Logical_Switch_Port(uuid=25c4c04b-f364-4e4a-868c-6210dcbf2087, addresses=['fa:16:3e:f0:b8:db'], dhcpv4_options=[], dhcpv6_options=[], dynamic_addresses=[], enabled=True, external_ids={'neutron:cidrs': '', 'neutron:device_id': 'ovnmeta-e195e0ca-8e62-4185-8c06-e0f89e29e0ba', 'neutron:device_owner': 'network:distributed', 'neutron:mtu': '1372', 'neutron:network_name': 'neutron-e195e0ca-8e62-4185-8c06-e0f89e29e0ba', 'neutron:port_capabilities': '', 'neutron:port_name': '', 'neutron:project_id': '8e7be216ec4f4513b0a3c325e877e23d', 'neutron:revision_number': '1', 'neutron:security_group_ids': '', 'neutron:subnet_pool_addr_scope4': '', 'neutron:subnet_pool_addr_scope6': '', 'neutron:vnic_type': 'normal'}, ha_chassis_group=[], mirror_rules=[], name='bb8dfff9-1569-43be-bd52-6c6e183ddf2d', options={}, parent_name=[], port_security=[], tag=[], tag_request=[], type='localport', up=[]) old= {{(pid=87398) matches /opt/stack/data/venv/lib/python3.12/site-packages/ovsdbapp/backend/ovs_idl/event.py:55}}
Jul 09 09:52:06.810321 np0000004871 devstack@neutron-api.service[87399]: INFO neutron.db.ovn_revision_numbers_db [None req-5d3dd72e-d44d-4c60-a2f0-36a9ef96ccfa admin admin] Successfully bumped revision number for resource daa50b14-b254-4e5f-aa30-8f92d1e6df1e (type: security_group_rules) to 0
Jul 09 09:52:06.810400 np0000004871 devstack@neutron-api.service[87398]: INFO neutron.plugins.ml2.drivers.ovn.mech_driver.mech_driver [None req-aaf65e02-c0bc-4bb4-8afa-dcfd335a4ee1 None None] OVN reports status down for port: bb8dfff9-1569-43be-bd52-6c6e183ddf2d
Jul 09 09:52:06.814102 np0000004871 devstack@neutron-api.service[87398]: DEBUG neutron.plugins.ml2.drivers.ovn.mech_driver.ovsdb.ovsdb_monitor [None req-e08cfe3c-49aa-45b5-b55e-d4ba954ab0a8 None None] Hash Ring: Node 1f755ec9d7b059e3a585ba70e12fef5a (host: np0000004871) handling event "update" for row 25c4c04b-f364-4e4a-868c-6210dcbf2087 (table: Logical_Switch_Port) {{(pid=87398) notify /opt/stack/neutron/neutron/plugins/ml2/drivers/ovn/mech_driver/ovsdb/ovsdb_monitor.py:1030}}
Jul 09 09:52:06.823429 np0000004871 devstack@neutron-api.service[87399]: INFO neutron.db.ovn_revision_numbers_db [None req-5d3dd72e-d44d-4c60-a2f0-36a9ef96ccfa admin admin] Successfully bumped revision number for resource f480d2d0-81e8-4d99-b975-9273b93cb7f2 (type: security_group_rules) to 0
Jul 09 09:52:06.832846 np0000004871 devstack@neutron-api.service[87400]: INFO neutron.db.ovn_revision_numbers_db [None req-f38b184d-ecb2-4313-be1f-2558e8d05c5f admin admin] Successfully bumped revision number for resource bb8dfff9-1569-43be-bd52-6c6e183ddf2d (type: ports) to 1
Jul 09 09:52:06.838790 np0000004871 devstack@neutron-api.service[87400]: DEBUG neutron.pecan_wsgi.hooks.policy_enforcement [None req-f38b184d-ecb2-4313-be1f-2558e8d05c5f admin admin] Attributes excluded by policy engine: ['standard_attr_id'] {{(pid=87400) _exclude_attributes_by_policy /opt/stack/neutron/neutron/pecan_wsgi/hooks/policy_enforcement.py:259}}
Jul 09 09:52:06.839079 np0000004871 devstack@neutron-api.service[87400]: DEBUG neutron_lib.callbacks.manager [None req-f38b184d-ecb2-4313-be1f-2558e8d05c5f admin admin] Publish callbacks [] for network (None), before_response {{(pid=87400) _notify_loop /opt/stack/data/venv/lib/python3.12/site-packages/neutron_lib/callbacks/manager.py:184}}
Jul 09 09:52:06.841727 np0000004871 devstack@neutron-api.service[87398]: DEBUG neutron_lib.callbacks.manager [None req-1b3a2891-73ad-47f6-9558-e503791a8eed admin admin] Publish callbacks ['neutron.plugins.ml2.drivers.ovn.mech_driver.mech_driver.OVNMechanismDriver._validate_allowed_address_pairs-840746'] for allowed_address_pair (6a7aa53f-b66a-4681-a451-771f2aeae0fa), before_create {{(pid=87398) _notify_loop /opt/stack/data/venv/lib/python3.12/site-packages/neutron_lib/callbacks/manager.py:184}}
Jul 09 09:52:06.843139 np0000004871 devstack@neutron-api.service[87398]: DEBUG neutron_lib.callbacks.manager [None req-1b3a2891-73ad-47f6-9558-e503791a8eed admin admin] Publish callbacks [] for port (6a7aa53f-b66a-4681-a451-771f2aeae0fa), precommit_create {{(pid=87398) _notify_loop /opt/stack/data/venv/lib/python3.12/site-packages/neutron_lib/callbacks/manager.py:184}}
Jul 09 09:52:06.843396 np0000004871 devstack@neutron-api.service[87398]: DEBUG neutron.plugins.ml2.drivers.ovn.mech_driver.mech_driver [None req-1b3a2891-73ad-47f6-9558-e503791a8eed admin admin] No provisioning block for port 6a7aa53f-b66a-4681-a451-771f2aeae0fa since it does not have a host {{(pid=87398) _is_port_provisioning_required /opt/stack/neutron/neutron/plugins/ml2/drivers/ovn/mech_driver/mech_driver.py:899}}
