Jul 09 09:49:31.986495 np0000004871 devstack@neutron-api.service[87398]: INFO neutron.quota.resource_registry [None req-9508b91f-7b89-4147-9afd-0ff981d5d944 None None] Creating instance of CountableResource for resource:rbac_policy
Jul 09 09:49:31.986926 np0000004871 devstack@neutron-api.service[87400]: DEBUG neutron.api.extensions [None req-35a1b30c-1254-49fb-aa24-22acf5930bcf None None] Extended resource: tags {{(pid=87400) __init__ /opt/stack/neutron/neutron/api/extensions.py:156}}
Jul 09 09:49:31.987205 np0000004871 devstack@neutron-api.service[87398]: INFO neutron.quota.resource_registry [None req-9508b91f-7b89-4147-9afd-0ff981d5d944 None None] Creating instance of TrackedResource for resource:security_group
Jul 09 09:49:31.987531 np0000004871 devstack@neutron-api.service[87400]: DEBUG neutron.api.extensions [None req-35a1b30c-1254-49fb-aa24-22acf5930bcf None None] Extended resource: tags {{(pid=87400) __init__ /opt/stack/neutron/neutron/api/extensions.py:156}}
Jul 09 09:49:31.987582 np0000004871 devstack@neutron-api.service[87398]: INFO neutron.quota.resource_registry [None req-9508b91f-7b89-4147-9afd-0ff981d5d944 None None] Creating instance of TrackedResource for resource:security_group_rule
Jul 09 09:49:31.988276 np0000004871 devstack@neutron-api.service[87398]: DEBUG neutron.api.v2.resource_helper [None req-9508b91f-7b89-4147-9afd-0ff981d5d944 None None] Service CORE assigned prefix: {{(pid=87398) build_resource_info /opt/stack/neutron/neutron/api/v2/resource_helper.py:77}}
Jul 09 09:49:31.988359 np0000004871 devstack@neutron-api.service[87400]: DEBUG neutron.api.extensions [None req-35a1b30c-1254-49fb-aa24-22acf5930bcf None None] Extended resource: tags {{(pid=87400) __init__ /opt/stack/neutron/neutron/api/extensions.py:156}}
Jul 09 09:49:31.988447 np0000004871 devstack@neutron-api.service[87398]: INFO neutron.quota.resource_registry [None req-9508b91f-7b89-4147-9afd-0ff981d5d944 None None] Creating instance of TrackedResource for resource:subnetpool
Jul 09 09:49:31.988563 np0000004871 devstack@neutron-api.service[87398]: WARNING neutron.quota.resource_registry [None req-9508b91f-7b89-4147-9afd-0ff981d5d944 None None] subnetpool is already registered
Jul 09 09:49:31.989543 np0000004871 devstack@neutron-api.service[87398]: DEBUG neutron.api.v2.resource_helper [None req-9508b91f-7b89-4147-9afd-0ff981d5d944 None None] Service CORE assigned prefix: {{(pid=87398) build_resource_info /opt/stack/neutron/neutron/api/v2/resource_helper.py:77}}
Jul 09 09:49:31.989543 np0000004871 devstack@neutron-api.service[87398]: INFO neutron.quota.resource_registry [None req-9508b91f-7b89-4147-9afd-0ff981d5d944 None None] Creating instance of TrackedResource for resource:subnetpool
Jul 09 09:49:31.989543 np0000004871 devstack@neutron-api.service[87398]: WARNING neutron.quota.resource_registry [None req-9508b91f-7b89-4147-9afd-0ff981d5d944 None None] subnetpool is already registered
Jul 09 09:49:31.991432 np0000004871 devstack@neutron-api.service[87398]: INFO neutron.quota.resource_registry [None req-9508b91f-7b89-4147-9afd-0ff981d5d944 None None] Creating instance of CountableResource for resource:router_route
Jul 09 09:49:31.991432 np0000004871 devstack@neutron-api.service[87398]: WARNING neutron.quota.resource_registry [None req-9508b91f-7b89-4147-9afd-0ff981d5d944 None None] router_route is already registered
Jul 09 09:49:31.991611 np0000004871 devstack@neutron-api.service[87398]: DEBUG neutron.api.v2.resource_helper [None req-9508b91f-7b89-4147-9afd-0ff981d5d944 None None] Service L3_ROUTER_NAT assigned prefix: {{(pid=87398) build_resource_info /opt/stack/neutron/neutron/api/v2/resource_helper.py:77}}
Jul 09 09:49:31.992063 np0000004871 devstack@neutron-api.service[87398]: DEBUG neutron.api.v2.resource_helper [None req-9508b91f-7b89-4147-9afd-0ff981d5d944 None None] Service FLAVORS assigned prefix: {{(pid=87398) build_resource_info /opt/stack/neutron/neutron/api/v2/resource_helper.py:77}}
Jul 09 09:49:31.992964 np0000004871 devstack@neutron-api.service[87398]: DEBUG neutron.api.v2.resource_helper [None req-9508b91f-7b89-4147-9afd-0ff981d5d944 None None] Service L3_ROUTER_NAT assigned prefix: {{(pid=87398) build_resource_info /opt/stack/neutron/neutron/api/v2/resource_helper.py:77}}
Jul 09 09:49:31.993216 np0000004871 devstack@neutron-api.service[87398]: DEBUG neutron.api.v2.resource_helper [None req-9508b91f-7b89-4147-9afd-0ff981d5d944 None None] Service L3_ROUTER_NAT assigned prefix: {{(pid=87398) build_resource_info /opt/stack/neutron/neutron/api/v2/resource_helper.py:77}}
Jul 09 09:49:31.993343 np0000004871 devstack@neutron-api.service[87398]: INFO neutron.quota.resource_registry [None req-9508b91f-7b89-4147-9afd-0ff981d5d944 None None] Creating instance of TrackedResource for resource:router
Jul 09 09:49:31.993504 np0000004871 devstack@neutron-api.service[87398]: WARNING neutron.quota.resource_registry [None req-9508b91f-7b89-4147-9afd-0ff981d5d944 None None] router is already registered
Jul 09 09:49:31.993941 np0000004871 devstack@neutron-api.service[87398]: INFO neutron.quota.resource_registry [None req-9508b91f-7b89-4147-9afd-0ff981d5d944 None None] Creating instance of TrackedResource for resource:floatingip
Jul 09 09:49:31.994025 np0000004871 devstack@neutron-api.service[87398]: WARNING neutron.quota.resource_registry [None req-9508b91f-7b89-4147-9afd-0ff981d5d944 None None] floatingip is already registered
Jul 09 09:49:31.995169 np0000004871 devstack@neutron-api.service[87398]: INFO neutron.quota.resource_registry [None req-9508b91f-7b89-4147-9afd-0ff981d5d944 None None] Creating instance of CountableResource for resource:rbac_policy
Jul 09 09:49:31.995265 np0000004871 devstack@neutron-api.service[87398]: WARNING neutron.quota.resource_registry [None req-9508b91f-7b89-4147-9afd-0ff981d5d944 None None] rbac_policy is already registered
Jul 09 09:49:31.995995 np0000004871 devstack@neutron-api.service[87398]: INFO neutron.quota.resource_registry [None req-9508b91f-7b89-4147-9afd-0ff981d5d944 None None] Creating instance of TrackedResource for resource:security_group
Jul 09 09:49:31.996192 np0000004871 devstack@neutron-api.service[87398]: WARNING neutron.quota.resource_registry [None req-9508b91f-7b89-4147-9afd-0ff981d5d944 None None] security_group is already registered
Jul 09 09:49:31.996496 np0000004871 devstack@neutron-api.service[87398]: INFO neutron.quota.resource_registry [None req-9508b91f-7b89-4147-9afd-0ff981d5d944 None None] Creating instance of TrackedResource for resource:security_group_rule
Jul 09 09:49:31.996609 np0000004871 devstack@neutron-api.service[87398]: WARNING neutron.quota.resource_registry [None req-9508b91f-7b89-4147-9afd-0ff981d5d944 None None] security_group_rule is already registered
Jul 09 09:49:31.997383 np0000004871 devstack@neutron-api.service[87398]: DEBUG neutron.api.v2.resource_helper [None req-9508b91f-7b89-4147-9afd-0ff981d5d944 None None] Service CORE assigned prefix: {{(pid=87398) build_resource_info /opt/stack/neutron/neutron/api/v2/resource_helper.py:77}}
Jul 09 09:49:31.997464 np0000004871 devstack@neutron-api.service[87398]: INFO neutron.quota.resource_registry [None req-9508b91f-7b89-4147-9afd-0ff981d5d944 None None] Creating instance of TrackedResource for resource:subnetpool
Jul 09 09:49:31.997575 np0000004871 devstack@neutron-api.service[87398]: WARNING neutron.quota.resource_registry [None req-9508b91f-7b89-4147-9afd-0ff981d5d944 None None] subnetpool is already registered
Jul 09 09:49:31.997665 np0000004871 devstack@neutron-api.service[87400]: DEBUG neutron_lib.callbacks.manager [None req-35a1b30c-1254-49fb-aa24-22acf5930bcf None None] Publish callbacks ['neutron.plugins.ml2.drivers.ovn.mech_driver.mech_driver.OVNMechanismDriver.pre_fork_initialize-850801'] for process (None), before_spawn {{(pid=87400) _notify_loop /opt/stack/data/venv/lib/python3.12/site-packages/neutron_lib/callbacks/manager.py:184}}
Jul 09 09:49:31.997910 np0000004871 devstack@neutron-api.service[87398]: DEBUG neutron.api.v2.resource_helper [None req-9508b91f-7b89-4147-9afd-0ff981d5d944 None None] Service CORE assigned prefix: {{(pid=87398) build_resource_info /opt/stack/neutron/neutron/api/v2/resource_helper.py:77}}
Jul 09 09:49:31.998023 np0000004871 devstack@neutron-api.service[87398]: INFO neutron.quota.resource_registry [None req-9508b91f-7b89-4147-9afd-0ff981d5d944 None None] Creating instance of TrackedResource for resource:subnetpool
Jul 09 09:49:31.998152 np0000004871 devstack@neutron-api.service[87400]: DEBUG oslo_concurrency.processutils [None req-35a1b30c-1254-49fb-aa24-22acf5930bcf None None] Running cmd (subprocess): ovsdb-client transact ssl:10.4.3.173:6641 --timeout 180 -p /opt/stack/data/CA/int-ca/private/devstack-cert.key -c /opt/stack/data/CA/int-ca/devstack-cert.crt -C /opt/stack/data/CA/int-ca/ca-chain.pem ["OVN_Northbound", {"op": "wait", "timeout": 0, "table": "Port_Group", "where": [["name", "==", "neutron_pg_drop"]], "until": "==", "rows": []}, {"op": "insert", "table": "ACL", "row": {"action": "drop", "direction": "to-lport", "match": "outport == @neutron_pg_drop && ip", "priority": 1001}, "uuid-name": "droptoport"}, {"op": "insert", "table": "ACL", "row": {"action": "drop", "direction": "from-lport", "match": "inport == @neutron_pg_drop && ip", "priority": 1001}, "uuid-name": "dropfromport"}, {"op": "insert", "table": "Port_Group", "row": {"name": "neutron_pg_drop", "acls": ["set", [["named-uuid", "droptoport"], ["named-uuid", "dropfromport"]]]}}] {{(pid=87400) execute /opt/stack/data/venv/lib/python3.12/site-packages/oslo_concurrency/processutils.py:440}}
Jul 09 09:49:31.998355 np0000004871 devstack@neutron-api.service[87398]: WARNING neutron.quota.resource_registry [None req-9508b91f-7b89-4147-9afd-0ff981d5d944 None None] subnetpool is already registered
Jul 09 09:49:31.998571 np0000004871 devstack@neutron-api.service[87398]: DEBUG neutron.api.extensions [None req-9508b91f-7b89-4147-9afd-0ff981d5d944 None None] Extended resource: extensions {{(pid=87398) __init__ /opt/stack/neutron/neutron/api/extensions.py:156}}
Jul 09 09:49:31.999466 np0000004871 devstack@neutron-api.service[87398]: DEBUG neutron.api.extensions [None req-9508b91f-7b89-4147-9afd-0ff981d5d944 None None] Extended resource: address-groups {{(pid=87398) __init__ /opt/stack/neutron/neutron/api/extensions.py:156}}
Jul 09 09:49:31.999983 np0000004871 devstack@neutron-api.service[87398]: DEBUG neutron.api.extensions [None req-9508b91f-7b89-4147-9afd-0ff981d5d944 None None] Extended resource: address-scopes {{(pid=87398) __init__ /opt/stack/neutron/neutron/api/extensions.py:156}}
Jul 09 09:49:32.000445 np0000004871 devstack@neutron-api.service[87398]: DEBUG neutron.api.extensions [None req-9508b91f-7b89-4147-9afd-0ff981d5d944 None None] Extended resource: agents {{(pid=87398) __init__ /opt/stack/neutron/neutron/api/extensions.py:156}}
Jul 09 09:49:32.000902 np0000004871 devstack@neutron-api.service[87398]: DEBUG neutron.api.extensions [None req-9508b91f-7b89-4147-9afd-0ff981d5d944 None None] Extended resource: auto-allocated-topology {{(pid=87398) __init__ /opt/stack/neutron/neutron/api/extensions.py:156}}
Jul 09 09:49:32.001513 np0000004871 devstack@neutron-api.service[87398]: DEBUG neutron.api.extensions [None req-9508b91f-7b89-4147-9afd-0ff981d5d944 None None] Extended resource: availability_zones {{(pid=87398) __init__ /opt/stack/neutron/neutron/api/extensions.py:156}}
Jul 09 09:49:32.001882 np0000004871 devstack@neutron-api.service[87398]: DEBUG neutron.api.extensions [None req-9508b91f-7b89-4147-9afd-0ff981d5d944 None None] Extended resource: dhcp-networks {{(pid=87398) __init__ /opt/stack/neutron/neutron/api/extensions.py:156}}
Jul 09 09:49:32.002480 np0000004871 devstack@neutron-api.service[87398]: DEBUG neutron.api.extensions [None req-9508b91f-7b89-4147-9afd-0ff981d5d944 None None] Extended resource: dhcp-agents {{(pid=87398) __init__ /opt/stack/neutron/neutron/api/extensions.py:156}}
Jul 09 09:49:32.002986 np0000004871 devstack@neutron-api.service[87398]: DEBUG neutron.api.extensions [None req-9508b91f-7b89-4147-9afd-0ff981d5d944 None None] Extended resource: routers {{(pid=87398) __init__ /opt/stack/neutron/neutron/api/extensions.py:156}}
Jul 09 09:49:32.003883 np0000004871 devstack@neutron-api.service[87398]: DEBUG neutron.api.extensions [None req-9508b91f-7b89-4147-9afd-0ff981d5d944 None None] Extended resource: flavors {{(pid=87398) __init__ /opt/stack/neutron/neutron/api/extensions.py:156}}
Jul 09 09:49:32.004340 np0000004871 devstack@neutron-api.service[87398]: DEBUG neutron.api.extensions [None req-9508b91f-7b89-4147-9afd-0ff981d5d944 None None] Extended resource: service_profiles {{(pid=87398) __init__ /opt/stack/neutron/neutron/api/extensions.py:156}}
Jul 09 09:49:32.005048 np0000004871 devstack@neutron-api.service[87398]: DEBUG neutron.api.extensions [None req-9508b91f-7b89-4147-9afd-0ff981d5d944 None None] Extended resource: next_providers {{(pid=87398) __init__ /opt/stack/neutron/neutron/api/extensions.py:156}}
Jul 09 09:49:32.007356 np0000004871 devstack@neutron-api.service[87398]: DEBUG neutron.api.extensions [None req-9508b91f-7b89-4147-9afd-0ff981d5d944 None None] Extended resource: service_profiles {{(pid=87398) __init__ /opt/stack/neutron/neutron/api/extensions.py:156}}
Jul 09 09:49:32.007805 np0000004871 devstack@neutron-api.service[87398]: DEBUG neutron.api.extensions [None req-9508b91f-7b89-4147-9afd-0ff981d5d944 None None] Extended resource: floatingip-pools {{(pid=87398) __init__ /opt/stack/neutron/neutron/api/extensions.py:156}}
Jul 09 09:49:32.008356 np0000004871 devstack@neutron-api.service[87398]: DEBUG neutron.api.extensions [None req-9508b91f-7b89-4147-9afd-0ff981d5d944 None None] Extended resource: routers {{(pid=87398) __init__ /opt/stack/neutron/neutron/api/extensions.py:156}}
Jul 09 09:49:32.009493 np0000004871 devstack@neutron-api.service[87398]: DEBUG neutron.api.extensions [None req-9508b91f-7b89-4147-9afd-0ff981d5d944 None None] Extended resource: floatingips {{(pid=87398) __init__ /opt/stack/neutron/neutron/api/extensions.py:156}}
Jul 09 09:49:32.010009 np0000004871 devstack@neutron-api.service[87398]: DEBUG neutron.api.extensions [None req-9508b91f-7b89-4147-9afd-0ff981d5d944 None None] Extended resource: l3-routers {{(pid=87398) __init__ /opt/stack/neutron/neutron/api/extensions.py:156}}
Jul 09 09:49:32.010633 np0000004871 devstack@neutron-api.service[87398]: DEBUG neutron.api.extensions [None req-9508b91f-7b89-4147-9afd-0ff981d5d944 None None] Extended resource: l3-agents {{(pid=87398) __init__ /opt/stack/neutron/neutron/api/extensions.py:156}}
Jul 09 09:49:32.011364 np0000004871 devstack@neutron-api.service[87398]: DEBUG neutron.api.extensions [None req-9508b91f-7b89-4147-9afd-0ff981d5d944 None None] Extended resource: network-ip-availabilities {{(pid=87398) __init__ /opt/stack/neutron/neutron/api/extensions.py:156}}
Jul 09 09:49:32.011870 np0000004871 devstack@neutron-api.service[87398]: DEBUG neutron.api.extensions [None req-9508b91f-7b89-4147-9afd-0ff981d5d944 None None] Extended resource: network-ip-availabilities {{(pid=87398) __init__ /opt/stack/neutron/neutron/api/extensions.py:156}}
Jul 09 09:49:32.014980 np0000004871 devstack@neutron-api.service[87398]: DEBUG neutron.api.extensions [None req-9508b91f-7b89-4147-9afd-0ff981d5d944 None None] Extended resource: bindings {{(pid=87398) __init__ /opt/stack/neutron/neutron/api/extensions.py:156}}
Jul 09 09:49:32.016127 np0000004871 devstack@neutron-api.service[87398]: DEBUG neutron.api.extensions [None req-9508b91f-7b89-4147-9afd-0ff981d5d944 None None] Extended resource: quotas {{(pid=87398) __init__ /opt/stack/neutron/neutron/api/extensions.py:156}}
Jul 09 09:49:32.016788 np0000004871 devstack@neutron-api.service[87398]: DEBUG neutron.api.extensions [None req-9508b91f-7b89-4147-9afd-0ff981d5d944 None None] Extended resource: quotas {{(pid=87398) __init__ /opt/stack/neutron/neutron/api/extensions.py:156}}
Jul 09 09:49:32.017838 np0000004871 devstack@neutron-api.service[87398]: DEBUG neutron.api.extensions [None req-9508b91f-7b89-4147-9afd-0ff981d5d944 None None] Extended resource: rbac-policies {{(pid=87398) __init__ /opt/stack/neutron/neutron/api/extensions.py:156}}
Jul 09 09:49:32.018545 np0000004871 devstack@neutron-api.service[87398]: DEBUG neutron.api.extensions [None req-9508b91f-7b89-4147-9afd-0ff981d5d944 None None] Extended resource: default-security-group-rules {{(pid=87398) __init__ /opt/stack/neutron/neutron/api/extensions.py:156}}
Jul 09 09:49:32.019078 np0000004871 devstack@neutron-api.service[87398]: DEBUG neutron.api.extensions [None req-9508b91f-7b89-4147-9afd-0ff981d5d944 None None] Extended resource: security-groups-default-statefulness {{(pid=87398) __init__ /opt/stack/neutron/neutron/api/extensions.py:156}}
Jul 09 09:49:32.021162 np0000004871 devstack@neutron-api.service[87400]: DEBUG oslo_concurrency.processutils [None req-35a1b30c-1254-49fb-aa24-22acf5930bcf None None] CMD "ovsdb-client transact ssl:10.4.3.173:6641 --timeout 180 -p /opt/stack/data/CA/int-ca/private/devstack-cert.key -c /opt/stack/data/CA/int-ca/devstack-cert.crt -C /opt/stack/data/CA/int-ca/ca-chain.pem ["OVN_Northbound", {"op": "wait", "timeout": 0, "table": "Port_Group", "where": [["name", "==", "neutron_pg_drop"]], "until": "==", "rows": []}, {"op": "insert", "table": "ACL", "row": {"action": "drop", "direction": "to-lport", "match": "outport == @neutron_pg_drop && ip", "priority": 1001}, "uuid-name": "droptoport"}, {"op": "insert", "table": "ACL", "row": {"action": "drop", "direction": "from-lport", "match": "inport == @neutron_pg_drop && ip", "priority": 1001}, "uuid-name": "dropfromport"}, {"op": "insert", "table": "Port_Group", "row": {"name": "neutron_pg_drop", "acls": ["set", [["named-uuid", "droptoport"], ["named-uuid", "dropfromport"]]]}}]" returned: 0 in 0.023s {{(pid=87400) execute /opt/stack/data/venv/lib/python3.12/site-packages/oslo_concurrency/processutils.py:468}}
Jul 09 09:49:32.021685 np0000004871 devstack@neutron-api.service[87400]: DEBUG neutron_lib.callbacks.manager [None req-35a1b30c-1254-49fb-aa24-22acf5930bcf None None] Publish callbacks ['neutron.plugins.ml2.drivers.ovn.mech_driver.mech_driver.OVNMechanismDriver.post_fork_initialize-850713', 'neutron.services.pvlan.drivers.ovn.driver._initialize_pvlan_pg_drop-7881925862404', 'neutron.services.ovn_l3.plugin.OVNL3RouterPlugin._post_fork_initialize-460831'] for process (None), after_init {{(pid=87400) _notify_loop /opt/stack/data/venv/lib/python3.12/site-packages/neutron_lib/callbacks/manager.py:184}}
Jul 09 09:49:32.021907 np0000004871 devstack@neutron-api.service[87398]: DEBUG neutron.api.extensions [None req-9508b91f-7b89-4147-9afd-0ff981d5d944 None None] Extended resource: security-groups {{(pid=87398) __init__ /opt/stack/neutron/neutron/api/extensions.py:156}}
Jul 09 09:49:32.022143 np0000004871 devstack@neutron-api.service[87400]: DEBUG oslo_concurrency.lockutils [None req-35a1b30c-1254-49fb-aa24-22acf5930bcf None None] Acquiring lock "singleton_lock" {{(pid=87400) lock /opt/stack/data/venv/lib/python3.12/site-packages/oslo_concurrency/lockutils.py:395}}
Jul 09 09:49:32.022250 np0000004871 devstack@neutron-api.service[87400]: DEBUG oslo_concurrency.lockutils [None req-35a1b30c-1254-49fb-aa24-22acf5930bcf None None] Acquired lock "singleton_lock" {{(pid=87400) lock /opt/stack/data/venv/lib/python3.12/site-packages/oslo_concurrency/lockutils.py:398}}
Jul 09 09:49:32.022558 np0000004871 devstack@neutron-api.service[87400]: DEBUG oslo_concurrency.lockutils [None req-35a1b30c-1254-49fb-aa24-22acf5930bcf None None] Releasing lock "singleton_lock" {{(pid=87400) lock /opt/stack/data/venv/lib/python3.12/site-packages/oslo_concurrency/lockutils.py:418}}
Jul 09 09:49:32.022606 np0000004871 devstack@neutron-api.service[87398]: DEBUG neutron.api.extensions [None req-9508b91f-7b89-4147-9afd-0ff981d5d944 None None] Extended resource: security-group-rules {{(pid=87398) __init__ /opt/stack/neutron/neutron/api/extensions.py:156}}
Jul 09 09:49:32.022972 np0000004871 devstack@neutron-api.service[87398]: DEBUG neutron.api.extensions [None req-9508b91f-7b89-4147-9afd-0ff981d5d944 None None] Extended resource: service-providers {{(pid=87398) __init__ /opt/stack/neutron/neutron/api/extensions.py:156}}
Jul 09 09:49:32.023706 np0000004871 devstack@neutron-api.service[87398]: DEBUG neutron.api.extensions [None req-9508b91f-7b89-4147-9afd-0ff981d5d944 None None] Extended resource: subnetpools {{(pid=87398) __init__ /opt/stack/neutron/neutron/api/extensions.py:156}}
Jul 09 09:49:32.023925 np0000004871 devstack@neutron-api.service[87398]: DEBUG neutron.api.extensions [None req-9508b91f-7b89-4147-9afd-0ff981d5d944 None None] Extended resource: subnetpools {{(pid=87398) __init__ /opt/stack/neutron/neutron/api/extensions.py:156}}
Jul 09 09:49:32.024512 np0000004871 devstack@neutron-api.service[87400]: DEBUG neutron.plugins.ml2.drivers.ovn.mech_driver.mech_driver [None req-35a1b30c-1254-49fb-aa24-22acf5930bcf None None] Hash Ring setup using WSGI start time 2026-07-09 09:49:25+00:00 {{(pid=87400) _init_hash_ring /opt/stack/neutron/neutron/plugins/ml2/drivers/ovn/mech_driver/mech_driver.py:404}}
Jul 09 09:49:32.025350 np0000004871 devstack@neutron-api.service[87398]: DEBUG neutron.api.extensions [None req-9508b91f-7b89-4147-9afd-0ff981d5d944 None None] Extended resource: tags {{(pid=87398) __init__ /opt/stack/neutron/neutron/api/extensions.py:156}}
Jul 09 09:49:32.026337 np0000004871 devstack@neutron-api.service[87398]: DEBUG neutron.api.extensions [None req-9508b91f-7b89-4147-9afd-0ff981d5d944 None None] Extended resource: tags {{(pid=87398) __init__ /opt/stack/neutron/neutron/api/extensions.py:156}}
Jul 09 09:49:32.028406 np0000004871 devstack@neutron-api.service[87398]: DEBUG neutron.api.extensions [None req-9508b91f-7b89-4147-9afd-0ff981d5d944 None None] Extended resource: tags {{(pid=87398) __init__ /opt/stack/neutron/neutron/api/extensions.py:156}}
Jul 09 09:49:32.029727 np0000004871 devstack@neutron-api.service[87398]: DEBUG neutron.api.extensions [None req-9508b91f-7b89-4147-9afd-0ff981d5d944 None None] Extended resource: tags {{(pid=87398) __init__ /opt/stack/neutron/neutron/api/extensions.py:156}}
Jul 09 09:49:32.030637 np0000004871 devstack@neutron-api.service[87398]: DEBUG neutron.api.extensions [None req-9508b91f-7b89-4147-9afd-0ff981d5d944 None None] Extended resource: tags {{(pid=87398) __init__ /opt/stack/neutron/neutron/api/extensions.py:156}}
Jul 09 09:49:32.032039 np0000004871 devstack@neutron-api.service[87398]: DEBUG neutron.api.extensions [None req-9508b91f-7b89-4147-9afd-0ff981d5d944 None None] Extended resource: tags {{(pid=87398) __init__ /opt/stack/neutron/neutron/api/extensions.py:156}}
Jul 09 09:49:32.033135 np0000004871 devstack@neutron-api.service[87398]: DEBUG neutron.api.extensions [None req-9508b91f-7b89-4147-9afd-0ff981d5d944 None None] Extended resource: tags {{(pid=87398) __init__ /opt/stack/neutron/neutron/api/extensions.py:156}}
Jul 09 09:49:32.035546 np0000004871 devstack@neutron-api.service[87398]: DEBUG neutron.api.extensions [None req-9508b91f-7b89-4147-9afd-0ff981d5d944 None None] Extended resource: tags {{(pid=87398) __init__ /opt/stack/neutron/neutron/api/extensions.py:156}}
Jul 09 09:49:32.037956 np0000004871 devstack@neutron-api.service[87398]: DEBUG neutron.api.extensions [None req-9508b91f-7b89-4147-9afd-0ff981d5d944 None None] Extended resource: tags {{(pid=87398) __init__ /opt/stack/neutron/neutron/api/extensions.py:156}}
Jul 09 09:49:32.038125 np0000004871 devstack@neutron-api.service[87400]: INFO neutron.db.ovn_hash_ring_db [None req-35a1b30c-1254-49fb-aa24-22acf5930bcf None None] Nodes from host "np0000004871" and group "mechanism_driver" removed from the Hash Ring created at 2026-07-09 09:49:25+00:00
Jul 09 09:49:32.045026 np0000004871 devstack@neutron-api.service[87400]: INFO neutron.db.ovn_hash_ring_db [None req-35a1b30c-1254-49fb-aa24-22acf5930bcf None None] Node fd276dea49f45f6f81f8ed9eba57fc1b from host "np0000004871" and group "mechanism_driver" added to the Hash Ring
Jul 09 09:49:32.045102 np0000004871 devstack@neutron-api.service[87398]: DEBUG neutron.api.extensions [None req-9508b91f-7b89-4147-9afd-0ff981d5d944 None None] Extended resource: tags {{(pid=87398) __init__ /opt/stack/neutron/neutron/api/extensions.py:156}}
Jul 09 09:49:32.052048 np0000004871 devstack@neutron-api.service[87400]: DEBUG neutron.plugins.ml2.drivers.ovn.mech_driver.mech_driver [None req-35a1b30c-1254-49fb-aa24-22acf5930bcf None None] Hash Ring setup, this worker has detected 2 OVN hash ring registers in the database {{(pid=87400) _init_hash_ring /opt/stack/neutron/neutron/plugins/ml2/drivers/ovn/mech_driver/mech_driver.py:414}}
Jul 09 09:49:32.057422 np0000004871 devstack@neutron-api.service[87400]: DEBUG neutron.plugins.ml2.drivers.ovn.mech_driver.ovsdb.maintenance [None req-35a1b30c-1254-49fb-aa24-22acf5930bcf None None] Periodic task found: HashRingHealthCheckPeriodics.touch_hash_ring_node {{(pid=87400) add_periodics /opt/stack/neutron/neutron/plugins/ml2/drivers/ovn/mech_driver/ovsdb/maintenance.py:146}}
Jul 09 09:49:32.058686 np0000004871 devstack@neutron-api.service[87400]: INFO neutron.plugins.ml2.drivers.ovn.mech_driver.mech_driver [None req-35a1b30c-1254-49fb-aa24-22acf5930bcf None None] Hash Ring probing thread for node fd276dea49f45f6f81f8ed9eba57fc1b has started
Jul 09 09:49:32.059196 np0000004871 devstack@neutron-api.service[87400]: INFO neutron.plugins.ml2.drivers.ovn.mech_driver.ovsdb.impl_idl_ovn [None req-35a1b30c-1254-49fb-aa24-22acf5930bcf None None] Getting OvsdbNbOvnIdl for WorkerService with retry
Jul 09 09:49:32.073307 np0000004871 devstack@neutron-api.service[87398]: DEBUG neutron_lib.callbacks.manager [None req-9508b91f-7b89-4147-9afd-0ff981d5d944 None None] Publish callbacks ['neutron.plugins.ml2.drivers.ovn.mech_driver.mech_driver.OVNMechanismDriver.pre_fork_initialize-841106'] for process (None), before_spawn {{(pid=87398) _notify_loop /opt/stack/data/venv/lib/python3.12/site-packages/neutron_lib/callbacks/manager.py:184}}
Jul 09 09:49:32.073307 np0000004871 devstack@neutron-api.service[87398]: DEBUG oslo_concurrency.processutils [None req-9508b91f-7b89-4147-9afd-0ff981d5d944 None None] Running cmd (subprocess): ovsdb-client transact ssl:10.4.3.173:6641 --timeout 180 -p /opt/stack/data/CA/int-ca/private/devstack-cert.key -c /opt/stack/data/CA/int-ca/devstack-cert.crt -C /opt/stack/data/CA/int-ca/ca-chain.pem ["OVN_Northbound", {"op": "wait", "timeout": 0, "table": "Port_Group", "where": [["name", "==", "neutron_pg_drop"]], "until": "==", "rows": []}, {"op": "insert", "table": "ACL", "row": {"action": "drop", "direction": "to-lport", "match": "outport == @neutron_pg_drop && ip", "priority": 1001}, "uuid-name": "droptoport"}, {"op": "insert", "table": "ACL", "row": {"action": "drop", "direction": "from-lport", "match": "inport == @neutron_pg_drop && ip", "priority": 1001}, "uuid-name": "dropfromport"}, {"op": "insert", "table": "Port_Group", "row": {"name": "neutron_pg_drop", "acls": ["set", [["named-uuid", "droptoport"], ["named-uuid", "dropfromport"]]]}}] {{(pid=87398) execute /opt/stack/data/venv/lib/python3.12/site-packages/oslo_concurrency/processutils.py:440}}
Jul 09 09:49:32.105327 np0000004871 devstack@neutron-api.service[87398]: DEBUG oslo_concurrency.processutils [None req-9508b91f-7b89-4147-9afd-0ff981d5d944 None None] CMD "ovsdb-client transact ssl:10.4.3.173:6641 --timeout 180 -p /opt/stack/data/CA/int-ca/private/devstack-cert.key -c /opt/stack/data/CA/int-ca/devstack-cert.crt -C /opt/stack/data/CA/int-ca/ca-chain.pem ["OVN_Northbound", {"op": "wait", "timeout": 0, "table": "Port_Group", "where": [["name", "==", "neutron_pg_drop"]], "until": "==", "rows": []}, {"op": "insert", "table": "ACL", "row": {"action": "drop", "direction": "to-lport", "match": "outport == @neutron_pg_drop && ip", "priority": 1001}, "uuid-name": "droptoport"}, {"op": "insert", "table": "ACL", "row": {"action": "drop", "direction": "from-lport", "match": "inport == @neutron_pg_drop && ip", "priority": 1001}, "uuid-name": "dropfromport"}, {"op": "insert", "table": "Port_Group", "row": {"name": "neutron_pg_drop", "acls": ["set", [["named-uuid", "droptoport"], ["named-uuid", "dropfromport"]]]}}]" returned: 0 in 0.031s {{(pid=87398) execute /opt/stack/data/venv/lib/python3.12/site-packages/oslo_concurrency/processutils.py:468}}
Jul 09 09:49:32.106107 np0000004871 devstack@neutron-api.service[87398]: DEBUG neutron_lib.callbacks.manager [None req-9508b91f-7b89-4147-9afd-0ff981d5d944 None None] Publish callbacks ['neutron.plugins.ml2.drivers.ovn.mech_driver.mech_driver.OVNMechanismDriver.post_fork_initialize-841194', 'neutron.services.pvlan.drivers.ovn.driver._initialize_pvlan_pg_drop-7881925854198', 'neutron.services.ovn_l3.plugin.OVNL3RouterPlugin._post_fork_initialize-1228933'] for process (None), after_init {{(pid=87398) _notify_loop /opt/stack/data/venv/lib/python3.12/site-packages/neutron_lib/callbacks/manager.py:184}}
Jul 09 09:49:32.106487 np0000004871 devstack@neutron-api.service[87398]: DEBUG oslo_concurrency.lockutils [None req-9508b91f-7b89-4147-9afd-0ff981d5d944 None None] Acquiring lock "singleton_lock" {{(pid=87398) lock /opt/stack/data/venv/lib/python3.12/site-packages/oslo_concurrency/lockutils.py:395}}
Jul 09 09:49:32.107189 np0000004871 devstack@neutron-api.service[87398]: DEBUG oslo_concurrency.lockutils [None req-9508b91f-7b89-4147-9afd-0ff981d5d944 None None] Acquired lock "singleton_lock" {{(pid=87398) lock /opt/stack/data/venv/lib/python3.12/site-packages/oslo_concurrency/lockutils.py:398}}
Jul 09 09:49:32.107189 np0000004871 devstack@neutron-api.service[87398]: DEBUG oslo_concurrency.lockutils [None req-9508b91f-7b89-4147-9afd-0ff981d5d944 None None] Releasing lock "singleton_lock" {{(pid=87398) lock /opt/stack/data/venv/lib/python3.12/site-packages/oslo_concurrency/lockutils.py:418}}
Jul 09 09:49:32.109908 np0000004871 devstack@neutron-api.service[87398]: DEBUG neutron.plugins.ml2.drivers.ovn.mech_driver.mech_driver [None req-9508b91f-7b89-4147-9afd-0ff981d5d944 None None] Hash Ring setup using WSGI start time 2026-07-09 09:49:25+00:00 {{(pid=87398) _init_hash_ring /opt/stack/neutron/neutron/plugins/ml2/drivers/ovn/mech_driver/mech_driver.py:404}}
Jul 09 09:49:32.123223 np0000004871 devstack@neutron-api.service[87400]: DEBUG ovsdbapp.backend.ovs_idl [None req-35a1b30c-1254-49fb-aa24-22acf5930bcf None None] Created lookup_table index Logical_Switch.name {{(pid=87400) autocreate_indices /opt/stack/data/venv/lib/python3.12/site-packages/ovsdbapp/backend/ovs_idl/__init__.py:87}}
Jul 09 09:49:32.123374 np0000004871 devstack@neutron-api.service[87400]: DEBUG ovsdbapp.backend.ovs_idl [None req-35a1b30c-1254-49fb-aa24-22acf5930bcf None None] Created lookup_table index Logical_Router.name {{(pid=87400) autocreate_indices /opt/stack/data/venv/lib/python3.12/site-packages/ovsdbapp/backend/ovs_idl/__init__.py:87}}
Jul 09 09:49:32.123471 np0000004871 devstack@neutron-api.service[87400]: DEBUG ovsdbapp.backend.ovs_idl [None req-35a1b30c-1254-49fb-aa24-22acf5930bcf None None] Created lookup_table index Load_Balancer.name {{(pid=87400) autocreate_indices /opt/stack/data/venv/lib/python3.12/site-packages/ovsdbapp/backend/ovs_idl/__init__.py:87}}
Jul 09 09:49:32.123584 np0000004871 devstack@neutron-api.service[87400]: DEBUG ovsdbapp.backend.ovs_idl [None req-35a1b30c-1254-49fb-aa24-22acf5930bcf None None] Created schema index Copp.name {{(pid=87400) autocreate_indices /opt/stack/data/venv/lib/python3.12/site-packages/ovsdbapp/backend/ovs_idl/__init__.py:106}}
Jul 09 09:49:32.123708 np0000004871 devstack@neutron-api.service[87400]: DEBUG ovsdbapp.backend.ovs_idl [None req-35a1b30c-1254-49fb-aa24-22acf5930bcf None None] Created schema index Meter.name {{(pid=87400) autocreate_indices /opt/stack/data/venv/lib/python3.12/site-packages/ovsdbapp/backend/ovs_idl/__init__.py:106}}
Jul 09 09:49:32.123843 np0000004871 devstack@neutron-api.service[87400]: DEBUG ovsdbapp.backend.ovs_idl [None req-35a1b30c-1254-49fb-aa24-22acf5930bcf None None] Created schema index Load_Balancer_Group.name {{(pid=87400) autocreate_indices /opt/stack/data/venv/lib/python3.12/site-packages/ovsdbapp/backend/ovs_idl/__init__.py:106}}
Jul 09 09:49:32.123940 np0000004871 devstack@neutron-api.service[87400]: DEBUG ovsdbapp.backend.ovs_idl [None req-35a1b30c-1254-49fb-aa24-22acf5930bcf None None] Created schema index HA_Chassis_Group.name {{(pid=87400) autocreate_indices /opt/stack/data/venv/lib/python3.12/site-packages/ovsdbapp/backend/ovs_idl/__init__.py:106}}
Jul 09 09:49:32.124026 np0000004871 devstack@neutron-api.service[87400]: DEBUG ovsdbapp.backend.ovs_idl [None req-35a1b30c-1254-49fb-aa24-22acf5930bcf None None] Created schema index Address_Set.name {{(pid=87400) autocreate_indices /opt/stack/data/venv/lib/python3.12/site-packages/ovsdbapp/backend/ovs_idl/__init__.py:106}}
Jul 09 09:49:32.124140 np0000004871 devstack@neutron-api.service[87400]: DEBUG ovsdbapp.backend.ovs_idl [None req-35a1b30c-1254-49fb-aa24-22acf5930bcf None None] Created schema index Connection.target {{(pid=87400) autocreate_indices /opt/stack/data/venv/lib/python3.12/site-packages/ovsdbapp/backend/ovs_idl/__init__.py:106}}
Jul 09 09:49:32.124229 np0000004871 devstack@neutron-api.service[87400]: DEBUG ovsdbapp.backend.ovs_idl [None req-35a1b30c-1254-49fb-aa24-22acf5930bcf None None] Created schema index Gateway_Chassis.name {{(pid=87400) autocreate_indices /opt/stack/data/venv/lib/python3.12/site-packages/ovsdbapp/backend/ovs_idl/__init__.py:106}}
Jul 09 09:49:32.124321 np0000004871 devstack@neutron-api.service[87400]: DEBUG ovsdbapp.backend.ovs_idl [None req-35a1b30c-1254-49fb-aa24-22acf5930bcf None None] Created schema index Mirror.name {{(pid=87400) autocreate_indices /opt/stack/data/venv/lib/python3.12/site-packages/ovsdbapp/backend/ovs_idl/__init__.py:106}}
Jul 09 09:49:32.124420 np0000004871 devstack@neutron-api.service[87400]: DEBUG ovsdbapp.backend.ovs_idl [None req-35a1b30c-1254-49fb-aa24-22acf5930bcf None None] Created schema index Chassis_Template_Var.chassis {{(pid=87400) autocreate_indices /opt/stack/data/venv/lib/python3.12/site-packages/ovsdbapp/backend/ovs_idl/__init__.py:106}}
Jul 09 09:49:32.124538 np0000004871 devstack@neutron-api.service[87400]: DEBUG ovsdbapp.backend.ovs_idl [None req-35a1b30c-1254-49fb-aa24-22acf5930bcf None None] Created schema index Logical_Router_Port.name {{(pid=87400) autocreate_indices /opt/stack/data/venv/lib/python3.12/site-packages/ovsdbapp/backend/ovs_idl/__init__.py:106}}
Jul 09 09:49:32.124653 np0000004871 devstack@neutron-api.service[87400]: DEBUG ovsdbapp.backend.ovs_idl [None req-35a1b30c-1254-49fb-aa24-22acf5930bcf None None] Created schema index Port_Group.name {{(pid=87400) autocreate_indices /opt/stack/data/venv/lib/python3.12/site-packages/ovsdbapp/backend/ovs_idl/__init__.py:106}}
Jul 09 09:49:32.124762 np0000004871 devstack@neutron-api.service[87400]: DEBUG ovsdbapp.backend.ovs_idl [None req-35a1b30c-1254-49fb-aa24-22acf5930bcf None None] Created schema index Logical_Switch_Port.name {{(pid=87400) autocreate_indices /opt/stack/data/venv/lib/python3.12/site-packages/ovsdbapp/backend/ovs_idl/__init__.py:106}}
Jul 09 09:49:32.129000 np0000004871 devstack@neutron-api.service[87400]: INFO ovsdbapp.backend.ovs_idl.vlog [None req-35a1b30c-1254-49fb-aa24-22acf5930bcf None None] ssl:10.4.3.173:6641: connecting...
Jul 09 09:49:32.139401 np0000004871 devstack@neutron-api.service[87400]: INFO ovsdbapp.backend.ovs_idl.vlog [None req-35a1b30c-1254-49fb-aa24-22acf5930bcf None None] ssl:10.4.3.173:6641: connected
Jul 09 09:49:32.140929 np0000004871 devstack@neutron-api.service[87398]: INFO neutron.db.ovn_hash_ring_db [None req-9508b91f-7b89-4147-9afd-0ff981d5d944 None None] Nodes from host "np0000004871" and group "mechanism_driver" removed from the Hash Ring created at 2026-07-09 09:49:25+00:00
Jul 09 09:49:32.146456 np0000004871 devstack@neutron-api.service[87398]: INFO neutron.db.ovn_hash_ring_db [None req-9508b91f-7b89-4147-9afd-0ff981d5d944 None None] Node 1f755ec9d7b059e3a585ba70e12fef5a from host "np0000004871" and group "mechanism_driver" added to the Hash Ring
Jul 09 09:49:32.154265 np0000004871 devstack@neutron-api.service[87398]: DEBUG neutron.plugins.ml2.drivers.ovn.mech_driver.mech_driver [None req-9508b91f-7b89-4147-9afd-0ff981d5d944 None None] Hash Ring setup, this worker has detected 3 OVN hash ring registers in the database {{(pid=87398) _init_hash_ring /opt/stack/neutron/neutron/plugins/ml2/drivers/ovn/mech_driver/mech_driver.py:414}}
Jul 09 09:49:32.158962 np0000004871 devstack@neutron-api.service[87398]: DEBUG neutron.plugins.ml2.drivers.ovn.mech_driver.ovsdb.maintenance [None req-9508b91f-7b89-4147-9afd-0ff981d5d944 None None] Periodic task found: HashRingHealthCheckPeriodics.touch_hash_ring_node {{(pid=87398) add_periodics /opt/stack/neutron/neutron/plugins/ml2/drivers/ovn/mech_driver/ovsdb/maintenance.py:146}}
Jul 09 09:49:32.160012 np0000004871 devstack@neutron-api.service[87398]: INFO neutron.plugins.ml2.drivers.ovn.mech_driver.mech_driver [None req-9508b91f-7b89-4147-9afd-0ff981d5d944 None None] Hash Ring probing thread for node 1f755ec9d7b059e3a585ba70e12fef5a has started
Jul 09 09:49:32.160695 np0000004871 devstack@neutron-api.service[87398]: INFO neutron.plugins.ml2.drivers.ovn.mech_driver.ovsdb.impl_idl_ovn [None req-9508b91f-7b89-4147-9afd-0ff981d5d944 None None] Getting OvsdbNbOvnIdl for WorkerService with retry
Jul 09 09:49:32.179734 np0000004871 devstack@neutron-api.service[87400]: DEBUG neutron.common.ovn.hash_ring_manager [None req-35a1b30c-1254-49fb-aa24-22acf5930bcf None None] Allow caching, nodes 3>=3 {{(pid=87400) _wait_startup_before_caching /opt/stack/neutron/neutron/common/ovn/hash_ring_manager.py:71}}
Jul 09 09:49:32.185857 np0000004871 devstack@neutron-api.service[87400]: DEBUG neutron.common.ovn.hash_ring_manager [None req-35a1b30c-1254-49fb-aa24-22acf5930bcf None None] Hash Ring loaded. 3 active nodes. 0 offline nodes {{(pid=87400) _load_hash_ring /opt/stack/neutron/neutron/common/ovn/hash_ring_manager.py:110}}
Jul 09 09:49:32.186053 np0000004871 devstack@neutron-api.service[87400]: DEBUG neutron.plugins.ml2.drivers.ovn.mech_driver.ovsdb.ovsdb_monitor [None req-35a1b30c-1254-49fb-aa24-22acf5930bcf None None] Hash Ring: Node fd276dea49f45f6f81f8ed9eba57fc1b (host: np0000004871) handling event "create" for row 08206029-aac6-4ade-a895-9eac1163acf7 (table: ACL) {{(pid=87400) notify /opt/stack/neutron/neutron/plugins/ml2/drivers/ovn/mech_driver/ovsdb/ovsdb_monitor.py:1030}}
Jul 09 09:49:32.186274 np0000004871 devstack@neutron-api.service[87400]: DEBUG neutron.plugins.ml2.drivers.ovn.mech_driver.ovsdb.ovsdb_monitor [None req-35a1b30c-1254-49fb-aa24-22acf5930bcf None None] Hash Ring: Node fd276dea49f45f6f81f8ed9eba57fc1b (host: np0000004871) handling event "create" for row 4fd15453-8316-4159-8548-bc7feff4bdf3 (table: ACL) {{(pid=87400) notify /opt/stack/neutron/neutron/plugins/ml2/drivers/ovn/mech_driver/ovsdb/ovsdb_monitor.py:1030}}
Jul 09 09:49:32.186502 np0000004871 devstack@neutron-api.service[87400]: DEBUG neutron.plugins.ml2.drivers.ovn.mech_driver.ovsdb.ovsdb_monitor [None req-35a1b30c-1254-49fb-aa24-22acf5930bcf None None] Hash Ring: Node fd276dea49f45f6f81f8ed9eba57fc1b (host: np0000004871) handling event "create" for row af3a3241-844e-429b-aa4b-6404928984dd (table: Connection) {{(pid=87400) notify /opt/stack/neutron/neutron/plugins/ml2/drivers/ovn/mech_driver/ovsdb/ovsdb_monitor.py:1030}}
Jul 09 09:49:32.186684 np0000004871 devstack@neutron-api.service[87400]: DEBUG neutron.plugins.ml2.drivers.ovn.mech_driver.ovsdb.ovsdb_monitor [None req-35a1b30c-1254-49fb-aa24-22acf5930bcf None None] Hash Ring: Node fd276dea49f45f6f81f8ed9eba57fc1b (host: np0000004871) handling event "create" for row b6c42e1c-a0b7-451a-a069-51fa97fecd50 (table: SSL) {{(pid=87400) notify /opt/stack/neutron/neutron/plugins/ml2/drivers/ovn/mech_driver/ovsdb/ovsdb_monitor.py:1030}}
Jul 09 09:49:32.187493 np0000004871 devstack@neutron-api.service[87400]: INFO neutron.plugins.ml2.drivers.ovn.mech_driver.ovsdb.impl_idl_ovn [None req-35a1b30c-1254-49fb-aa24-22acf5930bcf None None] Getting OvsdbSbOvnIdl for WorkerService with retry
Jul 09 09:49:32.201120 np0000004871 devstack@neutron-api.service[87398]: DEBUG ovsdbapp.backend.ovs_idl [None req-9508b91f-7b89-4147-9afd-0ff981d5d944 None None] Created lookup_table index Logical_Switch.name {{(pid=87398) autocreate_indices /opt/stack/data/venv/lib/python3.12/site-packages/ovsdbapp/backend/ovs_idl/__init__.py:87}}
Jul 09 09:49:32.201248 np0000004871 devstack@neutron-api.service[87398]: DEBUG ovsdbapp.backend.ovs_idl [None req-9508b91f-7b89-4147-9afd-0ff981d5d944 None None] Created lookup_table index Logical_Router.name {{(pid=87398) autocreate_indices /opt/stack/data/venv/lib/python3.12/site-packages/ovsdbapp/backend/ovs_idl/__init__.py:87}}
Jul 09 09:49:32.201368 np0000004871 devstack@neutron-api.service[87398]: DEBUG ovsdbapp.backend.ovs_idl [None req-9508b91f-7b89-4147-9afd-0ff981d5d944 None None] Created lookup_table index Load_Balancer.name {{(pid=87398) autocreate_indices /opt/stack/data/venv/lib/python3.12/site-packages/ovsdbapp/backend/ovs_idl/__init__.py:87}}
Jul 09 09:49:32.201477 np0000004871 devstack@neutron-api.service[87398]: DEBUG ovsdbapp.backend.ovs_idl [None req-9508b91f-7b89-4147-9afd-0ff981d5d944 None None] Created schema index Copp.name {{(pid=87398) autocreate_indices /opt/stack/data/venv/lib/python3.12/site-packages/ovsdbapp/backend/ovs_idl/__init__.py:106}}
Jul 09 09:49:32.201623 np0000004871 devstack@neutron-api.service[87398]: DEBUG ovsdbapp.backend.ovs_idl [None req-9508b91f-7b89-4147-9afd-0ff981d5d944 None None] Created schema index Meter.name {{(pid=87398) autocreate_indices /opt/stack/data/venv/lib/python3.12/site-packages/ovsdbapp/backend/ovs_idl/__init__.py:106}}
Jul 09 09:49:32.201673 np0000004871 devstack@neutron-api.service[87398]: DEBUG ovsdbapp.backend.ovs_idl [None req-9508b91f-7b89-4147-9afd-0ff981d5d944 None None] Created schema index Load_Balancer_Group.name {{(pid=87398) autocreate_indices /opt/stack/data/venv/lib/python3.12/site-packages/ovsdbapp/backend/ovs_idl/__init__.py:106}}
Jul 09 09:49:32.201768 np0000004871 devstack@neutron-api.service[87398]: DEBUG ovsdbapp.backend.ovs_idl [None req-9508b91f-7b89-4147-9afd-0ff981d5d944 None None] Created schema index HA_Chassis_Group.name {{(pid=87398) autocreate_indices /opt/stack/data/venv/lib/python3.12/site-packages/ovsdbapp/backend/ovs_idl/__init__.py:106}}
Jul 09 09:49:32.201843 np0000004871 devstack@neutron-api.service[87398]: DEBUG ovsdbapp.backend.ovs_idl [None req-9508b91f-7b89-4147-9afd-0ff981d5d944 None None] Created schema index Address_Set.name {{(pid=87398) autocreate_indices /opt/stack/data/venv/lib/python3.12/site-packages/ovsdbapp/backend/ovs_idl/__init__.py:106}}
Jul 09 09:49:32.201951 np0000004871 devstack@neutron-api.service[87398]: DEBUG ovsdbapp.backend.ovs_idl [None req-9508b91f-7b89-4147-9afd-0ff981d5d944 None None] Created schema index Connection.target {{(pid=87398) autocreate_indices /opt/stack/data/venv/lib/python3.12/site-packages/ovsdbapp/backend/ovs_idl/__init__.py:106}}
Jul 09 09:49:32.202064 np0000004871 devstack@neutron-api.service[87398]: DEBUG ovsdbapp.backend.ovs_idl [None req-9508b91f-7b89-4147-9afd-0ff981d5d944 None None] Created schema index Gateway_Chassis.name {{(pid=87398) autocreate_indices /opt/stack/data/venv/lib/python3.12/site-packages/ovsdbapp/backend/ovs_idl/__init__.py:106}}
Jul 09 09:49:32.202162 np0000004871 devstack@neutron-api.service[87398]: DEBUG ovsdbapp.backend.ovs_idl [None req-9508b91f-7b89-4147-9afd-0ff981d5d944 None None] Created schema index Mirror.name {{(pid=87398) autocreate_indices /opt/stack/data/venv/lib/python3.12/site-packages/ovsdbapp/backend/ovs_idl/__init__.py:106}}
Jul 09 09:49:32.202308 np0000004871 devstack@neutron-api.service[87398]: DEBUG ovsdbapp.backend.ovs_idl [None req-9508b91f-7b89-4147-9afd-0ff981d5d944 None None] Created schema index Chassis_Template_Var.chassis {{(pid=87398) autocreate_indices /opt/stack/data/venv/lib/python3.12/site-packages/ovsdbapp/backend/ovs_idl/__init__.py:106}}
Jul 09 09:49:32.202420 np0000004871 devstack@neutron-api.service[87398]: DEBUG ovsdbapp.backend.ovs_idl [None req-9508b91f-7b89-4147-9afd-0ff981d5d944 None None] Created schema index Logical_Router_Port.name {{(pid=87398) autocreate_indices /opt/stack/data/venv/lib/python3.12/site-packages/ovsdbapp/backend/ovs_idl/__init__.py:106}}
Jul 09 09:49:32.202470 np0000004871 devstack@neutron-api.service[87398]: DEBUG ovsdbapp.backend.ovs_idl [None req-9508b91f-7b89-4147-9afd-0ff981d5d944 None None] Created schema index Port_Group.name {{(pid=87398) autocreate_indices /opt/stack/data/venv/lib/python3.12/site-packages/ovsdbapp/backend/ovs_idl/__init__.py:106}}
Jul 09 09:49:32.202570 np0000004871 devstack@neutron-api.service[87398]: DEBUG ovsdbapp.backend.ovs_idl [None req-9508b91f-7b89-4147-9afd-0ff981d5d944 None None] Created schema index Logical_Switch_Port.name {{(pid=87398) autocreate_indices /opt/stack/data/venv/lib/python3.12/site-packages/ovsdbapp/backend/ovs_idl/__init__.py:106}}
Jul 09 09:49:32.205639 np0000004871 devstack@neutron-api.service[87398]: INFO ovsdbapp.backend.ovs_idl.vlog [None req-9508b91f-7b89-4147-9afd-0ff981d5d944 None None] ssl:10.4.3.173:6641: connecting...
Jul 09 09:49:32.209812 np0000004871 devstack@neutron-api.service[87398]: INFO ovsdbapp.backend.ovs_idl.vlog [None req-9508b91f-7b89-4147-9afd-0ff981d5d944 None None] ssl:10.4.3.173:6641: connected
Jul 09 09:49:32.214383 np0000004871 devstack@neutron-api.service[87400]: DEBUG ovsdbapp.backend.ovs_idl [None req-35a1b30c-1254-49fb-aa24-22acf5930bcf None None] Created lookup_table index Chassis.name {{(pid=87400) autocreate_indices /opt/stack/data/venv/lib/python3.12/site-packages/ovsdbapp/backend/ovs_idl/__init__.py:87}}
Jul 09 09:49:32.214383 np0000004871 devstack@neutron-api.service[87400]: DEBUG ovsdbapp.backend.ovs_idl [None req-35a1b30c-1254-49fb-aa24-22acf5930bcf None None] Created lookup_table index Port_Binding.logical_port {{(pid=87400) autocreate_indices /opt/stack/data/venv/lib/python3.12/site-packages/ovsdbapp/backend/ovs_idl/__init__.py:87}}
Jul 09 09:49:32.214595 np0000004871 devstack@neutron-api.service[87400]: DEBUG ovsdbapp.backend.ovs_idl [None req-35a1b30c-1254-49fb-aa24-22acf5930bcf None None] Created schema index Chassis_Private.name {{(pid=87400) autocreate_indices /opt/stack/data/venv/lib/python3.12/site-packages/ovsdbapp/backend/ovs_idl/__init__.py:106}}
Jul 09 09:49:32.214595 np0000004871 devstack@neutron-api.service[87400]: DEBUG ovsdbapp.backend.ovs_idl [None req-35a1b30c-1254-49fb-aa24-22acf5930bcf None None] Created schema index Datapath_Binding.tunnel_key {{(pid=87400) autocreate_indices /opt/stack/data/venv/lib/python3.12/site-packages/ovsdbapp/backend/ovs_idl/__init__.py:106}}
Jul 09 09:49:32.216967 np0000004871 devstack@neutron-api.service[87400]: INFO ovsdbapp.backend.ovs_idl.vlog [None req-35a1b30c-1254-49fb-aa24-22acf5930bcf None None] ssl:10.4.3.173:6642: connecting...
Jul 09 09:49:32.221858 np0000004871 devstack@neutron-api.service[87400]: INFO ovsdbapp.backend.ovs_idl.vlog [None req-35a1b30c-1254-49fb-aa24-22acf5930bcf None None] ssl:10.4.3.173:6642: connected
Jul 09 09:49:32.242558 np0000004871 devstack@neutron-api.service[87398]: DEBUG neutron.common.ovn.hash_ring_manager [None req-9508b91f-7b89-4147-9afd-0ff981d5d944 None None] Allow caching, nodes 3>=3 {{(pid=87398) _wait_startup_before_caching /opt/stack/neutron/neutron/common/ovn/hash_ring_manager.py:71}}
Jul 09 09:49:32.248653 np0000004871 devstack@neutron-api.service[87400]: DEBUG neutron.common.ovn.hash_ring_manager [None req-35a1b30c-1254-49fb-aa24-22acf5930bcf None None] Allow caching, nodes 3>=3 {{(pid=87400) _wait_startup_before_caching /opt/stack/neutron/neutron/common/ovn/hash_ring_manager.py:71}}
Jul 09 09:49:32.250324 np0000004871 devstack@neutron-api.service[87398]: DEBUG neutron.common.ovn.hash_ring_manager [None req-9508b91f-7b89-4147-9afd-0ff981d5d944 None None] Hash Ring loaded. 3 active nodes. 0 offline nodes {{(pid=87398) _load_hash_ring /opt/stack/neutron/neutron/common/ovn/hash_ring_manager.py:110}}
Jul 09 09:49:32.250698 np0000004871 devstack@neutron-api.service[87398]: DEBUG neutron.plugins.ml2.drivers.ovn.mech_driver.ovsdb.ovsdb_monitor [None req-9508b91f-7b89-4147-9afd-0ff981d5d944 None None] Hash Ring: Node 1f755ec9d7b059e3a585ba70e12fef5a (host: np0000004871) handling event "create" for row 4f247b73-3e3e-4d82-aa9a-eebdafef4fdf (table: NB_Global) {{(pid=87398) notify /opt/stack/neutron/neutron/plugins/ml2/drivers/ovn/mech_driver/ovsdb/ovsdb_monitor.py:1030}}
Jul 09 09:49:32.250912 np0000004871 devstack@neutron-api.service[87398]: DEBUG neutron.plugins.ml2.drivers.ovn.mech_driver.ovsdb.ovsdb_monitor [None req-9508b91f-7b89-4147-9afd-0ff981d5d944 None None] Hash Ring: Node 1f755ec9d7b059e3a585ba70e12fef5a (host: np0000004871) handling event "create" for row abf73ea9-5557-4881-9a98-4bd9f9175165 (table: Port_Group) {{(pid=87398) notify /opt/stack/neutron/neutron/plugins/ml2/drivers/ovn/mech_driver/ovsdb/ovsdb_monitor.py:1030}}
Jul 09 09:49:32.252034 np0000004871 devstack@neutron-api.service[87398]: INFO neutron.plugins.ml2.drivers.ovn.mech_driver.ovsdb.impl_idl_ovn [None req-9508b91f-7b89-4147-9afd-0ff981d5d944 None None] Getting OvsdbSbOvnIdl for WorkerService with retry
Jul 09 09:49:32.253876 np0000004871 devstack@neutron-api.service[87400]: DEBUG neutron.common.ovn.hash_ring_manager [None req-35a1b30c-1254-49fb-aa24-22acf5930bcf None None] Hash Ring loaded. 3 active nodes. 0 offline nodes {{(pid=87400) _load_hash_ring /opt/stack/neutron/neutron/common/ovn/hash_ring_manager.py:110}}
