Jun 19 01:09:39.289169 np0000003215 devstack@neutron-api.service[86990]: INFO neutron.db.ovn_revision_numbers_db [None req-b44fc49f-b465-4e60-8894-3525cc7085e3 None None] Successfully bumped revision number for resource ae6abf01-4ba6-49bc-a15d-ca102c1c91bf (type: ports) to 2
Jun 19 01:09:39.293735 np0000003215 devstack@neutron-api.service[86990]: DEBUG neutron_lib.callbacks.manager [None req-b44fc49f-b465-4e60-8894-3525cc7085e3 None None] Publish callbacks ['neutron.plugins.ml2.ovo_rpc._ObjectChangeHandler.handle_event-66877749', 'neutron.services.ovn_l3.plugin.OVNL3RouterPlugin._port_update-7785398496870'] for port (ae6abf01-4ba6-49bc-a15d-ca102c1c91bf), after_update {{(pid=86990) _notify_loop /opt/stack/data/venv/lib/python3.12/site-packages/neutron_lib/callbacks/manager.py:184}}
Jun 19 01:09:39.312105 np0000003215 devstack@neutron-api.service[86990]: DEBUG neutron.api.rpc.handlers.resources_rpc [None req-fefaaf6d-29da-4540-9b65-67fb87a88f16 None None] Pushing event updated for resources: {'Port': ['ID=ae6abf01-4ba6-49bc-a15d-ca102c1c91bf,revision_number=2']} {{(pid=86990) push /opt/stack/neutron/neutron/api/rpc/handlers/resources_rpc.py:237}}
Jun 19 01:09:39.472369 np0000003215 devstack@neutron-api.service[86990]: DEBUG neutron.pecan_wsgi.hooks.policy_enforcement [None req-8b433694-c3f9-4928-bf2f-ac1623586627 admin admin] Attributes excluded by policy engine: ['standard_attr_id'] {{(pid=86990) _exclude_attributes_by_policy /opt/stack/neutron/neutron/pecan_wsgi/hooks/policy_enforcement.py:259}}
Jun 19 01:09:39.473563 np0000003215 devstack@neutron-api.service[86990]: [pid: 86990|app: 0|req: 11/20] 10.4.3.76 () {64 vars in 1377 bytes} [Fri Jun 19 01:09:39 2026] GET /networking/v2.0/networks/6bd94092-91fc-4096-917f-efff233a0e9e => generated 679 bytes in 22 msecs (HTTP/1.1 200) 4 headers in 157 bytes (1 switches on core 0)
Jun 19 01:09:39.484502 np0000003215 devstack@neutron-api.service[86991]: DEBUG neutron.api.v2.base [None req-73c3fc99-e9f8-4f9f-8d81-80f297ba1ef7 admin admin] Request body: {'subnet': {'cidr': '172.24.5.0/24', 'enable_dhcp': False, 'network_id': '6bd94092-91fc-4096-917f-efff233a0e9e', 'ip_version': 4, 'name': 'public-subnet', 'gateway_ip': '172.24.5.1'}} {{(pid=86991) prepare_request_body /opt/stack/neutron/neutron/api/v2/base.py:727}}
Jun 19 01:09:39.498555 np0000003215 devstack@neutron-api.service[86991]: DEBUG neutron.pecan_wsgi.hooks.quota_enforcement [None req-73c3fc99-e9f8-4f9f-8d81-80f297ba1ef7 admin admin] Made reservation on behalf of a57beaae4a2c493f81dcac0d03f5574a for: {'subnet': 1} {{(pid=86991) before /opt/stack/neutron/neutron/pecan_wsgi/hooks/quota_enforcement.py:66}}
Jun 19 01:09:39.501049 np0000003215 devstack@neutron-api.service[86991]: DEBUG neutron_lib.callbacks.manager [None req-73c3fc99-e9f8-4f9f-8d81-80f297ba1ef7 admin admin] Publish callbacks [] for subnet (None), before_create {{(pid=86991) _notify_loop /opt/stack/data/venv/lib/python3.12/site-packages/neutron_lib/callbacks/manager.py:184}}
Jun 19 01:09:39.556711 np0000003215 devstack@neutron-api.service[86991]: DEBUG neutron.db.ovn_revision_numbers_db [None req-73c3fc99-e9f8-4f9f-8d81-80f297ba1ef7 admin admin] create_initial_revision uuid=134c556e-0c6c-43d2-af11-bdb23b3d41aa, type=subnets, rev=-1 {{(pid=86991) create_initial_revision /opt/stack/neutron/neutron/db/ovn_revision_numbers_db.py:98}}
Jun 19 01:09:39.619780 np0000003215 devstack@neutron-api.service[86991]: DEBUG neutron.objects.ports [None req-73c3fc99-e9f8-4f9f-8d81-80f297ba1ef7 admin admin] Time-cost: Fetching 0 ports in 0 security groups {{(pid=86991) get_objects /opt/stack/neutron/neutron/objects/ports.py:506}}
Jun 19 01:09:39.619987 np0000003215 devstack@neutron-api.service[86991]: DEBUG neutron_lib.callbacks.manager [None req-73c3fc99-e9f8-4f9f-8d81-80f297ba1ef7 admin admin] Publish callbacks ['neutron.plugins.ml2.ovo_rpc._ObjectChangeHandler.handle_event-65698469'] for subnet (134c556e-0c6c-43d2-af11-bdb23b3d41aa), after_create {{(pid=86991) _notify_loop /opt/stack/data/venv/lib/python3.12/site-packages/neutron_lib/callbacks/manager.py:184}}
Jun 19 01:09:39.630633 np0000003215 devstack@neutron-api.service[86991]: DEBUG neutron.api.rpc.handlers.resources_rpc [None req-73c3fc99-e9f8-4f9f-8d81-80f297ba1ef7 admin admin] Pushing event updated for resources: {'Subnet': ['ID=134c556e-0c6c-43d2-af11-bdb23b3d41aa,revision_number=0']} {{(pid=86991) push /opt/stack/neutron/neutron/api/rpc/handlers/resources_rpc.py:237}}
Jun 19 01:09:39.646670 np0000003215 devstack@neutron-api.service[86991]: INFO neutron.db.ovn_revision_numbers_db [None req-73c3fc99-e9f8-4f9f-8d81-80f297ba1ef7 admin admin] Successfully bumped revision number for resource 134c556e-0c6c-43d2-af11-bdb23b3d41aa (type: subnets) to 0
Jun 19 01:09:39.648033 np0000003215 devstack@neutron-api.service[86991]: DEBUG neutron.pecan_wsgi.hooks.policy_enforcement [None req-73c3fc99-e9f8-4f9f-8d81-80f297ba1ef7 admin admin] Attributes excluded by policy engine: ['standard_attr_id', 'shared', 'network'] {{(pid=86991) _exclude_attributes_by_policy /opt/stack/neutron/neutron/pecan_wsgi/hooks/policy_enforcement.py:259}}
Jun 19 01:09:39.648381 np0000003215 devstack@neutron-api.service[86991]: DEBUG neutron_lib.callbacks.manager [None req-73c3fc99-e9f8-4f9f-8d81-80f297ba1ef7 admin admin] Publish callbacks [] for subnet (None), before_response {{(pid=86991) _notify_loop /opt/stack/data/venv/lib/python3.12/site-packages/neutron_lib/callbacks/manager.py:184}}
Jun 19 01:09:39.667056 np0000003215 devstack@neutron-api.service[86991]: [pid: 86991|app: 0|req: 10/21] 10.4.3.76 () {68 vars in 1317 bytes} [Fri Jun 19 01:09:39 2026] POST /networking/v2.0/subnets => generated 640 bytes in 185 msecs (HTTP/1.1 201) 4 headers in 162 bytes (1 switches on core 0)
Jun 19 01:09:39.673014 np0000003215 devstack@neutron-api.service[86991]: DEBUG neutron.plugins.ml2.plugin [None req-6adb769f-7ce3-434d-931d-336c97ccb7c5 None None] Current status of the port ae6abf01-4ba6-49bc-a15d-ca102c1c91bf is: ACTIVE; New status is: ACTIVE {{(pid=86991) _update_individual_port_db_status /opt/stack/neutron/neutron/plugins/ml2/plugin.py:2470}}
Jun 19 01:09:39.947718 np0000003215 devstack@neutron-api.service[86990]: DEBUG neutron.api.wsgi [None req-9934c029-7a70-4392-a762-9b112dda7a9e admin admin] Missing Content-Type {{(pid=86990) get_content_type /opt/stack/neutron/neutron/api/wsgi.py:80}}
Jun 19 01:09:39.985400 np0000003215 devstack@neutron-api.service[86990]: [pid: 86990|app: 0|req: 12/22] 10.4.3.76 () {64 vars in 1374 bytes} [Fri Jun 19 01:09:39 2026] GET /networking/v2.0/routers/098c8844-44bb-450c-ad4b-566743215a01 => generated 599 bytes in 39 msecs (HTTP/1.1 200) 4 headers in 157 bytes (1 switches on core 0)
Jun 19 01:09:40.022267 np0000003215 devstack@neutron-api.service[86991]: DEBUG neutron.pecan_wsgi.hooks.policy_enforcement [None req-ba081b4e-4f8c-4ec6-bf5a-736802de8d7e admin admin] Attributes excluded by policy engine: ['standard_attr_id'] {{(pid=86991) _exclude_attributes_by_policy /opt/stack/neutron/neutron/pecan_wsgi/hooks/policy_enforcement.py:259}}
Jun 19 01:09:40.023354 np0000003215 devstack@neutron-api.service[86991]: [pid: 86991|app: 0|req: 11/23] 10.4.3.76 () {64 vars in 1377 bytes} [Fri Jun 19 01:09:39 2026] GET /networking/v2.0/networks/6bd94092-91fc-4096-917f-efff233a0e9e => generated 717 bytes in 30 msecs (HTTP/1.1 200) 4 headers in 157 bytes (1 switches on core 0)
Jun 19 01:09:40.033641 np0000003215 devstack@neutron-api.service[86990]: DEBUG neutron.api.wsgi [None req-e0522ec6-dd0a-4991-91ab-c85fdf1fa4af admin admin] Missing Content-Type {{(pid=86990) get_content_type /opt/stack/neutron/neutron/api/wsgi.py:80}}
Jun 19 01:09:40.033875 np0000003215 devstack@neutron-api.service[86990]: DEBUG neutron.api.wsgi [None req-e0522ec6-dd0a-4991-91ab-c85fdf1fa4af admin admin] https://10.4.3.76/networking/v2.0/extensions/external-gateway-multihoming returned with HTTP 200 {{(pid=86990) __call__ /opt/stack/neutron/neutron/api/wsgi.py:540}}
Jun 19 01:09:40.034147 np0000003215 devstack@neutron-api.service[86990]: [pid: 86990|app: 0|req: 13/24] 10.4.3.76 () {64 vars in 1359 bytes} [Fri Jun 19 01:09:40 2026] GET /networking/v2.0/extensions/external-gateway-multihoming => generated 227 bytes in 2 msecs (HTTP/1.1 200) 4 headers in 157 bytes (1 switches on core 0)
Jun 19 01:09:40.198994 np0000003215 devstack@neutron-api.service[86991]: DEBUG futurist.periodics [-] Submitting periodic callback 'neutron.plugins.ml2.drivers.ovn.mech_driver.ovsdb.maintenance.HashRingHealthCheckPeriodics.touch_hash_ring_node' {{(pid=86991) _process_scheduled /opt/stack/data/venv/lib/python3.12/site-packages/futurist/periodics.py:784}}
Jun 19 01:09:40.202174 np0000003215 devstack@neutron-api.service[86991]: DEBUG neutron.plugins.ml2.drivers.ovn.mech_driver.ovsdb.maintenance [-] Touching Hash Ring node "aca1689efaa858fdb789312ec71e6282" from periodic health check thread {{(pid=86991) touch_hash_ring_node /opt/stack/neutron/neutron/plugins/ml2/drivers/ovn/mech_driver/ovsdb/maintenance.py:1419}}
Jun 19 01:09:40.220555 np0000003215 devstack@neutron-api.service[86991]: DEBUG neutron_lib.callbacks.manager [None req-b5981ae2-5108-4fc2-848c-f97997c4c3f3 admin admin] Publish callbacks [] for router_gateway (098c8844-44bb-450c-ad4b-566743215a01), precommit_update {{(pid=86991) _notify_loop /opt/stack/data/venv/lib/python3.12/site-packages/neutron_lib/callbacks/manager.py:184}}
Jun 19 01:09:40.297908 np0000003215 devstack@neutron-api.service[86991]: DEBUG neutron_lib.callbacks.manager [None req-b5981ae2-5108-4fc2-848c-f97997c4c3f3 admin admin] Publish callbacks [] for router_gateway (098c8844-44bb-450c-ad4b-566743215a01), before_create {{(pid=86991) _notify_loop /opt/stack/data/venv/lib/python3.12/site-packages/neutron_lib/callbacks/manager.py:184}}
Jun 19 01:09:40.321124 np0000003215 devstack@neutron-api.service[86991]: DEBUG neutron_lib.callbacks.manager [None req-b5981ae2-5108-4fc2-848c-f97997c4c3f3 admin admin] Publish callbacks ['neutron.plugins.ml2.plugin.SecurityGroupDbMixin._ensure_default_security_group_handler-360802'] for port (None), before_create {{(pid=86991) _notify_loop /opt/stack/data/venv/lib/python3.12/site-packages/neutron_lib/callbacks/manager.py:184}}
Jun 19 01:09:40.362041 np0000003215 devstack@neutron-api.service[86991]: DEBUG neutron.db.db_base_plugin_common [None req-b5981ae2-5108-4fc2-848c-f97997c4c3f3 admin admin] Allocated IP 172.24.5.25 (6bd94092-91fc-4096-917f-efff233a0e9e/134c556e-0c6c-43d2-af11-bdb23b3d41aa/0b3df51c-f9d0-403e-bd2d-39998c3ce2a0) {{(pid=86991) _store_ip_allocation /opt/stack/neutron/neutron/db/db_base_plugin_common.py:131}}
Jun 19 01:09:40.403746 np0000003215 devstack@neutron-api.service[86991]: DEBUG neutron_lib.callbacks.manager [None req-b5981ae2-5108-4fc2-848c-f97997c4c3f3 admin admin] Publish callbacks ['neutron.plugins.ml2.drivers.ovn.mech_driver.mech_driver.OVNMechanismDriver._validate_allowed_address_pairs-172036'] for allowed_address_pair (0b3df51c-f9d0-403e-bd2d-39998c3ce2a0), before_create {{(pid=86991) _notify_loop /opt/stack/data/venv/lib/python3.12/site-packages/neutron_lib/callbacks/manager.py:184}}
Jun 19 01:09:40.404237 np0000003215 devstack@neutron-api.service[86991]: DEBUG neutron_lib.callbacks.manager [None req-b5981ae2-5108-4fc2-848c-f97997c4c3f3 admin admin] Publish callbacks [] for port (0b3df51c-f9d0-403e-bd2d-39998c3ce2a0), precommit_create {{(pid=86991) _notify_loop /opt/stack/data/venv/lib/python3.12/site-packages/neutron_lib/callbacks/manager.py:184}}
Jun 19 01:09:40.404641 np0000003215 devstack@neutron-api.service[86991]: DEBUG neutron.plugins.ml2.drivers.ovn.mech_driver.mech_driver [None req-b5981ae2-5108-4fc2-848c-f97997c4c3f3 admin admin] No provisioning block for port 0b3df51c-f9d0-403e-bd2d-39998c3ce2a0 since it does not have a host {{(pid=86991) _is_port_provisioning_required /opt/stack/neutron/neutron/plugins/ml2/drivers/ovn/mech_driver/mech_driver.py:899}}
Jun 19 01:09:40.404757 np0000003215 devstack@neutron-api.service[86991]: DEBUG neutron.db.ovn_revision_numbers_db [None req-b5981ae2-5108-4fc2-848c-f97997c4c3f3 admin admin] create_initial_revision uuid=0b3df51c-f9d0-403e-bd2d-39998c3ce2a0, type=ports, rev=-1 {{(pid=86991) create_initial_revision /opt/stack/neutron/neutron/db/ovn_revision_numbers_db.py:98}}
Jun 19 01:09:40.456274 np0000003215 devstack@neutron-api.service[86991]: DEBUG neutron.db.ovn_revision_numbers_db [None req-b5981ae2-5108-4fc2-848c-f97997c4c3f3 admin admin] create_initial_revision uuid=0b3df51c-f9d0-403e-bd2d-39998c3ce2a0, type=router_ports, rev=-1 {{(pid=86991) create_initial_revision /opt/stack/neutron/neutron/db/ovn_revision_numbers_db.py:98}}
Jun 19 01:09:40.480126 np0000003215 devstack@neutron-api.service[86991]: DEBUG neutron_lib.callbacks.manager [None req-b5981ae2-5108-4fc2-848c-f97997c4c3f3 admin admin] Publish callbacks ['neutron.plugins.ml2.ovo_rpc._ObjectChangeHandler.handle_event-65698456'] for port (0b3df51c-f9d0-403e-bd2d-39998c3ce2a0), after_create {{(pid=86991) _notify_loop /opt/stack/data/venv/lib/python3.12/site-packages/neutron_lib/callbacks/manager.py:184}}
Jun 19 01:09:40.507345 np0000003215 devstack@neutron-api.service[86991]: DEBUG neutron.api.rpc.handlers.resources_rpc [None req-b5981ae2-5108-4fc2-848c-f97997c4c3f3 admin admin] Pushing event updated for resources: {'Port': ['ID=0b3df51c-f9d0-403e-bd2d-39998c3ce2a0,revision_number=1']} {{(pid=86991) push /opt/stack/neutron/neutron/api/rpc/handlers/resources_rpc.py:237}}
Jun 19 01:09:40.530607 np0000003215 devstack@neutron-api.service[86991]: DEBUG neutron.plugins.ml2.drivers.ovn.mech_driver.ovsdb.commands [None req-b5981ae2-5108-4fc2-848c-f97997c4c3f3 admin admin] Converting tag [] to a tag_request {{(pid=86991) _tag_column_to_tag_request /opt/stack/neutron/neutron/plugins/ml2/drivers/ovn/mech_driver/ovsdb/commands.py:205}}
Jun 19 01:09:40.531490 np0000003215 devstack@neutron-api.service[86991]: DEBUG ovsdbapp.backend.ovs_idl.transaction [None req-78a0b194-ebc0-4472-b2d4-40aa5a412ba7 None None] Running txn n=1 command(idx=0): AddLSwitchPortCommand(_result=None, lport=0b3df51c-f9d0-403e-bd2d-39998c3ce2a0, lswitch=neutron-6bd94092-91fc-4096-917f-efff233a0e9e, may_exist=True, network_uuid=6bd94092-91fc-4096-917f-efff233a0e9e, columns={'addresses': ['unknown'], 'external_ids': {'neutron:port_name': '', 'neutron:device_id': '098c8844-44bb-450c-ad4b-566743215a01', 'neutron:project_id': '', 'neutron:cidrs': '172.24.5.25/24', 'neutron:device_owner': 'network:router_gateway', 'neutron:subnet_pool_addr_scope4': '', 'neutron:subnet_pool_addr_scope6': '', 'neutron:network_name': 'neutron-6bd94092-91fc-4096-917f-efff233a0e9e', 'neutron:security_group_ids': '', 'neutron:revision_number': '1', 'neutron:vnic_type': 'normal', 'neutron:port_capabilities': '', 'neutron:mtu': ''}, 'parent_name': [], 'enabled': True, 'options': {}, 'type': '', 'port_security': [], 'dhcpv4_options': [], 'dhcpv6_options': [], 'tag_request': []}) {{(pid=86991) do_commit /opt/stack/data/venv/lib/python3.12/site-packages/ovsdbapp/backend/ovs_idl/transaction.py:89}}
Jun 19 01:09:40.532214 np0000003215 devstack@neutron-api.service[86991]: DEBUG ovsdbapp.backend.ovs_idl.transaction [None req-78a0b194-ebc0-4472-b2d4-40aa5a412ba7 None None] Running txn n=1 command(idx=1): QoSDelCommand(_result=None, switch=neutron-6bd94092-91fc-4096-917f-efff233a0e9e, conditions=[('direction', '=', 'to-lport'), ('priority', '=', 2002), ('match', '=', 'outport == "0b3df51c-f9d0-403e-bd2d-39998c3ce2a0"')], if_exists=True) {{(pid=86991) do_commit /opt/stack/data/venv/lib/python3.12/site-packages/ovsdbapp/backend/ovs_idl/transaction.py:89}}
Jun 19 01:09:40.532455 np0000003215 devstack@neutron-api.service[86991]: DEBUG ovsdbapp.backend.ovs_idl.transaction [None req-78a0b194-ebc0-4472-b2d4-40aa5a412ba7 None None] Running txn n=1 command(idx=2): QoSDelCommand(_result=None, switch=neutron-6bd94092-91fc-4096-917f-efff233a0e9e, conditions=[('direction', '=', 'from-lport'), ('priority', '=', 2002), ('match', '=', 'inport == "0b3df51c-f9d0-403e-bd2d-39998c3ce2a0"')], if_exists=True) {{(pid=86991) do_commit /opt/stack/data/venv/lib/python3.12/site-packages/ovsdbapp/backend/ovs_idl/transaction.py:89}}
Jun 19 01:09:40.532620 np0000003215 devstack@neutron-api.service[86991]: DEBUG ovsdbapp.backend.ovs_idl.transaction [None req-78a0b194-ebc0-4472-b2d4-40aa5a412ba7 None None] Running txn n=1 command(idx=3): UpdateLSwitchPortQosOptionsCommand(_result=None, lport=AddLSwitchPortCommand(_result=18c929c8-f938-4515-b973-4a3f5d416f27, lport=0b3df51c-f9d0-403e-bd2d-39998c3ce2a0, lswitch=neutron-6bd94092-91fc-4096-917f-efff233a0e9e, may_exist=True, network_uuid=6bd94092-91fc-4096-917f-efff233a0e9e, columns={'addresses': ['unknown'], 'external_ids': {'neutron:port_name': '', 'neutron:device_id': '098c8844-44bb-450c-ad4b-566743215a01', 'neutron:project_id': '', 'neutron:cidrs': '172.24.5.25/24', 'neutron:device_owner': 'network:router_gateway', 'neutron:subnet_pool_addr_scope4': '', 'neutron:subnet_pool_addr_scope6': '', 'neutron:network_name': 'neutron-6bd94092-91fc-4096-917f-efff233a0e9e', 'neutron:security_group_ids': '', 'neutron:revision_number': '1', 'neutron:vnic_type': 'normal', 'neutron:port_capabilities': '', 'neutron:mtu': ''}, 'parent_name': [], 'enabled': True, 'options': {}, 'type': '', 'port_security': [], 'tag_request': []}), if_exists=True, qos={'qos_max_rate': None, 'qos_burst': None, 'qos_min_rate': None}) {{(pid=86991) do_commit /opt/stack/data/venv/lib/python3.12/site-packages/ovsdbapp/backend/ovs_idl/transaction.py:89}}
Jun 19 01:09:40.536752 np0000003215 devstack@neutron-api.service[86991]: DEBUG neutron.plugins.ml2.drivers.ovn.mech_driver.ovsdb.ovsdb_monitor [None req-78a0b194-ebc0-4472-b2d4-40aa5a412ba7 None None] Touching Hash Ring node "aca1689efaa858fdb789312ec71e6282" from IDL notify handler {{(pid=86991) notify /opt/stack/neutron/neutron/plugins/ml2/drivers/ovn/mech_driver/ovsdb/ovsdb_monitor.py:1007}}
Jun 19 01:09:40.542743 np0000003215 devstack@neutron-api.service[86990]: DEBUG neutron.plugins.ml2.drivers.ovn.mech_driver.ovsdb.ovsdb_monitor [None req-5d7b4c9d-0efb-47d9-bc0d-8f4ad48749cd None None] Touching Hash Ring node "eb855ef97f29599289d5d08a85f0835c" from IDL notify handler {{(pid=86990) notify /opt/stack/neutron/neutron/plugins/ml2/drivers/ovn/mech_driver/ovsdb/ovsdb_monitor.py:1007}}
Jun 19 01:09:40.547034 np0000003215 devstack@neutron-api.service[86991]: DEBUG neutron.plugins.ml2.drivers.ovn.mech_driver.ovsdb.ovsdb_monitor [None req-78a0b194-ebc0-4472-b2d4-40aa5a412ba7 None None] Hash Ring: Node aca1689efaa858fdb789312ec71e6282 (host: np0000003215) handling event "update" for row 6bd94092-91fc-4096-917f-efff233a0e9e (table: Logical_Switch) {{(pid=86991) notify /opt/stack/neutron/neutron/plugins/ml2/drivers/ovn/mech_driver/ovsdb/ovsdb_monitor.py:1015}}
Jun 19 01:09:40.547463 np0000003215 devstack@neutron-api.service[86990]: DEBUG neutron.plugins.ml2.drivers.ovn.mech_driver.ovsdb.ovsdb_monitor [None req-a94e42a8-328c-462d-ba6b-0dd313119b27 None None] Touching Hash Ring node "eb855ef97f29599289d5d08a85f0835c" from IDL notify handler {{(pid=86990) notify /opt/stack/neutron/neutron/plugins/ml2/drivers/ovn/mech_driver/ovsdb/ovsdb_monitor.py:1007}}
Jun 19 01:09:40.548066 np0000003215 devstack@neutron-api.service[86991]: DEBUG neutron.plugins.ml2.drivers.ovn.mech_driver.ovsdb.ovsdb_monitor [None req-78a0b194-ebc0-4472-b2d4-40aa5a412ba7 None None] Touching Hash Ring node "aca1689efaa858fdb789312ec71e6282" from IDL notify handler {{(pid=86991) notify /opt/stack/neutron/neutron/plugins/ml2/drivers/ovn/mech_driver/ovsdb/ovsdb_monitor.py:1007}}
Jun 19 01:09:40.550887 np0000003215 devstack@neutron-api.service[86991]: DEBUG neutron.plugins.ml2.drivers.ovn.mech_driver.ovsdb.ovsdb_monitor [None req-78a0b194-ebc0-4472-b2d4-40aa5a412ba7 None None] Hash Ring: Node aca1689efaa858fdb789312ec71e6282 (host: np0000003215) handling event "create" for row ff3bb326-2086-44ea-808c-97ebf1540758 (table: Logical_Switch_Port) {{(pid=86991) notify /opt/stack/neutron/neutron/plugins/ml2/drivers/ovn/mech_driver/ovsdb/ovsdb_monitor.py:1015}}
Jun 19 01:09:40.551892 np0000003215 devstack@neutron-api.service[86991]: DEBUG ovsdbapp.backend.ovs_idl.event [None req-78a0b194-ebc0-4472-b2d4-40aa5a412ba7 None None] Matched CREATE: LogicalSwitchPortCreateEvent(events=('create',), table='Logical_Switch_Port', conditions=[], old_conditions=None), priority=20 to row=Logical_Switch_Port(uuid=ff3bb326-2086-44ea-808c-97ebf1540758, addresses=['unknown'], dhcpv4_options=[], dhcpv6_options=[], dynamic_addresses=[], enabled=True, external_ids={'neutron:cidrs': '172.24.5.25/24', 'neutron:device_id': '098c8844-44bb-450c-ad4b-566743215a01', 'neutron:device_owner': 'network:router_gateway', 'neutron:mtu': '', 'neutron:network_name': 'neutron-6bd94092-91fc-4096-917f-efff233a0e9e', 'neutron:port_capabilities': '', 'neutron:port_name': '', 'neutron:project_id': '', 'neutron:revision_number': '1', 'neutron:security_group_ids': '', 'neutron:subnet_pool_addr_scope4': '', 'neutron:subnet_pool_addr_scope6': '', 'neutron:vnic_type': 'normal'}, ha_chassis_group=[], mirror_rules=[], name='0b3df51c-f9d0-403e-bd2d-39998c3ce2a0', options={}, parent_name=[], port_security=[], tag=[], tag_request=[], type='', up=[]) old= {{(pid=86991) matches /opt/stack/data/venv/lib/python3.12/site-packages/ovsdbapp/backend/ovs_idl/event.py:55}}
Jun 19 01:09:40.552726 np0000003215 devstack@neutron-api.service[86990]: DEBUG neutron.plugins.ml2.drivers.ovn.mech_driver.ovsdb.ovsdb_monitor [None req-5d7b4c9d-0efb-47d9-bc0d-8f4ad48749cd None None] Hash Ring: Node eb855ef97f29599289d5d08a85f0835c (host: np0000003215) handling event "update" for row 6bd94092-91fc-4096-917f-efff233a0e9e (table: Logical_Switch) {{(pid=86990) notify /opt/stack/neutron/neutron/plugins/ml2/drivers/ovn/mech_driver/ovsdb/ovsdb_monitor.py:1015}}
Jun 19 01:09:40.553669 np0000003215 devstack@neutron-api.service[86991]: DEBUG neutron.plugins.ml2.drivers.ovn.mech_driver.ovsdb.ovsdb_monitor [None req-78a0b194-ebc0-4472-b2d4-40aa5a412ba7 None None] Touching Hash Ring node "aca1689efaa858fdb789312ec71e6282" from IDL notify handler {{(pid=86991) notify /opt/stack/neutron/neutron/plugins/ml2/drivers/ovn/mech_driver/ovsdb/ovsdb_monitor.py:1007}}
Jun 19 01:09:40.553929 np0000003215 devstack@neutron-api.service[86990]: DEBUG neutron.plugins.ml2.drivers.ovn.mech_driver.ovsdb.ovsdb_monitor [None req-a94e42a8-328c-462d-ba6b-0dd313119b27 None None] Hash Ring: Node eb855ef97f29599289d5d08a85f0835c (host: np0000003215) handling event "create" for row 9a2b763e-064c-4dbe-8de5-5a33f9bcb2b1 (table: Port_Binding) {{(pid=86990) notify /opt/stack/neutron/neutron/plugins/ml2/drivers/ovn/mech_driver/ovsdb/ovsdb_monitor.py:1015}}
Jun 19 01:09:40.554680 np0000003215 devstack@neutron-api.service[86990]: DEBUG neutron.plugins.ml2.drivers.ovn.mech_driver.ovsdb.ovsdb_monitor [None req-5d7b4c9d-0efb-47d9-bc0d-8f4ad48749cd None None] Touching Hash Ring node "eb855ef97f29599289d5d08a85f0835c" from IDL notify handler {{(pid=86990) notify /opt/stack/neutron/neutron/plugins/ml2/drivers/ovn/mech_driver/ovsdb/ovsdb_monitor.py:1007}}
Jun 19 01:09:40.555982 np0000003215 devstack@neutron-api.service[86991]: DEBUG neutron.plugins.ml2.drivers.ovn.mech_driver.ovsdb.ovsdb_monitor [None req-78a0b194-ebc0-4472-b2d4-40aa5a412ba7 None None] Hash Ring: Node aca1689efaa858fdb789312ec71e6282 (host: np0000003215) handling event "update" for row ff3bb326-2086-44ea-808c-97ebf1540758 (table: Logical_Switch_Port) {{(pid=86991) notify /opt/stack/neutron/neutron/plugins/ml2/drivers/ovn/mech_driver/ovsdb/ovsdb_monitor.py:1015}}
Jun 19 01:09:40.557576 np0000003215 devstack@neutron-api.service[86990]: DEBUG neutron.plugins.ml2.drivers.ovn.mech_driver.ovsdb.ovsdb_monitor [None req-5d7b4c9d-0efb-47d9-bc0d-8f4ad48749cd None None] Hash Ring: Node eb855ef97f29599289d5d08a85f0835c (host: np0000003215) handling event "create" for row ff3bb326-2086-44ea-808c-97ebf1540758 (table: Logical_Switch_Port) {{(pid=86990) notify /opt/stack/neutron/neutron/plugins/ml2/drivers/ovn/mech_driver/ovsdb/ovsdb_monitor.py:1015}}
Jun 19 01:09:40.558564 np0000003215 devstack@neutron-api.service[86990]: DEBUG ovsdbapp.backend.ovs_idl.event [None req-5d7b4c9d-0efb-47d9-bc0d-8f4ad48749cd None None] Matched CREATE: LogicalSwitchPortCreateEvent(events=('create',), table='Logical_Switch_Port', conditions=[], old_conditions=None), priority=20 to row=Logical_Switch_Port(uuid=ff3bb326-2086-44ea-808c-97ebf1540758, addresses=['unknown'], dhcpv4_options=[], dhcpv6_options=[], dynamic_addresses=[], enabled=True, external_ids={'neutron:cidrs': '172.24.5.25/24', 'neutron:device_id': '098c8844-44bb-450c-ad4b-566743215a01', 'neutron:device_owner': 'network:router_gateway', 'neutron:mtu': '', 'neutron:network_name': 'neutron-6bd94092-91fc-4096-917f-efff233a0e9e', 'neutron:port_capabilities': '', 'neutron:port_name': '', 'neutron:project_id': '', 'neutron:revision_number': '1', 'neutron:security_group_ids': '', 'neutron:subnet_pool_addr_scope4': '', 'neutron:subnet_pool_addr_scope6': '', 'neutron:vnic_type': 'normal'}, ha_chassis_group=[], mirror_rules=[], name='0b3df51c-f9d0-403e-bd2d-39998c3ce2a0', options={}, parent_name=[], port_security=[], tag=[], tag_request=[], type='', up=[]) old= {{(pid=86990) matches /opt/stack/data/venv/lib/python3.12/site-packages/ovsdbapp/backend/ovs_idl/event.py:55}}
Jun 19 01:09:40.560051 np0000003215 devstack@neutron-api.service[86990]: DEBUG neutron.plugins.ml2.drivers.ovn.mech_driver.ovsdb.ovsdb_monitor [None req-5d7b4c9d-0efb-47d9-bc0d-8f4ad48749cd None None] Touching Hash Ring node "eb855ef97f29599289d5d08a85f0835c" from IDL notify handler {{(pid=86990) notify /opt/stack/neutron/neutron/plugins/ml2/drivers/ovn/mech_driver/ovsdb/ovsdb_monitor.py:1007}}
Jun 19 01:09:40.562595 np0000003215 devstack@neutron-api.service[86990]: DEBUG neutron.plugins.ml2.drivers.ovn.mech_driver.ovsdb.ovsdb_monitor [None req-5d7b4c9d-0efb-47d9-bc0d-8f4ad48749cd None None] Hash Ring: Node eb855ef97f29599289d5d08a85f0835c (host: np0000003215) handling event "update" for row ff3bb326-2086-44ea-808c-97ebf1540758 (table: Logical_Switch_Port) {{(pid=86990) notify /opt/stack/neutron/neutron/plugins/ml2/drivers/ovn/mech_driver/ovsdb/ovsdb_monitor.py:1015}}
Jun 19 01:09:40.589307 np0000003215 devstack@neutron-api.service[86991]: INFO neutron.db.ovn_revision_numbers_db [None req-b5981ae2-5108-4fc2-848c-f97997c4c3f3 admin admin] Successfully bumped revision number for resource 0b3df51c-f9d0-403e-bd2d-39998c3ce2a0 (type: ports) to 1
Jun 19 01:09:40.762429 np0000003215 devstack@neutron-api.service[86991]: DEBUG neutron_lib.callbacks.manager [None req-b5981ae2-5108-4fc2-848c-f97997c4c3f3 admin admin] Publish callbacks [] for router_gateway (098c8844-44bb-450c-ad4b-566743215a01), after_create {{(pid=86991) _notify_loop /opt/stack/data/venv/lib/python3.12/site-packages/neutron_lib/callbacks/manager.py:184}}
Jun 19 01:09:41.003659 np0000003215 devstack@neutron-api.service[86991]: DEBUG neutron_lib.callbacks.manager [None req-b5981ae2-5108-4fc2-848c-f97997c4c3f3 admin admin] Publish callbacks ['neutron.services.ovn_l3.plugin.ExtraGatewaysDbOnlyMixin._process_bfd_ecmp_update-17962', 'neutron.services.ovn_l3.service_providers.driver_controller.DriverController._update_router_provider-1693964'] for router (098c8844-44bb-450c-ad4b-566743215a01), precommit_update {{(pid=86991) _notify_loop /opt/stack/data/venv/lib/python3.12/site-packages/neutron_lib/callbacks/manager.py:184}}
Jun 19 01:09:41.007482 np0000003215 devstack@neutron-api.service[86991]: DEBUG neutron_lib.callbacks.manager [None req-b5981ae2-5108-4fc2-848c-f97997c4c3f3 admin admin] Publish callbacks ['neutron.services.ovn_l3.service_providers.ovn.OvnDriver._process_router_update-4384'] for router (098c8844-44bb-450c-ad4b-566743215a01), after_update {{(pid=86991) _notify_loop /opt/stack/data/venv/lib/python3.12/site-packages/neutron_lib/callbacks/manager.py:184}}
Jun 19 01:09:41.466370 np0000003215 devstack@neutron-api.service[86991]: DEBUG ovsdbapp.backend.ovs_idl.transaction [None req-78a0b194-ebc0-4472-b2d4-40aa5a412ba7 None None] Running txn n=1 command(idx=0): CheckRevisionNumberCommand(_result=None, name=neutron-098c8844-44bb-450c-ad4b-566743215a01, resource={'id': '098c8844-44bb-450c-ad4b-566743215a01', 'name': 'router1', 'project_id': 'a57beaae4a2c493f81dcac0d03f5574a', 'admin_state_up': True, 'status': 'ACTIVE', 'enable_snat': True, 'external_gateway_info': {'network_id': '6bd94092-91fc-4096-917f-efff233a0e9e', 'external_fixed_ips': [{'subnet_id': '134c556e-0c6c-43d2-af11-bdb23b3d41aa', 'ip_address': '172.24.5.25'}], 'enable_snat': True}, 'gw_port_id': '0b3df51c-f9d0-403e-bd2d-39998c3ce2a0', 'description': '', 'availability_zones': [], 'distributed': False, 'ha': True, 'ha_vr_id': 0, 'availability_zone_hints': [], 'enable_default_route_ecmp': False, 'enable_default_route_bfd': False, 'external_gateways': [{'network_id': '6bd94092-91fc-4096-917f-efff233a0e9e', 'external_fixed_ips': [{'ip_address': '172.24.5.25', 'subnet_id': '134c556e-0c6c-43d2-af11-bdb23b3d41aa'}]}], 'routes': [], 'flavor_id': None, 'tags': [], 'created_at': '2026-06-19T01:09:36Z', 'updated_at': '2026-06-19T01:09:40Z', 'revision_number': 3, 'tenant_id': 'a57beaae4a2c493f81dcac0d03f5574a'}, resource_type=routers, if_exists=True) {{(pid=86991) do_commit /opt/stack/data/venv/lib/python3.12/site-packages/ovsdbapp/backend/ovs_idl/transaction.py:89}}
Jun 19 01:09:41.466713 np0000003215 devstack@neutron-api.service[86991]: DEBUG ovsdbapp.backend.ovs_idl.transaction [None req-78a0b194-ebc0-4472-b2d4-40aa5a412ba7 None None] Running txn n=1 command(idx=1): DeleteLRouterExtGwCommand(_result=None, lrouter=neutron-098c8844-44bb-450c-ad4b-566743215a01, if_exists=True, maintain_bfd=True) {{(pid=86991) do_commit /opt/stack/data/venv/lib/python3.12/site-packages/ovsdbapp/backend/ovs_idl/transaction.py:89}}
Jun 19 01:09:41.467209 np0000003215 devstack@neutron-api.service[86991]: DEBUG ovsdbapp.backend.ovs_idl.transaction [None req-78a0b194-ebc0-4472-b2d4-40aa5a412ba7 None None] Running txn n=1 command(idx=2): DeleteNATRuleInLRouterCommand(_result=None, lrouter=neutron-098c8844-44bb-450c-ad4b-566743215a01, type=snat, logical_ip=10.1.0.0/26, external_ip=172.24.5.25, if_exists=True) {{(pid=86991) do_commit /opt/stack/data/venv/lib/python3.12/site-packages/ovsdbapp/backend/ovs_idl/transaction.py:89}}
Jun 19 01:09:41.467448 np0000003215 devstack@neutron-api.service[86991]: DEBUG ovsdbapp.backend.ovs_idl.transaction [None req-78a0b194-ebc0-4472-b2d4-40aa5a412ba7 None None] Running txn n=1 command(idx=3): DelStaticRoutesCommand(_result=None, lrouter=neutron-098c8844-44bb-450c-ad4b-566743215a01, routes=[('0.0.0.0/0', '172.24.5.1')], if_exists=True) {{(pid=86991) do_commit /opt/stack/data/venv/lib/python3.12/site-packages/ovsdbapp/backend/ovs_idl/transaction.py:89}}
Jun 19 01:09:41.467647 np0000003215 devstack@neutron-api.service[86991]: DEBUG ovsdbapp.backend.ovs_idl.transaction [None req-78a0b194-ebc0-4472-b2d4-40aa5a412ba7 None None] Running txn n=1 command(idx=4): DelLRouterPortCommand(_result=None, name=lrp-0b3df51c-f9d0-403e-bd2d-39998c3ce2a0, lrouter=neutron-098c8844-44bb-450c-ad4b-566743215a01, if_exists=True) {{(pid=86991) do_commit /opt/stack/data/venv/lib/python3.12/site-packages/ovsdbapp/backend/ovs_idl/transaction.py:89}}
Jun 19 01:09:41.467851 np0000003215 devstack@neutron-api.service[86991]: DEBUG ovsdbapp.backend.ovs_idl.transaction [None req-78a0b194-ebc0-4472-b2d4-40aa5a412ba7 None None] Running txn n=1 command(idx=5): AddLRouterPortCommand(_result=None, name=lrp-0b3df51c-f9d0-403e-bd2d-39998c3ce2a0, lrouter=neutron-098c8844-44bb-450c-ad4b-566743215a01, may_exist=True, columns={'mac': 'fa:16:3e:0b:74:b8', 'networks': ['172.24.5.25/24'], 'external_ids': {'neutron:revision_number': '1', 'neutron:subnet_ids': '134c556e-0c6c-43d2-af11-bdb23b3d41aa', 'neutron:network_name': 'neutron-6bd94092-91fc-4096-917f-efff233a0e9e', 'neutron:is_ext_gw': 'True', 'neutron:router_name': 'neutron-098c8844-44bb-450c-ad4b-566743215a01'}, 'options': {'reside-on-redirect-chassis': 'true', 'gateway_mtu': '1372'}}) {{(pid=86991) do_commit /opt/stack/data/venv/lib/python3.12/site-packages/ovsdbapp/backend/ovs_idl/transaction.py:89}}
Jun 19 01:09:41.468271 np0000003215 devstack@neutron-api.service[86991]: DEBUG ovsdbapp.backend.ovs_idl.transaction [None req-78a0b194-ebc0-4472-b2d4-40aa5a412ba7 None None] Running txn n=1 command(idx=6): ScheduleNewGatewayCommand(_result=None, g_name=lrp-0b3df51c-f9d0-403e-bd2d-39998c3ce2a0, sb_api=, lrouter_name=neutron-098c8844-44bb-450c-ad4b-566743215a01, ovn_client=, scheduler=, physnet=public, az_hints=[]) {{(pid=86991) do_commit /opt/stack/data/venv/lib/python3.12/site-packages/ovsdbapp/backend/ovs_idl/transaction.py:89}}
Jun 19 01:09:41.468919 np0000003215 devstack@neutron-api.service[86991]: DEBUG neutron.plugins.ml2.drivers.ovn.mech_driver.ovsdb.ovn_client [None req-78a0b194-ebc0-4472-b2d4-40aa5a412ba7 None None] Chassis candidates for scheduling gateway router ports for "public" physical network: ['7d5a9993-38a1-45db-b5c6-9462ecf7ca6a'] {{(pid=86991) get_candidates_for_scheduling /opt/stack/neutron/neutron/plugins/ml2/drivers/ovn/mech_driver/ovsdb/ovn_client.py:1753}}
Jun 19 01:09:41.469352 np0000003215 devstack@neutron-api.service[86991]: DEBUG neutron.scheduler.l3_ovn_scheduler [None req-78a0b194-ebc0-4472-b2d4-40aa5a412ba7 None None] Gateway lrp-0b3df51c-f9d0-403e-bd2d-39998c3ce2a0 scheduled on chassis ['7d5a9993-38a1-45db-b5c6-9462ecf7ca6a'] {{(pid=86991) _schedule_gateway /opt/stack/neutron/neutron/scheduler/l3_ovn_scheduler.py:88}}
Jun 19 01:09:41.469730 np0000003215 devstack@neutron-api.service[86991]: DEBUG ovsdbapp.backend.ovs_idl.transaction [None req-78a0b194-ebc0-4472-b2d4-40aa5a412ba7 None None] Running txn n=1 command(idx=7): SetLRouterPortInLSwitchPortCommand(_result=None, lswitch_port=0b3df51c-f9d0-403e-bd2d-39998c3ce2a0, lrouter_port=lrp-0b3df51c-f9d0-403e-bd2d-39998c3ce2a0, is_gw_port=True, if_exists=True, lsp_address=router) {{(pid=86991) do_commit /opt/stack/data/venv/lib/python3.12/site-packages/ovsdbapp/backend/ovs_idl/transaction.py:89}}
Jun 19 01:09:41.469995 np0000003215 devstack@neutron-api.service[86991]: DEBUG ovsdbapp.backend.ovs_idl.transaction [None req-78a0b194-ebc0-4472-b2d4-40aa5a412ba7 None None] Running txn n=1 command(idx=8): AddStaticRouteCommand(_result=None, lrouter=neutron-098c8844-44bb-450c-ad4b-566743215a01, maintain_bfd=False, columns={'ip_prefix': '0.0.0.0/0', 'nexthop': '172.24.5.1', 'external_ids': {'neutron:is_ext_gw': 'true', 'neutron:subnet_id': '134c556e-0c6c-43d2-af11-bdb23b3d41aa', 'neutron:is_static_route': 'true'}}) {{(pid=86991) do_commit /opt/stack/data/venv/lib/python3.12/site-packages/ovsdbapp/backend/ovs_idl/transaction.py:89}}
Jun 19 01:09:41.470258 np0000003215 devstack@neutron-api.service[86991]: DEBUG ovsdbapp.backend.ovs_idl.transaction [None req-78a0b194-ebc0-4472-b2d4-40aa5a412ba7 None None] Running txn n=1 command(idx=9): AddNATRuleInLRouterCommand(_result=None, lrouter=neutron-098c8844-44bb-450c-ad4b-566743215a01, nat_uuid=None, columns={'type': 'snat', 'logical_ip': '10.1.0.0/26', 'external_ip': '172.24.5.25'}) {{(pid=86991) do_commit /opt/stack/data/venv/lib/python3.12/site-packages/ovsdbapp/backend/ovs_idl/transaction.py:89}}
Jun 19 01:09:41.470543 np0000003215 devstack@neutron-api.service[86991]: DEBUG ovsdbapp.backend.ovs_idl.transaction [None req-78a0b194-ebc0-4472-b2d4-40aa5a412ba7 None None] Running txn n=1 command(idx=10): UpdateLRouterCommand(_result=None, name=neutron-098c8844-44bb-450c-ad4b-566743215a01, columns={'external_ids': {'neutron:router_name': 'router1', 'neutron:revision_number': '3', 'neutron:availability_zone_hints': ''}, 'enabled': True}, if_exists=True) {{(pid=86991) do_commit /opt/stack/data/venv/lib/python3.12/site-packages/ovsdbapp/backend/ovs_idl/transaction.py:89}}
Jun 19 01:09:41.470808 np0000003215 devstack@neutron-api.service[86991]: DEBUG ovsdbapp.backend.ovs_idl.transaction [None req-78a0b194-ebc0-4472-b2d4-40aa5a412ba7 None None] Running txn n=1 command(idx=11): QoSDelCommand(_result=None, switch=neutron-6bd94092-91fc-4096-917f-efff233a0e9e, conditions=[('direction', '=', 'from-lport'), ('priority', '=', 2002), ('match', '=', 'inport == "0b3df51c-f9d0-403e-bd2d-39998c3ce2a0"')], if_exists=True) {{(pid=86991) do_commit /opt/stack/data/venv/lib/python3.12/site-packages/ovsdbapp/backend/ovs_idl/transaction.py:89}}
Jun 19 01:09:41.471026 np0000003215 devstack@neutron-api.service[86991]: DEBUG ovsdbapp.backend.ovs_idl.transaction [None req-78a0b194-ebc0-4472-b2d4-40aa5a412ba7 None None] Running txn n=1 command(idx=12): QoSDelCommand(_result=None, switch=neutron-6bd94092-91fc-4096-917f-efff233a0e9e, conditions=[('direction', '=', 'to-lport'), ('priority', '=', 2002), ('match', '=', 'outport == "0b3df51c-f9d0-403e-bd2d-39998c3ce2a0"')], if_exists=True) {{(pid=86991) do_commit /opt/stack/data/venv/lib/python3.12/site-packages/ovsdbapp/backend/ovs_idl/transaction.py:89}}
Jun 19 01:09:41.477840 np0000003215 devstack@neutron-api.service[86991]: DEBUG neutron.plugins.ml2.drivers.ovn.mech_driver.ovsdb.ovsdb_monitor [None req-78a0b194-ebc0-4472-b2d4-40aa5a412ba7 None None] Touching Hash Ring node "aca1689efaa858fdb789312ec71e6282" from IDL notify handler {{(pid=86991) notify /opt/stack/neutron/neutron/plugins/ml2/drivers/ovn/mech_driver/ovsdb/ovsdb_monitor.py:1007}}
Jun 19 01:09:41.481032 np0000003215 devstack@neutron-api.service[86990]: DEBUG neutron.plugins.ml2.drivers.ovn.mech_driver.ovsdb.ovsdb_monitor [None req-5d7b4c9d-0efb-47d9-bc0d-8f4ad48749cd None None] Touching Hash Ring node "eb855ef97f29599289d5d08a85f0835c" from IDL notify handler {{(pid=86990) notify /opt/stack/neutron/neutron/plugins/ml2/drivers/ovn/mech_driver/ovsdb/ovsdb_monitor.py:1007}}
Jun 19 01:09:41.484259 np0000003215 devstack@neutron-api.service[86991]: DEBUG neutron.plugins.ml2.drivers.ovn.mech_driver.ovsdb.ovsdb_monitor [None req-78a0b194-ebc0-4472-b2d4-40aa5a412ba7 None None] Hash Ring: Node aca1689efaa858fdb789312ec71e6282 (host: np0000003215) handling event "create" for row 1e38809c-16b2-4730-a73f-c0d5f0bdf78f (table: HA_Chassis) {{(pid=86991) notify /opt/stack/neutron/neutron/plugins/ml2/drivers/ovn/mech_driver/ovsdb/ovsdb_monitor.py:1015}}
Jun 19 01:09:41.484690 np0000003215 devstack@neutron-api.service[86990]: DEBUG neutron.plugins.ml2.drivers.ovn.mech_driver.ovsdb.ovsdb_monitor [None req-a94e42a8-328c-462d-ba6b-0dd313119b27 None None] Touching Hash Ring node "eb855ef97f29599289d5d08a85f0835c" from IDL notify handler {{(pid=86990) notify /opt/stack/neutron/neutron/plugins/ml2/drivers/ovn/mech_driver/ovsdb/ovsdb_monitor.py:1007}}
Jun 19 01:09:41.488385 np0000003215 devstack@neutron-api.service[86990]: DEBUG neutron.plugins.ml2.drivers.ovn.mech_driver.ovsdb.ovsdb_monitor [None req-5d7b4c9d-0efb-47d9-bc0d-8f4ad48749cd None None] Hash Ring: Node eb855ef97f29599289d5d08a85f0835c (host: np0000003215) handling event "create" for row 1e38809c-16b2-4730-a73f-c0d5f0bdf78f (table: HA_Chassis) {{(pid=86990) notify /opt/stack/neutron/neutron/plugins/ml2/drivers/ovn/mech_driver/ovsdb/ovsdb_monitor.py:1015}}
Jun 19 01:09:41.489020 np0000003215 devstack@neutron-api.service[86991]: DEBUG neutron.plugins.ml2.drivers.ovn.mech_driver.ovsdb.ovsdb_monitor [None req-78a0b194-ebc0-4472-b2d4-40aa5a412ba7 None None] Touching Hash Ring node "aca1689efaa858fdb789312ec71e6282" from IDL notify handler {{(pid=86991) notify /opt/stack/neutron/neutron/plugins/ml2/drivers/ovn/mech_driver/ovsdb/ovsdb_monitor.py:1007}}
Jun 19 01:09:41.489652 np0000003215 devstack@neutron-api.service[86990]: DEBUG neutron.plugins.ml2.drivers.ovn.mech_driver.ovsdb.ovsdb_monitor [None req-a94e42a8-328c-462d-ba6b-0dd313119b27 None None] Hash Ring: Node eb855ef97f29599289d5d08a85f0835c (host: np0000003215) handling event "create" for row 2d585082-b22a-4c44-93db-81db39682b6f (table: Port_Binding) {{(pid=86990) notify /opt/stack/neutron/neutron/plugins/ml2/drivers/ovn/mech_driver/ovsdb/ovsdb_monitor.py:1015}}
Jun 19 01:09:41.490564 np0000003215 devstack@neutron-api.service[86990]: DEBUG neutron.plugins.ml2.drivers.ovn.mech_driver.ovsdb.ovsdb_monitor [None req-a94e42a8-328c-462d-ba6b-0dd313119b27 None None] Touching Hash Ring node "eb855ef97f29599289d5d08a85f0835c" from IDL notify handler {{(pid=86990) notify /opt/stack/neutron/neutron/plugins/ml2/drivers/ovn/mech_driver/ovsdb/ovsdb_monitor.py:1007}}
Jun 19 01:09:41.492186 np0000003215 devstack@neutron-api.service[86991]: DEBUG neutron.plugins.ml2.drivers.ovn.mech_driver.ovsdb.ovsdb_monitor [None req-b755ae7e-a6a9-4ea1-9a34-58b3823dc6a6 None None] Touching Hash Ring node "aca1689efaa858fdb789312ec71e6282" from IDL notify handler {{(pid=86991) notify /opt/stack/neutron/neutron/plugins/ml2/drivers/ovn/mech_driver/ovsdb/ovsdb_monitor.py:1007}}
Jun 19 01:09:41.492889 np0000003215 devstack@neutron-api.service[86990]: DEBUG neutron.plugins.ml2.drivers.ovn.mech_driver.ovsdb.ovsdb_monitor [None req-5d7b4c9d-0efb-47d9-bc0d-8f4ad48749cd None None] Touching Hash Ring node "eb855ef97f29599289d5d08a85f0835c" from IDL notify handler {{(pid=86990) notify /opt/stack/neutron/neutron/plugins/ml2/drivers/ovn/mech_driver/ovsdb/ovsdb_monitor.py:1007}}
Jun 19 01:09:41.498496 np0000003215 devstack@neutron-api.service[86990]: DEBUG neutron.plugins.ml2.drivers.ovn.mech_driver.ovsdb.ovsdb_monitor [None req-5d7b4c9d-0efb-47d9-bc0d-8f4ad48749cd None None] Hash Ring: Node eb855ef97f29599289d5d08a85f0835c (host: np0000003215) handling event "create" for row 95ede90a-eef2-49a0-a9b2-52296aa85e4f (table: HA_Chassis_Group) {{(pid=86990) notify /opt/stack/neutron/neutron/plugins/ml2/drivers/ovn/mech_driver/ovsdb/ovsdb_monitor.py:1015}}
Jun 19 01:09:41.499670 np0000003215 devstack@neutron-api.service[86990]: DEBUG neutron.plugins.ml2.drivers.ovn.mech_driver.ovsdb.ovsdb_monitor [None req-5d7b4c9d-0efb-47d9-bc0d-8f4ad48749cd None None] Touching Hash Ring node "eb855ef97f29599289d5d08a85f0835c" from IDL notify handler {{(pid=86990) notify /opt/stack/neutron/neutron/plugins/ml2/drivers/ovn/mech_driver/ovsdb/ovsdb_monitor.py:1007}}
Jun 19 01:09:41.500365 np0000003215 devstack@neutron-api.service[86991]: DEBUG neutron.plugins.ml2.drivers.ovn.mech_driver.ovsdb.ovsdb_monitor [None req-78a0b194-ebc0-4472-b2d4-40aa5a412ba7 None None] Hash Ring: Node aca1689efaa858fdb789312ec71e6282 (host: np0000003215) handling event "update" for row 0fd86cd1-2a14-46b6-b468-f7441d916c32 (table: Logical_Router) {{(pid=86991) notify /opt/stack/neutron/neutron/plugins/ml2/drivers/ovn/mech_driver/ovsdb/ovsdb_monitor.py:1015}}
Jun 19 01:09:41.501698 np0000003215 devstack@neutron-api.service[86991]: DEBUG neutron.plugins.ml2.drivers.ovn.mech_driver.ovsdb.ovsdb_monitor [None req-78a0b194-ebc0-4472-b2d4-40aa5a412ba7 None None] Touching Hash Ring node "aca1689efaa858fdb789312ec71e6282" from IDL notify handler {{(pid=86991) notify /opt/stack/neutron/neutron/plugins/ml2/drivers/ovn/mech_driver/ovsdb/ovsdb_monitor.py:1007}}
Jun 19 01:09:41.502745 np0000003215 devstack@neutron-api.service[86990]: DEBUG neutron.plugins.ml2.drivers.ovn.mech_driver.ovsdb.ovsdb_monitor [None req-a94e42a8-328c-462d-ba6b-0dd313119b27 None None] Hash Ring: Node eb855ef97f29599289d5d08a85f0835c (host: np0000003215) handling event "create" for row 5ab2756b-4c67-4297-9f47-d0cdac7c1d3a (table: Port_Binding) {{(pid=86990) notify /opt/stack/neutron/neutron/plugins/ml2/drivers/ovn/mech_driver/ovsdb/ovsdb_monitor.py:1015}}
Jun 19 01:09:41.504894 np0000003215 devstack@neutron-api.service[86990]: DEBUG neutron.plugins.ml2.drivers.ovn.mech_driver.ovsdb.ovsdb_monitor [None req-a94e42a8-328c-462d-ba6b-0dd313119b27 None None] Touching Hash Ring node "eb855ef97f29599289d5d08a85f0835c" from IDL notify handler {{(pid=86990) notify /opt/stack/neutron/neutron/plugins/ml2/drivers/ovn/mech_driver/ovsdb/ovsdb_monitor.py:1007}}
Jun 19 01:09:41.507650 np0000003215 devstack@neutron-api.service[86990]: DEBUG neutron.plugins.ml2.drivers.ovn.mech_driver.ovsdb.ovsdb_monitor [None req-5d7b4c9d-0efb-47d9-bc0d-8f4ad48749cd None None] Hash Ring: Node eb855ef97f29599289d5d08a85f0835c (host: np0000003215) handling event "update" for row 0fd86cd1-2a14-46b6-b468-f7441d916c32 (table: Logical_Router) {{(pid=86990) notify /opt/stack/neutron/neutron/plugins/ml2/drivers/ovn/mech_driver/ovsdb/ovsdb_monitor.py:1015}}
Jun 19 01:09:41.508584 np0000003215 devstack@neutron-api.service[86990]: DEBUG neutron.plugins.ml2.drivers.ovn.mech_driver.ovsdb.ovsdb_monitor [None req-5d7b4c9d-0efb-47d9-bc0d-8f4ad48749cd None None] Touching Hash Ring node "eb855ef97f29599289d5d08a85f0835c" from IDL notify handler {{(pid=86990) notify /opt/stack/neutron/neutron/plugins/ml2/drivers/ovn/mech_driver/ovsdb/ovsdb_monitor.py:1007}}
Jun 19 01:09:41.510772 np0000003215 devstack@neutron-api.service[86991]: DEBUG neutron.plugins.ml2.drivers.ovn.mech_driver.ovsdb.ovsdb_monitor [None req-78a0b194-ebc0-4472-b2d4-40aa5a412ba7 None None] Hash Ring: Node aca1689efaa858fdb789312ec71e6282 (host: np0000003215) handling event "create" for row 497ea0fd-07b8-4e1e-8850-010cdadd7ce5 (table: Logical_Router_Static_Route) {{(pid=86991) notify /opt/stack/neutron/neutron/plugins/ml2/drivers/ovn/mech_driver/ovsdb/ovsdb_monitor.py:1015}}
Jun 19 01:09:41.511779 np0000003215 devstack@neutron-api.service[86991]: DEBUG neutron.plugins.ml2.drivers.ovn.mech_driver.ovsdb.ovsdb_monitor [None req-78a0b194-ebc0-4472-b2d4-40aa5a412ba7 None None] Touching Hash Ring node "aca1689efaa858fdb789312ec71e6282" from IDL notify handler {{(pid=86991) notify /opt/stack/neutron/neutron/plugins/ml2/drivers/ovn/mech_driver/ovsdb/ovsdb_monitor.py:1007}}
Jun 19 01:09:41.513226 np0000003215 devstack@neutron-api.service[86990]: DEBUG neutron.plugins.ml2.drivers.ovn.mech_driver.ovsdb.ovsdb_monitor [None req-a94e42a8-328c-462d-ba6b-0dd313119b27 None None] Hash Ring: Node eb855ef97f29599289d5d08a85f0835c (host: np0000003215) handling event "update" for row 9a2b763e-064c-4dbe-8de5-5a33f9bcb2b1 (table: Port_Binding) {{(pid=86990) notify /opt/stack/neutron/neutron/plugins/ml2/drivers/ovn/mech_driver/ovsdb/ovsdb_monitor.py:1015}}
Jun 19 01:09:41.514072 np0000003215 devstack@neutron-api.service[86990]: DEBUG neutron.plugins.ml2.drivers.ovn.mech_driver.ovsdb.ovsdb_monitor [None req-5d7b4c9d-0efb-47d9-bc0d-8f4ad48749cd None None] Hash Ring: Node eb855ef97f29599289d5d08a85f0835c (host: np0000003215) handling event "create" for row 2abbb337-18b3-41c8-ac87-3d49b23ef144 (table: Logical_Router_Port) {{(pid=86990) notify /opt/stack/neutron/neutron/plugins/ml2/drivers/ovn/mech_driver/ovsdb/ovsdb_monitor.py:1015}}
Jun 19 01:09:41.514936 np0000003215 devstack@neutron-api.service[86990]: DEBUG ovsdbapp.backend.ovs_idl.event [None req-5d7b4c9d-0efb-47d9-bc0d-8f4ad48749cd None None] Matched CREATE: LogicalRouterPortEvent(events=('create', 'delete'), table='Logical_Router_Port', conditions=None, old_conditions=None), priority=20 to row=Logical_Router_Port(uuid=2abbb337-18b3-41c8-ac87-3d49b23ef144, enabled=[], external_ids={'neutron:is_ext_gw': 'True', 'neutron:network_name': 'neutron-6bd94092-91fc-4096-917f-efff233a0e9e', 'neutron:revision_number': '1', 'neutron:router_name': 'neutron-098c8844-44bb-450c-ad4b-566743215a01', 'neutron:subnet_ids': '134c556e-0c6c-43d2-af11-bdb23b3d41aa'}, gateway_chassis=[], ha_chassis_group=95ede90a-eef2-49a0-a9b2-52296aa85e4f, ipv6_prefix=[], ipv6_ra_configs={}, mac='fa:16:3e:0b:74:b8', name='lrp-0b3df51c-f9d0-403e-bd2d-39998c3ce2a0', networks=['172.24.5.25/24'], options={'gateway_mtu': '1372', 'reside-on-redirect-chassis': 'true'}, peer=[], status={}) old= {{(pid=86990) matches /opt/stack/data/venv/lib/python3.12/site-packages/ovsdbapp/backend/ovs_idl/event.py:55}}
Jun 19 01:09:41.515057 np0000003215 devstack@neutron-api.service[86991]: DEBUG neutron.plugins.ml2.drivers.ovn.mech_driver.ovsdb.ovsdb_monitor [None req-78a0b194-ebc0-4472-b2d4-40aa5a412ba7 None None] Hash Ring: Node aca1689efaa858fdb789312ec71e6282 (host: np0000003215) handling event "update" for row ff3bb326-2086-44ea-808c-97ebf1540758 (table: Logical_Switch_Port) {{(pid=86991) notify /opt/stack/neutron/neutron/plugins/ml2/drivers/ovn/mech_driver/ovsdb/ovsdb_monitor.py:1015}}
Jun 19 01:09:41.517670 np0000003215 devstack@neutron-api.service[86991]: DEBUG neutron.plugins.ml2.drivers.ovn.mech_driver.ovsdb.ovsdb_monitor [None req-78a0b194-ebc0-4472-b2d4-40aa5a412ba7 None None] Touching Hash Ring node "aca1689efaa858fdb789312ec71e6282" from IDL notify handler {{(pid=86991) notify /opt/stack/neutron/neutron/plugins/ml2/drivers/ovn/mech_driver/ovsdb/ovsdb_monitor.py:1007}}
Jun 19 01:09:41.517795 np0000003215 devstack@neutron-api.service[86990]: DEBUG neutron.plugins.ml2.drivers.ovn.mech_driver.ovsdb.ovsdb_monitor [None req-5d7b4c9d-0efb-47d9-bc0d-8f4ad48749cd None None] Touching Hash Ring node "eb855ef97f29599289d5d08a85f0835c" from IDL notify handler {{(pid=86990) notify /opt/stack/neutron/neutron/plugins/ml2/drivers/ovn/mech_driver/ovsdb/ovsdb_monitor.py:1007}}
Jun 19 01:09:41.519201 np0000003215 devstack@neutron-api.service[86990]: DEBUG neutron.plugins.ml2.drivers.ovn.mech_driver.ovsdb.ovsdb_monitor [None req-a94e42a8-328c-462d-ba6b-0dd313119b27 None None] Touching Hash Ring node "eb855ef97f29599289d5d08a85f0835c" from IDL notify handler {{(pid=86990) notify /opt/stack/neutron/neutron/plugins/ml2/drivers/ovn/mech_driver/ovsdb/ovsdb_monitor.py:1007}}
Jun 19 01:09:41.520891 np0000003215 devstack@neutron-api.service[86991]: DEBUG neutron.plugins.ml2.drivers.ovn.mech_driver.ovsdb.ovsdb_monitor [None req-78a0b194-ebc0-4472-b2d4-40aa5a412ba7 None None] Hash Ring: Node aca1689efaa858fdb789312ec71e6282 (host: np0000003215) handling event "update" for row ff3bb326-2086-44ea-808c-97ebf1540758 (table: Logical_Switch_Port) {{(pid=86991) notify /opt/stack/neutron/neutron/plugins/ml2/drivers/ovn/mech_driver/ovsdb/ovsdb_monitor.py:1015}}
