Jul 08 17:36:43.102948 np0000004838 nova-scheduler[96348]: DEBUG cotyledon.oslo_config_glue [-] oslo_messaging_metrics.metrics_socket_file = /var/tmp/metrics_collector.sock {{(pid=96348) log_opt_values /opt/stack/data/venv/lib/python3.12/site-packages/oslo_config/cfg.py:3253}}
Jul 08 17:36:43.102948 np0000004838 nova-scheduler[96348]: DEBUG cotyledon.oslo_config_glue [-] oslo_messaging_metrics.metrics_thread_stop_timeout = 10 {{(pid=96348) log_opt_values /opt/stack/data/venv/lib/python3.12/site-packages/oslo_config/cfg.py:3253}}
Jul 08 17:36:43.102948 np0000004838 nova-scheduler[96348]: DEBUG cotyledon.oslo_config_glue [-] profiler.connection_string = messaging:// {{(pid=96348) log_opt_values /opt/stack/data/venv/lib/python3.12/site-packages/oslo_config/cfg.py:3253}}
Jul 08 17:36:43.102948 np0000004838 nova-scheduler[96348]: DEBUG cotyledon.oslo_config_glue [-] profiler.enabled = False {{(pid=96348) log_opt_values /opt/stack/data/venv/lib/python3.12/site-packages/oslo_config/cfg.py:3253}}
Jul 08 17:36:43.102948 np0000004838 nova-scheduler[96348]: DEBUG cotyledon.oslo_config_glue [-] profiler.es_doc_type = notification {{(pid=96348) log_opt_values /opt/stack/data/venv/lib/python3.12/site-packages/oslo_config/cfg.py:3253}}
Jul 08 17:36:43.103151 np0000004838 nova-scheduler[96348]: DEBUG cotyledon.oslo_config_glue [-] profiler.es_scroll_size = 10000 {{(pid=96348) log_opt_values /opt/stack/data/venv/lib/python3.12/site-packages/oslo_config/cfg.py:3253}}
Jul 08 17:36:43.103151 np0000004838 nova-scheduler[96348]: DEBUG cotyledon.oslo_config_glue [-] profiler.es_scroll_time = 2m {{(pid=96348) log_opt_values /opt/stack/data/venv/lib/python3.12/site-packages/oslo_config/cfg.py:3253}}
Jul 08 17:36:43.103151 np0000004838 nova-scheduler[96348]: DEBUG cotyledon.oslo_config_glue [-] profiler.filter_error_trace = False {{(pid=96348) log_opt_values /opt/stack/data/venv/lib/python3.12/site-packages/oslo_config/cfg.py:3253}}
Jul 08 17:36:43.103151 np0000004838 nova-scheduler[96348]: DEBUG cotyledon.oslo_config_glue [-] profiler.hmac_keys = **** {{(pid=96348) log_opt_values /opt/stack/data/venv/lib/python3.12/site-packages/oslo_config/cfg.py:3253}}
Jul 08 17:36:43.103151 np0000004838 nova-scheduler[96348]: DEBUG cotyledon.oslo_config_glue [-] profiler.sentinel_service_name = mymaster {{(pid=96348) log_opt_values /opt/stack/data/venv/lib/python3.12/site-packages/oslo_config/cfg.py:3253}}
Jul 08 17:36:43.103151 np0000004838 nova-scheduler[96348]: DEBUG cotyledon.oslo_config_glue [-] profiler.socket_timeout = 0.1 {{(pid=96348) log_opt_values /opt/stack/data/venv/lib/python3.12/site-packages/oslo_config/cfg.py:3253}}
Jul 08 17:36:43.103151 np0000004838 nova-scheduler[96348]: DEBUG cotyledon.oslo_config_glue [-] profiler.trace_requests = False {{(pid=96348) log_opt_values /opt/stack/data/venv/lib/python3.12/site-packages/oslo_config/cfg.py:3253}}
Jul 08 17:36:43.103151 np0000004838 nova-scheduler[96348]: DEBUG cotyledon.oslo_config_glue [-] profiler.trace_sqlalchemy = False {{(pid=96348) log_opt_values /opt/stack/data/venv/lib/python3.12/site-packages/oslo_config/cfg.py:3253}}
Jul 08 17:36:43.103151 np0000004838 nova-scheduler[96348]: DEBUG cotyledon.oslo_config_glue [-] profiler_jaeger.process_tags = {} {{(pid=96348) log_opt_values /opt/stack/data/venv/lib/python3.12/site-packages/oslo_config/cfg.py:3253}}
Jul 08 17:36:43.103312 np0000004838 nova-scheduler[96348]: DEBUG cotyledon.oslo_config_glue [-] profiler_jaeger.service_name_prefix = None {{(pid=96348) log_opt_values /opt/stack/data/venv/lib/python3.12/site-packages/oslo_config/cfg.py:3253}}
Jul 08 17:36:43.103312 np0000004838 nova-scheduler[96348]: DEBUG cotyledon.oslo_config_glue [-] profiler_otlp.service_name_prefix = None {{(pid=96348) log_opt_values /opt/stack/data/venv/lib/python3.12/site-packages/oslo_config/cfg.py:3253}}
Jul 08 17:36:43.103312 np0000004838 nova-scheduler[96348]: DEBUG cotyledon.oslo_config_glue [-] oslo_messaging_rabbit.amqp_auto_delete = False {{(pid=96348) log_opt_values /opt/stack/data/venv/lib/python3.12/site-packages/oslo_config/cfg.py:3253}}
Jul 08 17:36:43.103312 np0000004838 nova-scheduler[96348]: DEBUG cotyledon.oslo_config_glue [-] oslo_messaging_rabbit.amqp_durable_queues = False {{(pid=96348) log_opt_values /opt/stack/data/venv/lib/python3.12/site-packages/oslo_config/cfg.py:3253}}
Jul 08 17:36:43.103312 np0000004838 nova-scheduler[96348]: DEBUG cotyledon.oslo_config_glue [-] oslo_messaging_rabbit.conn_pool_min_size = 2 {{(pid=96348) log_opt_values /opt/stack/data/venv/lib/python3.12/site-packages/oslo_config/cfg.py:3253}}
Jul 08 17:36:43.103312 np0000004838 nova-scheduler[96348]: DEBUG cotyledon.oslo_config_glue [-] oslo_messaging_rabbit.conn_pool_ttl = 1200 {{(pid=96348) log_opt_values /opt/stack/data/venv/lib/python3.12/site-packages/oslo_config/cfg.py:3253}}
Jul 08 17:36:43.103312 np0000004838 nova-scheduler[96348]: DEBUG cotyledon.oslo_config_glue [-] oslo_messaging_rabbit.direct_mandatory_flag = True {{(pid=96348) log_opt_values /opt/stack/data/venv/lib/python3.12/site-packages/oslo_config/cfg.py:3253}}
Jul 08 17:36:43.103312 np0000004838 nova-scheduler[96348]: DEBUG cotyledon.oslo_config_glue [-] oslo_messaging_rabbit.enable_cancel_on_failover = False {{(pid=96348) log_opt_values /opt/stack/data/venv/lib/python3.12/site-packages/oslo_config/cfg.py:3253}}
Jul 08 17:36:43.103312 np0000004838 nova-scheduler[96348]: DEBUG cotyledon.oslo_config_glue [-] oslo_messaging_rabbit.heartbeat_rate = 3 {{(pid=96348) log_opt_values /opt/stack/data/venv/lib/python3.12/site-packages/oslo_config/cfg.py:3253}}
Jul 08 17:36:43.103538 np0000004838 nova-scheduler[96348]: DEBUG cotyledon.oslo_config_glue [-] oslo_messaging_rabbit.heartbeat_timeout_threshold = 60 {{(pid=96348) log_opt_values /opt/stack/data/venv/lib/python3.12/site-packages/oslo_config/cfg.py:3253}}
Jul 08 17:36:43.103538 np0000004838 nova-scheduler[96348]: DEBUG cotyledon.oslo_config_glue [-] oslo_messaging_rabbit.hostname = np0000004838 {{(pid=96348) log_opt_values /opt/stack/data/venv/lib/python3.12/site-packages/oslo_config/cfg.py:3253}}
Jul 08 17:36:43.103538 np0000004838 nova-scheduler[96348]: DEBUG cotyledon.oslo_config_glue [-] oslo_messaging_rabbit.kombu_compression = None {{(pid=96348) log_opt_values /opt/stack/data/venv/lib/python3.12/site-packages/oslo_config/cfg.py:3253}}
Jul 08 17:36:43.103538 np0000004838 nova-scheduler[96348]: DEBUG cotyledon.oslo_config_glue [-] oslo_messaging_rabbit.kombu_failover_strategy = round-robin {{(pid=96348) log_opt_values /opt/stack/data/venv/lib/python3.12/site-packages/oslo_config/cfg.py:3253}}
Jul 08 17:36:43.103538 np0000004838 nova-scheduler[96348]: DEBUG cotyledon.oslo_config_glue [-] oslo_messaging_rabbit.kombu_missing_consumer_retry_timeout = 60 {{(pid=96348) log_opt_values /opt/stack/data/venv/lib/python3.12/site-packages/oslo_config/cfg.py:3253}}
Jul 08 17:36:43.103538 np0000004838 nova-scheduler[96348]: DEBUG cotyledon.oslo_config_glue [-] oslo_messaging_rabbit.kombu_reconnect_delay = 1.0 {{(pid=96348) log_opt_values /opt/stack/data/venv/lib/python3.12/site-packages/oslo_config/cfg.py:3253}}
Jul 08 17:36:43.103538 np0000004838 nova-scheduler[96348]: DEBUG cotyledon.oslo_config_glue [-] oslo_messaging_rabbit.kombu_reconnect_splay = 0.0 {{(pid=96348) log_opt_values /opt/stack/data/venv/lib/python3.12/site-packages/oslo_config/cfg.py:3253}}
Jul 08 17:36:43.103538 np0000004838 nova-scheduler[96348]: DEBUG cotyledon.oslo_config_glue [-] oslo_messaging_rabbit.processname = nova-scheduler {{(pid=96348) log_opt_values /opt/stack/data/venv/lib/python3.12/site-packages/oslo_config/cfg.py:3253}}
Jul 08 17:36:43.103538 np0000004838 nova-scheduler[96348]: DEBUG cotyledon.oslo_config_glue [-] oslo_messaging_rabbit.rabbit_ha_queues = False {{(pid=96348) log_opt_values /opt/stack/data/venv/lib/python3.12/site-packages/oslo_config/cfg.py:3253}}
Jul 08 17:36:43.103792 np0000004838 nova-scheduler[96348]: DEBUG cotyledon.oslo_config_glue [-] oslo_messaging_rabbit.rabbit_interval_max = 30 {{(pid=96348) log_opt_values /opt/stack/data/venv/lib/python3.12/site-packages/oslo_config/cfg.py:3253}}
Jul 08 17:36:43.103792 np0000004838 nova-scheduler[96348]: DEBUG cotyledon.oslo_config_glue [-] oslo_messaging_rabbit.rabbit_login_method = AMQPLAIN {{(pid=96348) log_opt_values /opt/stack/data/venv/lib/python3.12/site-packages/oslo_config/cfg.py:3253}}
Jul 08 17:36:43.103858 np0000004838 nova-scheduler[96346]: INFO dbcounter [None req-aabd517f-d322-4c4c-ba5b-99ee93a6938f None None] Registered counter for database nova_cell0
Jul 08 17:36:43.103895 np0000004838 nova-scheduler[96348]: DEBUG cotyledon.oslo_config_glue [-] oslo_messaging_rabbit.rabbit_qos_prefetch_count = 0 {{(pid=96348) log_opt_values /opt/stack/data/venv/lib/python3.12/site-packages/oslo_config/cfg.py:3253}}
Jul 08 17:36:43.103895 np0000004838 nova-scheduler[96348]: DEBUG cotyledon.oslo_config_glue [-] oslo_messaging_rabbit.rabbit_quorum_delivery_limit = 0 {{(pid=96348) log_opt_values /opt/stack/data/venv/lib/python3.12/site-packages/oslo_config/cfg.py:3253}}
Jul 08 17:36:43.103895 np0000004838 nova-scheduler[96348]: DEBUG cotyledon.oslo_config_glue [-] oslo_messaging_rabbit.rabbit_quorum_max_memory_bytes = 0 {{(pid=96348) log_opt_values /opt/stack/data/venv/lib/python3.12/site-packages/oslo_config/cfg.py:3253}}
Jul 08 17:36:43.103895 np0000004838 nova-scheduler[96348]: DEBUG cotyledon.oslo_config_glue [-] oslo_messaging_rabbit.rabbit_quorum_max_memory_length = 0 {{(pid=96348) log_opt_values /opt/stack/data/venv/lib/python3.12/site-packages/oslo_config/cfg.py:3253}}
Jul 08 17:36:43.103895 np0000004838 nova-scheduler[96348]: DEBUG cotyledon.oslo_config_glue [-] oslo_messaging_rabbit.rabbit_quorum_queue = False {{(pid=96348) log_opt_values /opt/stack/data/venv/lib/python3.12/site-packages/oslo_config/cfg.py:3253}}
Jul 08 17:36:43.103895 np0000004838 nova-scheduler[96348]: DEBUG cotyledon.oslo_config_glue [-] oslo_messaging_rabbit.rabbit_retry_backoff = 2 {{(pid=96348) log_opt_values /opt/stack/data/venv/lib/python3.12/site-packages/oslo_config/cfg.py:3253}}
Jul 08 17:36:43.103895 np0000004838 nova-scheduler[96348]: DEBUG cotyledon.oslo_config_glue [-] oslo_messaging_rabbit.rabbit_retry_interval = 1 {{(pid=96348) log_opt_values /opt/stack/data/venv/lib/python3.12/site-packages/oslo_config/cfg.py:3253}}
Jul 08 17:36:43.103895 np0000004838 nova-scheduler[96348]: DEBUG cotyledon.oslo_config_glue [-] oslo_messaging_rabbit.rabbit_stream_fanout = False {{(pid=96348) log_opt_values /opt/stack/data/venv/lib/python3.12/site-packages/oslo_config/cfg.py:3253}}
Jul 08 17:36:43.104194 np0000004838 nova-scheduler[96348]: DEBUG cotyledon.oslo_config_glue [-] oslo_messaging_rabbit.rabbit_transient_queues_ttl = 1800 {{(pid=96348) log_opt_values /opt/stack/data/venv/lib/python3.12/site-packages/oslo_config/cfg.py:3253}}
Jul 08 17:36:43.104194 np0000004838 nova-scheduler[96348]: DEBUG cotyledon.oslo_config_glue [-] oslo_messaging_rabbit.rabbit_transient_quorum_queue = False {{(pid=96348) log_opt_values /opt/stack/data/venv/lib/python3.12/site-packages/oslo_config/cfg.py:3253}}
Jul 08 17:36:43.104194 np0000004838 nova-scheduler[96348]: DEBUG cotyledon.oslo_config_glue [-] oslo_messaging_rabbit.rpc_conn_pool_size = 30 {{(pid=96348) log_opt_values /opt/stack/data/venv/lib/python3.12/site-packages/oslo_config/cfg.py:3253}}
Jul 08 17:36:43.104194 np0000004838 nova-scheduler[96348]: DEBUG cotyledon.oslo_config_glue [-] oslo_messaging_rabbit.ssl = False {{(pid=96348) log_opt_values /opt/stack/data/venv/lib/python3.12/site-packages/oslo_config/cfg.py:3253}}
Jul 08 17:36:43.104194 np0000004838 nova-scheduler[96348]: DEBUG cotyledon.oslo_config_glue [-] oslo_messaging_rabbit.ssl_ca_file = {{(pid=96348) log_opt_values /opt/stack/data/venv/lib/python3.12/site-packages/oslo_config/cfg.py:3253}}
Jul 08 17:36:43.104194 np0000004838 nova-scheduler[96348]: DEBUG cotyledon.oslo_config_glue [-] oslo_messaging_rabbit.ssl_cert_file = {{(pid=96348) log_opt_values /opt/stack/data/venv/lib/python3.12/site-packages/oslo_config/cfg.py:3253}}
Jul 08 17:36:43.104194 np0000004838 nova-scheduler[96348]: DEBUG cotyledon.oslo_config_glue [-] oslo_messaging_rabbit.ssl_enforce_fips_mode = False {{(pid=96348) log_opt_values /opt/stack/data/venv/lib/python3.12/site-packages/oslo_config/cfg.py:3253}}
Jul 08 17:36:43.104194 np0000004838 nova-scheduler[96348]: DEBUG cotyledon.oslo_config_glue [-] oslo_messaging_rabbit.ssl_enforce_hostname_verification = True {{(pid=96348) log_opt_values /opt/stack/data/venv/lib/python3.12/site-packages/oslo_config/cfg.py:3253}}
Jul 08 17:36:43.104194 np0000004838 nova-scheduler[96348]: DEBUG cotyledon.oslo_config_glue [-] oslo_messaging_rabbit.ssl_key_file = {{(pid=96348) log_opt_values /opt/stack/data/venv/lib/python3.12/site-packages/oslo_config/cfg.py:3253}}
Jul 08 17:36:43.104490 np0000004838 nova-scheduler[96348]: DEBUG cotyledon.oslo_config_glue [-] oslo_messaging_rabbit.ssl_version = {{(pid=96348) log_opt_values /opt/stack/data/venv/lib/python3.12/site-packages/oslo_config/cfg.py:3253}}
Jul 08 17:36:43.104490 np0000004838 nova-scheduler[96348]: DEBUG cotyledon.oslo_config_glue [-] oslo_messaging_rabbit.use_queue_manager = False {{(pid=96348) log_opt_values /opt/stack/data/venv/lib/python3.12/site-packages/oslo_config/cfg.py:3253}}
Jul 08 17:36:43.104490 np0000004838 nova-scheduler[96348]: DEBUG cotyledon.oslo_config_glue [-] oslo_messaging_notifications.driver = ['messagingv2'] {{(pid=96348) log_opt_values /opt/stack/data/venv/lib/python3.12/site-packages/oslo_config/cfg.py:3253}}
Jul 08 17:36:43.104490 np0000004838 nova-scheduler[96348]: DEBUG cotyledon.oslo_config_glue [-] oslo_messaging_notifications.retry = -1 {{(pid=96348) log_opt_values /opt/stack/data/venv/lib/python3.12/site-packages/oslo_config/cfg.py:3253}}
Jul 08 17:36:43.104490 np0000004838 nova-scheduler[96348]: DEBUG cotyledon.oslo_config_glue [-] oslo_messaging_notifications.topics = ['notifications'] {{(pid=96348) log_opt_values /opt/stack/data/venv/lib/python3.12/site-packages/oslo_config/cfg.py:3253}}
Jul 08 17:36:43.104490 np0000004838 nova-scheduler[96348]: DEBUG cotyledon.oslo_config_glue [-] oslo_messaging_notifications.transport_url = **** {{(pid=96348) log_opt_values /opt/stack/data/venv/lib/python3.12/site-packages/oslo_config/cfg.py:3253}}
Jul 08 17:36:43.104490 np0000004838 nova-scheduler[96348]: DEBUG cotyledon.oslo_config_glue [-] oslo_limit.auth_section = None {{(pid=96348) log_opt_values /opt/stack/data/venv/lib/python3.12/site-packages/oslo_config/cfg.py:3253}}
Jul 08 17:36:43.104490 np0000004838 nova-scheduler[96348]: DEBUG cotyledon.oslo_config_glue [-] oslo_limit.auth_type = None {{(pid=96348) log_opt_values /opt/stack/data/venv/lib/python3.12/site-packages/oslo_config/cfg.py:3253}}
Jul 08 17:36:43.104490 np0000004838 nova-scheduler[96348]: DEBUG cotyledon.oslo_config_glue [-] oslo_limit.cafile = None {{(pid=96348) log_opt_values /opt/stack/data/venv/lib/python3.12/site-packages/oslo_config/cfg.py:3253}}
Jul 08 17:36:43.104786 np0000004838 nova-scheduler[96348]: DEBUG cotyledon.oslo_config_glue [-] oslo_limit.certfile = None {{(pid=96348) log_opt_values /opt/stack/data/venv/lib/python3.12/site-packages/oslo_config/cfg.py:3253}}
Jul 08 17:36:43.104786 np0000004838 nova-scheduler[96348]: DEBUG cotyledon.oslo_config_glue [-] oslo_limit.collect_timing = False {{(pid=96348) log_opt_values /opt/stack/data/venv/lib/python3.12/site-packages/oslo_config/cfg.py:3253}}
Jul 08 17:36:43.104786 np0000004838 nova-scheduler[96348]: DEBUG cotyledon.oslo_config_glue [-] oslo_limit.connect_retries = None {{(pid=96348) log_opt_values /opt/stack/data/venv/lib/python3.12/site-packages/oslo_config/cfg.py:3253}}
Jul 08 17:36:43.104786 np0000004838 nova-scheduler[96348]: DEBUG cotyledon.oslo_config_glue [-] oslo_limit.connect_retry_delay = None {{(pid=96348) log_opt_values /opt/stack/data/venv/lib/python3.12/site-packages/oslo_config/cfg.py:3253}}
Jul 08 17:36:43.104786 np0000004838 nova-scheduler[96348]: DEBUG cotyledon.oslo_config_glue [-] oslo_limit.endpoint_id = None {{(pid=96348) log_opt_values /opt/stack/data/venv/lib/python3.12/site-packages/oslo_config/cfg.py:3253}}
Jul 08 17:36:43.104786 np0000004838 nova-scheduler[96348]: DEBUG cotyledon.oslo_config_glue [-] oslo_limit.endpoint_interface = public {{(pid=96348) log_opt_values /opt/stack/data/venv/lib/python3.12/site-packages/oslo_config/cfg.py:3253}}
Jul 08 17:36:43.104786 np0000004838 nova-scheduler[96348]: DEBUG cotyledon.oslo_config_glue [-] oslo_limit.endpoint_override = None {{(pid=96348) log_opt_values /opt/stack/data/venv/lib/python3.12/site-packages/oslo_config/cfg.py:3253}}
Jul 08 17:36:43.104786 np0000004838 nova-scheduler[96348]: DEBUG cotyledon.oslo_config_glue [-] oslo_limit.endpoint_region_name = None {{(pid=96348) log_opt_values /opt/stack/data/venv/lib/python3.12/site-packages/oslo_config/cfg.py:3253}}
Jul 08 17:36:43.104786 np0000004838 nova-scheduler[96348]: DEBUG cotyledon.oslo_config_glue [-] oslo_limit.endpoint_service_name = None {{(pid=96348) log_opt_values /opt/stack/data/venv/lib/python3.12/site-packages/oslo_config/cfg.py:3253}}
Jul 08 17:36:43.105049 np0000004838 nova-scheduler[96348]: DEBUG cotyledon.oslo_config_glue [-] oslo_limit.endpoint_service_type = None {{(pid=96348) log_opt_values /opt/stack/data/venv/lib/python3.12/site-packages/oslo_config/cfg.py:3253}}
Jul 08 17:36:43.105049 np0000004838 nova-scheduler[96348]: DEBUG cotyledon.oslo_config_glue [-] oslo_limit.insecure = False {{(pid=96348) log_opt_values /opt/stack/data/venv/lib/python3.12/site-packages/oslo_config/cfg.py:3253}}
Jul 08 17:36:43.105049 np0000004838 nova-scheduler[96348]: DEBUG cotyledon.oslo_config_glue [-] oslo_limit.keyfile = None {{(pid=96348) log_opt_values /opt/stack/data/venv/lib/python3.12/site-packages/oslo_config/cfg.py:3253}}
Jul 08 17:36:43.105049 np0000004838 nova-scheduler[96348]: DEBUG cotyledon.oslo_config_glue [-] oslo_limit.max_version = None {{(pid=96348) log_opt_values /opt/stack/data/venv/lib/python3.12/site-packages/oslo_config/cfg.py:3253}}
Jul 08 17:36:43.105049 np0000004838 nova-scheduler[96348]: DEBUG cotyledon.oslo_config_glue [-] oslo_limit.min_version = None {{(pid=96348) log_opt_values /opt/stack/data/venv/lib/python3.12/site-packages/oslo_config/cfg.py:3253}}
Jul 08 17:36:43.105049 np0000004838 nova-scheduler[96348]: DEBUG cotyledon.oslo_config_glue [-] oslo_limit.region_name = None {{(pid=96348) log_opt_values /opt/stack/data/venv/lib/python3.12/site-packages/oslo_config/cfg.py:3253}}
Jul 08 17:36:43.105049 np0000004838 nova-scheduler[96348]: DEBUG cotyledon.oslo_config_glue [-] oslo_limit.retriable_status_codes = None {{(pid=96348) log_opt_values /opt/stack/data/venv/lib/python3.12/site-packages/oslo_config/cfg.py:3253}}
Jul 08 17:36:43.105049 np0000004838 nova-scheduler[96348]: DEBUG cotyledon.oslo_config_glue [-] oslo_limit.service_name = None {{(pid=96348) log_opt_values /opt/stack/data/venv/lib/python3.12/site-packages/oslo_config/cfg.py:3253}}
Jul 08 17:36:43.105049 np0000004838 nova-scheduler[96348]: DEBUG cotyledon.oslo_config_glue [-] oslo_limit.service_type = None {{(pid=96348) log_opt_values /opt/stack/data/venv/lib/python3.12/site-packages/oslo_config/cfg.py:3253}}
Jul 08 17:36:43.105231 np0000004838 nova-scheduler[96348]: DEBUG cotyledon.oslo_config_glue [-] oslo_limit.split_loggers = False {{(pid=96348) log_opt_values /opt/stack/data/venv/lib/python3.12/site-packages/oslo_config/cfg.py:3253}}
Jul 08 17:36:43.105231 np0000004838 nova-scheduler[96348]: DEBUG cotyledon.oslo_config_glue [-] oslo_limit.status_code_retries = None {{(pid=96348) log_opt_values /opt/stack/data/venv/lib/python3.12/site-packages/oslo_config/cfg.py:3253}}
Jul 08 17:36:43.105231 np0000004838 nova-scheduler[96348]: DEBUG cotyledon.oslo_config_glue [-] oslo_limit.status_code_retry_delay = None {{(pid=96348) log_opt_values /opt/stack/data/venv/lib/python3.12/site-packages/oslo_config/cfg.py:3253}}
Jul 08 17:36:43.105231 np0000004838 nova-scheduler[96348]: DEBUG cotyledon.oslo_config_glue [-] oslo_limit.timeout = None {{(pid=96348) log_opt_values /opt/stack/data/venv/lib/python3.12/site-packages/oslo_config/cfg.py:3253}}
Jul 08 17:36:43.105231 np0000004838 nova-scheduler[96348]: DEBUG cotyledon.oslo_config_glue [-] oslo_limit.valid_interfaces = None {{(pid=96348) log_opt_values /opt/stack/data/venv/lib/python3.12/site-packages/oslo_config/cfg.py:3253}}
Jul 08 17:36:43.105231 np0000004838 nova-scheduler[96348]: DEBUG cotyledon.oslo_config_glue [-] oslo_limit.version = None {{(pid=96348) log_opt_values /opt/stack/data/venv/lib/python3.12/site-packages/oslo_config/cfg.py:3253}}
Jul 08 17:36:43.105231 np0000004838 nova-scheduler[96348]: DEBUG cotyledon.oslo_config_glue [-] oslo_reports.file_event_handler = None {{(pid=96348) log_opt_values /opt/stack/data/venv/lib/python3.12/site-packages/oslo_config/cfg.py:3253}}
Jul 08 17:36:43.105231 np0000004838 nova-scheduler[96348]: DEBUG cotyledon.oslo_config_glue [-] oslo_reports.file_event_handler_interval = 1 {{(pid=96348) log_opt_values /opt/stack/data/venv/lib/python3.12/site-packages/oslo_config/cfg.py:3253}}
Jul 08 17:36:43.105231 np0000004838 nova-scheduler[96348]: DEBUG cotyledon.oslo_config_glue [-] oslo_reports.log_dir = None {{(pid=96348) log_opt_values /opt/stack/data/venv/lib/python3.12/site-packages/oslo_config/cfg.py:3253}}
Jul 08 17:36:43.105409 np0000004838 nova-scheduler[96348]: DEBUG cotyledon.oslo_config_glue [-] ******************************************************************************** {{(pid=96348) log_opt_values /opt/stack/data/venv/lib/python3.12/site-packages/oslo_config/cfg.py:3260}}
Jul 08 17:36:43.105409 np0000004838 nova-scheduler[96348]: DEBUG cotyledon._service_worker [-] Run service ServiceWrapper(3) [96348] {{(pid=96348) wait_forever /opt/stack/data/venv/lib/python3.12/site-packages/cotyledon/_service_worker.py:218}}
Jul 08 17:36:43.105409 np0000004838 nova-scheduler[96348]: INFO nova.service [-] Starting scheduler node (version 33.1.0)
Jul 08 17:36:43.105488 np0000004838 nova-scheduler[96342]: DEBUG oslo_db.sqlalchemy.engines [None req-acedf311-d19e-48d7-a972-8d6a4e25b5b7 None None] MySQL server mode set to STRICT_TRANS_TABLES,STRICT_ALL_TABLES,NO_ZERO_IN_DATE,NO_ZERO_DATE,ERROR_FOR_DIVISION_BY_ZERO,TRADITIONAL,NO_ENGINE_SUBSTITUTION {{(pid=96342) _check_effective_sql_mode /opt/stack/data/venv/lib/python3.12/site-packages/oslo_db/sqlalchemy/engines.py:325}}
Jul 08 17:36:43.105540 np0000004838 nova-scheduler[96348]: INFO dbcounter [None req-36278939-876d-45d9-a044-89d6a17aaaa8 None None] Registered counter for database nova_cell0
Jul 08 17:36:43.105590 np0000004838 nova-scheduler[96342]: DEBUG dbcounter [-] [96342] Writer thread running {{(pid=96342) stat_writer /opt/stack/data/venv/lib/python3.12/site-packages/dbcounter.py:102}}
Jul 08 17:36:43.111782 np0000004838 nova-scheduler[96344]: DEBUG oslo_db.sqlalchemy.engines [None req-6ecd8860-b536-4539-b4ac-403e08985615 None None] MySQL server mode set to STRICT_TRANS_TABLES,STRICT_ALL_TABLES,NO_ZERO_IN_DATE,NO_ZERO_DATE,ERROR_FOR_DIVISION_BY_ZERO,TRADITIONAL,NO_ENGINE_SUBSTITUTION {{(pid=96344) _check_effective_sql_mode /opt/stack/data/venv/lib/python3.12/site-packages/oslo_db/sqlalchemy/engines.py:325}}
Jul 08 17:36:43.117994 np0000004838 nova-scheduler[96346]: DEBUG oslo_db.sqlalchemy.engines [None req-aabd517f-d322-4c4c-ba5b-99ee93a6938f None None] MySQL server mode set to STRICT_TRANS_TABLES,STRICT_ALL_TABLES,NO_ZERO_IN_DATE,NO_ZERO_DATE,ERROR_FOR_DIVISION_BY_ZERO,TRADITIONAL,NO_ENGINE_SUBSTITUTION {{(pid=96346) _check_effective_sql_mode /opt/stack/data/venv/lib/python3.12/site-packages/oslo_db/sqlalchemy/engines.py:325}}
Jul 08 17:36:43.122182 np0000004838 nova-scheduler[96344]: DEBUG dbcounter [-] [96344] Writer thread running {{(pid=96344) stat_writer /opt/stack/data/venv/lib/python3.12/site-packages/dbcounter.py:102}}
Jul 08 17:36:43.125240 np0000004838 nova-scheduler[96348]: DEBUG oslo_db.sqlalchemy.engines [None req-36278939-876d-45d9-a044-89d6a17aaaa8 None None] MySQL server mode set to STRICT_TRANS_TABLES,STRICT_ALL_TABLES,NO_ZERO_IN_DATE,NO_ZERO_DATE,ERROR_FOR_DIVISION_BY_ZERO,TRADITIONAL,NO_ENGINE_SUBSTITUTION {{(pid=96348) _check_effective_sql_mode /opt/stack/data/venv/lib/python3.12/site-packages/oslo_db/sqlalchemy/engines.py:325}}
Jul 08 17:36:43.130022 np0000004838 nova-scheduler[96346]: DEBUG dbcounter [-] [96346] Writer thread running {{(pid=96346) stat_writer /opt/stack/data/venv/lib/python3.12/site-packages/dbcounter.py:102}}
Jul 08 17:36:43.130853 np0000004838 nova-scheduler[96342]: DEBUG nova.service [None req-acedf311-d19e-48d7-a972-8d6a4e25b5b7 None None] Creating RPC server for service: nova-scheduler on topic: scheduler {{(pid=96342) start /opt/stack/nova/nova/service.py:196}}
Jul 08 17:36:43.133547 np0000004838 nova-scheduler[96346]: DEBUG nova.service [None req-aabd517f-d322-4c4c-ba5b-99ee93a6938f None None] Creating RPC server for service: nova-scheduler on topic: scheduler {{(pid=96346) start /opt/stack/nova/nova/service.py:196}}
Jul 08 17:36:43.136369 np0000004838 nova-scheduler[96348]: DEBUG dbcounter [-] [96348] Writer thread running {{(pid=96348) stat_writer /opt/stack/data/venv/lib/python3.12/site-packages/dbcounter.py:102}}
Jul 08 17:36:43.140099 np0000004838 nova-scheduler[96348]: DEBUG nova.service [None req-36278939-876d-45d9-a044-89d6a17aaaa8 None None] Creating RPC server for service: nova-scheduler on topic: scheduler {{(pid=96348) start /opt/stack/nova/nova/service.py:196}}
Jul 08 17:36:43.146915 np0000004838 nova-scheduler[96344]: DEBUG nova.service [None req-6ecd8860-b536-4539-b4ac-403e08985615 None None] Creating RPC server for service: nova-scheduler on topic: scheduler {{(pid=96344) start /opt/stack/nova/nova/service.py:196}}
Jul 08 17:36:43.154883 np0000004838 nova-scheduler[96342]: DEBUG nova.service [None req-acedf311-d19e-48d7-a972-8d6a4e25b5b7 None None] Join ServiceGroup membership for this service scheduler {{(pid=96342) start /opt/stack/nova/nova/service.py:222}}
Jul 08 17:36:43.155123 np0000004838 nova-scheduler[96342]: DEBUG nova.servicegroup.drivers.db [None req-acedf311-d19e-48d7-a972-8d6a4e25b5b7 None None] DB_Driver: join new ServiceGroup member np0000004838 to the scheduler group, service = {{(pid=96342) join /opt/stack/nova/nova/servicegroup/drivers/db.py:44}}
Jul 08 17:36:43.162579 np0000004838 nova-scheduler[96348]: DEBUG nova.service [None req-36278939-876d-45d9-a044-89d6a17aaaa8 None None] Join ServiceGroup membership for this service scheduler {{(pid=96348) start /opt/stack/nova/nova/service.py:222}}
Jul 08 17:36:43.162709 np0000004838 nova-scheduler[96346]: DEBUG nova.service [None req-aabd517f-d322-4c4c-ba5b-99ee93a6938f None None] Join ServiceGroup membership for this service scheduler {{(pid=96346) start /opt/stack/nova/nova/service.py:222}}
Jul 08 17:36:43.162864 np0000004838 nova-scheduler[96348]: DEBUG nova.servicegroup.drivers.db [None req-36278939-876d-45d9-a044-89d6a17aaaa8 None None] DB_Driver: join new ServiceGroup member np0000004838 to the scheduler group, service = {{(pid=96348) join /opt/stack/nova/nova/servicegroup/drivers/db.py:44}}
Jul 08 17:36:43.162959 np0000004838 nova-scheduler[96346]: DEBUG nova.servicegroup.drivers.db [None req-aabd517f-d322-4c4c-ba5b-99ee93a6938f None None] DB_Driver: join new ServiceGroup member np0000004838 to the scheduler group, service = {{(pid=96346) join /opt/stack/nova/nova/servicegroup/drivers/db.py:44}}
Jul 08 17:36:43.167512 np0000004838 nova-scheduler[96344]: DEBUG nova.service [None req-6ecd8860-b536-4539-b4ac-403e08985615 None None] Join ServiceGroup membership for this service scheduler {{(pid=96344) start /opt/stack/nova/nova/service.py:222}}
Jul 08 17:36:43.167883 np0000004838 nova-scheduler[96344]: DEBUG nova.servicegroup.drivers.db [None req-6ecd8860-b536-4539-b4ac-403e08985615 None None] DB_Driver: join new ServiceGroup member np0000004838 to the scheduler group, service = {{(pid=96344) join /opt/stack/nova/nova/servicegroup/drivers/db.py:44}}
Jul 08 17:36:48.181646 np0000004838 nova-scheduler[96342]: DEBUG oslo.service.backend._threading.loopingcall [-] Fixed interval looping call 'nova.servicegroup.drivers.db.DbDriver._report_state' sleeping for 119.98 seconds {{(pid=96342) _run_loop /opt/stack/data/venv/lib/python3.12/site-packages/oslo_service/backend/_threading/loopingcall.py:125}}
Jul 08 17:36:48.183623 np0000004838 nova-scheduler[96348]: DEBUG oslo.service.backend._threading.loopingcall [-] Fixed interval looping call 'nova.servicegroup.drivers.db.DbDriver._report_state' sleeping for 119.98 seconds {{(pid=96348) _run_loop /opt/stack/data/venv/lib/python3.12/site-packages/oslo_service/backend/_threading/loopingcall.py:125}}
Jul 08 17:36:48.185027 np0000004838 nova-scheduler[96346]: DEBUG oslo.service.backend._threading.loopingcall [-] Fixed interval looping call 'nova.servicegroup.drivers.db.DbDriver._report_state' sleeping for 119.98 seconds {{(pid=96346) _run_loop /opt/stack/data/venv/lib/python3.12/site-packages/oslo_service/backend/_threading/loopingcall.py:125}}
Jul 08 17:36:48.185470 np0000004838 nova-scheduler[96344]: DEBUG oslo.service.backend._threading.loopingcall [-] Fixed interval looping call 'nova.servicegroup.drivers.db.DbDriver._report_state' sleeping for 119.98 seconds {{(pid=96344) _run_loop /opt/stack/data/venv/lib/python3.12/site-packages/oslo_service/backend/_threading/loopingcall.py:125}}
Jul 08 17:36:51.695058 np0000004838 nova-scheduler[95153]: DEBUG dbcounter [-] [95153] Writing DB stats nova_api:SELECT=3 {{(pid=95153) stat_writer /opt/stack/data/venv/lib/python3.12/site-packages/dbcounter.py:115}}
Jul 08 17:36:51.836345 np0000004838 nova-scheduler[95153]: DEBUG dbcounter [-] [95153] Writing DB stats nova_cell0:SELECT=1 {{(pid=95153) stat_writer /opt/stack/data/venv/lib/python3.12/site-packages/dbcounter.py:115}}
Jul 08 17:36:51.844324 np0000004838 nova-scheduler[95153]: DEBUG dbcounter [-] [95153] Writing DB stats nova_cell1:SELECT=1 {{(pid=95153) stat_writer /opt/stack/data/venv/lib/python3.12/site-packages/dbcounter.py:115}}
Jul 08 17:36:56.169729 np0000004838 nova-scheduler[96344]: DEBUG oslo.service.backend._threading.loopingcall [None req-ffb5c549-4f29-4625-bb4e-007370f0d779 None None] Dynamic interval looping call 'nova.service.Service.periodic_tasks' sleeping for 60.00 seconds {{(pid=96344) _run_loop /opt/stack/data/venv/lib/python3.12/site-packages/oslo_service/backend/_threading/loopingcall.py:125}}
Jul 08 17:36:58.165568 np0000004838 nova-scheduler[96342]: DEBUG dbcounter [-] [96342] Writing DB stats nova_cell0:SELECT=4,nova_cell0:INSERT=1,nova_cell0:UPDATE=1 {{(pid=96342) stat_writer /opt/stack/data/venv/lib/python3.12/site-packages/dbcounter.py:115}}
Jul 08 17:36:58.175898 np0000004838 nova-scheduler[96348]: DEBUG dbcounter [-] [96348] Writing DB stats nova_cell0:SELECT=3,nova_cell0:UPDATE=1 {{(pid=96348) stat_writer /opt/stack/data/venv/lib/python3.12/site-packages/dbcounter.py:115}}
Jul 08 17:36:58.178018 np0000004838 nova-scheduler[96346]: DEBUG dbcounter [-] [96346] Writing DB stats nova_cell0:SELECT=3,nova_cell0:UPDATE=1 {{(pid=96346) stat_writer /opt/stack/data/venv/lib/python3.12/site-packages/dbcounter.py:115}}
Jul 08 17:36:58.178327 np0000004838 nova-scheduler[96344]: DEBUG dbcounter [-] [96344] Writing DB stats nova_cell0:SELECT=5,nova_cell0:INSERT=1,nova_cell0:UPDATE=1 {{(pid=96344) stat_writer /opt/stack/data/venv/lib/python3.12/site-packages/dbcounter.py:115}}
Jul 08 17:37:01.165842 np0000004838 nova-scheduler[96348]: DEBUG oslo.service.backend._threading.loopingcall [None req-67674111-a9d3-4355-bcd7-aee953b97696 None None] Dynamic interval looping call 'nova.service.Service.periodic_tasks' sleeping for 60.00 seconds {{(pid=96348) _run_loop /opt/stack/data/venv/lib/python3.12/site-packages/oslo_service/backend/_threading/loopingcall.py:125}}
Jul 08 17:37:32.157389 np0000004838 nova-scheduler[96342]: DEBUG oslo.service.backend._threading.loopingcall [None req-160939a8-c12c-4a5a-a30b-452c6ad56575 None None] Dynamic interval looping call 'nova.service.Service.periodic_tasks' sleeping for 60.00 seconds {{(pid=96342) _run_loop /opt/stack/data/venv/lib/python3.12/site-packages/oslo_service/backend/_threading/loopingcall.py:125}}
Jul 08 17:37:40.165754 np0000004838 nova-scheduler[96346]: DEBUG oslo.service.backend._threading.loopingcall [None req-b0a86e75-3839-4371-afa3-e307e8d9c5ea None None] Dynamic interval looping call 'nova.service.Service.periodic_tasks' sleeping for 60.00 seconds {{(pid=96346) _run_loop /opt/stack/data/venv/lib/python3.12/site-packages/oslo_service/backend/_threading/loopingcall.py:125}}
Jul 08 17:37:56.170361 np0000004838 nova-scheduler[96344]: DEBUG oslo.service.backend._threading.loopingcall [None req-ffb5c549-4f29-4625-bb4e-007370f0d779 None None] Dynamic interval looping call 'nova.service.Service.periodic_tasks' sleeping for 60.00 seconds {{(pid=96344) _run_loop /opt/stack/data/venv/lib/python3.12/site-packages/oslo_service/backend/_threading/loopingcall.py:125}}
Jul 08 17:38:01.166548 np0000004838 nova-scheduler[96348]: DEBUG oslo.service.backend._threading.loopingcall [None req-67674111-a9d3-4355-bcd7-aee953b97696 None None] Dynamic interval looping call 'nova.service.Service.periodic_tasks' sleeping for 60.00 seconds {{(pid=96348) _run_loop /opt/stack/data/venv/lib/python3.12/site-packages/oslo_service/backend/_threading/loopingcall.py:125}}
Jul 08 17:38:32.157874 np0000004838 nova-scheduler[96342]: DEBUG oslo.service.backend._threading.loopingcall [None req-160939a8-c12c-4a5a-a30b-452c6ad56575 None None] Dynamic interval looping call 'nova.service.Service.periodic_tasks' sleeping for 60.00 seconds {{(pid=96342) _run_loop /opt/stack/data/venv/lib/python3.12/site-packages/oslo_service/backend/_threading/loopingcall.py:125}}
Jul 08 17:38:40.166300 np0000004838 nova-scheduler[96346]: DEBUG oslo.service.backend._threading.loopingcall [None req-b0a86e75-3839-4371-afa3-e307e8d9c5ea None None] Dynamic interval looping call 'nova.service.Service.periodic_tasks' sleeping for 60.00 seconds {{(pid=96346) _run_loop /opt/stack/data/venv/lib/python3.12/site-packages/oslo_service/backend/_threading/loopingcall.py:125}}
Jul 08 17:38:48.193842 np0000004838 nova-scheduler[96342]: DEBUG oslo.service.backend._threading.loopingcall [-] Fixed interval looping call 'nova.servicegroup.drivers.db.DbDriver._report_state' sleeping for 119.97 seconds {{(pid=96342) _run_loop /opt/stack/data/venv/lib/python3.12/site-packages/oslo_service/backend/_threading/loopingcall.py:125}}
Jul 08 17:38:48.195022 np0000004838 nova-scheduler[96348]: DEBUG oslo.service.backend._threading.loopingcall [-] Fixed interval looping call 'nova.servicegroup.drivers.db.DbDriver._report_state' sleeping for 119.97 seconds {{(pid=96348) _run_loop /opt/stack/data/venv/lib/python3.12/site-packages/oslo_service/backend/_threading/loopingcall.py:125}}
Jul 08 17:38:48.195951 np0000004838 nova-scheduler[96346]: DEBUG oslo.service.backend._threading.loopingcall [-] Fixed interval looping call 'nova.servicegroup.drivers.db.DbDriver._report_state' sleeping for 119.97 seconds {{(pid=96346) _run_loop /opt/stack/data/venv/lib/python3.12/site-packages/oslo_service/backend/_threading/loopingcall.py:125}}
Jul 08 17:38:48.196616 np0000004838 nova-scheduler[96344]: DEBUG oslo.service.backend._threading.loopingcall [-] Fixed interval looping call 'nova.servicegroup.drivers.db.DbDriver._report_state' sleeping for 119.97 seconds {{(pid=96344) _run_loop /opt/stack/data/venv/lib/python3.12/site-packages/oslo_service/backend/_threading/loopingcall.py:125}}
Jul 08 17:38:56.171564 np0000004838 nova-scheduler[96344]: DEBUG oslo.service.backend._threading.loopingcall [None req-ffb5c549-4f29-4625-bb4e-007370f0d779 None None] Dynamic interval looping call 'nova.service.Service.periodic_tasks' sleeping for 60.00 seconds {{(pid=96344) _run_loop /opt/stack/data/venv/lib/python3.12/site-packages/oslo_service/backend/_threading/loopingcall.py:125}}
Jul 08 17:38:58.165668 np0000004838 nova-scheduler[96342]: DEBUG dbcounter [-] [96342] Writing DB stats nova_cell0:SELECT=1,nova_cell0:UPDATE=1 {{(pid=96342) stat_writer /opt/stack/data/venv/lib/python3.12/site-packages/dbcounter.py:115}}
Jul 08 17:38:58.167288 np0000004838 nova-scheduler[96348]: DEBUG dbcounter [-] [96348] Writing DB stats nova_cell0:SELECT=1,nova_cell0:UPDATE=1 {{(pid=96348) stat_writer /opt/stack/data/venv/lib/python3.12/site-packages/dbcounter.py:115}}
Jul 08 17:38:58.168763 np0000004838 nova-scheduler[96346]: DEBUG dbcounter [-] [96346] Writing DB stats nova_cell0:SELECT=1,nova_cell0:UPDATE=1 {{(pid=96346) stat_writer /opt/stack/data/venv/lib/python3.12/site-packages/dbcounter.py:115}}
Jul 08 17:38:58.169894 np0000004838 nova-scheduler[96344]: DEBUG dbcounter [-] [96344] Writing DB stats nova_cell0:SELECT=1,nova_cell0:UPDATE=1 {{(pid=96344) stat_writer /opt/stack/data/venv/lib/python3.12/site-packages/dbcounter.py:115}}
Jul 08 17:39:01.167339 np0000004838 nova-scheduler[96348]: DEBUG oslo.service.backend._threading.loopingcall [None req-67674111-a9d3-4355-bcd7-aee953b97696 None None] Dynamic interval looping call 'nova.service.Service.periodic_tasks' sleeping for 60.00 seconds {{(pid=96348) _run_loop /opt/stack/data/venv/lib/python3.12/site-packages/oslo_service/backend/_threading/loopingcall.py:125}}
Jul 08 17:39:08.009592 np0000004838 nova-scheduler[96342]: DEBUG nova.scheduler.manager [None req-6f98a098-16a0-4113-941a-5a3869de1ce9 tempest-DeleteServersTestJSON-802310919 tempest-DeleteServersTestJSON-802310919-project-member] Starting to schedule for instances: ['717904a4-2b7a-4d48-b3a7-2a022d5a3801'] {{(pid=96342) select_destinations /opt/stack/nova/nova/scheduler/manager.py:209}}
Jul 08 17:39:08.010112 np0000004838 nova-scheduler[96342]: DEBUG nova.scheduler.request_filter [None req-6f98a098-16a0-4113-941a-5a3869de1ce9 tempest-DeleteServersTestJSON-802310919 tempest-DeleteServersTestJSON-802310919-project-member] compute_status_filter request filter added forbidden trait COMPUTE_STATUS_DISABLED {{(pid=96342) compute_status_filter /opt/stack/nova/nova/scheduler/request_filter.py:253}}
Jul 08 17:39:08.010291 np0000004838 nova-scheduler[96342]: DEBUG nova.scheduler.request_filter [None req-6f98a098-16a0-4113-941a-5a3869de1ce9 tempest-DeleteServersTestJSON-802310919 tempest-DeleteServersTestJSON-802310919-project-member] Request filter 'compute_status_filter' took 0.0 seconds {{(pid=96342) wrapper /opt/stack/nova/nova/scheduler/request_filter.py:46}}
Jul 08 17:39:08.011365 np0000004838 nova-scheduler[96342]: DEBUG nova.scheduler.request_filter [None req-6f98a098-16a0-4113-941a-5a3869de1ce9 tempest-DeleteServersTestJSON-802310919 tempest-DeleteServersTestJSON-802310919-project-member] Request filter 'accelerators_filter' took 0.0 seconds {{(pid=96342) wrapper /opt/stack/nova/nova/scheduler/request_filter.py:46}}
Jul 08 17:39:08.011365 np0000004838 nova-scheduler[96342]: DEBUG nova.scheduler.request_filter [None req-6f98a098-16a0-4113-941a-5a3869de1ce9 tempest-DeleteServersTestJSON-802310919 tempest-DeleteServersTestJSON-802310919-project-member] Request filter 'packed_virtqueue_filter' took 0.0 seconds {{(pid=96342) wrapper /opt/stack/nova/nova/scheduler/request_filter.py:46}}
Jul 08 17:39:08.011365 np0000004838 nova-scheduler[96342]: DEBUG nova.scheduler.request_filter [None req-6f98a098-16a0-4113-941a-5a3869de1ce9 tempest-DeleteServersTestJSON-802310919 tempest-DeleteServersTestJSON-802310919-project-member] Request filter 'remote_managed_ports_filter' took 0.0 seconds {{(pid=96342) wrapper /opt/stack/nova/nova/scheduler/request_filter.py:46}}
Jul 08 17:39:08.011365 np0000004838 nova-scheduler[96342]: DEBUG nova.scheduler.request_filter [None req-6f98a098-16a0-4113-941a-5a3869de1ce9 tempest-DeleteServersTestJSON-802310919 tempest-DeleteServersTestJSON-802310919-project-member] ephemeral_encryption_filter skipped {{(pid=96342) ephemeral_encryption_filter /opt/stack/nova/nova/scheduler/request_filter.py:426}}
Jul 08 17:39:08.011651 np0000004838 nova-scheduler[96342]: DEBUG nova.scheduler.request_filter [None req-6f98a098-16a0-4113-941a-5a3869de1ce9 tempest-DeleteServersTestJSON-802310919 tempest-DeleteServersTestJSON-802310919-project-member] virtio_sound_filter skipped {{(pid=96342) virtio_sound_filter /opt/stack/nova/nova/scheduler/request_filter.py:460}}
Jul 08 17:39:08.011651 np0000004838 nova-scheduler[96342]: DEBUG nova.scheduler.request_filter [None req-6f98a098-16a0-4113-941a-5a3869de1ce9 tempest-DeleteServersTestJSON-802310919 tempest-DeleteServersTestJSON-802310919-project-member] tpm_secret_security_filter skipped {{(pid=96342) tpm_secret_security_filter /opt/stack/nova/nova/scheduler/request_filter.py:477}}
Jul 08 17:39:08.564858 np0000004838 nova-scheduler[96342]: INFO nova.utils [None req-6f98a098-16a0-4113-941a-5a3869de1ce9 tempest-DeleteServersTestJSON-802310919 tempest-DeleteServersTestJSON-802310919-project-member] The cell worker thread pool ForkProcess-1.cell_worker is initialized
Jul 08 17:39:08.565323 np0000004838 nova-scheduler[96342]: DEBUG oslo_concurrency.lockutils [None req-6f98a098-16a0-4113-941a-5a3869de1ce9 tempest-DeleteServersTestJSON-802310919 tempest-DeleteServersTestJSON-802310919-project-member] Acquiring lock "68d835d2-25d9-41b7-9021-cce8d14f46cf" by "nova.context.set_target_cell..get_or_set_cached_cell_and_set_connections" {{(pid=96342) inner /opt/stack/data/venv/lib/python3.12/site-packages/oslo_concurrency/lockutils.py:511}}
Jul 08 17:39:08.565552 np0000004838 nova-scheduler[96342]: DEBUG oslo_concurrency.lockutils [None req-6f98a098-16a0-4113-941a-5a3869de1ce9 tempest-DeleteServersTestJSON-802310919 tempest-DeleteServersTestJSON-802310919-project-member] Lock "68d835d2-25d9-41b7-9021-cce8d14f46cf" acquired by "nova.context.set_target_cell..get_or_set_cached_cell_and_set_connections" :: waited 0.000s {{(pid=96342) inner /opt/stack/data/venv/lib/python3.12/site-packages/oslo_concurrency/lockutils.py:524}}
Jul 08 17:39:08.567457 np0000004838 nova-scheduler[96342]: DEBUG oslo_concurrency.lockutils [None req-6f98a098-16a0-4113-941a-5a3869de1ce9 tempest-DeleteServersTestJSON-802310919 tempest-DeleteServersTestJSON-802310919-project-member] Lock "68d835d2-25d9-41b7-9021-cce8d14f46cf" "released" by "nova.context.set_target_cell..get_or_set_cached_cell_and_set_connections" :: held 0.002s {{(pid=96342) inner /opt/stack/data/venv/lib/python3.12/site-packages/oslo_concurrency/lockutils.py:543}}
Jul 08 17:39:08.569688 np0000004838 nova-scheduler[96342]: INFO dbcounter [None req-6f98a098-16a0-4113-941a-5a3869de1ce9 tempest-DeleteServersTestJSON-802310919 tempest-DeleteServersTestJSON-802310919-project-member] Registered counter for database nova_cell1
Jul 08 17:39:08.624616 np0000004838 nova-scheduler[96342]: DEBUG oslo_db.sqlalchemy.engines [None req-6f98a098-16a0-4113-941a-5a3869de1ce9 tempest-DeleteServersTestJSON-802310919 tempest-DeleteServersTestJSON-802310919-project-member] MySQL server mode set to STRICT_TRANS_TABLES,STRICT_ALL_TABLES,NO_ZERO_IN_DATE,NO_ZERO_DATE,ERROR_FOR_DIVISION_BY_ZERO,TRADITIONAL,NO_ENGINE_SUBSTITUTION {{(pid=96342) _check_effective_sql_mode /opt/stack/data/venv/lib/python3.12/site-packages/oslo_db/sqlalchemy/engines.py:325}}
Jul 08 17:39:08.630586 np0000004838 nova-scheduler[96342]: DEBUG dbcounter [-] [96342] Writer thread running {{(pid=96342) stat_writer /opt/stack/data/venv/lib/python3.12/site-packages/dbcounter.py:102}}
Jul 08 17:39:08.644382 np0000004838 nova-scheduler[96342]: DEBUG oslo_db.sqlalchemy.engines [None req-6f98a098-16a0-4113-941a-5a3869de1ce9 tempest-DeleteServersTestJSON-802310919 tempest-DeleteServersTestJSON-802310919-project-member] Parent process 95153 forked (96342) with an open database connection, which is being discarded and recreated. {{(pid=96342) checkout /opt/stack/data/venv/lib/python3.12/site-packages/oslo_db/sqlalchemy/engines.py:402}}
Jul 08 17:39:08.702682 np0000004838 nova-scheduler[96342]: DEBUG dbcounter [-] [96342] Writer thread running {{(pid=96342) stat_writer /opt/stack/data/venv/lib/python3.12/site-packages/dbcounter.py:102}}
Jul 08 17:39:08.706016 np0000004838 nova-scheduler[96342]: DEBUG oslo_concurrency.lockutils [None req-6f98a098-16a0-4113-941a-5a3869de1ce9 tempest-DeleteServersTestJSON-802310919 tempest-DeleteServersTestJSON-802310919-project-member] Acquiring lock "68d835d2-25d9-41b7-9021-cce8d14f46cf" by "nova.context.set_target_cell..get_or_set_cached_cell_and_set_connections" {{(pid=96342) inner /opt/stack/data/venv/lib/python3.12/site-packages/oslo_concurrency/lockutils.py:511}}
Jul 08 17:39:08.706201 np0000004838 nova-scheduler[96342]: DEBUG oslo_concurrency.lockutils [None req-6f98a098-16a0-4113-941a-5a3869de1ce9 tempest-DeleteServersTestJSON-802310919 tempest-DeleteServersTestJSON-802310919-project-member] Lock "68d835d2-25d9-41b7-9021-cce8d14f46cf" acquired by "nova.context.set_target_cell..get_or_set_cached_cell_and_set_connections" :: waited 0.000s {{(pid=96342) inner /opt/stack/data/venv/lib/python3.12/site-packages/oslo_concurrency/lockutils.py:524}}
Jul 08 17:39:08.706332 np0000004838 nova-scheduler[96342]: DEBUG oslo_concurrency.lockutils [None req-6f98a098-16a0-4113-941a-5a3869de1ce9 tempest-DeleteServersTestJSON-802310919 tempest-DeleteServersTestJSON-802310919-project-member] Lock "68d835d2-25d9-41b7-9021-cce8d14f46cf" "released" by "nova.context.set_target_cell..get_or_set_cached_cell_and_set_connections" :: held 0.000s {{(pid=96342) inner /opt/stack/data/venv/lib/python3.12/site-packages/oslo_concurrency/lockutils.py:543}}
Jul 08 17:39:08.711900 np0000004838 nova-scheduler[96342]: DEBUG oslo_concurrency.lockutils [None req-6f98a098-16a0-4113-941a-5a3869de1ce9 tempest-DeleteServersTestJSON-802310919 tempest-DeleteServersTestJSON-802310919-project-member] Acquiring lock "np0000004838-np0000004838" by "nova.scheduler.host_manager.HostState.update.._locked_update" {{(pid=96342) inner /opt/stack/data/venv/lib/python3.12/site-packages/oslo_concurrency/lockutils.py:511}}
Jul 08 17:39:08.712181 np0000004838 nova-scheduler[96342]: DEBUG oslo_concurrency.lockutils [None req-6f98a098-16a0-4113-941a-5a3869de1ce9 tempest-DeleteServersTestJSON-802310919 tempest-DeleteServersTestJSON-802310919-project-member] Lock "np0000004838-np0000004838" acquired by "nova.scheduler.host_manager.HostState.update.._locked_update" :: waited 0.000s {{(pid=96342) inner /opt/stack/data/venv/lib/python3.12/site-packages/oslo_concurrency/lockutils.py:524}}
