Jul 08 17:36:49.010545 np0000004838 nova-conductor[98751]: DEBUG cotyledon.oslo_config_glue [-] zvm.image_tmp_path = /opt/stack/data/nova/images {{(pid=98751) log_opt_values /opt/stack/data/venv/lib/python3.12/site-packages/oslo_config/cfg.py:3253}}
Jul 08 17:36:49.010545 np0000004838 nova-conductor[98751]: DEBUG cotyledon.oslo_config_glue [-] zvm.reachable_timeout = 300 {{(pid=98751) log_opt_values /opt/stack/data/venv/lib/python3.12/site-packages/oslo_config/cfg.py:3253}}
Jul 08 17:36:49.010545 np0000004838 nova-conductor[98751]: DEBUG cotyledon.oslo_config_glue [-] oslo_versionedobjects.fatal_exception_format_errors = False {{(pid=98751) log_opt_values /opt/stack/data/venv/lib/python3.12/site-packages/oslo_config/cfg.py:3253}}
Jul 08 17:36:49.010837 np0000004838 nova-conductor[98736]: INFO dbcounter [None req-bc879770-5977-45ed-9350-b4770a6db129 None None] Registered counter for database nova_cell0
Jul 08 17:36:49.010888 np0000004838 nova-conductor[98751]: DEBUG cotyledon.oslo_config_glue [-] oslo_middleware.http_basic_auth_user_file = /etc/htpasswd {{(pid=98751) log_opt_values /opt/stack/data/venv/lib/python3.12/site-packages/oslo_config/cfg.py:3253}}
Jul 08 17:36:49.010888 np0000004838 nova-conductor[98751]: DEBUG cotyledon.oslo_config_glue [-] profiler.connection_string = messaging:// {{(pid=98751) log_opt_values /opt/stack/data/venv/lib/python3.12/site-packages/oslo_config/cfg.py:3253}}
Jul 08 17:36:49.010888 np0000004838 nova-conductor[98751]: DEBUG cotyledon.oslo_config_glue [-] profiler.enabled = False {{(pid=98751) log_opt_values /opt/stack/data/venv/lib/python3.12/site-packages/oslo_config/cfg.py:3253}}
Jul 08 17:36:49.010888 np0000004838 nova-conductor[98751]: DEBUG cotyledon.oslo_config_glue [-] profiler.es_doc_type = notification {{(pid=98751) log_opt_values /opt/stack/data/venv/lib/python3.12/site-packages/oslo_config/cfg.py:3253}}
Jul 08 17:36:49.010888 np0000004838 nova-conductor[98751]: DEBUG cotyledon.oslo_config_glue [-] profiler.es_scroll_size = 10000 {{(pid=98751) log_opt_values /opt/stack/data/venv/lib/python3.12/site-packages/oslo_config/cfg.py:3253}}
Jul 08 17:36:49.010888 np0000004838 nova-conductor[98751]: DEBUG cotyledon.oslo_config_glue [-] profiler.es_scroll_time = 2m {{(pid=98751) log_opt_values /opt/stack/data/venv/lib/python3.12/site-packages/oslo_config/cfg.py:3253}}
Jul 08 17:36:49.010888 np0000004838 nova-conductor[98751]: DEBUG cotyledon.oslo_config_glue [-] profiler.filter_error_trace = False {{(pid=98751) log_opt_values /opt/stack/data/venv/lib/python3.12/site-packages/oslo_config/cfg.py:3253}}
Jul 08 17:36:49.010888 np0000004838 nova-conductor[98751]: DEBUG cotyledon.oslo_config_glue [-] profiler.hmac_keys = **** {{(pid=98751) log_opt_values /opt/stack/data/venv/lib/python3.12/site-packages/oslo_config/cfg.py:3253}}
Jul 08 17:36:49.010888 np0000004838 nova-conductor[98751]: DEBUG cotyledon.oslo_config_glue [-] profiler.sentinel_service_name = mymaster {{(pid=98751) log_opt_values /opt/stack/data/venv/lib/python3.12/site-packages/oslo_config/cfg.py:3253}}
Jul 08 17:36:49.011137 np0000004838 nova-conductor[98751]: DEBUG cotyledon.oslo_config_glue [-] profiler.socket_timeout = 0.1 {{(pid=98751) log_opt_values /opt/stack/data/venv/lib/python3.12/site-packages/oslo_config/cfg.py:3253}}
Jul 08 17:36:49.011137 np0000004838 nova-conductor[98751]: DEBUG cotyledon.oslo_config_glue [-] profiler.trace_requests = False {{(pid=98751) log_opt_values /opt/stack/data/venv/lib/python3.12/site-packages/oslo_config/cfg.py:3253}}
Jul 08 17:36:49.011137 np0000004838 nova-conductor[98751]: DEBUG cotyledon.oslo_config_glue [-] profiler.trace_sqlalchemy = False {{(pid=98751) log_opt_values /opt/stack/data/venv/lib/python3.12/site-packages/oslo_config/cfg.py:3253}}
Jul 08 17:36:49.011137 np0000004838 nova-conductor[98751]: DEBUG cotyledon.oslo_config_glue [-] profiler_jaeger.process_tags = {} {{(pid=98751) log_opt_values /opt/stack/data/venv/lib/python3.12/site-packages/oslo_config/cfg.py:3253}}
Jul 08 17:36:49.011137 np0000004838 nova-conductor[98751]: DEBUG cotyledon.oslo_config_glue [-] profiler_jaeger.service_name_prefix = None {{(pid=98751) log_opt_values /opt/stack/data/venv/lib/python3.12/site-packages/oslo_config/cfg.py:3253}}
Jul 08 17:36:49.011137 np0000004838 nova-conductor[98751]: DEBUG cotyledon.oslo_config_glue [-] profiler_otlp.service_name_prefix = None {{(pid=98751) log_opt_values /opt/stack/data/venv/lib/python3.12/site-packages/oslo_config/cfg.py:3253}}
Jul 08 17:36:49.011137 np0000004838 nova-conductor[98751]: DEBUG cotyledon.oslo_config_glue [-] oslo_messaging_rabbit.amqp_auto_delete = False {{(pid=98751) log_opt_values /opt/stack/data/venv/lib/python3.12/site-packages/oslo_config/cfg.py:3253}}
Jul 08 17:36:49.011137 np0000004838 nova-conductor[98751]: DEBUG cotyledon.oslo_config_glue [-] oslo_messaging_rabbit.amqp_durable_queues = False {{(pid=98751) log_opt_values /opt/stack/data/venv/lib/python3.12/site-packages/oslo_config/cfg.py:3253}}
Jul 08 17:36:49.011137 np0000004838 nova-conductor[98751]: DEBUG cotyledon.oslo_config_glue [-] oslo_messaging_rabbit.conn_pool_min_size = 2 {{(pid=98751) log_opt_values /opt/stack/data/venv/lib/python3.12/site-packages/oslo_config/cfg.py:3253}}
Jul 08 17:36:49.011403 np0000004838 nova-conductor[98751]: DEBUG cotyledon.oslo_config_glue [-] oslo_messaging_rabbit.conn_pool_ttl = 1200 {{(pid=98751) log_opt_values /opt/stack/data/venv/lib/python3.12/site-packages/oslo_config/cfg.py:3253}}
Jul 08 17:36:49.011403 np0000004838 nova-conductor[98751]: DEBUG cotyledon.oslo_config_glue [-] oslo_messaging_rabbit.direct_mandatory_flag = True {{(pid=98751) log_opt_values /opt/stack/data/venv/lib/python3.12/site-packages/oslo_config/cfg.py:3253}}
Jul 08 17:36:49.011403 np0000004838 nova-conductor[98751]: DEBUG cotyledon.oslo_config_glue [-] oslo_messaging_rabbit.enable_cancel_on_failover = False {{(pid=98751) log_opt_values /opt/stack/data/venv/lib/python3.12/site-packages/oslo_config/cfg.py:3253}}
Jul 08 17:36:49.011403 np0000004838 nova-conductor[98751]: DEBUG cotyledon.oslo_config_glue [-] oslo_messaging_rabbit.heartbeat_rate = 3 {{(pid=98751) log_opt_values /opt/stack/data/venv/lib/python3.12/site-packages/oslo_config/cfg.py:3253}}
Jul 08 17:36:49.011403 np0000004838 nova-conductor[98751]: DEBUG cotyledon.oslo_config_glue [-] oslo_messaging_rabbit.heartbeat_timeout_threshold = 60 {{(pid=98751) log_opt_values /opt/stack/data/venv/lib/python3.12/site-packages/oslo_config/cfg.py:3253}}
Jul 08 17:36:49.011403 np0000004838 nova-conductor[98751]: DEBUG cotyledon.oslo_config_glue [-] oslo_messaging_rabbit.hostname = np0000004838 {{(pid=98751) log_opt_values /opt/stack/data/venv/lib/python3.12/site-packages/oslo_config/cfg.py:3253}}
Jul 08 17:36:49.011403 np0000004838 nova-conductor[98751]: DEBUG cotyledon.oslo_config_glue [-] oslo_messaging_rabbit.kombu_compression = None {{(pid=98751) log_opt_values /opt/stack/data/venv/lib/python3.12/site-packages/oslo_config/cfg.py:3253}}
Jul 08 17:36:49.011403 np0000004838 nova-conductor[98751]: DEBUG cotyledon.oslo_config_glue [-] oslo_messaging_rabbit.kombu_failover_strategy = round-robin {{(pid=98751) log_opt_values /opt/stack/data/venv/lib/python3.12/site-packages/oslo_config/cfg.py:3253}}
Jul 08 17:36:49.011403 np0000004838 nova-conductor[98751]: DEBUG cotyledon.oslo_config_glue [-] oslo_messaging_rabbit.kombu_missing_consumer_retry_timeout = 60 {{(pid=98751) log_opt_values /opt/stack/data/venv/lib/python3.12/site-packages/oslo_config/cfg.py:3253}}
Jul 08 17:36:49.011606 np0000004838 nova-conductor[98751]: DEBUG cotyledon.oslo_config_glue [-] oslo_messaging_rabbit.kombu_reconnect_delay = 1.0 {{(pid=98751) log_opt_values /opt/stack/data/venv/lib/python3.12/site-packages/oslo_config/cfg.py:3253}}
Jul 08 17:36:49.011606 np0000004838 nova-conductor[98751]: DEBUG cotyledon.oslo_config_glue [-] oslo_messaging_rabbit.kombu_reconnect_splay = 0.0 {{(pid=98751) log_opt_values /opt/stack/data/venv/lib/python3.12/site-packages/oslo_config/cfg.py:3253}}
Jul 08 17:36:49.011606 np0000004838 nova-conductor[98751]: DEBUG cotyledon.oslo_config_glue [-] oslo_messaging_rabbit.processname = nova-conductor {{(pid=98751) log_opt_values /opt/stack/data/venv/lib/python3.12/site-packages/oslo_config/cfg.py:3253}}
Jul 08 17:36:49.011606 np0000004838 nova-conductor[98751]: DEBUG cotyledon.oslo_config_glue [-] oslo_messaging_rabbit.rabbit_ha_queues = False {{(pid=98751) log_opt_values /opt/stack/data/venv/lib/python3.12/site-packages/oslo_config/cfg.py:3253}}
Jul 08 17:36:49.011606 np0000004838 nova-conductor[98751]: DEBUG cotyledon.oslo_config_glue [-] oslo_messaging_rabbit.rabbit_interval_max = 30 {{(pid=98751) log_opt_values /opt/stack/data/venv/lib/python3.12/site-packages/oslo_config/cfg.py:3253}}
Jul 08 17:36:49.011606 np0000004838 nova-conductor[98751]: DEBUG cotyledon.oslo_config_glue [-] oslo_messaging_rabbit.rabbit_login_method = AMQPLAIN {{(pid=98751) log_opt_values /opt/stack/data/venv/lib/python3.12/site-packages/oslo_config/cfg.py:3253}}
Jul 08 17:36:49.011606 np0000004838 nova-conductor[98751]: DEBUG cotyledon.oslo_config_glue [-] oslo_messaging_rabbit.rabbit_qos_prefetch_count = 0 {{(pid=98751) log_opt_values /opt/stack/data/venv/lib/python3.12/site-packages/oslo_config/cfg.py:3253}}
Jul 08 17:36:49.011606 np0000004838 nova-conductor[98751]: DEBUG cotyledon.oslo_config_glue [-] oslo_messaging_rabbit.rabbit_quorum_delivery_limit = 0 {{(pid=98751) log_opt_values /opt/stack/data/venv/lib/python3.12/site-packages/oslo_config/cfg.py:3253}}
Jul 08 17:36:49.011606 np0000004838 nova-conductor[98751]: DEBUG cotyledon.oslo_config_glue [-] oslo_messaging_rabbit.rabbit_quorum_max_memory_bytes = 0 {{(pid=98751) log_opt_values /opt/stack/data/venv/lib/python3.12/site-packages/oslo_config/cfg.py:3253}}
Jul 08 17:36:49.011779 np0000004838 nova-conductor[98751]: DEBUG cotyledon.oslo_config_glue [-] oslo_messaging_rabbit.rabbit_quorum_max_memory_length = 0 {{(pid=98751) log_opt_values /opt/stack/data/venv/lib/python3.12/site-packages/oslo_config/cfg.py:3253}}
Jul 08 17:36:49.011779 np0000004838 nova-conductor[98751]: DEBUG cotyledon.oslo_config_glue [-] oslo_messaging_rabbit.rabbit_quorum_queue = False {{(pid=98751) log_opt_values /opt/stack/data/venv/lib/python3.12/site-packages/oslo_config/cfg.py:3253}}
Jul 08 17:36:49.011779 np0000004838 nova-conductor[98751]: DEBUG cotyledon.oslo_config_glue [-] oslo_messaging_rabbit.rabbit_retry_backoff = 2 {{(pid=98751) log_opt_values /opt/stack/data/venv/lib/python3.12/site-packages/oslo_config/cfg.py:3253}}
Jul 08 17:36:49.011779 np0000004838 nova-conductor[98751]: DEBUG cotyledon.oslo_config_glue [-] oslo_messaging_rabbit.rabbit_retry_interval = 1 {{(pid=98751) log_opt_values /opt/stack/data/venv/lib/python3.12/site-packages/oslo_config/cfg.py:3253}}
Jul 08 17:36:49.011779 np0000004838 nova-conductor[98751]: DEBUG cotyledon.oslo_config_glue [-] oslo_messaging_rabbit.rabbit_stream_fanout = False {{(pid=98751) log_opt_values /opt/stack/data/venv/lib/python3.12/site-packages/oslo_config/cfg.py:3253}}
Jul 08 17:36:49.011779 np0000004838 nova-conductor[98751]: DEBUG cotyledon.oslo_config_glue [-] oslo_messaging_rabbit.rabbit_transient_queues_ttl = 1800 {{(pid=98751) log_opt_values /opt/stack/data/venv/lib/python3.12/site-packages/oslo_config/cfg.py:3253}}
Jul 08 17:36:49.011779 np0000004838 nova-conductor[98751]: DEBUG cotyledon.oslo_config_glue [-] oslo_messaging_rabbit.rabbit_transient_quorum_queue = False {{(pid=98751) log_opt_values /opt/stack/data/venv/lib/python3.12/site-packages/oslo_config/cfg.py:3253}}
Jul 08 17:36:49.011779 np0000004838 nova-conductor[98751]: DEBUG cotyledon.oslo_config_glue [-] oslo_messaging_rabbit.rpc_conn_pool_size = 30 {{(pid=98751) log_opt_values /opt/stack/data/venv/lib/python3.12/site-packages/oslo_config/cfg.py:3253}}
Jul 08 17:36:49.011779 np0000004838 nova-conductor[98751]: DEBUG cotyledon.oslo_config_glue [-] oslo_messaging_rabbit.ssl = False {{(pid=98751) log_opt_values /opt/stack/data/venv/lib/python3.12/site-packages/oslo_config/cfg.py:3253}}
Jul 08 17:36:49.012137 np0000004838 nova-conductor[98751]: DEBUG cotyledon.oslo_config_glue [-] oslo_messaging_rabbit.ssl_ca_file = {{(pid=98751) log_opt_values /opt/stack/data/venv/lib/python3.12/site-packages/oslo_config/cfg.py:3253}}
Jul 08 17:36:49.012137 np0000004838 nova-conductor[98751]: DEBUG cotyledon.oslo_config_glue [-] oslo_messaging_rabbit.ssl_cert_file = {{(pid=98751) log_opt_values /opt/stack/data/venv/lib/python3.12/site-packages/oslo_config/cfg.py:3253}}
Jul 08 17:36:49.012137 np0000004838 nova-conductor[98751]: DEBUG cotyledon.oslo_config_glue [-] oslo_messaging_rabbit.ssl_enforce_fips_mode = False {{(pid=98751) log_opt_values /opt/stack/data/venv/lib/python3.12/site-packages/oslo_config/cfg.py:3253}}
Jul 08 17:36:49.012137 np0000004838 nova-conductor[98751]: DEBUG cotyledon.oslo_config_glue [-] oslo_messaging_rabbit.ssl_enforce_hostname_verification = True {{(pid=98751) log_opt_values /opt/stack/data/venv/lib/python3.12/site-packages/oslo_config/cfg.py:3253}}
Jul 08 17:36:49.012137 np0000004838 nova-conductor[98751]: DEBUG cotyledon.oslo_config_glue [-] oslo_messaging_rabbit.ssl_key_file = {{(pid=98751) log_opt_values /opt/stack/data/venv/lib/python3.12/site-packages/oslo_config/cfg.py:3253}}
Jul 08 17:36:49.012137 np0000004838 nova-conductor[98751]: DEBUG cotyledon.oslo_config_glue [-] oslo_messaging_rabbit.ssl_version = {{(pid=98751) log_opt_values /opt/stack/data/venv/lib/python3.12/site-packages/oslo_config/cfg.py:3253}}
Jul 08 17:36:49.012137 np0000004838 nova-conductor[98751]: DEBUG cotyledon.oslo_config_glue [-] oslo_messaging_rabbit.use_queue_manager = False {{(pid=98751) log_opt_values /opt/stack/data/venv/lib/python3.12/site-packages/oslo_config/cfg.py:3253}}
Jul 08 17:36:49.012137 np0000004838 nova-conductor[98751]: DEBUG cotyledon.oslo_config_glue [-] oslo_messaging_notifications.driver = ['messagingv2'] {{(pid=98751) log_opt_values /opt/stack/data/venv/lib/python3.12/site-packages/oslo_config/cfg.py:3253}}
Jul 08 17:36:49.012137 np0000004838 nova-conductor[98751]: DEBUG cotyledon.oslo_config_glue [-] oslo_messaging_notifications.retry = -1 {{(pid=98751) log_opt_values /opt/stack/data/venv/lib/python3.12/site-packages/oslo_config/cfg.py:3253}}
Jul 08 17:36:49.012462 np0000004838 nova-conductor[98751]: DEBUG cotyledon.oslo_config_glue [-] oslo_messaging_notifications.topics = ['notifications'] {{(pid=98751) log_opt_values /opt/stack/data/venv/lib/python3.12/site-packages/oslo_config/cfg.py:3253}}
Jul 08 17:36:49.012462 np0000004838 nova-conductor[98751]: DEBUG cotyledon.oslo_config_glue [-] oslo_messaging_notifications.transport_url = **** {{(pid=98751) log_opt_values /opt/stack/data/venv/lib/python3.12/site-packages/oslo_config/cfg.py:3253}}
Jul 08 17:36:49.012462 np0000004838 nova-conductor[98751]: DEBUG cotyledon.oslo_config_glue [-] oslo_limit.auth_section = None {{(pid=98751) log_opt_values /opt/stack/data/venv/lib/python3.12/site-packages/oslo_config/cfg.py:3253}}
Jul 08 17:36:49.012462 np0000004838 nova-conductor[98751]: DEBUG cotyledon.oslo_config_glue [-] oslo_limit.auth_type = None {{(pid=98751) log_opt_values /opt/stack/data/venv/lib/python3.12/site-packages/oslo_config/cfg.py:3253}}
Jul 08 17:36:49.012462 np0000004838 nova-conductor[98751]: DEBUG cotyledon.oslo_config_glue [-] oslo_limit.cafile = None {{(pid=98751) log_opt_values /opt/stack/data/venv/lib/python3.12/site-packages/oslo_config/cfg.py:3253}}
Jul 08 17:36:49.012462 np0000004838 nova-conductor[98751]: DEBUG cotyledon.oslo_config_glue [-] oslo_limit.certfile = None {{(pid=98751) log_opt_values /opt/stack/data/venv/lib/python3.12/site-packages/oslo_config/cfg.py:3253}}
Jul 08 17:36:49.012462 np0000004838 nova-conductor[98751]: DEBUG cotyledon.oslo_config_glue [-] oslo_limit.collect_timing = False {{(pid=98751) log_opt_values /opt/stack/data/venv/lib/python3.12/site-packages/oslo_config/cfg.py:3253}}
Jul 08 17:36:49.012462 np0000004838 nova-conductor[98751]: DEBUG cotyledon.oslo_config_glue [-] oslo_limit.connect_retries = None {{(pid=98751) log_opt_values /opt/stack/data/venv/lib/python3.12/site-packages/oslo_config/cfg.py:3253}}
Jul 08 17:36:49.012462 np0000004838 nova-conductor[98751]: DEBUG cotyledon.oslo_config_glue [-] oslo_limit.connect_retry_delay = None {{(pid=98751) log_opt_values /opt/stack/data/venv/lib/python3.12/site-packages/oslo_config/cfg.py:3253}}
Jul 08 17:36:49.012704 np0000004838 nova-conductor[98751]: DEBUG cotyledon.oslo_config_glue [-] oslo_limit.endpoint_id = None {{(pid=98751) log_opt_values /opt/stack/data/venv/lib/python3.12/site-packages/oslo_config/cfg.py:3253}}
Jul 08 17:36:49.012704 np0000004838 nova-conductor[98751]: DEBUG cotyledon.oslo_config_glue [-] oslo_limit.endpoint_interface = public {{(pid=98751) log_opt_values /opt/stack/data/venv/lib/python3.12/site-packages/oslo_config/cfg.py:3253}}
Jul 08 17:36:49.012704 np0000004838 nova-conductor[98751]: DEBUG cotyledon.oslo_config_glue [-] oslo_limit.endpoint_override = None {{(pid=98751) log_opt_values /opt/stack/data/venv/lib/python3.12/site-packages/oslo_config/cfg.py:3253}}
Jul 08 17:36:49.012704 np0000004838 nova-conductor[98751]: DEBUG cotyledon.oslo_config_glue [-] oslo_limit.endpoint_region_name = None {{(pid=98751) log_opt_values /opt/stack/data/venv/lib/python3.12/site-packages/oslo_config/cfg.py:3253}}
Jul 08 17:36:49.012704 np0000004838 nova-conductor[98751]: DEBUG cotyledon.oslo_config_glue [-] oslo_limit.endpoint_service_name = None {{(pid=98751) log_opt_values /opt/stack/data/venv/lib/python3.12/site-packages/oslo_config/cfg.py:3253}}
Jul 08 17:36:49.012704 np0000004838 nova-conductor[98751]: DEBUG cotyledon.oslo_config_glue [-] oslo_limit.endpoint_service_type = None {{(pid=98751) log_opt_values /opt/stack/data/venv/lib/python3.12/site-packages/oslo_config/cfg.py:3253}}
Jul 08 17:36:49.012704 np0000004838 nova-conductor[98751]: DEBUG cotyledon.oslo_config_glue [-] oslo_limit.insecure = False {{(pid=98751) log_opt_values /opt/stack/data/venv/lib/python3.12/site-packages/oslo_config/cfg.py:3253}}
Jul 08 17:36:49.012704 np0000004838 nova-conductor[98751]: DEBUG cotyledon.oslo_config_glue [-] oslo_limit.keyfile = None {{(pid=98751) log_opt_values /opt/stack/data/venv/lib/python3.12/site-packages/oslo_config/cfg.py:3253}}
Jul 08 17:36:49.012704 np0000004838 nova-conductor[98751]: DEBUG cotyledon.oslo_config_glue [-] oslo_limit.max_version = None {{(pid=98751) log_opt_values /opt/stack/data/venv/lib/python3.12/site-packages/oslo_config/cfg.py:3253}}
Jul 08 17:36:49.012993 np0000004838 nova-conductor[98751]: DEBUG cotyledon.oslo_config_glue [-] oslo_limit.min_version = None {{(pid=98751) log_opt_values /opt/stack/data/venv/lib/python3.12/site-packages/oslo_config/cfg.py:3253}}
Jul 08 17:36:49.012993 np0000004838 nova-conductor[98751]: DEBUG cotyledon.oslo_config_glue [-] oslo_limit.region_name = None {{(pid=98751) log_opt_values /opt/stack/data/venv/lib/python3.12/site-packages/oslo_config/cfg.py:3253}}
Jul 08 17:36:49.012993 np0000004838 nova-conductor[98751]: DEBUG cotyledon.oslo_config_glue [-] oslo_limit.retriable_status_codes = None {{(pid=98751) log_opt_values /opt/stack/data/venv/lib/python3.12/site-packages/oslo_config/cfg.py:3253}}
Jul 08 17:36:49.012993 np0000004838 nova-conductor[98751]: DEBUG cotyledon.oslo_config_glue [-] oslo_limit.service_name = None {{(pid=98751) log_opt_values /opt/stack/data/venv/lib/python3.12/site-packages/oslo_config/cfg.py:3253}}
Jul 08 17:36:49.012993 np0000004838 nova-conductor[98751]: DEBUG cotyledon.oslo_config_glue [-] oslo_limit.service_type = None {{(pid=98751) log_opt_values /opt/stack/data/venv/lib/python3.12/site-packages/oslo_config/cfg.py:3253}}
Jul 08 17:36:49.012993 np0000004838 nova-conductor[98751]: DEBUG cotyledon.oslo_config_glue [-] oslo_limit.split_loggers = False {{(pid=98751) log_opt_values /opt/stack/data/venv/lib/python3.12/site-packages/oslo_config/cfg.py:3253}}
Jul 08 17:36:49.012993 np0000004838 nova-conductor[98751]: DEBUG cotyledon.oslo_config_glue [-] oslo_limit.status_code_retries = None {{(pid=98751) log_opt_values /opt/stack/data/venv/lib/python3.12/site-packages/oslo_config/cfg.py:3253}}
Jul 08 17:36:49.012993 np0000004838 nova-conductor[98751]: DEBUG cotyledon.oslo_config_glue [-] oslo_limit.status_code_retry_delay = None {{(pid=98751) log_opt_values /opt/stack/data/venv/lib/python3.12/site-packages/oslo_config/cfg.py:3253}}
Jul 08 17:36:49.012993 np0000004838 nova-conductor[98751]: DEBUG cotyledon.oslo_config_glue [-] oslo_limit.timeout = None {{(pid=98751) log_opt_values /opt/stack/data/venv/lib/python3.12/site-packages/oslo_config/cfg.py:3253}}
Jul 08 17:36:49.013185 np0000004838 nova-conductor[98751]: DEBUG cotyledon.oslo_config_glue [-] oslo_limit.valid_interfaces = None {{(pid=98751) log_opt_values /opt/stack/data/venv/lib/python3.12/site-packages/oslo_config/cfg.py:3253}}
Jul 08 17:36:49.013185 np0000004838 nova-conductor[98751]: DEBUG cotyledon.oslo_config_glue [-] oslo_limit.version = None {{(pid=98751) log_opt_values /opt/stack/data/venv/lib/python3.12/site-packages/oslo_config/cfg.py:3253}}
Jul 08 17:36:49.013185 np0000004838 nova-conductor[98751]: DEBUG cotyledon.oslo_config_glue [-] oslo_reports.file_event_handler = None {{(pid=98751) log_opt_values /opt/stack/data/venv/lib/python3.12/site-packages/oslo_config/cfg.py:3253}}
Jul 08 17:36:49.013185 np0000004838 nova-conductor[98751]: DEBUG cotyledon.oslo_config_glue [-] oslo_reports.file_event_handler_interval = 1 {{(pid=98751) log_opt_values /opt/stack/data/venv/lib/python3.12/site-packages/oslo_config/cfg.py:3253}}
Jul 08 17:36:49.013185 np0000004838 nova-conductor[98751]: DEBUG cotyledon.oslo_config_glue [-] oslo_reports.log_dir = None {{(pid=98751) log_opt_values /opt/stack/data/venv/lib/python3.12/site-packages/oslo_config/cfg.py:3253}}
Jul 08 17:36:49.013185 np0000004838 nova-conductor[98751]: DEBUG cotyledon.oslo_config_glue [-] ******************************************************************************** {{(pid=98751) log_opt_values /opt/stack/data/venv/lib/python3.12/site-packages/oslo_config/cfg.py:3260}}
Jul 08 17:36:49.013185 np0000004838 nova-conductor[98751]: DEBUG cotyledon._service_worker [-] Run service ServiceWrapper(3) [98751] {{(pid=98751) wait_forever /opt/stack/data/venv/lib/python3.12/site-packages/cotyledon/_service_worker.py:218}}
Jul 08 17:36:49.013185 np0000004838 nova-conductor[98751]: INFO nova.service [-] Starting conductor node (version 33.1.0)
Jul 08 17:36:49.013185 np0000004838 nova-conductor[98751]: INFO dbcounter [None req-767deba6-098c-4bd4-ad7d-6c30642e7fcb None None] Registered counter for database nova_cell0
Jul 08 17:36:49.013411 np0000004838 nova-conductor[98730]: DEBUG oslo_db.sqlalchemy.engines [None req-fe15e34a-a0f2-42e1-a327-457b4b359340 None None] MySQL server mode set to STRICT_TRANS_TABLES,STRICT_ALL_TABLES,NO_ZERO_IN_DATE,NO_ZERO_DATE,ERROR_FOR_DIVISION_BY_ZERO,TRADITIONAL,NO_ENGINE_SUBSTITUTION {{(pid=98730) _check_effective_sql_mode /opt/stack/data/venv/lib/python3.12/site-packages/oslo_db/sqlalchemy/engines.py:325}}
Jul 08 17:36:49.013411 np0000004838 nova-conductor[98730]: DEBUG dbcounter [-] [98730] Writer thread running {{(pid=98730) stat_writer /opt/stack/data/venv/lib/python3.12/site-packages/dbcounter.py:102}}
Jul 08 17:36:49.013512 np0000004838 nova-conductor[98727]: DEBUG oslo_db.sqlalchemy.engines [None req-af69d849-a337-4e91-8ea7-09b1578c8d27 None None] MySQL server mode set to STRICT_TRANS_TABLES,STRICT_ALL_TABLES,NO_ZERO_IN_DATE,NO_ZERO_DATE,ERROR_FOR_DIVISION_BY_ZERO,TRADITIONAL,NO_ENGINE_SUBSTITUTION {{(pid=98727) _check_effective_sql_mode /opt/stack/data/venv/lib/python3.12/site-packages/oslo_db/sqlalchemy/engines.py:325}}
Jul 08 17:36:49.013570 np0000004838 nova-conductor[98736]: DEBUG oslo_db.sqlalchemy.engines [None req-bc879770-5977-45ed-9350-b4770a6db129 None None] MySQL server mode set to STRICT_TRANS_TABLES,STRICT_ALL_TABLES,NO_ZERO_IN_DATE,NO_ZERO_DATE,ERROR_FOR_DIVISION_BY_ZERO,TRADITIONAL,NO_ENGINE_SUBSTITUTION {{(pid=98736) _check_effective_sql_mode /opt/stack/data/venv/lib/python3.12/site-packages/oslo_db/sqlalchemy/engines.py:325}}
Jul 08 17:36:49.013624 np0000004838 nova-conductor[98727]: DEBUG dbcounter [-] [98727] Writer thread running {{(pid=98727) stat_writer /opt/stack/data/venv/lib/python3.12/site-packages/dbcounter.py:102}}
Jul 08 17:36:49.013668 np0000004838 nova-conductor[98736]: DEBUG dbcounter [-] [98736] Writer thread running {{(pid=98736) stat_writer /opt/stack/data/venv/lib/python3.12/site-packages/dbcounter.py:102}}
Jul 08 17:36:49.013703 np0000004838 nova-conductor[98751]: DEBUG oslo_db.sqlalchemy.engines [None req-767deba6-098c-4bd4-ad7d-6c30642e7fcb None None] MySQL server mode set to STRICT_TRANS_TABLES,STRICT_ALL_TABLES,NO_ZERO_IN_DATE,NO_ZERO_DATE,ERROR_FOR_DIVISION_BY_ZERO,TRADITIONAL,NO_ENGINE_SUBSTITUTION {{(pid=98751) _check_effective_sql_mode /opt/stack/data/venv/lib/python3.12/site-packages/oslo_db/sqlalchemy/engines.py:325}}
Jul 08 17:36:49.013750 np0000004838 nova-conductor[98730]: DEBUG nova.service [None req-fe15e34a-a0f2-42e1-a327-457b4b359340 None None] Creating RPC server for service: nova-conductor on topic: conductor {{(pid=98730) start /opt/stack/nova/nova/service.py:196}}
Jul 08 17:36:49.013788 np0000004838 nova-conductor[98751]: DEBUG dbcounter [-] [98751] Writer thread running {{(pid=98751) stat_writer /opt/stack/data/venv/lib/python3.12/site-packages/dbcounter.py:102}}
Jul 08 17:36:49.013815 np0000004838 nova-conductor[98727]: DEBUG nova.service [None req-af69d849-a337-4e91-8ea7-09b1578c8d27 None None] Creating RPC server for service: nova-conductor on topic: conductor {{(pid=98727) start /opt/stack/nova/nova/service.py:196}}
Jul 08 17:36:49.013839 np0000004838 nova-conductor[98751]: DEBUG nova.service [None req-767deba6-098c-4bd4-ad7d-6c30642e7fcb None None] Creating RPC server for service: nova-conductor on topic: conductor {{(pid=98751) start /opt/stack/nova/nova/service.py:196}}
Jul 08 17:36:49.013871 np0000004838 nova-conductor[98736]: DEBUG nova.service [None req-bc879770-5977-45ed-9350-b4770a6db129 None None] Creating RPC server for service: nova-conductor on topic: conductor {{(pid=98736) start /opt/stack/nova/nova/service.py:196}}
Jul 08 17:36:49.013897 np0000004838 nova-conductor[98730]: DEBUG nova.service [None req-fe15e34a-a0f2-42e1-a327-457b4b359340 None None] Join ServiceGroup membership for this service conductor {{(pid=98730) start /opt/stack/nova/nova/service.py:222}}
Jul 08 17:36:49.013897 np0000004838 nova-conductor[98730]: DEBUG nova.servicegroup.drivers.db [None req-fe15e34a-a0f2-42e1-a327-457b4b359340 None None] DB_Driver: join new ServiceGroup member np0000004838 to the conductor group, service = {{(pid=98730) join /opt/stack/nova/nova/servicegroup/drivers/db.py:44}}
Jul 08 17:36:49.013942 np0000004838 nova-conductor[98727]: DEBUG nova.service [None req-af69d849-a337-4e91-8ea7-09b1578c8d27 None None] Join ServiceGroup membership for this service conductor {{(pid=98727) start /opt/stack/nova/nova/service.py:222}}
Jul 08 17:36:49.013942 np0000004838 nova-conductor[98727]: DEBUG nova.servicegroup.drivers.db [None req-af69d849-a337-4e91-8ea7-09b1578c8d27 None None] DB_Driver: join new ServiceGroup member np0000004838 to the conductor group, service = {{(pid=98727) join /opt/stack/nova/nova/servicegroup/drivers/db.py:44}}
Jul 08 17:36:49.014017 np0000004838 nova-conductor[98751]: DEBUG nova.service [None req-767deba6-098c-4bd4-ad7d-6c30642e7fcb None None] Join ServiceGroup membership for this service conductor {{(pid=98751) start /opt/stack/nova/nova/service.py:222}}
Jul 08 17:36:49.014017 np0000004838 nova-conductor[98751]: DEBUG nova.servicegroup.drivers.db [None req-767deba6-098c-4bd4-ad7d-6c30642e7fcb None None] DB_Driver: join new ServiceGroup member np0000004838 to the conductor group, service = {{(pid=98751) join /opt/stack/nova/nova/servicegroup/drivers/db.py:44}}
Jul 08 17:36:49.019638 np0000004838 nova-conductor[98736]: DEBUG nova.service [None req-bc879770-5977-45ed-9350-b4770a6db129 None None] Join ServiceGroup membership for this service conductor {{(pid=98736) start /opt/stack/nova/nova/service.py:222}}
Jul 08 17:36:49.020112 np0000004838 nova-conductor[98736]: DEBUG nova.servicegroup.drivers.db [None req-bc879770-5977-45ed-9350-b4770a6db129 None None] DB_Driver: join new ServiceGroup member np0000004838 to the conductor group, service = {{(pid=98736) join /opt/stack/nova/nova/servicegroup/drivers/db.py:44}}
Jul 08 17:36:54.021537 np0000004838 nova-conductor[98730]: DEBUG oslo.service.backend._threading.loopingcall [-] Fixed interval looping call 'nova.servicegroup.drivers.db.DbDriver._report_state' sleeping for 119.99 seconds {{(pid=98730) _run_loop /opt/stack/data/venv/lib/python3.12/site-packages/oslo_service/backend/_threading/loopingcall.py:125}}
Jul 08 17:36:54.024151 np0000004838 nova-conductor[98751]: DEBUG oslo.service.backend._threading.loopingcall [-] Fixed interval looping call 'nova.servicegroup.drivers.db.DbDriver._report_state' sleeping for 119.99 seconds {{(pid=98751) _run_loop /opt/stack/data/venv/lib/python3.12/site-packages/oslo_service/backend/_threading/loopingcall.py:125}}
Jul 08 17:36:54.026282 np0000004838 nova-conductor[98727]: DEBUG oslo.service.backend._threading.loopingcall [-] Fixed interval looping call 'nova.servicegroup.drivers.db.DbDriver._report_state' sleeping for 119.99 seconds {{(pid=98727) _run_loop /opt/stack/data/venv/lib/python3.12/site-packages/oslo_service/backend/_threading/loopingcall.py:125}}
Jul 08 17:36:54.030941 np0000004838 nova-conductor[98736]: DEBUG oslo.service.backend._threading.loopingcall [-] Fixed interval looping call 'nova.servicegroup.drivers.db.DbDriver._report_state' sleeping for 119.99 seconds {{(pid=98736) _run_loop /opt/stack/data/venv/lib/python3.12/site-packages/oslo_service/backend/_threading/loopingcall.py:125}}
Jul 08 17:36:57.552250 np0000004838 nova-conductor[97286]: DEBUG dbcounter [-] [97286] Writing DB stats nova_api:SELECT=1 {{(pid=97286) stat_writer /opt/stack/data/venv/lib/python3.12/site-packages/dbcounter.py:115}}
Jul 08 17:36:57.696061 np0000004838 nova-conductor[97286]: DEBUG dbcounter [-] [97286] Writing DB stats nova_cell0:SELECT=1 {{(pid=97286) stat_writer /opt/stack/data/venv/lib/python3.12/site-packages/dbcounter.py:115}}
Jul 08 17:36:57.700769 np0000004838 nova-conductor[97286]: DEBUG dbcounter [-] [97286] Writing DB stats nova_cell1:SELECT=1 {{(pid=97286) stat_writer /opt/stack/data/venv/lib/python3.12/site-packages/dbcounter.py:115}}
Jul 08 17:36:58.022595 np0000004838 nova-conductor[98736]: DEBUG oslo.service.backend._threading.loopingcall [None req-865784dd-8bb3-4cac-9317-9aad746876a8 None None] Dynamic interval looping call 'nova.service.Service.periodic_tasks' sleeping for 60.00 seconds {{(pid=98736) _run_loop /opt/stack/data/venv/lib/python3.12/site-packages/oslo_service/backend/_threading/loopingcall.py:125}}
Jul 08 17:37:04.018816 np0000004838 nova-conductor[98730]: DEBUG dbcounter [-] [98730] Writing DB stats nova_cell0:SELECT=4,nova_cell0:INSERT=1,nova_cell0:UPDATE=1 {{(pid=98730) stat_writer /opt/stack/data/venv/lib/python3.12/site-packages/dbcounter.py:115}}
Jul 08 17:37:04.021542 np0000004838 nova-conductor[98751]: DEBUG dbcounter [-] [98751] Writing DB stats nova_cell0:SELECT=3 {{(pid=98751) stat_writer /opt/stack/data/venv/lib/python3.12/site-packages/dbcounter.py:115}}
Jul 08 17:37:04.023557 np0000004838 nova-conductor[98727]: DEBUG dbcounter [-] [98727] Writing DB stats nova_cell0:SELECT=5,nova_cell0:INSERT=1,nova_cell0:UPDATE=1 {{(pid=98727) stat_writer /opt/stack/data/venv/lib/python3.12/site-packages/dbcounter.py:115}}
Jul 08 17:37:04.027065 np0000004838 nova-conductor[98736]: DEBUG dbcounter [-] [98736] Writing DB stats nova_cell0:SELECT=5,nova_cell0:INSERT=1 {{(pid=98736) stat_writer /opt/stack/data/venv/lib/python3.12/site-packages/dbcounter.py:115}}
Jul 08 17:37:24.015660 np0000004838 nova-conductor[98751]: DEBUG oslo.service.backend._threading.loopingcall [None req-70e32fe0-6951-414c-86cf-551924ffea00 None None] Dynamic interval looping call 'nova.service.Service.periodic_tasks' sleeping for 60.00 seconds {{(pid=98751) _run_loop /opt/stack/data/venv/lib/python3.12/site-packages/oslo_service/backend/_threading/loopingcall.py:125}}
Jul 08 17:37:27.011659 np0000004838 nova-conductor[98730]: DEBUG oslo.service.backend._threading.loopingcall [None req-377e78da-a79d-4a8a-94f3-db9c268656a9 None None] Dynamic interval looping call 'nova.service.Service.periodic_tasks' sleeping for 60.00 seconds {{(pid=98730) _run_loop /opt/stack/data/venv/lib/python3.12/site-packages/oslo_service/backend/_threading/loopingcall.py:125}}
Jul 08 17:37:28.015136 np0000004838 nova-conductor[98727]: DEBUG oslo.service.backend._threading.loopingcall [None req-b82a94ae-5285-4fbf-a0e0-b9d2d42c37dc None None] Dynamic interval looping call 'nova.service.Service.periodic_tasks' sleeping for 60.00 seconds {{(pid=98727) _run_loop /opt/stack/data/venv/lib/python3.12/site-packages/oslo_service/backend/_threading/loopingcall.py:125}}
Jul 08 17:37:58.023127 np0000004838 nova-conductor[98736]: DEBUG oslo.service.backend._threading.loopingcall [None req-865784dd-8bb3-4cac-9317-9aad746876a8 None None] Dynamic interval looping call 'nova.service.Service.periodic_tasks' sleeping for 60.00 seconds {{(pid=98736) _run_loop /opt/stack/data/venv/lib/python3.12/site-packages/oslo_service/backend/_threading/loopingcall.py:125}}
Jul 08 17:38:24.016460 np0000004838 nova-conductor[98751]: DEBUG oslo.service.backend._threading.loopingcall [None req-70e32fe0-6951-414c-86cf-551924ffea00 None None] Dynamic interval looping call 'nova.service.Service.periodic_tasks' sleeping for 60.00 seconds {{(pid=98751) _run_loop /opt/stack/data/venv/lib/python3.12/site-packages/oslo_service/backend/_threading/loopingcall.py:125}}
Jul 08 17:38:27.012238 np0000004838 nova-conductor[98730]: DEBUG oslo.service.backend._threading.loopingcall [None req-377e78da-a79d-4a8a-94f3-db9c268656a9 None None] Dynamic interval looping call 'nova.service.Service.periodic_tasks' sleeping for 60.00 seconds {{(pid=98730) _run_loop /opt/stack/data/venv/lib/python3.12/site-packages/oslo_service/backend/_threading/loopingcall.py:125}}
Jul 08 17:38:28.015748 np0000004838 nova-conductor[98727]: DEBUG oslo.service.backend._threading.loopingcall [None req-b82a94ae-5285-4fbf-a0e0-b9d2d42c37dc None None] Dynamic interval looping call 'nova.service.Service.periodic_tasks' sleeping for 60.00 seconds {{(pid=98727) _run_loop /opt/stack/data/venv/lib/python3.12/site-packages/oslo_service/backend/_threading/loopingcall.py:125}}
Jul 08 17:38:54.032382 np0000004838 nova-conductor[98751]: DEBUG oslo.service.backend._threading.loopingcall [-] Fixed interval looping call 'nova.servicegroup.drivers.db.DbDriver._report_state' sleeping for 119.98 seconds {{(pid=98751) _run_loop /opt/stack/data/venv/lib/python3.12/site-packages/oslo_service/backend/_threading/loopingcall.py:125}}
Jul 08 17:38:54.032947 np0000004838 nova-conductor[98730]: DEBUG oslo.service.backend._threading.loopingcall [-] Fixed interval looping call 'nova.servicegroup.drivers.db.DbDriver._report_state' sleeping for 119.98 seconds {{(pid=98730) _run_loop /opt/stack/data/venv/lib/python3.12/site-packages/oslo_service/backend/_threading/loopingcall.py:125}}
Jul 08 17:38:54.034869 np0000004838 nova-conductor[98727]: DEBUG oslo.service.backend._threading.loopingcall [-] Fixed interval looping call 'nova.servicegroup.drivers.db.DbDriver._report_state' sleeping for 119.98 seconds {{(pid=98727) _run_loop /opt/stack/data/venv/lib/python3.12/site-packages/oslo_service/backend/_threading/loopingcall.py:125}}
Jul 08 17:38:54.035275 np0000004838 nova-conductor[98736]: DEBUG oslo.service.backend._threading.loopingcall [-] Fixed interval looping call 'nova.servicegroup.drivers.db.DbDriver._report_state' sleeping for 119.99 seconds {{(pid=98736) _run_loop /opt/stack/data/venv/lib/python3.12/site-packages/oslo_service/backend/_threading/loopingcall.py:125}}
Jul 08 17:38:58.024465 np0000004838 nova-conductor[98736]: DEBUG oslo.service.backend._threading.loopingcall [None req-865784dd-8bb3-4cac-9317-9aad746876a8 None None] Dynamic interval looping call 'nova.service.Service.periodic_tasks' sleeping for 60.00 seconds {{(pid=98736) _run_loop /opt/stack/data/venv/lib/python3.12/site-packages/oslo_service/backend/_threading/loopingcall.py:125}}
Jul 08 17:39:04.015323 np0000004838 nova-conductor[98730]: DEBUG dbcounter [-] [98730] Writing DB stats nova_cell0:SELECT=1,nova_cell0:UPDATE=1 {{(pid=98730) stat_writer /opt/stack/data/venv/lib/python3.12/site-packages/dbcounter.py:115}}
Jul 08 17:39:04.020773 np0000004838 nova-conductor[98727]: DEBUG dbcounter [-] [98727] Writing DB stats nova_cell0:SELECT=1,nova_cell0:UPDATE=1 {{(pid=98727) stat_writer /opt/stack/data/venv/lib/python3.12/site-packages/dbcounter.py:115}}
Jul 08 17:39:04.026557 np0000004838 nova-conductor[98751]: DEBUG dbcounter [-] [98751] Writing DB stats nova_cell0:SELECT=1,nova_cell0:UPDATE=1 {{(pid=98751) stat_writer /opt/stack/data/venv/lib/python3.12/site-packages/dbcounter.py:115}}
Jul 08 17:39:04.027022 np0000004838 nova-conductor[98736]: DEBUG dbcounter [-] [98736] Writing DB stats nova_cell0:SELECT=1,nova_cell0:UPDATE=1 {{(pid=98736) stat_writer /opt/stack/data/venv/lib/python3.12/site-packages/dbcounter.py:115}}
Jul 08 17:39:07.928490 np0000004838 nova-conductor[98730]: DEBUG oslo_db.sqlalchemy.engines [None req-6f98a098-16a0-4113-941a-5a3869de1ce9 tempest-DeleteServersTestJSON-802310919 tempest-DeleteServersTestJSON-802310919-project-member] Parent process 97286 forked (98730) with an open database connection, which is being discarded and recreated. {{(pid=98730) checkout /opt/stack/data/venv/lib/python3.12/site-packages/oslo_db/sqlalchemy/engines.py:402}}
Jul 08 17:39:07.982721 np0000004838 nova-conductor[98730]: DEBUG dbcounter [-] [98730] Writer thread running {{(pid=98730) stat_writer /opt/stack/data/venv/lib/python3.12/site-packages/dbcounter.py:102}}
Jul 08 17:39:09.005675 np0000004838 nova-conductor[98730]: DEBUG nova.conductor.manager [None req-6f98a098-16a0-4113-941a-5a3869de1ce9 tempest-DeleteServersTestJSON-802310919 tempest-DeleteServersTestJSON-802310919-project-member] Took 1.02 seconds to select destinations for 1 instance(s). {{(pid=98730) _schedule_instances /opt/stack/nova/nova/conductor/manager.py:968}}
Jul 08 17:39:09.041372 np0000004838 nova-conductor[98730]: DEBUG oslo_concurrency.lockutils [None req-6f98a098-16a0-4113-941a-5a3869de1ce9 tempest-DeleteServersTestJSON-802310919 tempest-DeleteServersTestJSON-802310919-project-member] Acquiring lock "68d835d2-25d9-41b7-9021-cce8d14f46cf" by "nova.context.set_target_cell..get_or_set_cached_cell_and_set_connections" {{(pid=98730) inner /opt/stack/data/venv/lib/python3.12/site-packages/oslo_concurrency/lockutils.py:511}}
Jul 08 17:39:09.041587 np0000004838 nova-conductor[98730]: DEBUG oslo_concurrency.lockutils [None req-6f98a098-16a0-4113-941a-5a3869de1ce9 tempest-DeleteServersTestJSON-802310919 tempest-DeleteServersTestJSON-802310919-project-member] Lock "68d835d2-25d9-41b7-9021-cce8d14f46cf" acquired by "nova.context.set_target_cell..get_or_set_cached_cell_and_set_connections" :: waited 0.000s {{(pid=98730) inner /opt/stack/data/venv/lib/python3.12/site-packages/oslo_concurrency/lockutils.py:524}}
Jul 08 17:39:09.042918 np0000004838 nova-conductor[98730]: DEBUG oslo_concurrency.lockutils [None req-6f98a098-16a0-4113-941a-5a3869de1ce9 tempest-DeleteServersTestJSON-802310919 tempest-DeleteServersTestJSON-802310919-project-member] Lock "68d835d2-25d9-41b7-9021-cce8d14f46cf" "released" by "nova.context.set_target_cell..get_or_set_cached_cell_and_set_connections" :: held 0.001s {{(pid=98730) inner /opt/stack/data/venv/lib/python3.12/site-packages/oslo_concurrency/lockutils.py:543}}
Jul 08 17:39:09.044535 np0000004838 nova-conductor[98730]: INFO dbcounter [None req-6f98a098-16a0-4113-941a-5a3869de1ce9 tempest-DeleteServersTestJSON-802310919 tempest-DeleteServersTestJSON-802310919-project-member] Registered counter for database nova_cell1
Jul 08 17:39:09.088085 np0000004838 nova-conductor[98730]: DEBUG oslo_db.sqlalchemy.engines [None req-6f98a098-16a0-4113-941a-5a3869de1ce9 tempest-DeleteServersTestJSON-802310919 tempest-DeleteServersTestJSON-802310919-project-member] MySQL server mode set to STRICT_TRANS_TABLES,STRICT_ALL_TABLES,NO_ZERO_IN_DATE,NO_ZERO_DATE,ERROR_FOR_DIVISION_BY_ZERO,TRADITIONAL,NO_ENGINE_SUBSTITUTION {{(pid=98730) _check_effective_sql_mode /opt/stack/data/venv/lib/python3.12/site-packages/oslo_db/sqlalchemy/engines.py:325}}
Jul 08 17:39:09.097364 np0000004838 nova-conductor[98730]: DEBUG dbcounter [-] [98730] Writer thread running {{(pid=98730) stat_writer /opt/stack/data/venv/lib/python3.12/site-packages/dbcounter.py:102}}
Jul 08 17:39:09.165422 np0000004838 nova-conductor[98730]: INFO nova.utils [None req-6f98a098-16a0-4113-941a-5a3869de1ce9 tempest-DeleteServersTestJSON-802310919 tempest-DeleteServersTestJSON-802310919-project-member] The cell worker thread pool ForkProcess-2.cell_worker is initialized
Jul 08 17:39:09.165695 np0000004838 nova-conductor[98730]: DEBUG oslo_concurrency.lockutils [None req-6f98a098-16a0-4113-941a-5a3869de1ce9 tempest-DeleteServersTestJSON-802310919 tempest-DeleteServersTestJSON-802310919-project-member] Acquiring lock "00000000-0000-0000-0000-000000000000" by "nova.context.set_target_cell..get_or_set_cached_cell_and_set_connections" {{(pid=98730) inner /opt/stack/data/venv/lib/python3.12/site-packages/oslo_concurrency/lockutils.py:511}}
Jul 08 17:39:09.165831 np0000004838 nova-conductor[98730]: DEBUG oslo_concurrency.lockutils [None req-6f98a098-16a0-4113-941a-5a3869de1ce9 tempest-DeleteServersTestJSON-802310919 tempest-DeleteServersTestJSON-802310919-project-member] Lock "00000000-0000-0000-0000-000000000000" acquired by "nova.context.set_target_cell..get_or_set_cached_cell_and_set_connections" :: waited 0.000s {{(pid=98730) inner /opt/stack/data/venv/lib/python3.12/site-packages/oslo_concurrency/lockutils.py:524}}
Jul 08 17:39:09.166822 np0000004838 nova-conductor[98730]: DEBUG oslo_concurrency.lockutils [None req-6f98a098-16a0-4113-941a-5a3869de1ce9 tempest-DeleteServersTestJSON-802310919 tempest-DeleteServersTestJSON-802310919-project-member] Lock "00000000-0000-0000-0000-000000000000" "released" by "nova.context.set_target_cell..get_or_set_cached_cell_and_set_connections" :: held 0.001s {{(pid=98730) inner /opt/stack/data/venv/lib/python3.12/site-packages/oslo_concurrency/lockutils.py:543}}
Jul 08 17:39:09.167392 np0000004838 nova-conductor[98730]: DEBUG oslo_concurrency.lockutils [None req-6f98a098-16a0-4113-941a-5a3869de1ce9 tempest-DeleteServersTestJSON-802310919 tempest-DeleteServersTestJSON-802310919-project-member] Acquiring lock "68d835d2-25d9-41b7-9021-cce8d14f46cf" by "nova.context.set_target_cell..get_or_set_cached_cell_and_set_connections" {{(pid=98730) inner /opt/stack/data/venv/lib/python3.12/site-packages/oslo_concurrency/lockutils.py:511}}
Jul 08 17:39:09.168595 np0000004838 nova-conductor[98730]: INFO dbcounter [None req-6f98a098-16a0-4113-941a-5a3869de1ce9 tempest-DeleteServersTestJSON-802310919 tempest-DeleteServersTestJSON-802310919-project-member] Registered counter for database nova_cell0
Jul 08 17:39:09.169909 np0000004838 nova-conductor[98730]: DEBUG oslo_concurrency.lockutils [None req-6f98a098-16a0-4113-941a-5a3869de1ce9 tempest-DeleteServersTestJSON-802310919 tempest-DeleteServersTestJSON-802310919-project-member] Lock "68d835d2-25d9-41b7-9021-cce8d14f46cf" acquired by "nova.context.set_target_cell..get_or_set_cached_cell_and_set_connections" :: waited 0.001s {{(pid=98730) inner /opt/stack/data/venv/lib/python3.12/site-packages/oslo_concurrency/lockutils.py:524}}
Jul 08 17:39:09.170065 np0000004838 nova-conductor[98730]: DEBUG oslo_concurrency.lockutils [None req-6f98a098-16a0-4113-941a-5a3869de1ce9 tempest-DeleteServersTestJSON-802310919 tempest-DeleteServersTestJSON-802310919-project-member] Lock "68d835d2-25d9-41b7-9021-cce8d14f46cf" "released" by "nova.context.set_target_cell..get_or_set_cached_cell_and_set_connections" :: held 0.002s {{(pid=98730) inner /opt/stack/data/venv/lib/python3.12/site-packages/oslo_concurrency/lockutils.py:543}}
Jul 08 17:39:09.220841 np0000004838 nova-conductor[98730]: DEBUG oslo_db.sqlalchemy.engines [None req-6f98a098-16a0-4113-941a-5a3869de1ce9 tempest-DeleteServersTestJSON-802310919 tempest-DeleteServersTestJSON-802310919-project-member] MySQL server mode set to STRICT_TRANS_TABLES,STRICT_ALL_TABLES,NO_ZERO_IN_DATE,NO_ZERO_DATE,ERROR_FOR_DIVISION_BY_ZERO,TRADITIONAL,NO_ENGINE_SUBSTITUTION {{(pid=98730) _check_effective_sql_mode /opt/stack/data/venv/lib/python3.12/site-packages/oslo_db/sqlalchemy/engines.py:325}}
Jul 08 17:39:09.226255 np0000004838 nova-conductor[98730]: DEBUG dbcounter [-] [98730] Writer thread running {{(pid=98730) stat_writer /opt/stack/data/venv/lib/python3.12/site-packages/dbcounter.py:102}}
Jul 08 17:39:09.241583 np0000004838 nova-conductor[98730]: DEBUG nova.quota [None req-6f98a098-16a0-4113-941a-5a3869de1ce9 tempest-DeleteServersTestJSON-802310919 tempest-DeleteServersTestJSON-802310919-project-member] Getting quotas for project 0d8e4c3c96a448b595933674dccc12cc. Resources: {'cores', 'ram', 'instances'} {{(pid=98730) _get_quotas /opt/stack/nova/nova/quota.py:389}}
Jul 08 17:39:09.246635 np0000004838 nova-conductor[98730]: DEBUG nova.quota [None req-6f98a098-16a0-4113-941a-5a3869de1ce9 tempest-DeleteServersTestJSON-802310919 tempest-DeleteServersTestJSON-802310919-project-member] Getting quotas for user 189e17db208547278dd35fa529e3bc4b and project 0d8e4c3c96a448b595933674dccc12cc. Resources: {'cores', 'ram', 'instances'} {{(pid=98730) _get_quotas /opt/stack/nova/nova/quota.py:379}}
Jul 08 17:39:09.252818 np0000004838 nova-conductor[98730]: DEBUG nova.conductor.manager [None req-6f98a098-16a0-4113-941a-5a3869de1ce9 tempest-DeleteServersTestJSON-802310919 tempest-DeleteServersTestJSON-802310919-project-member] [instance: 717904a4-2b7a-4d48-b3a7-2a022d5a3801] Selected host: np0000004838; Selected node: np0000004838; Alternates: [] {{(pid=98730) schedule_and_build_instances /opt/stack/nova/nova/conductor/manager.py:1784}}
Jul 08 17:39:09.253368 np0000004838 nova-conductor[98730]: DEBUG oslo_concurrency.lockutils [None req-6f98a098-16a0-4113-941a-5a3869de1ce9 tempest-DeleteServersTestJSON-802310919 tempest-DeleteServersTestJSON-802310919-project-member] Acquiring lock "68d835d2-25d9-41b7-9021-cce8d14f46cf" by "nova.context.set_target_cell..get_or_set_cached_cell_and_set_connections" {{(pid=98730) inner /opt/stack/data/venv/lib/python3.12/site-packages/oslo_concurrency/lockutils.py:511}}
Jul 08 17:39:09.253522 np0000004838 nova-conductor[98730]: DEBUG oslo_concurrency.lockutils [None req-6f98a098-16a0-4113-941a-5a3869de1ce9 tempest-DeleteServersTestJSON-802310919 tempest-DeleteServersTestJSON-802310919-project-member] Lock "68d835d2-25d9-41b7-9021-cce8d14f46cf" acquired by "nova.context.set_target_cell..get_or_set_cached_cell_and_set_connections" :: waited 0.000s {{(pid=98730) inner /opt/stack/data/venv/lib/python3.12/site-packages/oslo_concurrency/lockutils.py:524}}
Jul 08 17:39:09.253591 np0000004838 nova-conductor[98730]: DEBUG oslo_concurrency.lockutils [None req-6f98a098-16a0-4113-941a-5a3869de1ce9 tempest-DeleteServersTestJSON-802310919 tempest-DeleteServersTestJSON-802310919-project-member] Lock "68d835d2-25d9-41b7-9021-cce8d14f46cf" "released" by "nova.context.set_target_cell..get_or_set_cached_cell_and_set_connections" :: held 0.000s {{(pid=98730) inner /opt/stack/data/venv/lib/python3.12/site-packages/oslo_concurrency/lockutils.py:543}}
Jul 08 17:39:09.263777 np0000004838 nova-conductor[98730]: DEBUG nova.conductor.manager [None req-6f98a098-16a0-4113-941a-5a3869de1ce9 tempest-DeleteServersTestJSON-802310919 tempest-DeleteServersTestJSON-802310919-project-member] [instance: 717904a4-2b7a-4d48-b3a7-2a022d5a3801] block_device_mapping [BlockDeviceMapping(attachment_id=,boot_index=0,connection_info=None,created_at=,delete_on_termination=True,deleted=,deleted_at=,destination_type='local',device_name=None,device_type='disk',disk_bus=None,encrypted=False,encryption_format=None,encryption_options=None,encryption_secret_uuid=None,guest_format=None,id=,image_id='818f103e-8071-40fe-bab6-5553a260d155',instance=,instance_uuid=,no_device=False,snapshot_id=None,source_type='image',tag=None,updated_at=,uuid=,volume_id=None,volume_size=None,volume_type=None)] {{(pid=98730) _create_block_device_mapping /opt/stack/nova/nova/conductor/manager.py:1529}}
Jul 08 17:39:09.265510 np0000004838 nova-conductor[98730]: DEBUG oslo_concurrency.lockutils [None req-6f98a098-16a0-4113-941a-5a3869de1ce9 tempest-DeleteServersTestJSON-802310919 tempest-DeleteServersTestJSON-802310919-project-member] Acquiring lock "68d835d2-25d9-41b7-9021-cce8d14f46cf" by "nova.context.set_target_cell..get_or_set_cached_cell_and_set_connections" {{(pid=98730) inner /opt/stack/data/venv/lib/python3.12/site-packages/oslo_concurrency/lockutils.py:511}}
Jul 08 17:39:09.265715 np0000004838 nova-conductor[98730]: DEBUG oslo_concurrency.lockutils [None req-6f98a098-16a0-4113-941a-5a3869de1ce9 tempest-DeleteServersTestJSON-802310919 tempest-DeleteServersTestJSON-802310919-project-member] Lock "68d835d2-25d9-41b7-9021-cce8d14f46cf" acquired by "nova.context.set_target_cell..get_or_set_cached_cell_and_set_connections" :: waited 0.000s {{(pid=98730) inner /opt/stack/data/venv/lib/python3.12/site-packages/oslo_concurrency/lockutils.py:524}}
