Jun 11 23:11:19.217133 np0000002690 devstack@c-api.service[96344]: DEBUG cinder.volume.api [None req-1ba8c887-48ab-49ba-aa71-76f2dc385e1d tempest-VolumesTestJSON-1427779534 tempest-VolumesTestJSON-1427779534-project-member] Flow 'volume_create_api' (139b3468-37bb-4548-9e19-f7da1cf20500) transitioned into state 'SUCCESS' from state 'RUNNING' {{(pid=96344) _flow_receiver /opt/stack/data/venv/lib/python3.12/site-packages/taskflow/listeners/logging.py:160}}
Jun 11 23:11:19.217510 np0000002690 devstack@c-api.service[96344]: INFO cinder.volume.api [None req-1ba8c887-48ab-49ba-aa71-76f2dc385e1d tempest-VolumesTestJSON-1427779534 tempest-VolumesTestJSON-1427779534-project-member] Create volume request issued successfully.
Jun 11 23:11:19.220040 np0000002690 devstack@c-api.service[96344]: INFO cinder.api.openstack.wsgi [None req-1ba8c887-48ab-49ba-aa71-76f2dc385e1d tempest-VolumesTestJSON-1427779534 tempest-VolumesTestJSON-1427779534-project-member] https://10.4.3.13/volume/v3/volumes returned with HTTP 202
Jun 11 23:11:19.220040 np0000002690 devstack@c-api.service[96344]: [pid: 96344|app: 0|req: 3/6] 10.4.3.13 () {68 vars in 1252 bytes} [Thu Jun 11 23:11:18 2026] POST /volume/v3/volumes => generated 757 bytes in 636 msecs (HTTP/1.1 202) 7 headers in 291 bytes (1 switches on core 0)
Jun 11 23:11:19.235262 np0000002690 devstack@c-api.service[96344]: DEBUG cinder.api.middleware.request_id [None req-0fc60df1-2733-4f66-ba9b-65457068bec0 None None] RequestId filter calling following filter/app {{(pid=96344) _context_setter /opt/stack/cinder/cinder/api/middleware/request_id.py:62}}
Jun 11 23:11:19.237136 np0000002690 devstack@c-api.service[96344]: INFO cinder.api.openstack.wsgi [None req-0fc60df1-2733-4f66-ba9b-65457068bec0 tempest-VolumesTestJSON-1427779534 tempest-VolumesTestJSON-1427779534-project-member] GET https://10.4.3.13/volume/v3/volumes/3fac6a2b-9bb0-4016-a755-1d0bbb999a90
Jun 11 23:11:19.237374 np0000002690 devstack@c-api.service[96344]: DEBUG cinder.api.openstack.wsgi [None req-0fc60df1-2733-4f66-ba9b-65457068bec0 tempest-VolumesTestJSON-1427779534 tempest-VolumesTestJSON-1427779534-project-member] Empty body provided in request {{(pid=96344) get_body /opt/stack/cinder/cinder/api/openstack/wsgi.py:725}}
Jun 11 23:11:19.237624 np0000002690 devstack@c-api.service[96344]: DEBUG cinder.api.openstack.wsgi [None req-0fc60df1-2733-4f66-ba9b-65457068bec0 tempest-VolumesTestJSON-1427779534 tempest-VolumesTestJSON-1427779534-project-member] Calling method 'show' {{(pid=96344) _process_stack /opt/stack/cinder/cinder/api/openstack/wsgi.py:878}}
Jun 11 23:11:19.244563 np0000002690 devstack@c-api.service[96344]: /opt/stack/data/venv/lib/python3.12/site-packages/oslo_context/context.py:102: DeprecationWarning: Policy enforcement is depending on the value of is_admin. This key is deprecated. Please update your policy file to use the standard policy values.
Jun 11 23:11:19.244563 np0000002690 devstack@c-api.service[96344]: warnings.warn(
Jun 11 23:11:19.250751 np0000002690 devstack@c-api.service[96344]: INFO cinder.volume.api [None req-0fc60df1-2733-4f66-ba9b-65457068bec0 tempest-VolumesTestJSON-1427779534 tempest-VolumesTestJSON-1427779534-project-member] Volume info retrieved successfully.
Jun 11 23:11:19.262309 np0000002690 devstack@c-api.service[96344]: INFO cinder.api.openstack.wsgi [None req-0fc60df1-2733-4f66-ba9b-65457068bec0 tempest-VolumesTestJSON-1427779534 tempest-VolumesTestJSON-1427779534-project-member] https://10.4.3.13/volume/v3/volumes/3fac6a2b-9bb0-4016-a755-1d0bbb999a90 returned with HTTP 200
Jun 11 23:11:19.262309 np0000002690 devstack@c-api.service[96344]: [pid: 96344|app: 0|req: 4/7] 10.4.3.13 () {66 vars in 1341 bytes} [Thu Jun 11 23:11:19 2026] GET /volume/v3/volumes/3fac6a2b-9bb0-4016-a755-1d0bbb999a90 => generated 825 bytes in 26 msecs (HTTP/1.1 200) 7 headers in 285 bytes (1 switches on core 0)
Jun 11 23:11:19.391015 np0000002690 devstack@c-api.service[96343]: INFO cinder.api.openstack.wsgi [None req-9cd6e0ca-3269-4684-a94d-f89a7fb2b23f tempest-GroupsTest-451735730 tempest-GroupsTest-451735730-project-admin] POST https://10.4.3.13/volume/v3/types
Jun 11 23:11:19.391560 np0000002690 devstack@c-api.service[96343]: DEBUG cinder.api.openstack.wsgi [None req-9cd6e0ca-3269-4684-a94d-f89a7fb2b23f tempest-GroupsTest-451735730 tempest-GroupsTest-451735730-project-admin] Action: 'create', calling method: _create, body: {"volume_type": {"name": "tempest-GroupsTest-volume-type-1492721014"}} {{(pid=96343) _process_stack /opt/stack/cinder/cinder/api/openstack/wsgi.py:876}}
Jun 11 23:11:19.421571 np0000002690 devstack@c-api.service[96343]: INFO cinder.api.openstack.wsgi [None req-9cd6e0ca-3269-4684-a94d-f89a7fb2b23f tempest-GroupsTest-451735730 tempest-GroupsTest-451735730-project-admin] https://10.4.3.13/volume/v3/types returned with HTTP 200
Jun 11 23:11:19.422185 np0000002690 devstack@c-api.service[96343]: [pid: 96343|app: 0|req: 4/8] 10.4.3.13 () {68 vars in 1245 bytes} [Thu Jun 11 23:11:19 2026] POST /volume/v3/types => generated 216 bytes in 316 msecs (HTTP/1.1 200) 7 headers in 285 bytes (1 switches on core 0)
Jun 11 23:11:19.433693 np0000002690 devstack@c-api.service[96344]: DEBUG cinder.api.middleware.request_id [None req-3e179876-e1ed-4198-8153-1585d69e830b None None] RequestId filter calling following filter/app {{(pid=96344) _context_setter /opt/stack/cinder/cinder/api/middleware/request_id.py:62}}
Jun 11 23:11:19.435559 np0000002690 devstack@c-api.service[96344]: INFO cinder.api.openstack.wsgi [None req-3e179876-e1ed-4198-8153-1585d69e830b tempest-GroupsTest-451735730 tempest-GroupsTest-451735730-project-admin] POST https://10.4.3.13/volume/v3/group_types
Jun 11 23:11:19.436005 np0000002690 devstack@c-api.service[96344]: DEBUG cinder.api.openstack.wsgi [None req-3e179876-e1ed-4198-8153-1585d69e830b tempest-GroupsTest-451735730 tempest-GroupsTest-451735730-project-admin] Action: 'create', calling method: version_select, body: {"group_type": {"name": "tempest-GroupsTest-group-type-1280611213"}} {{(pid=96344) _process_stack /opt/stack/cinder/cinder/api/openstack/wsgi.py:876}}
Jun 11 23:11:19.468391 np0000002690 devstack@c-api.service[96344]: INFO cinder.api.openstack.wsgi [None req-3e179876-e1ed-4198-8153-1585d69e830b tempest-GroupsTest-451735730 tempest-GroupsTest-451735730-project-admin] https://10.4.3.13/volume/v3/group_types returned with HTTP 202
Jun 11 23:11:19.469056 np0000002690 devstack@c-api.service[96344]: [pid: 96344|app: 0|req: 5/9] 10.4.3.13 () {70 vars in 1304 bytes} [Thu Jun 11 23:11:19 2026] POST /volume/v3/group_types => generated 173 bytes in 36 msecs (HTTP/1.1 202) 7 headers in 292 bytes (1 switches on core 0)
Jun 11 23:11:19.480535 np0000002690 devstack@c-api.service[96343]: DEBUG cinder.api.middleware.request_id [None req-d46c2cb6-69ca-48e4-9a8f-3813f9665ff5 None None] RequestId filter calling following filter/app {{(pid=96343) _context_setter /opt/stack/cinder/cinder/api/middleware/request_id.py:62}}
Jun 11 23:11:19.666938 np0000002690 devstack@c-api.service[96343]: INFO cinder.api.openstack.wsgi [None req-d46c2cb6-69ca-48e4-9a8f-3813f9665ff5 tempest-GroupsTest-1826658829 tempest-GroupsTest-1826658829-project-member] POST https://10.4.3.13/volume/v3/groups
Jun 11 23:11:19.668115 np0000002690 devstack@c-api.service[96343]: DEBUG cinder.api.openstack.wsgi [None req-d46c2cb6-69ca-48e4-9a8f-3813f9665ff5 tempest-GroupsTest-1826658829 tempest-GroupsTest-1826658829-project-member] Action: 'create', calling method: version_select, body: {"group": {"group_type": "62f7ba0f-bcb1-49d4-8558-a25c6359b21c", "volume_types": ["b8845df6-2705-4815-9d5c-d78d96738b8d"], "name": "tempest-Group1-981799095"}} {{(pid=96343) _process_stack /opt/stack/cinder/cinder/api/openstack/wsgi.py:876}}
Jun 11 23:11:19.670264 np0000002690 devstack@c-api.service[96343]: DEBUG cinder.api.v3.groups [None req-d46c2cb6-69ca-48e4-9a8f-3813f9665ff5 tempest-GroupsTest-1826658829 tempest-GroupsTest-1826658829-project-member] Creating new group {'group': {'group_type': '62f7ba0f-bcb1-49d4-8558-a25c6359b21c', 'volume_types': ['b8845df6-2705-4815-9d5c-d78d96738b8d'], 'name': 'tempest-Group1-981799095'}} {{(pid=96343) create /opt/stack/cinder/cinder/api/v3/groups.py:190}}
Jun 11 23:11:19.679437 np0000002690 devstack@c-api.service[96343]: INFO cinder.api.v3.groups [None req-d46c2cb6-69ca-48e4-9a8f-3813f9665ff5 tempest-GroupsTest-1826658829 tempest-GroupsTest-1826658829-project-member] Creating group tempest-Group1-981799095.
Jun 11 23:11:19.698946 np0000002690 devstack@c-api.service[96343]: DEBUG cinder.volume.api [None req-d46c2cb6-69ca-48e4-9a8f-3813f9665ff5 tempest-GroupsTest-1826658829 tempest-GroupsTest-1826658829-project-member] Availability zone cache updated, next update will occur around 2026-06-12 00:11:19.697235. {{(pid=96343) list_availability_zones /opt/stack/cinder/cinder/volume/api.py:155}}
Jun 11 23:11:19.698946 np0000002690 devstack@c-api.service[96343]: INFO cinder.volume.api [None req-d46c2cb6-69ca-48e4-9a8f-3813f9665ff5 tempest-GroupsTest-1826658829 tempest-GroupsTest-1826658829-project-member] Availability Zones retrieved successfully.
Jun 11 23:11:19.725830 np0000002690 devstack@c-api.service[96343]: DEBUG cinder.quota [None req-d46c2cb6-69ca-48e4-9a8f-3813f9665ff5 tempest-GroupsTest-1826658829 tempest-GroupsTest-1826658829-project-member] Created reservations ['d349b059-a18e-4e01-9027-9f43bcb469d7'] {{(pid=96343) reserve /opt/stack/cinder/cinder/quota.py:752}}
Jun 11 23:11:19.791143 np0000002690 devstack@c-api.service[96343]: INFO cinder.api.openstack.wsgi [None req-d46c2cb6-69ca-48e4-9a8f-3813f9665ff5 tempest-GroupsTest-1826658829 tempest-GroupsTest-1826658829-project-member] https://10.4.3.13/volume/v3/groups returned with HTTP 202
Jun 11 23:11:19.791576 np0000002690 devstack@c-api.service[96343]: [pid: 96343|app: 0|req: 5/10] 10.4.3.13 () {70 vars in 1290 bytes} [Thu Jun 11 23:11:19 2026] POST /volume/v3/groups => generated 93 bytes in 312 msecs (HTTP/1.1 202) 7 headers in 291 bytes (1 switches on core 0)
Jun 11 23:11:19.799511 np0000002690 devstack@c-api.service[96344]: DEBUG cinder.api.middleware.request_id [None req-98c5bc7f-edcc-4645-88ce-1aa2081b3883 None None] RequestId filter calling following filter/app {{(pid=96344) _context_setter /opt/stack/cinder/cinder/api/middleware/request_id.py:62}}
Jun 11 23:11:19.802277 np0000002690 devstack@c-api.service[96344]: INFO cinder.api.openstack.wsgi [None req-98c5bc7f-edcc-4645-88ce-1aa2081b3883 tempest-GroupsTest-1826658829 tempest-GroupsTest-1826658829-project-member] GET https://10.4.3.13/volume/v3/groups/05dd2d74-7680-46d4-9e4f-d5b82c1b972f
Jun 11 23:11:19.802693 np0000002690 devstack@c-api.service[96344]: DEBUG cinder.api.openstack.wsgi [None req-98c5bc7f-edcc-4645-88ce-1aa2081b3883 tempest-GroupsTest-1826658829 tempest-GroupsTest-1826658829-project-member] Empty body provided in request {{(pid=96344) get_body /opt/stack/cinder/cinder/api/openstack/wsgi.py:725}}
Jun 11 23:11:19.802958 np0000002690 devstack@c-api.service[96344]: DEBUG cinder.api.openstack.wsgi [None req-98c5bc7f-edcc-4645-88ce-1aa2081b3883 tempest-GroupsTest-1826658829 tempest-GroupsTest-1826658829-project-member] Calling method 'version_select' {{(pid=96344) _process_stack /opt/stack/cinder/cinder/api/openstack/wsgi.py:878}}
Jun 11 23:11:19.803215 np0000002690 devstack@c-api.service[96344]: DEBUG cinder.api.v3.groups [None req-98c5bc7f-edcc-4645-88ce-1aa2081b3883 tempest-GroupsTest-1826658829 tempest-GroupsTest-1826658829-project-member] show called for member 05dd2d74-7680-46d4-9e4f-d5b82c1b972f {{(pid=96344) show /opt/stack/cinder/cinder/api/v3/groups.py:58}}
Jun 11 23:11:19.809525 np0000002690 devstack@c-api.service[96344]: /opt/stack/data/venv/lib/python3.12/site-packages/oslo_context/context.py:102: DeprecationWarning: Policy enforcement is depending on the value of is_admin. This key is deprecated. Please update your policy file to use the standard policy values.
Jun 11 23:11:19.809525 np0000002690 devstack@c-api.service[96344]: warnings.warn(
Jun 11 23:11:19.824079 np0000002690 devstack@c-api.service[96344]: INFO cinder.api.openstack.wsgi [None req-98c5bc7f-edcc-4645-88ce-1aa2081b3883 tempest-GroupsTest-1826658829 tempest-GroupsTest-1826658829-project-member] https://10.4.3.13/volume/v3/groups/05dd2d74-7680-46d4-9e4f-d5b82c1b972f returned with HTTP 200
Jun 11 23:11:19.825012 np0000002690 devstack@c-api.service[96344]: [pid: 96344|app: 0|req: 6/11] 10.4.3.13 () {68 vars in 1379 bytes} [Thu Jun 11 23:11:19 2026] GET /volume/v3/groups/05dd2d74-7680-46d4-9e4f-d5b82c1b972f => generated 321 bytes in 25 msecs (HTTP/1.1 200) 7 headers in 286 bytes (1 switches on core 0)
Jun 11 23:11:20.275666 np0000002690 devstack@c-api.service[96343]: DEBUG cinder.api.middleware.request_id [None req-16bceefd-0d28-4082-8d30-8ec82d368604 None None] RequestId filter calling following filter/app {{(pid=96343) _context_setter /opt/stack/cinder/cinder/api/middleware/request_id.py:62}}
Jun 11 23:11:20.277438 np0000002690 devstack@c-api.service[96343]: INFO cinder.api.openstack.wsgi [None req-16bceefd-0d28-4082-8d30-8ec82d368604 tempest-VolumesTestJSON-1427779534 tempest-VolumesTestJSON-1427779534-project-member] GET https://10.4.3.13/volume/v3/volumes/3fac6a2b-9bb0-4016-a755-1d0bbb999a90
Jun 11 23:11:20.277680 np0000002690 devstack@c-api.service[96343]: DEBUG cinder.api.openstack.wsgi [None req-16bceefd-0d28-4082-8d30-8ec82d368604 tempest-VolumesTestJSON-1427779534 tempest-VolumesTestJSON-1427779534-project-member] Empty body provided in request {{(pid=96343) get_body /opt/stack/cinder/cinder/api/openstack/wsgi.py:725}}
Jun 11 23:11:20.277897 np0000002690 devstack@c-api.service[96343]: DEBUG cinder.api.openstack.wsgi [None req-16bceefd-0d28-4082-8d30-8ec82d368604 tempest-VolumesTestJSON-1427779534 tempest-VolumesTestJSON-1427779534-project-member] Calling method 'show' {{(pid=96343) _process_stack /opt/stack/cinder/cinder/api/openstack/wsgi.py:878}}
Jun 11 23:11:20.317392 np0000002690 devstack@c-api.service[96343]: /opt/stack/data/venv/lib/python3.12/site-packages/oslo_context/context.py:102: DeprecationWarning: Policy enforcement is depending on the value of is_admin. This key is deprecated. Please update your policy file to use the standard policy values.
Jun 11 23:11:20.317392 np0000002690 devstack@c-api.service[96343]: warnings.warn(
Jun 11 23:11:20.326081 np0000002690 devstack@c-api.service[96343]: INFO cinder.volume.api [None req-16bceefd-0d28-4082-8d30-8ec82d368604 tempest-VolumesTestJSON-1427779534 tempest-VolumesTestJSON-1427779534-project-member] Volume info retrieved successfully.
Jun 11 23:11:20.336646 np0000002690 devstack@c-api.service[96343]: INFO cinder.api.openstack.wsgi [None req-16bceefd-0d28-4082-8d30-8ec82d368604 tempest-VolumesTestJSON-1427779534 tempest-VolumesTestJSON-1427779534-project-member] https://10.4.3.13/volume/v3/volumes/3fac6a2b-9bb0-4016-a755-1d0bbb999a90 returned with HTTP 200
Jun 11 23:11:20.337158 np0000002690 devstack@c-api.service[96343]: [pid: 96343|app: 0|req: 6/12] 10.4.3.13 () {66 vars in 1341 bytes} [Thu Jun 11 23:11:20 2026] GET /volume/v3/volumes/3fac6a2b-9bb0-4016-a755-1d0bbb999a90 => generated 850 bytes in 62 msecs (HTTP/1.1 200) 7 headers in 285 bytes (1 switches on core 0)
Jun 11 23:11:20.584578 np0000002690 devstack@c-api.service[96344]: DEBUG cinder.api.middleware.request_id [req-70b600de-3def-465e-abe6-d60b77efadf4 req-d0e1160c-9280-4bcb-abe2-6f0b91ae48f1 None None] RequestId filter calling following filter/app {{(pid=96344) _context_setter /opt/stack/cinder/cinder/api/middleware/request_id.py:62}}
Jun 11 23:11:20.839464 np0000002690 devstack@c-api.service[96343]: DEBUG cinder.api.middleware.request_id [None req-ee053fa5-3435-49ca-a9cd-9f1b8edc21ff None None] RequestId filter calling following filter/app {{(pid=96343) _context_setter /opt/stack/cinder/cinder/api/middleware/request_id.py:62}}
Jun 11 23:11:20.842062 np0000002690 devstack@c-api.service[96343]: INFO cinder.api.openstack.wsgi [None req-ee053fa5-3435-49ca-a9cd-9f1b8edc21ff tempest-GroupsTest-1826658829 tempest-GroupsTest-1826658829-project-member] GET https://10.4.3.13/volume/v3/groups/05dd2d74-7680-46d4-9e4f-d5b82c1b972f
Jun 11 23:11:20.842346 np0000002690 devstack@c-api.service[96343]: DEBUG cinder.api.openstack.wsgi [None req-ee053fa5-3435-49ca-a9cd-9f1b8edc21ff tempest-GroupsTest-1826658829 tempest-GroupsTest-1826658829-project-member] Empty body provided in request {{(pid=96343) get_body /opt/stack/cinder/cinder/api/openstack/wsgi.py:725}}
Jun 11 23:11:20.843085 np0000002690 devstack@c-api.service[96343]: DEBUG cinder.api.openstack.wsgi [None req-ee053fa5-3435-49ca-a9cd-9f1b8edc21ff tempest-GroupsTest-1826658829 tempest-GroupsTest-1826658829-project-member] Calling method 'version_select' {{(pid=96343) _process_stack /opt/stack/cinder/cinder/api/openstack/wsgi.py:878}}
Jun 11 23:11:20.843317 np0000002690 devstack@c-api.service[96343]: DEBUG cinder.api.v3.groups [None req-ee053fa5-3435-49ca-a9cd-9f1b8edc21ff tempest-GroupsTest-1826658829 tempest-GroupsTest-1826658829-project-member] show called for member 05dd2d74-7680-46d4-9e4f-d5b82c1b972f {{(pid=96343) show /opt/stack/cinder/cinder/api/v3/groups.py:58}}
Jun 11 23:11:20.848819 np0000002690 devstack@c-api.service[96343]: /opt/stack/data/venv/lib/python3.12/site-packages/oslo_context/context.py:102: DeprecationWarning: Policy enforcement is depending on the value of is_admin. This key is deprecated. Please update your policy file to use the standard policy values.
Jun 11 23:11:20.848819 np0000002690 devstack@c-api.service[96343]: warnings.warn(
Jun 11 23:11:20.870576 np0000002690 devstack@c-api.service[96344]: INFO cinder.api.openstack.wsgi [req-70b600de-3def-465e-abe6-d60b77efadf4 req-d0e1160c-9280-4bcb-abe2-6f0b91ae48f1 tempest-VolumesTestJSON-1427779534 tempest-VolumesTestJSON-1427779534-project-member] GET https://10.4.3.13/volume/v3/volumes/3fac6a2b-9bb0-4016-a755-1d0bbb999a90
Jun 11 23:11:20.870576 np0000002690 devstack@c-api.service[96344]: DEBUG cinder.api.openstack.wsgi [req-70b600de-3def-465e-abe6-d60b77efadf4 req-d0e1160c-9280-4bcb-abe2-6f0b91ae48f1 tempest-VolumesTestJSON-1427779534 tempest-VolumesTestJSON-1427779534-project-member] Empty body provided in request {{(pid=96344) get_body /opt/stack/cinder/cinder/api/openstack/wsgi.py:725}}
Jun 11 23:11:20.870980 np0000002690 devstack@c-api.service[96343]: INFO cinder.api.openstack.wsgi [None req-ee053fa5-3435-49ca-a9cd-9f1b8edc21ff tempest-GroupsTest-1826658829 tempest-GroupsTest-1826658829-project-member] https://10.4.3.13/volume/v3/groups/05dd2d74-7680-46d4-9e4f-d5b82c1b972f returned with HTTP 200
Jun 11 23:11:20.871033 np0000002690 devstack@c-api.service[96344]: DEBUG cinder.api.openstack.wsgi [req-70b600de-3def-465e-abe6-d60b77efadf4 req-d0e1160c-9280-4bcb-abe2-6f0b91ae48f1 tempest-VolumesTestJSON-1427779534 tempest-VolumesTestJSON-1427779534-project-member] Calling method 'show' {{(pid=96344) _process_stack /opt/stack/cinder/cinder/api/openstack/wsgi.py:878}}
Jun 11 23:11:20.871068 np0000002690 devstack@c-api.service[96343]: [pid: 96343|app: 0|req: 7/13] 10.4.3.13 () {68 vars in 1379 bytes} [Thu Jun 11 23:11:20 2026] GET /volume/v3/groups/05dd2d74-7680-46d4-9e4f-d5b82c1b972f => generated 322 bytes in 32 msecs (HTTP/1.1 200) 7 headers in 286 bytes (1 switches on core 0)
Jun 11 23:11:20.878336 np0000002690 devstack@c-api.service[96344]: /opt/stack/data/venv/lib/python3.12/site-packages/oslo_context/context.py:102: DeprecationWarning: Policy enforcement is depending on the value of is_admin. This key is deprecated. Please update your policy file to use the standard policy values.
Jun 11 23:11:20.878336 np0000002690 devstack@c-api.service[96344]: warnings.warn(
Jun 11 23:11:20.881529 np0000002690 devstack@c-api.service[96343]: DEBUG cinder.api.middleware.request_id [None req-92c94fde-5d55-4a6e-8d93-09e17419872e None None] RequestId filter calling following filter/app {{(pid=96343) _context_setter /opt/stack/cinder/cinder/api/middleware/request_id.py:62}}
Jun 11 23:11:20.882771 np0000002690 devstack@c-api.service[96344]: INFO cinder.volume.api [req-70b600de-3def-465e-abe6-d60b77efadf4 req-d0e1160c-9280-4bcb-abe2-6f0b91ae48f1 tempest-VolumesTestJSON-1427779534 tempest-VolumesTestJSON-1427779534-project-member] Volume info retrieved successfully.
Jun 11 23:11:20.883913 np0000002690 devstack@c-api.service[96343]: INFO cinder.api.openstack.wsgi [None req-92c94fde-5d55-4a6e-8d93-09e17419872e tempest-GroupsTest-1826658829 tempest-GroupsTest-1826658829-project-member] POST https://10.4.3.13/volume/v3/groups
Jun 11 23:11:20.884454 np0000002690 devstack@c-api.service[96343]: DEBUG cinder.api.openstack.wsgi [None req-92c94fde-5d55-4a6e-8d93-09e17419872e tempest-GroupsTest-1826658829 tempest-GroupsTest-1826658829-project-member] Action: 'create', calling method: version_select, body: {"group": {"group_type": "62f7ba0f-bcb1-49d4-8558-a25c6359b21c", "volume_types": ["b8845df6-2705-4815-9d5c-d78d96738b8d"], "name": "tempest-Group2-150657476"}} {{(pid=96343) _process_stack /opt/stack/cinder/cinder/api/openstack/wsgi.py:876}}
Jun 11 23:11:20.886510 np0000002690 devstack@c-api.service[96343]: DEBUG cinder.api.v3.groups [None req-92c94fde-5d55-4a6e-8d93-09e17419872e tempest-GroupsTest-1826658829 tempest-GroupsTest-1826658829-project-member] Creating new group {'group': {'group_type': '62f7ba0f-bcb1-49d4-8558-a25c6359b21c', 'volume_types': ['b8845df6-2705-4815-9d5c-d78d96738b8d'], 'name': 'tempest-Group2-150657476'}} {{(pid=96343) create /opt/stack/cinder/cinder/api/v3/groups.py:190}}
Jun 11 23:11:20.888722 np0000002690 devstack@c-api.service[96344]: INFO cinder.api.openstack.wsgi [req-70b600de-3def-465e-abe6-d60b77efadf4 req-d0e1160c-9280-4bcb-abe2-6f0b91ae48f1 tempest-VolumesTestJSON-1427779534 tempest-VolumesTestJSON-1427779534-project-member] https://10.4.3.13/volume/v3/volumes/3fac6a2b-9bb0-4016-a755-1d0bbb999a90 returned with HTTP 200
Jun 11 23:11:20.888722 np0000002690 devstack@c-api.service[96344]: [pid: 96344|app: 0|req: 7/14] 10.4.3.13 () {68 vars in 1591 bytes} [Thu Jun 11 23:11:20 2026] GET /volume/v3/volumes/3fac6a2b-9bb0-4016-a755-1d0bbb999a90 => generated 850 bytes in 305 msecs (HTTP/1.1 200) 7 headers in 285 bytes (1 switches on core 0)
Jun 11 23:11:20.890582 np0000002690 devstack@c-api.service[96343]: INFO cinder.api.v3.groups [None req-92c94fde-5d55-4a6e-8d93-09e17419872e tempest-GroupsTest-1826658829 tempest-GroupsTest-1826658829-project-member] Creating group tempest-Group2-150657476.
Jun 11 23:11:20.890860 np0000002690 devstack@c-api.service[96343]: /opt/stack/data/venv/lib/python3.12/site-packages/oslo_context/context.py:102: DeprecationWarning: Policy enforcement is depending on the value of is_admin. This key is deprecated. Please update your policy file to use the standard policy values.
Jun 11 23:11:20.890860 np0000002690 devstack@c-api.service[96343]: warnings.warn(
Jun 11 23:11:20.898774 np0000002690 devstack@c-api.service[96343]: INFO cinder.volume.api [None req-92c94fde-5d55-4a6e-8d93-09e17419872e tempest-GroupsTest-1826658829 tempest-GroupsTest-1826658829-project-member] Availability Zones retrieved successfully.
Jun 11 23:11:20.905931 np0000002690 devstack@c-api.service[96344]: DEBUG cinder.api.middleware.request_id [None req-f339b31f-b431-4814-adb0-73e53c86f1f2 None None] RequestId filter calling following filter/app {{(pid=96344) _context_setter /opt/stack/cinder/cinder/api/middleware/request_id.py:62}}
Jun 11 23:11:20.908511 np0000002690 devstack@c-api.service[96344]: INFO cinder.api.openstack.wsgi [None req-f339b31f-b431-4814-adb0-73e53c86f1f2 tempest-VolumesTestJSON-1427779534 tempest-VolumesTestJSON-1427779534-project-member] POST https://10.4.3.13/volume/v3/volumes
Jun 11 23:11:20.909127 np0000002690 devstack@c-api.service[96344]: DEBUG cinder.api.openstack.wsgi [None req-f339b31f-b431-4814-adb0-73e53c86f1f2 tempest-VolumesTestJSON-1427779534 tempest-VolumesTestJSON-1427779534-project-member] Action: 'create', calling method: create, body: {"volume": {"metadata": {"Type": "work"}, "size": 1, "display_name": "tempest-VolumesTestJSON-volume-1066692679"}} {{(pid=96344) _process_stack /opt/stack/cinder/cinder/api/openstack/wsgi.py:876}}
Jun 11 23:11:20.910621 np0000002690 devstack@c-api.service[96343]: DEBUG cinder.quota [None req-92c94fde-5d55-4a6e-8d93-09e17419872e tempest-GroupsTest-1826658829 tempest-GroupsTest-1826658829-project-member] Created reservations ['7e8b7888-b93d-41cb-bbc5-df565138fe7e'] {{(pid=96343) reserve /opt/stack/cinder/cinder/quota.py:752}}
Jun 11 23:11:20.911341 np0000002690 devstack@c-api.service[96344]: DEBUG cinder.api.v3.volumes [None req-f339b31f-b431-4814-adb0-73e53c86f1f2 tempest-VolumesTestJSON-1427779534 tempest-VolumesTestJSON-1427779534-project-member] Create volume request body: {'volume': {'metadata': {'Type': 'work'}, 'size': 1, 'display_name': 'tempest-VolumesTestJSON-volume-1066692679'}} {{(pid=96344) create /opt/stack/cinder/cinder/api/v3/volumes.py:368}}
Jun 11 23:11:20.911944 np0000002690 devstack@c-api.service[96344]: INFO cinder.api.v3.volumes [None req-f339b31f-b431-4814-adb0-73e53c86f1f2 tempest-VolumesTestJSON-1427779534 tempest-VolumesTestJSON-1427779534-project-member] Create volume of 1 GB
Jun 11 23:11:20.919558 np0000002690 devstack@c-api.service[96344]: INFO cinder.volume.api [None req-f339b31f-b431-4814-adb0-73e53c86f1f2 tempest-VolumesTestJSON-1427779534 tempest-VolumesTestJSON-1427779534-project-member] Availability Zones retrieved successfully.
Jun 11 23:11:20.928787 np0000002690 devstack@c-api.service[96344]: DEBUG cinder.volume.api [None req-f339b31f-b431-4814-adb0-73e53c86f1f2 tempest-VolumesTestJSON-1427779534 tempest-VolumesTestJSON-1427779534-project-member] Flow 'volume_create_api' (9db5b3a1-3d25-4d60-8ee0-4a4d381db4b3) transitioned into state 'RUNNING' from state 'PENDING' {{(pid=96344) _flow_receiver /opt/stack/data/venv/lib/python3.12/site-packages/taskflow/listeners/logging.py:160}}
Jun 11 23:11:20.930720 np0000002690 devstack@c-api.service[96344]: DEBUG cinder.volume.api [None req-f339b31f-b431-4814-adb0-73e53c86f1f2 tempest-VolumesTestJSON-1427779534 tempest-VolumesTestJSON-1427779534-project-member] Task 'cinder.volume.flows.api.create_volume.ExtractVolumeRequestTask;volume:create' (2b7cdbb6-9b6a-4fff-aa8e-408f22c4190f) transitioned into state 'RUNNING' from state 'PENDING' {{(pid=96344) _task_receiver /opt/stack/data/venv/lib/python3.12/site-packages/taskflow/listeners/logging.py:242}}
Jun 11 23:11:20.932696 np0000002690 devstack@c-api.service[96344]: DEBUG cinder.volume.flows.api.create_volume [None req-f339b31f-b431-4814-adb0-73e53c86f1f2 tempest-VolumesTestJSON-1427779534 tempest-VolumesTestJSON-1427779534-project-member] Validating volume size '1' using validate_int {{(pid=96344) _extract_size /opt/stack/cinder/cinder/volume/flows/api/create_volume.py:226}}
Jun 11 23:11:20.935863 np0000002690 devstack@c-api.service[96343]: INFO cinder.api.openstack.wsgi [None req-92c94fde-5d55-4a6e-8d93-09e17419872e tempest-GroupsTest-1826658829 tempest-GroupsTest-1826658829-project-member] https://10.4.3.13/volume/v3/groups returned with HTTP 202
Jun 11 23:11:20.936733 np0000002690 devstack@c-api.service[96343]: [pid: 96343|app: 0|req: 8/15] 10.4.3.13 () {70 vars in 1290 bytes} [Thu Jun 11 23:11:20 2026] POST /volume/v3/groups => generated 93 bytes in 55 msecs (HTTP/1.1 202) 7 headers in 291 bytes (1 switches on core 0)
Jun 11 23:11:20.946278 np0000002690 devstack@c-api.service[96343]: DEBUG cinder.api.middleware.request_id [None req-417aab29-c70c-4709-a2d7-35f1eb7ebc24 None None] RequestId filter calling following filter/app {{(pid=96343) _context_setter /opt/stack/cinder/cinder/api/middleware/request_id.py:62}}
Jun 11 23:11:20.948248 np0000002690 devstack@c-api.service[96343]: INFO cinder.api.openstack.wsgi [None req-417aab29-c70c-4709-a2d7-35f1eb7ebc24 tempest-GroupsTest-1826658829 tempest-GroupsTest-1826658829-project-member] GET https://10.4.3.13/volume/v3/groups/e746b6d7-a561-47aa-9355-7fbca5aba863
Jun 11 23:11:20.948480 np0000002690 devstack@c-api.service[96343]: DEBUG cinder.api.openstack.wsgi [None req-417aab29-c70c-4709-a2d7-35f1eb7ebc24 tempest-GroupsTest-1826658829 tempest-GroupsTest-1826658829-project-member] Empty body provided in request {{(pid=96343) get_body /opt/stack/cinder/cinder/api/openstack/wsgi.py:725}}
Jun 11 23:11:20.948700 np0000002690 devstack@c-api.service[96343]: DEBUG cinder.api.openstack.wsgi [None req-417aab29-c70c-4709-a2d7-35f1eb7ebc24 tempest-GroupsTest-1826658829 tempest-GroupsTest-1826658829-project-member] Calling method 'version_select' {{(pid=96343) _process_stack /opt/stack/cinder/cinder/api/openstack/wsgi.py:878}}
Jun 11 23:11:20.948866 np0000002690 devstack@c-api.service[96343]: DEBUG cinder.api.v3.groups [None req-417aab29-c70c-4709-a2d7-35f1eb7ebc24 tempest-GroupsTest-1826658829 tempest-GroupsTest-1826658829-project-member] show called for member e746b6d7-a561-47aa-9355-7fbca5aba863 {{(pid=96343) show /opt/stack/cinder/cinder/api/v3/groups.py:58}}
Jun 11 23:11:20.954087 np0000002690 devstack@c-api.service[96343]: /opt/stack/data/venv/lib/python3.12/site-packages/oslo_context/context.py:102: DeprecationWarning: Policy enforcement is depending on the value of is_admin. This key is deprecated. Please update your policy file to use the standard policy values.
Jun 11 23:11:20.954087 np0000002690 devstack@c-api.service[96343]: warnings.warn(
Jun 11 23:11:20.965665 np0000002690 devstack@c-api.service[96343]: INFO cinder.api.openstack.wsgi [None req-417aab29-c70c-4709-a2d7-35f1eb7ebc24 tempest-GroupsTest-1826658829 tempest-GroupsTest-1826658829-project-member] https://10.4.3.13/volume/v3/groups/e746b6d7-a561-47aa-9355-7fbca5aba863 returned with HTTP 200
Jun 11 23:11:20.966195 np0000002690 devstack@c-api.service[96343]: [pid: 96343|app: 0|req: 9/16] 10.4.3.13 () {68 vars in 1379 bytes} [Thu Jun 11 23:11:20 2026] GET /volume/v3/groups/e746b6d7-a561-47aa-9355-7fbca5aba863 => generated 321 bytes in 20 msecs (HTTP/1.1 200) 7 headers in 286 bytes (1 switches on core 0)
Jun 11 23:11:20.970154 np0000002690 devstack@c-api.service[96344]: DEBUG cinder.volume.api [None req-f339b31f-b431-4814-adb0-73e53c86f1f2 tempest-VolumesTestJSON-1427779534 tempest-VolumesTestJSON-1427779534-project-member] Task 'cinder.volume.flows.api.create_volume.ExtractVolumeRequestTask;volume:create' (2b7cdbb6-9b6a-4fff-aa8e-408f22c4190f) transitioned into state 'SUCCESS' from state 'RUNNING' with result '{'size': 1, 'snapshot_id': None, 'source_volid': None, 'volume_type': VolumeType(created_at=2026-06-11T23:09:18Z,deleted=False,deleted_at=None,description=None,extra_specs={volume_backend_name='storpool'},id=1441e0fa-a51f-4862-bc1b-4e210dbb58b6,is_public=True,name='storpool',projects=[],qos_specs=,qos_specs_id=None,updated_at=None), 'volume_type_id': '1441e0fa-a51f-4862-bc1b-4e210dbb58b6', 'encryption_key_id': None, 'qos_specs': None, 'consistencygroup_id': None, 'cgsnapshot_id': None, 'group_id': None, 'replication_status': 'disabled', 'refresh_az': False, 'backup_id': None, 'multiattach': False, 'availability_zones': ['nova']}' {{(pid=96344) _task_receiver /opt/stack/data/venv/lib/python3.12/site-packages/taskflow/listeners/logging.py:218}}
Jun 11 23:11:20.972019 np0000002690 devstack@c-api.service[96344]: DEBUG cinder.volume.api [None req-f339b31f-b431-4814-adb0-73e53c86f1f2 tempest-VolumesTestJSON-1427779534 tempest-VolumesTestJSON-1427779534-project-member] Task 'cinder.volume.flows.api.create_volume.QuotaReserveTask;volume:create' (ed8abbd3-e001-4c11-8ccb-5a47e84652de) transitioned into state 'RUNNING' from state 'PENDING' {{(pid=96344) _task_receiver /opt/stack/data/venv/lib/python3.12/site-packages/taskflow/listeners/logging.py:242}}
Jun 11 23:11:21.024322 np0000002690 devstack@c-api.service[96344]: DEBUG cinder.quota [None req-f339b31f-b431-4814-adb0-73e53c86f1f2 tempest-VolumesTestJSON-1427779534 tempest-VolumesTestJSON-1427779534-project-member] Created reservations ['30830557-bb1c-4b7b-8c13-85438f7b2ecf', '02c13da1-21db-49d7-ae86-2b417bfc6abb', '036472dd-c079-442d-82fb-7c18005fd338', '6b41d739-0dc3-4491-8c64-8d6f53f53345'] {{(pid=96344) reserve /opt/stack/cinder/cinder/quota.py:752}}
Jun 11 23:11:21.027577 np0000002690 devstack@c-api.service[96344]: DEBUG cinder.volume.api [None req-f339b31f-b431-4814-adb0-73e53c86f1f2 tempest-VolumesTestJSON-1427779534 tempest-VolumesTestJSON-1427779534-project-member] Task 'cinder.volume.flows.api.create_volume.QuotaReserveTask;volume:create' (ed8abbd3-e001-4c11-8ccb-5a47e84652de) transitioned into state 'SUCCESS' from state 'RUNNING' with result '{'reservations': ['30830557-bb1c-4b7b-8c13-85438f7b2ecf', '02c13da1-21db-49d7-ae86-2b417bfc6abb', '036472dd-c079-442d-82fb-7c18005fd338', '6b41d739-0dc3-4491-8c64-8d6f53f53345']}' {{(pid=96344) _task_receiver /opt/stack/data/venv/lib/python3.12/site-packages/taskflow/listeners/logging.py:218}}
Jun 11 23:11:21.027577 np0000002690 devstack@c-api.service[96344]: DEBUG cinder.volume.api [None req-f339b31f-b431-4814-adb0-73e53c86f1f2 tempest-VolumesTestJSON-1427779534 tempest-VolumesTestJSON-1427779534-project-member] Task 'cinder.volume.flows.api.create_volume.EntryCreateTask;volume:create' (d86e398d-9188-49ff-b016-f91a281e07f1) transitioned into state 'RUNNING' from state 'PENDING' {{(pid=96344) _task_receiver /opt/stack/data/venv/lib/python3.12/site-packages/taskflow/listeners/logging.py:242}}
Jun 11 23:11:21.049458 np0000002690 devstack@c-api.service[96344]: DEBUG cinder.volume.api [None req-f339b31f-b431-4814-adb0-73e53c86f1f2 tempest-VolumesTestJSON-1427779534 tempest-VolumesTestJSON-1427779534-project-member] Task 'cinder.volume.flows.api.create_volume.EntryCreateTask;volume:create' (d86e398d-9188-49ff-b016-f91a281e07f1) transitioned into state 'SUCCESS' from state 'RUNNING' with result '{'volume_id': '5d29050d-c1b6-4751-a155-dc2537ab5973', 'volume_properties': VolumeProperties(attach_status='detached',availability_zone='nova',cgsnapshot_id=None,consistencygroup_id=None,display_description=None,display_name='tempest-VolumesTestJSON-volume-1066692679',encryption_key_id=None,group_id=None,group_type_id=,metadata={Type='work'},multiattach=False,project_id='013884fd14a642d48dcab398a7b33ee4',qos_specs=None,replication_status=,reservations=['30830557-bb1c-4b7b-8c13-85438f7b2ecf','02c13da1-21db-49d7-ae86-2b417bfc6abb','036472dd-c079-442d-82fb-7c18005fd338','6b41d739-0dc3-4491-8c64-8d6f53f53345'],size=1,snapshot_id=None,source_replicaid=,source_volid=None,status='creating',user_id='12c3fbd210a3457085080319816f4c78',volume_type_id=1441e0fa-a51f-4862-bc1b-4e210dbb58b6), 'volume': Volume(_name_id=None,admin_metadata=,attach_status='detached',availability_zone='nova',bootable=False,cluster=,cluster_name=None,consistencygroup=,consistencygroup_id=None,created_at=2026-06-11T23:11:21Z,deleted=False,deleted_at=None,display_description=None,display_name='tempest-VolumesTestJSON-volume-1066692679',ec2_id=None,encryption_key_id=None,glance_metadata=,group=,group_id=None,host=None,id=5d29050d-c1b6-4751-a155-dc2537ab5973,launched_at=None,metadata={Type='work'},migration_status=None,multiattach=False,previous_status=None,project_id='013884fd14a642d48dcab398a7b33ee4',provider_auth=None,provider_geometry=None,provider_id=None,provider_location=None,replication_driver_data=None,replication_extended_status=None,replication_status=None,scheduled_at=None,service_uuid=None,shared_targets=True,size=1,snapshot_id=None,snapshots=,source_volid=None,status='creating',terminated_at=None,updated_at=None,use_quota=True,user_id='12c3fbd210a3457085080319816f4c78',volume_attachment=VolumeAttachmentList,volume_type=VolumeType(1441e0fa-a51f-4862-bc1b-4e210dbb58b6),volume_type_id=1441e0fa-a51f-4862-bc1b-4e210dbb58b6)}' {{(pid=96344) _task_receiver /opt/stack/data/venv/lib/python3.12/site-packages/taskflow/listeners/logging.py:218}}
Jun 11 23:11:21.050515 np0000002690 devstack@c-api.service[96344]: DEBUG cinder.volume.api [None req-f339b31f-b431-4814-adb0-73e53c86f1f2 tempest-VolumesTestJSON-1427779534 tempest-VolumesTestJSON-1427779534-project-member] Task 'cinder.volume.flows.api.create_volume.QuotaCommitTask;volume:create' (6bafba19-70b2-4b7d-8375-7b8278434b68) transitioned into state 'RUNNING' from state 'PENDING' {{(pid=96344) _task_receiver /opt/stack/data/venv/lib/python3.12/site-packages/taskflow/listeners/logging.py:242}}
Jun 11 23:11:21.080460 np0000002690 devstack@c-api.service[96344]: DEBUG cinder.volume.api [None req-f339b31f-b431-4814-adb0-73e53c86f1f2 tempest-VolumesTestJSON-1427779534 tempest-VolumesTestJSON-1427779534-project-member] Task 'cinder.volume.flows.api.create_volume.QuotaCommitTask;volume:create' (6bafba19-70b2-4b7d-8375-7b8278434b68) transitioned into state 'SUCCESS' from state 'RUNNING' with result '{'volume_properties': VolumeProperties(attach_status='detached',availability_zone='nova',cgsnapshot_id=None,consistencygroup_id=None,display_description=None,display_name='tempest-VolumesTestJSON-volume-1066692679',encryption_key_id=None,group_id=None,group_type_id=,metadata={Type='work'},multiattach=False,project_id='013884fd14a642d48dcab398a7b33ee4',qos_specs=None,replication_status=,reservations=['30830557-bb1c-4b7b-8c13-85438f7b2ecf','02c13da1-21db-49d7-ae86-2b417bfc6abb','036472dd-c079-442d-82fb-7c18005fd338','6b41d739-0dc3-4491-8c64-8d6f53f53345'],size=1,snapshot_id=None,source_replicaid=,source_volid=None,status='creating',user_id='12c3fbd210a3457085080319816f4c78',volume_type_id=1441e0fa-a51f-4862-bc1b-4e210dbb58b6)}' {{(pid=96344) _task_receiver /opt/stack/data/venv/lib/python3.12/site-packages/taskflow/listeners/logging.py:218}}
Jun 11 23:11:21.082267 np0000002690 devstack@c-api.service[96344]: DEBUG cinder.volume.api [None req-f339b31f-b431-4814-adb0-73e53c86f1f2 tempest-VolumesTestJSON-1427779534 tempest-VolumesTestJSON-1427779534-project-member] Task 'cinder.volume.flows.api.create_volume.VolumeCastTask;volume:create' (7d67a9bc-f93f-4014-99bf-9e57d68bff33) transitioned into state 'RUNNING' from state 'PENDING' {{(pid=96344) _task_receiver /opt/stack/data/venv/lib/python3.12/site-packages/taskflow/listeners/logging.py:242}}
Jun 11 23:11:21.097129 np0000002690 devstack@c-api.service[96344]: DEBUG cinder.volume.api [None req-f339b31f-b431-4814-adb0-73e53c86f1f2 tempest-VolumesTestJSON-1427779534 tempest-VolumesTestJSON-1427779534-project-member] Task 'cinder.volume.flows.api.create_volume.VolumeCastTask;volume:create' (7d67a9bc-f93f-4014-99bf-9e57d68bff33) transitioned into state 'SUCCESS' from state 'RUNNING' with result 'None' {{(pid=96344) _task_receiver /opt/stack/data/venv/lib/python3.12/site-packages/taskflow/listeners/logging.py:218}}
Jun 11 23:11:21.098942 np0000002690 devstack@c-api.service[96344]: DEBUG cinder.volume.api [None req-f339b31f-b431-4814-adb0-73e53c86f1f2 tempest-VolumesTestJSON-1427779534 tempest-VolumesTestJSON-1427779534-project-member] Flow 'volume_create_api' (9db5b3a1-3d25-4d60-8ee0-4a4d381db4b3) transitioned into state 'SUCCESS' from state 'RUNNING' {{(pid=96344) _flow_receiver /opt/stack/data/venv/lib/python3.12/site-packages/taskflow/listeners/logging.py:160}}
Jun 11 23:11:21.099432 np0000002690 devstack@c-api.service[96344]: INFO cinder.volume.api [None req-f339b31f-b431-4814-adb0-73e53c86f1f2 tempest-VolumesTestJSON-1427779534 tempest-VolumesTestJSON-1427779534-project-member] Create volume request issued successfully.
Jun 11 23:11:21.100848 np0000002690 devstack@c-api.service[96344]: INFO cinder.api.openstack.wsgi [None req-f339b31f-b431-4814-adb0-73e53c86f1f2 tempest-VolumesTestJSON-1427779534 tempest-VolumesTestJSON-1427779534-project-member] https://10.4.3.13/volume/v3/volumes returned with HTTP 202
Jun 11 23:11:21.102416 np0000002690 devstack@c-api.service[96344]: [pid: 96344|app: 0|req: 8/17] 10.4.3.13 () {68 vars in 1252 bytes} [Thu Jun 11 23:11:20 2026] POST /volume/v3/volumes => generated 758 bytes in 197 msecs (HTTP/1.1 202) 7 headers in 291 bytes (1 switches on core 0)
Jun 11 23:11:21.116795 np0000002690 devstack@c-api.service[96343]: DEBUG cinder.api.middleware.request_id [None req-66af2eb9-cd40-44c9-a2bb-f3724ed1f402 None None] RequestId filter calling following filter/app {{(pid=96343) _context_setter /opt/stack/cinder/cinder/api/middleware/request_id.py:62}}
Jun 11 23:11:21.119909 np0000002690 devstack@c-api.service[96343]: INFO cinder.api.openstack.wsgi [None req-66af2eb9-cd40-44c9-a2bb-f3724ed1f402 tempest-VolumesTestJSON-1427779534 tempest-VolumesTestJSON-1427779534-project-member] GET https://10.4.3.13/volume/v3/volumes/5d29050d-c1b6-4751-a155-dc2537ab5973
Jun 11 23:11:21.120054 np0000002690 devstack@c-api.service[96343]: DEBUG cinder.api.openstack.wsgi [None req-66af2eb9-cd40-44c9-a2bb-f3724ed1f402 tempest-VolumesTestJSON-1427779534 tempest-VolumesTestJSON-1427779534-project-member] Empty body provided in request {{(pid=96343) get_body /opt/stack/cinder/cinder/api/openstack/wsgi.py:725}}
Jun 11 23:11:21.120380 np0000002690 devstack@c-api.service[96343]: DEBUG cinder.api.openstack.wsgi [None req-66af2eb9-cd40-44c9-a2bb-f3724ed1f402 tempest-VolumesTestJSON-1427779534 tempest-VolumesTestJSON-1427779534-project-member] Calling method 'show' {{(pid=96343) _process_stack /opt/stack/cinder/cinder/api/openstack/wsgi.py:878}}
Jun 11 23:11:21.136912 np0000002690 devstack@c-api.service[96343]: /opt/stack/data/venv/lib/python3.12/site-packages/oslo_context/context.py:102: DeprecationWarning: Policy enforcement is depending on the value of is_admin. This key is deprecated. Please update your policy file to use the standard policy values.
Jun 11 23:11:21.136912 np0000002690 devstack@c-api.service[96343]: warnings.warn(
Jun 11 23:11:21.143993 np0000002690 devstack@c-api.service[96343]: INFO cinder.volume.api [None req-66af2eb9-cd40-44c9-a2bb-f3724ed1f402 tempest-VolumesTestJSON-1427779534 tempest-VolumesTestJSON-1427779534-project-member] Volume info retrieved successfully.
Jun 11 23:11:21.153200 np0000002690 devstack@c-api.service[96343]: INFO cinder.api.openstack.wsgi [None req-66af2eb9-cd40-44c9-a2bb-f3724ed1f402 tempest-VolumesTestJSON-1427779534 tempest-VolumesTestJSON-1427779534-project-member] https://10.4.3.13/volume/v3/volumes/5d29050d-c1b6-4751-a155-dc2537ab5973 returned with HTTP 200
Jun 11 23:11:21.153700 np0000002690 devstack@c-api.service[96343]: [pid: 96343|app: 0|req: 10/18] 10.4.3.13 () {66 vars in 1341 bytes} [Thu Jun 11 23:11:21 2026] GET /volume/v3/volumes/5d29050d-c1b6-4751-a155-dc2537ab5973 => generated 826 bytes in 38 msecs (HTTP/1.1 200) 7 headers in 285 bytes (1 switches on core 0)
Jun 11 23:11:21.978050 np0000002690 devstack@c-api.service[96344]: DEBUG cinder.api.middleware.request_id [None req-43827644-308c-41c4-a7a6-a755b09129c6 None None] RequestId filter calling following filter/app {{(pid=96344) _context_setter /opt/stack/cinder/cinder/api/middleware/request_id.py:62}}
Jun 11 23:11:21.980072 np0000002690 devstack@c-api.service[96344]: INFO cinder.api.openstack.wsgi [None req-43827644-308c-41c4-a7a6-a755b09129c6 tempest-GroupsTest-1826658829 tempest-GroupsTest-1826658829-project-member] GET https://10.4.3.13/volume/v3/groups/e746b6d7-a561-47aa-9355-7fbca5aba863
Jun 11 23:11:21.980281 np0000002690 devstack@c-api.service[96344]: DEBUG cinder.api.openstack.wsgi [None req-43827644-308c-41c4-a7a6-a755b09129c6 tempest-GroupsTest-1826658829 tempest-GroupsTest-1826658829-project-member] Empty body provided in request {{(pid=96344) get_body /opt/stack/cinder/cinder/api/openstack/wsgi.py:725}}
Jun 11 23:11:21.980477 np0000002690 devstack@c-api.service[96344]: DEBUG cinder.api.openstack.wsgi [None req-43827644-308c-41c4-a7a6-a755b09129c6 tempest-GroupsTest-1826658829 tempest-GroupsTest-1826658829-project-member] Calling method 'version_select' {{(pid=96344) _process_stack /opt/stack/cinder/cinder/api/openstack/wsgi.py:878}}
Jun 11 23:11:21.980624 np0000002690 devstack@c-api.service[96344]: DEBUG cinder.api.v3.groups [None req-43827644-308c-41c4-a7a6-a755b09129c6 tempest-GroupsTest-1826658829 tempest-GroupsTest-1826658829-project-member] show called for member e746b6d7-a561-47aa-9355-7fbca5aba863 {{(pid=96344) show /opt/stack/cinder/cinder/api/v3/groups.py:58}}
Jun 11 23:11:21.985080 np0000002690 devstack@c-api.service[96344]: /opt/stack/data/venv/lib/python3.12/site-packages/oslo_context/context.py:102: DeprecationWarning: Policy enforcement is depending on the value of is_admin. This key is deprecated. Please update your policy file to use the standard policy values.
Jun 11 23:11:21.985080 np0000002690 devstack@c-api.service[96344]: warnings.warn(
Jun 11 23:11:21.994173 np0000002690 devstack@c-api.service[96344]: INFO cinder.api.openstack.wsgi [None req-43827644-308c-41c4-a7a6-a755b09129c6 tempest-GroupsTest-1826658829 tempest-GroupsTest-1826658829-project-member] https://10.4.3.13/volume/v3/groups/e746b6d7-a561-47aa-9355-7fbca5aba863 returned with HTTP 200
Jun 11 23:11:21.994610 np0000002690 devstack@c-api.service[96344]: [pid: 96344|app: 0|req: 9/19] 10.4.3.13 () {68 vars in 1379 bytes} [Thu Jun 11 23:11:21 2026] GET /volume/v3/groups/e746b6d7-a561-47aa-9355-7fbca5aba863 => generated 322 bytes in 18 msecs (HTTP/1.1 200) 7 headers in 286 bytes (1 switches on core 0)
Jun 11 23:11:22.004224 np0000002690 devstack@c-api.service[96343]: DEBUG cinder.api.middleware.request_id [None req-2f075191-f017-494e-a3da-b6273923f381 None None] RequestId filter calling following filter/app {{(pid=96343) _context_setter /opt/stack/cinder/cinder/api/middleware/request_id.py:62}}
Jun 11 23:11:22.006311 np0000002690 devstack@c-api.service[96343]: INFO cinder.api.openstack.wsgi [None req-2f075191-f017-494e-a3da-b6273923f381 tempest-GroupsTest-1826658829 tempest-GroupsTest-1826658829-project-member] POST https://10.4.3.13/volume/v3/volumes
Jun 11 23:11:22.006838 np0000002690 devstack@c-api.service[96343]: DEBUG cinder.api.openstack.wsgi [None req-2f075191-f017-494e-a3da-b6273923f381 tempest-GroupsTest-1826658829 tempest-GroupsTest-1826658829-project-member] Action: 'create', calling method: create, body: {"volume": {"name": "tempest-volume-219920543", "volume_type": "b8845df6-2705-4815-9d5c-d78d96738b8d", "group_id": "05dd2d74-7680-46d4-9e4f-d5b82c1b972f", "size": 1}} {{(pid=96343) _process_stack /opt/stack/cinder/cinder/api/openstack/wsgi.py:876}}
Jun 11 23:11:22.009037 np0000002690 devstack@c-api.service[96343]: DEBUG cinder.api.v3.volumes [None req-2f075191-f017-494e-a3da-b6273923f381 tempest-GroupsTest-1826658829 tempest-GroupsTest-1826658829-project-member] Create volume request body: {'volume': {'name': 'tempest-volume-219920543', 'volume_type': 'b8845df6-2705-4815-9d5c-d78d96738b8d', 'group_id': '05dd2d74-7680-46d4-9e4f-d5b82c1b972f', 'size': 1}} {{(pid=96343) create /opt/stack/cinder/cinder/api/v3/volumes.py:368}}
Jun 11 23:11:22.025735 np0000002690 devstack@c-api.service[96343]: /opt/stack/data/venv/lib/python3.12/site-packages/oslo_context/context.py:102: DeprecationWarning: Policy enforcement is depending on the value of is_admin. This key is deprecated. Please update your policy file to use the standard policy values.
Jun 11 23:11:22.025735 np0000002690 devstack@c-api.service[96343]: warnings.warn(
Jun 11 23:11:22.027136 np0000002690 devstack@c-api.service[96343]: INFO cinder.api.v3.volumes [None req-2f075191-f017-494e-a3da-b6273923f381 tempest-GroupsTest-1826658829 tempest-GroupsTest-1826658829-project-member] Create volume of 1 GB
Jun 11 23:11:22.037223 np0000002690 devstack@c-api.service[96343]: DEBUG cinder.volume.api [None req-2f075191-f017-494e-a3da-b6273923f381 tempest-GroupsTest-1826658829 tempest-GroupsTest-1826658829-project-member] Availability zone cache updated, next update will occur around 2026-06-12 00:11:22.036749. {{(pid=96343) list_availability_zones /opt/stack/cinder/cinder/volume/api.py:155}}
Jun 11 23:11:22.037430 np0000002690 devstack@c-api.service[96343]: INFO cinder.volume.api [None req-2f075191-f017-494e-a3da-b6273923f381 tempest-GroupsTest-1826658829 tempest-GroupsTest-1826658829-project-member] Availability Zones retrieved successfully.
Jun 11 23:11:22.065263 np0000002690 devstack@c-api.service[96343]: DEBUG cinder.volume.api [None req-2f075191-f017-494e-a3da-b6273923f381 tempest-GroupsTest-1826658829 tempest-GroupsTest-1826658829-project-member] Flow 'volume_create_api' (a08272d1-7536-458d-bc62-e45834ed7526) transitioned into state 'RUNNING' from state 'PENDING' {{(pid=96343) _flow_receiver /opt/stack/data/venv/lib/python3.12/site-packages/taskflow/listeners/logging.py:160}}
Jun 11 23:11:22.067167 np0000002690 devstack@c-api.service[96343]: DEBUG cinder.volume.api [None req-2f075191-f017-494e-a3da-b6273923f381 tempest-GroupsTest-1826658829 tempest-GroupsTest-1826658829-project-member] Task 'cinder.volume.flows.api.create_volume.ExtractVolumeRequestTask;volume:create' (4718c0ae-ccb7-41e4-8886-1258d439dc35) transitioned into state 'RUNNING' from state 'PENDING' {{(pid=96343) _task_receiver /opt/stack/data/venv/lib/python3.12/site-packages/taskflow/listeners/logging.py:242}}
Jun 11 23:11:22.068424 np0000002690 devstack@c-api.service[96343]: /opt/stack/data/venv/lib/python3.12/site-packages/oslo_context/context.py:102: DeprecationWarning: Policy enforcement is depending on the value of is_admin. This key is deprecated. Please update your policy file to use the standard policy values.
Jun 11 23:11:22.068424 np0000002690 devstack@c-api.service[96343]: warnings.warn(
Jun 11 23:11:22.069368 np0000002690 devstack@c-api.service[96343]: DEBUG cinder.volume.flows.api.create_volume [None req-2f075191-f017-494e-a3da-b6273923f381 tempest-GroupsTest-1826658829 tempest-GroupsTest-1826658829-project-member] Validating volume size '1' using validate_int {{(pid=96343) _extract_size /opt/stack/cinder/cinder/volume/flows/api/create_volume.py:226}}
