Jun 11 23:10:37.235962 np0000002690 devstack@neutron-api.service[87175]: DEBUG neutron_lib.callbacks.manager [None req-186f772b-747c-41f6-9ac0-9e06db4cf550 admin admin] Publish callbacks ['neutron.plugins.ml2.drivers.ovn.mech_driver.mech_driver.OVNMechanismDriver._create_security_group_precommit-1000283'] for security_group (4956c645-5caa-4a6a-a198-42efce645b13), precommit_create {{(pid=87175) _notify_loop /opt/stack/data/venv/lib/python3.12/site-packages/neutron_lib/callbacks/manager.py:184}}
Jun 11 23:10:37.236125 np0000002690 devstack@neutron-api.service[87175]: DEBUG neutron.db.ovn_revision_numbers_db [None req-186f772b-747c-41f6-9ac0-9e06db4cf550 admin admin] create_initial_revision uuid=4956c645-5caa-4a6a-a198-42efce645b13, type=security_groups, rev=-1 {{(pid=87175) create_initial_revision /opt/stack/neutron/neutron/db/ovn_revision_numbers_db.py:98}}
Jun 11 23:10:37.237256 np0000002690 devstack@neutron-api.service[87175]: DEBUG neutron.db.ovn_revision_numbers_db [None req-186f772b-747c-41f6-9ac0-9e06db4cf550 admin admin] create_initial_revision uuid=561681f3-e2a9-4867-9bd5-d27048125325, type=security_group_rules, rev=-1 {{(pid=87175) create_initial_revision /opt/stack/neutron/neutron/db/ovn_revision_numbers_db.py:98}}
Jun 11 23:10:37.238185 np0000002690 devstack@neutron-api.service[87175]: DEBUG neutron.db.ovn_revision_numbers_db [None req-186f772b-747c-41f6-9ac0-9e06db4cf550 admin admin] create_initial_revision uuid=9ec86136-bb37-4e13-9eb9-12f1d16e8ee2, type=security_group_rules, rev=-1 {{(pid=87175) create_initial_revision /opt/stack/neutron/neutron/db/ovn_revision_numbers_db.py:98}}
Jun 11 23:10:37.239010 np0000002690 devstack@neutron-api.service[87175]: DEBUG neutron.db.ovn_revision_numbers_db [None req-186f772b-747c-41f6-9ac0-9e06db4cf550 admin admin] create_initial_revision uuid=b370968d-4295-4e87-8587-e2ee7db5d917, type=security_group_rules, rev=-1 {{(pid=87175) create_initial_revision /opt/stack/neutron/neutron/db/ovn_revision_numbers_db.py:98}}
Jun 11 23:10:37.240008 np0000002690 devstack@neutron-api.service[87175]: DEBUG neutron.db.ovn_revision_numbers_db [None req-186f772b-747c-41f6-9ac0-9e06db4cf550 admin admin] create_initial_revision uuid=bbaaddab-f77f-4d63-bb7f-f6f2293bdc98, type=security_group_rules, rev=-1 {{(pid=87175) create_initial_revision /opt/stack/neutron/neutron/db/ovn_revision_numbers_db.py:98}}
Jun 11 23:10:37.243358 np0000002690 devstack@neutron-api.service[87175]: DEBUG neutron_lib.callbacks.manager [None req-186f772b-747c-41f6-9ac0-9e06db4cf550 admin admin] Publish callbacks ['neutron.plugins.ml2.drivers.ovn.mech_driver.mech_driver.OVNMechanismDriver._create_security_group-1000269', 'neutron.plugins.ml2.ovo_rpc._ObjectChangeHandler.handle_event-1444996'] for security_group (4956c645-5caa-4a6a-a198-42efce645b13), after_create {{(pid=87175) _notify_loop /opt/stack/data/venv/lib/python3.12/site-packages/neutron_lib/callbacks/manager.py:184}}
Jun 11 23:10:37.243926 np0000002690 devstack@neutron-api.service[87175]: DEBUG ovsdbapp.backend.ovs_idl.transaction [None req-dcb160c0-6f1a-4cf8-aaf5-a114e4ab672e None None] Running txn n=1 command(idx=0): PgAddCommand(_result=None, name=pg_4956c645_5caa_4a6a_a198_42efce645b13, may_exist=False, columns={'acls': [], 'external_ids': {'neutron:security_group_id': '4956c645-5caa-4a6a-a198-42efce645b13'}}) {{(pid=87175) do_commit /opt/stack/data/venv/lib/python3.12/site-packages/ovsdbapp/backend/ovs_idl/transaction.py:89}}
Jun 11 23:10:37.244224 np0000002690 devstack@neutron-api.service[87175]: DEBUG ovsdbapp.backend.ovs_idl.transaction [None req-dcb160c0-6f1a-4cf8-aaf5-a114e4ab672e None None] Running txn n=1 command(idx=1): PgAclAddCommand(_result=None, entity=pg_4956c645_5caa_4a6a_a198_42efce645b13, direction=from-lport, priority=1002, match=inport == @pg_4956c645_5caa_4a6a_a198_42efce645b13 && ip6, action=allow-related, log=False, may_exist=True, severity=[], name=[], meter=[], external_ids={'neutron:security_group_rule_id': '561681f3-e2a9-4867-9bd5-d27048125325'}) {{(pid=87175) do_commit /opt/stack/data/venv/lib/python3.12/site-packages/ovsdbapp/backend/ovs_idl/transaction.py:89}}
Jun 11 23:10:37.244536 np0000002690 devstack@neutron-api.service[87175]: DEBUG ovsdbapp.backend.ovs_idl.transaction [None req-dcb160c0-6f1a-4cf8-aaf5-a114e4ab672e None None] Running txn n=1 command(idx=2): PgAclAddCommand(_result=None, entity=pg_4956c645_5caa_4a6a_a198_42efce645b13, direction=to-lport, priority=1002, match=outport == @pg_4956c645_5caa_4a6a_a198_42efce645b13 && ip4 && ip4.src == $pg_4956c645_5caa_4a6a_a198_42efce645b13_ip4, action=allow-related, log=False, may_exist=True, severity=[], name=[], meter=[], external_ids={'neutron:security_group_rule_id': '9ec86136-bb37-4e13-9eb9-12f1d16e8ee2'}) {{(pid=87175) do_commit /opt/stack/data/venv/lib/python3.12/site-packages/ovsdbapp/backend/ovs_idl/transaction.py:89}}
Jun 11 23:10:37.244858 np0000002690 devstack@neutron-api.service[87175]: DEBUG ovsdbapp.backend.ovs_idl.transaction [None req-dcb160c0-6f1a-4cf8-aaf5-a114e4ab672e None None] Running txn n=1 command(idx=3): PgAclAddCommand(_result=None, entity=pg_4956c645_5caa_4a6a_a198_42efce645b13, direction=to-lport, priority=1002, match=outport == @pg_4956c645_5caa_4a6a_a198_42efce645b13 && ip6 && ip6.src == $pg_4956c645_5caa_4a6a_a198_42efce645b13_ip6, action=allow-related, log=False, may_exist=True, severity=[], name=[], meter=[], external_ids={'neutron:security_group_rule_id': 'b370968d-4295-4e87-8587-e2ee7db5d917'}) {{(pid=87175) do_commit /opt/stack/data/venv/lib/python3.12/site-packages/ovsdbapp/backend/ovs_idl/transaction.py:89}}
Jun 11 23:10:37.245107 np0000002690 devstack@neutron-api.service[87175]: DEBUG ovsdbapp.backend.ovs_idl.transaction [None req-dcb160c0-6f1a-4cf8-aaf5-a114e4ab672e None None] Running txn n=1 command(idx=4): PgAclAddCommand(_result=None, entity=pg_4956c645_5caa_4a6a_a198_42efce645b13, direction=from-lport, priority=1002, match=inport == @pg_4956c645_5caa_4a6a_a198_42efce645b13 && ip4, action=allow-related, log=False, may_exist=True, severity=[], name=[], meter=[], external_ids={'neutron:security_group_rule_id': 'bbaaddab-f77f-4d63-bb7f-f6f2293bdc98'}) {{(pid=87175) do_commit /opt/stack/data/venv/lib/python3.12/site-packages/ovsdbapp/backend/ovs_idl/transaction.py:89}}
Jun 11 23:10:37.249507 np0000002690 devstack@neutron-api.service[87175]: DEBUG neutron.plugins.ml2.drivers.ovn.mech_driver.ovsdb.ovsdb_monitor [None req-dcb160c0-6f1a-4cf8-aaf5-a114e4ab672e None None] Touching Hash Ring node "fdaba2a2d5935d0cad28c19caee0d902" from IDL notify handler {{(pid=87175) notify /opt/stack/neutron/neutron/plugins/ml2/drivers/ovn/mech_driver/ovsdb/ovsdb_monitor.py:1007}}
Jun 11 23:10:37.249705 np0000002690 devstack@neutron-api.service[87176]: DEBUG neutron.plugins.ml2.drivers.ovn.mech_driver.ovsdb.ovsdb_monitor [None req-2fc4fede-a9a7-4153-95ef-91f68e24c347 None None] Touching Hash Ring node "c31767d1e1ca593aaeb5fc23d0366977" from IDL notify handler {{(pid=87176) notify /opt/stack/neutron/neutron/plugins/ml2/drivers/ovn/mech_driver/ovsdb/ovsdb_monitor.py:1007}}
Jun 11 23:10:37.252281 np0000002690 devstack@neutron-api.service[87176]: DEBUG neutron.plugins.ml2.drivers.ovn.mech_driver.ovsdb.ovsdb_monitor [None req-2fc4fede-a9a7-4153-95ef-91f68e24c347 None None] Hash Ring: Node c31767d1e1ca593aaeb5fc23d0366977 (host: np0000002690) handling event "create" for row 9181193d-5381-42b2-8cbd-a07bbcefb60b (table: ACL) {{(pid=87176) notify /opt/stack/neutron/neutron/plugins/ml2/drivers/ovn/mech_driver/ovsdb/ovsdb_monitor.py:1015}}
Jun 11 23:10:37.253276 np0000002690 devstack@neutron-api.service[87176]: DEBUG neutron.plugins.ml2.drivers.ovn.mech_driver.ovsdb.ovsdb_monitor [None req-2fc4fede-a9a7-4153-95ef-91f68e24c347 None None] Touching Hash Ring node "c31767d1e1ca593aaeb5fc23d0366977" from IDL notify handler {{(pid=87176) notify /opt/stack/neutron/neutron/plugins/ml2/drivers/ovn/mech_driver/ovsdb/ovsdb_monitor.py:1007}}
Jun 11 23:10:37.255043 np0000002690 devstack@neutron-api.service[87175]: DEBUG neutron.plugins.ml2.drivers.ovn.mech_driver.ovsdb.ovsdb_monitor [None req-dcb160c0-6f1a-4cf8-aaf5-a114e4ab672e None None] Hash Ring: Node fdaba2a2d5935d0cad28c19caee0d902 (host: np0000002690) handling event "create" for row 81e7d292-0a5e-4634-87aa-044434edb401 (table: ACL) {{(pid=87175) notify /opt/stack/neutron/neutron/plugins/ml2/drivers/ovn/mech_driver/ovsdb/ovsdb_monitor.py:1015}}
Jun 11 23:10:37.255627 np0000002690 devstack@neutron-api.service[87176]: DEBUG neutron.plugins.ml2.drivers.ovn.mech_driver.ovsdb.ovsdb_monitor [None req-2fc4fede-a9a7-4153-95ef-91f68e24c347 None None] Hash Ring: Node c31767d1e1ca593aaeb5fc23d0366977 (host: np0000002690) handling event "create" for row 32e95b7d-0766-44bc-8071-5d0e022ac20d (table: Port_Group) {{(pid=87176) notify /opt/stack/neutron/neutron/plugins/ml2/drivers/ovn/mech_driver/ovsdb/ovsdb_monitor.py:1015}}
Jun 11 23:10:37.255950 np0000002690 devstack@neutron-api.service[87175]: DEBUG neutron.plugins.ml2.drivers.ovn.mech_driver.ovsdb.ovsdb_monitor [None req-dcb160c0-6f1a-4cf8-aaf5-a114e4ab672e None None] Touching Hash Ring node "fdaba2a2d5935d0cad28c19caee0d902" from IDL notify handler {{(pid=87175) notify /opt/stack/neutron/neutron/plugins/ml2/drivers/ovn/mech_driver/ovsdb/ovsdb_monitor.py:1007}}
Jun 11 23:10:37.258079 np0000002690 devstack@neutron-api.service[87175]: DEBUG neutron.plugins.ml2.drivers.ovn.mech_driver.ovsdb.ovsdb_monitor [None req-dcb160c0-6f1a-4cf8-aaf5-a114e4ab672e None None] Hash Ring: Node fdaba2a2d5935d0cad28c19caee0d902 (host: np0000002690) handling event "create" for row cb7f26b3-348f-4488-be0f-5f8db8266498 (table: ACL) {{(pid=87175) notify /opt/stack/neutron/neutron/plugins/ml2/drivers/ovn/mech_driver/ovsdb/ovsdb_monitor.py:1015}}
Jun 11 23:10:37.258737 np0000002690 devstack@neutron-api.service[87175]: DEBUG neutron.plugins.ml2.drivers.ovn.mech_driver.ovsdb.ovsdb_monitor [None req-dcb160c0-6f1a-4cf8-aaf5-a114e4ab672e None None] Touching Hash Ring node "fdaba2a2d5935d0cad28c19caee0d902" from IDL notify handler {{(pid=87175) notify /opt/stack/neutron/neutron/plugins/ml2/drivers/ovn/mech_driver/ovsdb/ovsdb_monitor.py:1007}}
Jun 11 23:10:37.260509 np0000002690 devstack@neutron-api.service[87175]: DEBUG neutron.plugins.ml2.drivers.ovn.mech_driver.ovsdb.ovsdb_monitor [None req-dcb160c0-6f1a-4cf8-aaf5-a114e4ab672e None None] Hash Ring: Node fdaba2a2d5935d0cad28c19caee0d902 (host: np0000002690) handling event "create" for row f0c9bb7a-3806-47a6-ba80-f8fb7e8b9dd6 (table: ACL) {{(pid=87175) notify /opt/stack/neutron/neutron/plugins/ml2/drivers/ovn/mech_driver/ovsdb/ovsdb_monitor.py:1015}}
Jun 11 23:10:37.281445 np0000002690 devstack@neutron-api.service[87175]: INFO neutron.db.ovn_revision_numbers_db [None req-186f772b-747c-41f6-9ac0-9e06db4cf550 admin admin] Successfully bumped revision number for resource 4956c645-5caa-4a6a-a198-42efce645b13 (type: security_groups) to 1
Jun 11 23:10:37.299694 np0000002690 devstack@neutron-api.service[87175]: INFO neutron.db.ovn_revision_numbers_db [None req-186f772b-747c-41f6-9ac0-9e06db4cf550 admin admin] Successfully bumped revision number for resource 561681f3-e2a9-4867-9bd5-d27048125325 (type: security_group_rules) to 0
Jun 11 23:10:37.309313 np0000002690 devstack@neutron-api.service[87175]: INFO neutron.db.ovn_revision_numbers_db [None req-186f772b-747c-41f6-9ac0-9e06db4cf550 admin admin] Successfully bumped revision number for resource 9ec86136-bb37-4e13-9eb9-12f1d16e8ee2 (type: security_group_rules) to 0
Jun 11 23:10:37.318448 np0000002690 devstack@neutron-api.service[87175]: INFO neutron.db.ovn_revision_numbers_db [None req-186f772b-747c-41f6-9ac0-9e06db4cf550 admin admin] Successfully bumped revision number for resource b370968d-4295-4e87-8587-e2ee7db5d917 (type: security_group_rules) to 0
Jun 11 23:10:37.327196 np0000002690 devstack@neutron-api.service[87175]: INFO neutron.db.ovn_revision_numbers_db [None req-186f772b-747c-41f6-9ac0-9e06db4cf550 admin admin] Successfully bumped revision number for resource bbaaddab-f77f-4d63-bb7f-f6f2293bdc98 (type: security_group_rules) to 0
Jun 11 23:10:37.343403 np0000002690 devstack@neutron-api.service[87175]: DEBUG neutron.api.rpc.handlers.resources_rpc [None req-186f772b-747c-41f6-9ac0-9e06db4cf550 admin admin] Pushing event updated for resources: {'SecurityGroup': ['ID=4956c645-5caa-4a6a-a198-42efce645b13,revision_number=1']} {{(pid=87175) push /opt/stack/neutron/neutron/api/rpc/handlers/resources_rpc.py:237}}
Jun 11 23:10:37.359676 np0000002690 devstack@neutron-api.service[87175]: [pid: 87175|app: 0|req: 22/42] 10.4.3.13 () {66 vars in 1382 bytes} [Thu Jun 11 23:10:36 2026] GET /networking/v2.0/security-groups?project_id=73a9d0a0ad6c4c4481e700a412bd6b70&name=default => generated 2921 bytes in 451 msecs (HTTP/1.1 200) 4 headers in 158 bytes (1 switches on core 0)
Jun 11 23:10:37.396815 np0000002690 devstack@neutron-api.service[87176]: DEBUG neutron_lib.callbacks.manager [None req-19427521-afc7-42ab-869a-70c1a5631c5e admin admin] Publish callbacks [] for security_group (4956c645-5caa-4a6a-a198-42efce645b13), before_delete {{(pid=87176) _notify_loop /opt/stack/data/venv/lib/python3.12/site-packages/neutron_lib/callbacks/manager.py:184}}
Jun 11 23:10:37.416481 np0000002690 devstack@neutron-api.service[87176]: DEBUG neutron_lib.callbacks.manager [None req-19427521-afc7-42ab-869a-70c1a5631c5e admin admin] Publish callbacks ['neutron.plugins.ml2.drivers.ovn.mech_driver.mech_driver.OVNMechanismDriver._delete_security_group_precommit-1028775'] for security_group (4956c645-5caa-4a6a-a198-42efce645b13), precommit_delete {{(pid=87176) _notify_loop /opt/stack/data/venv/lib/python3.12/site-packages/neutron_lib/callbacks/manager.py:184}}
Jun 11 23:10:37.443379 np0000002690 devstack@neutron-api.service[87176]: DEBUG neutron.db.ovn_revision_numbers_db [None req-19427521-afc7-42ab-869a-70c1a5631c5e admin admin] delete_revision(9ec86136-bb37-4e13-9eb9-12f1d16e8ee2) {{(pid=87176) delete_revision /opt/stack/neutron/neutron/db/ovn_revision_numbers_db.py:112}}
Jun 11 23:10:37.446490 np0000002690 devstack@neutron-api.service[87176]: DEBUG neutron.db.ovn_revision_numbers_db [None req-19427521-afc7-42ab-869a-70c1a5631c5e admin admin] delete_revision(b370968d-4295-4e87-8587-e2ee7db5d917) {{(pid=87176) delete_revision /opt/stack/neutron/neutron/db/ovn_revision_numbers_db.py:112}}
Jun 11 23:10:37.448699 np0000002690 devstack@neutron-api.service[87176]: DEBUG ovsdbapp.backend.ovs_idl.transaction [None req-2fc4fede-a9a7-4153-95ef-91f68e24c347 None None] Running txn n=1 command(idx=0): PgAclDelCommand(_result=None, entity=pg_4956c645_5caa_4a6a_a198_42efce645b13, if_exists=False, conditions=[('direction', '=', 'to-lport'), ('priority', '=', 1002), ('match', '=', 'outport == @pg_4956c645_5caa_4a6a_a198_42efce645b13 && ip4 && ip4.src == $pg_4956c645_5caa_4a6a_a198_42efce645b13_ip4')]) {{(pid=87176) do_commit /opt/stack/data/venv/lib/python3.12/site-packages/ovsdbapp/backend/ovs_idl/transaction.py:89}}
Jun 11 23:10:37.449093 np0000002690 devstack@neutron-api.service[87176]: DEBUG ovsdbapp.backend.ovs_idl.transaction [None req-2fc4fede-a9a7-4153-95ef-91f68e24c347 None None] Running txn n=1 command(idx=1): PgAclDelCommand(_result=None, entity=pg_4956c645_5caa_4a6a_a198_42efce645b13, if_exists=False, conditions=[('direction', '=', 'to-lport'), ('priority', '=', 1002), ('match', '=', 'outport == @pg_4956c645_5caa_4a6a_a198_42efce645b13 && ip6 && ip6.src == $pg_4956c645_5caa_4a6a_a198_42efce645b13_ip6')]) {{(pid=87176) do_commit /opt/stack/data/venv/lib/python3.12/site-packages/ovsdbapp/backend/ovs_idl/transaction.py:89}}
Jun 11 23:10:37.451641 np0000002690 devstack@neutron-api.service[87176]: DEBUG neutron.plugins.ml2.drivers.ovn.mech_driver.ovsdb.ovsdb_monitor [None req-2fc4fede-a9a7-4153-95ef-91f68e24c347 None None] Touching Hash Ring node "c31767d1e1ca593aaeb5fc23d0366977" from IDL notify handler {{(pid=87176) notify /opt/stack/neutron/neutron/plugins/ml2/drivers/ovn/mech_driver/ovsdb/ovsdb_monitor.py:1007}}
Jun 11 23:10:37.452090 np0000002690 devstack@neutron-api.service[87175]: DEBUG neutron.plugins.ml2.drivers.ovn.mech_driver.ovsdb.ovsdb_monitor [None req-dcb160c0-6f1a-4cf8-aaf5-a114e4ab672e None None] Touching Hash Ring node "fdaba2a2d5935d0cad28c19caee0d902" from IDL notify handler {{(pid=87175) notify /opt/stack/neutron/neutron/plugins/ml2/drivers/ovn/mech_driver/ovsdb/ovsdb_monitor.py:1007}}
Jun 11 23:10:37.454786 np0000002690 devstack@neutron-api.service[87175]: DEBUG neutron.plugins.ml2.drivers.ovn.mech_driver.ovsdb.ovsdb_monitor [None req-dcb160c0-6f1a-4cf8-aaf5-a114e4ab672e None None] Hash Ring: Node fdaba2a2d5935d0cad28c19caee0d902 (host: np0000002690) handling event "delete" for row cb7f26b3-348f-4488-be0f-5f8db8266498 (table: ACL) {{(pid=87175) notify /opt/stack/neutron/neutron/plugins/ml2/drivers/ovn/mech_driver/ovsdb/ovsdb_monitor.py:1015}}
Jun 11 23:10:37.455525 np0000002690 devstack@neutron-api.service[87175]: DEBUG neutron.plugins.ml2.drivers.ovn.mech_driver.ovsdb.ovsdb_monitor [None req-dcb160c0-6f1a-4cf8-aaf5-a114e4ab672e None None] Touching Hash Ring node "fdaba2a2d5935d0cad28c19caee0d902" from IDL notify handler {{(pid=87175) notify /opt/stack/neutron/neutron/plugins/ml2/drivers/ovn/mech_driver/ovsdb/ovsdb_monitor.py:1007}}
Jun 11 23:10:37.455605 np0000002690 devstack@neutron-api.service[87176]: DEBUG neutron.plugins.ml2.drivers.ovn.mech_driver.ovsdb.ovsdb_monitor [None req-2fc4fede-a9a7-4153-95ef-91f68e24c347 None None] Hash Ring: Node c31767d1e1ca593aaeb5fc23d0366977 (host: np0000002690) handling event "update" for row 32e95b7d-0766-44bc-8071-5d0e022ac20d (table: Port_Group) {{(pid=87176) notify /opt/stack/neutron/neutron/plugins/ml2/drivers/ovn/mech_driver/ovsdb/ovsdb_monitor.py:1015}}
Jun 11 23:10:37.457481 np0000002690 devstack@neutron-api.service[87175]: DEBUG neutron.plugins.ml2.drivers.ovn.mech_driver.ovsdb.ovsdb_monitor [None req-dcb160c0-6f1a-4cf8-aaf5-a114e4ab672e None None] Hash Ring: Node fdaba2a2d5935d0cad28c19caee0d902 (host: np0000002690) handling event "delete" for row f0c9bb7a-3806-47a6-ba80-f8fb7e8b9dd6 (table: ACL) {{(pid=87175) notify /opt/stack/neutron/neutron/plugins/ml2/drivers/ovn/mech_driver/ovsdb/ovsdb_monitor.py:1015}}
Jun 11 23:10:37.491059 np0000002690 devstack@neutron-api.service[87176]: DEBUG neutron_lib.callbacks.manager [None req-19427521-afc7-42ab-869a-70c1a5631c5e admin admin] Publish callbacks ['neutron.plugins.ml2.drivers.ovn.mech_driver.mech_driver.OVNMechanismDriver._delete_security_group-1028753', 'neutron.plugins.ml2.ovo_rpc._ObjectChangeHandler.handle_event-1627237'] for security_group (4956c645-5caa-4a6a-a198-42efce645b13), after_delete {{(pid=87176) _notify_loop /opt/stack/data/venv/lib/python3.12/site-packages/neutron_lib/callbacks/manager.py:184}}
Jun 11 23:10:37.492022 np0000002690 devstack@neutron-api.service[87176]: DEBUG ovsdbapp.backend.ovs_idl.transaction [None req-2fc4fede-a9a7-4153-95ef-91f68e24c347 None None] Running txn n=1 command(idx=0): PgDelCommand(_result=None, name=pg_4956c645_5caa_4a6a_a198_42efce645b13, if_exists=True) {{(pid=87176) do_commit /opt/stack/data/venv/lib/python3.12/site-packages/ovsdbapp/backend/ovs_idl/transaction.py:89}}
Jun 11 23:10:37.494998 np0000002690 devstack@neutron-api.service[87176]: DEBUG neutron.plugins.ml2.drivers.ovn.mech_driver.ovsdb.ovsdb_monitor [None req-2fc4fede-a9a7-4153-95ef-91f68e24c347 None None] Touching Hash Ring node "c31767d1e1ca593aaeb5fc23d0366977" from IDL notify handler {{(pid=87176) notify /opt/stack/neutron/neutron/plugins/ml2/drivers/ovn/mech_driver/ovsdb/ovsdb_monitor.py:1007}}
Jun 11 23:10:37.495075 np0000002690 devstack@neutron-api.service[87175]: DEBUG neutron.plugins.ml2.drivers.ovn.mech_driver.ovsdb.ovsdb_monitor [None req-dcb160c0-6f1a-4cf8-aaf5-a114e4ab672e None None] Touching Hash Ring node "fdaba2a2d5935d0cad28c19caee0d902" from IDL notify handler {{(pid=87175) notify /opt/stack/neutron/neutron/plugins/ml2/drivers/ovn/mech_driver/ovsdb/ovsdb_monitor.py:1007}}
Jun 11 23:10:37.497648 np0000002690 devstack@neutron-api.service[87176]: DEBUG neutron.plugins.ml2.drivers.ovn.mech_driver.ovsdb.ovsdb_monitor [None req-2fc4fede-a9a7-4153-95ef-91f68e24c347 None None] Hash Ring: Node c31767d1e1ca593aaeb5fc23d0366977 (host: np0000002690) handling event "delete" for row 9181193d-5381-42b2-8cbd-a07bbcefb60b (table: ACL) {{(pid=87176) notify /opt/stack/neutron/neutron/plugins/ml2/drivers/ovn/mech_driver/ovsdb/ovsdb_monitor.py:1015}}
Jun 11 23:10:37.497760 np0000002690 devstack@neutron-api.service[87175]: DEBUG neutron.plugins.ml2.drivers.ovn.mech_driver.ovsdb.ovsdb_monitor [None req-dcb160c0-6f1a-4cf8-aaf5-a114e4ab672e None None] Hash Ring: Node fdaba2a2d5935d0cad28c19caee0d902 (host: np0000002690) handling event "delete" for row 81e7d292-0a5e-4634-87aa-044434edb401 (table: ACL) {{(pid=87175) notify /opt/stack/neutron/neutron/plugins/ml2/drivers/ovn/mech_driver/ovsdb/ovsdb_monitor.py:1015}}
Jun 11 23:10:37.498403 np0000002690 devstack@neutron-api.service[87176]: DEBUG neutron.plugins.ml2.drivers.ovn.mech_driver.ovsdb.ovsdb_monitor [None req-2fc4fede-a9a7-4153-95ef-91f68e24c347 None None] Touching Hash Ring node "c31767d1e1ca593aaeb5fc23d0366977" from IDL notify handler {{(pid=87176) notify /opt/stack/neutron/neutron/plugins/ml2/drivers/ovn/mech_driver/ovsdb/ovsdb_monitor.py:1007}}
Jun 11 23:10:37.500374 np0000002690 devstack@neutron-api.service[87176]: DEBUG neutron.plugins.ml2.drivers.ovn.mech_driver.ovsdb.ovsdb_monitor [None req-2fc4fede-a9a7-4153-95ef-91f68e24c347 None None] Hash Ring: Node c31767d1e1ca593aaeb5fc23d0366977 (host: np0000002690) handling event "delete" for row 32e95b7d-0766-44bc-8071-5d0e022ac20d (table: Port_Group) {{(pid=87176) notify /opt/stack/neutron/neutron/plugins/ml2/drivers/ovn/mech_driver/ovsdb/ovsdb_monitor.py:1015}}
Jun 11 23:10:37.500972 np0000002690 devstack@neutron-api.service[87176]: DEBUG neutron.db.ovn_revision_numbers_db [None req-19427521-afc7-42ab-869a-70c1a5631c5e admin admin] delete_revision(4956c645-5caa-4a6a-a198-42efce645b13) {{(pid=87176) delete_revision /opt/stack/neutron/neutron/db/ovn_revision_numbers_db.py:112}}
Jun 11 23:10:37.506827 np0000002690 devstack@neutron-api.service[87176]: DEBUG neutron.db.ovn_revision_numbers_db [None req-19427521-afc7-42ab-869a-70c1a5631c5e admin admin] delete_revisions(['561681f3-e2a9-4867-9bd5-d27048125325', 'bbaaddab-f77f-4d63-bb7f-f6f2293bdc98']) {{(pid=87176) delete_revisions /opt/stack/neutron/neutron/db/ovn_revision_numbers_db.py:127}}
Jun 11 23:10:37.516211 np0000002690 devstack@neutron-api.service[87176]: DEBUG neutron.api.rpc.handlers.resources_rpc [None req-19427521-afc7-42ab-869a-70c1a5631c5e admin admin] Pushing event deleted for resources: {'SecurityGroup': ['ID=4956c645-5caa-4a6a-a198-42efce645b13,revision_number=None']} {{(pid=87176) push /opt/stack/neutron/neutron/api/rpc/handlers/resources_rpc.py:237}}
Jun 11 23:10:37.519251 np0000002690 devstack@neutron-api.service[87176]: DEBUG neutron_lib.callbacks.manager [None req-19427521-afc7-42ab-869a-70c1a5631c5e admin admin] Publish callbacks [] for security_group (None), before_response {{(pid=87176) _notify_loop /opt/stack/data/venv/lib/python3.12/site-packages/neutron_lib/callbacks/manager.py:184}}
Jun 11 23:10:37.519659 np0000002690 devstack@neutron-api.service[87176]: [pid: 87176|app: 0|req: 21/43] 10.4.3.13 () {66 vars in 1383 bytes} [Thu Jun 11 23:10:37 2026] DELETE /networking/v2.0/security-groups/4956c645-5caa-4a6a-a198-42efce645b13 => generated 0 bytes in 154 msecs (HTTP/1.1 204) 2 headers in 112 bytes (1 switches on core 0)
Jun 11 23:10:47.497208 np0000002690 devstack@neutron-api.service[87175]: DEBUG dbcounter [-] [87175] Writing DB stats neutron:UPDATE=13,neutron:SELECT=58,neutron:INSERT=16 {{(pid=87175) stat_writer /opt/stack/data/venv/lib/python3.12/site-packages/dbcounter.py:115}}
Jun 11 23:10:47.514803 np0000002690 devstack@neutron-api.service[87176]: DEBUG dbcounter [-] [87176] Writing DB stats neutron:UPDATE=6,neutron:SELECT=42,neutron:DELETE=8 {{(pid=87176) stat_writer /opt/stack/data/venv/lib/python3.12/site-packages/dbcounter.py:115}}
Jun 11 23:10:51.034857 np0000002690 devstack@neutron-api.service[87175]: DEBUG futurist.periodics [-] Submitting periodic callback 'neutron.plugins.ml2.drivers.ovn.mech_driver.ovsdb.maintenance.HashRingHealthCheckPeriodics.touch_hash_ring_node' {{(pid=87175) _process_scheduled /opt/stack/data/venv/lib/python3.12/site-packages/futurist/periodics.py:784}}
Jun 11 23:10:51.035300 np0000002690 devstack@neutron-api.service[87175]: DEBUG neutron.plugins.ml2.drivers.ovn.mech_driver.ovsdb.maintenance [-] Touching Hash Ring node "fdaba2a2d5935d0cad28c19caee0d902" from periodic health check thread {{(pid=87175) touch_hash_ring_node /opt/stack/neutron/neutron/plugins/ml2/drivers/ovn/mech_driver/ovsdb/maintenance.py:1418}}
Jun 11 23:10:51.902995 np0000002690 devstack@neutron-api.service[87176]: DEBUG futurist.periodics [-] Submitting periodic callback 'neutron.plugins.ml2.drivers.ovn.mech_driver.ovsdb.maintenance.HashRingHealthCheckPeriodics.touch_hash_ring_node' {{(pid=87176) _process_scheduled /opt/stack/data/venv/lib/python3.12/site-packages/futurist/periodics.py:784}}
Jun 11 23:10:51.903425 np0000002690 devstack@neutron-api.service[87176]: DEBUG neutron.plugins.ml2.drivers.ovn.mech_driver.ovsdb.maintenance [-] Touching Hash Ring node "c31767d1e1ca593aaeb5fc23d0366977" from periodic health check thread {{(pid=87176) touch_hash_ring_node /opt/stack/neutron/neutron/plugins/ml2/drivers/ovn/mech_driver/ovsdb/maintenance.py:1418}}
Jun 11 23:11:01.041581 np0000002690 devstack@neutron-api.service[87175]: DEBUG dbcounter [-] [87175] Writing DB stats neutron:UPDATE=1,neutron:SELECT=1 {{(pid=87175) stat_writer /opt/stack/data/venv/lib/python3.12/site-packages/dbcounter.py:115}}
Jun 11 23:11:01.911288 np0000002690 devstack@neutron-api.service[87176]: DEBUG dbcounter [-] [87176] Writing DB stats neutron:UPDATE=1,neutron:SELECT=1 {{(pid=87176) stat_writer /opt/stack/data/venv/lib/python3.12/site-packages/dbcounter.py:115}}
Jun 11 23:11:06.035526 np0000002690 devstack@neutron-api.service[87175]: DEBUG futurist.periodics [-] Submitting periodic callback 'neutron.plugins.ml2.drivers.ovn.mech_driver.ovsdb.maintenance.HashRingHealthCheckPeriodics.touch_hash_ring_node' {{(pid=87175) _process_scheduled /opt/stack/data/venv/lib/python3.12/site-packages/futurist/periodics.py:784}}
Jun 11 23:11:06.036149 np0000002690 devstack@neutron-api.service[87175]: DEBUG neutron.plugins.ml2.drivers.ovn.mech_driver.ovsdb.maintenance [-] Touching Hash Ring node "fdaba2a2d5935d0cad28c19caee0d902" from periodic health check thread {{(pid=87175) touch_hash_ring_node /opt/stack/neutron/neutron/plugins/ml2/drivers/ovn/mech_driver/ovsdb/maintenance.py:1418}}
Jun 11 23:11:06.903579 np0000002690 devstack@neutron-api.service[87176]: DEBUG futurist.periodics [-] Submitting periodic callback 'neutron.plugins.ml2.drivers.ovn.mech_driver.ovsdb.maintenance.HashRingHealthCheckPeriodics.touch_hash_ring_node' {{(pid=87176) _process_scheduled /opt/stack/data/venv/lib/python3.12/site-packages/futurist/periodics.py:784}}
Jun 11 23:11:06.904346 np0000002690 devstack@neutron-api.service[87176]: DEBUG neutron.plugins.ml2.drivers.ovn.mech_driver.ovsdb.maintenance [-] Touching Hash Ring node "c31767d1e1ca593aaeb5fc23d0366977" from periodic health check thread {{(pid=87176) touch_hash_ring_node /opt/stack/neutron/neutron/plugins/ml2/drivers/ovn/mech_driver/ovsdb/maintenance.py:1418}}
Jun 11 23:11:16.050511 np0000002690 devstack@neutron-api.service[87175]: DEBUG dbcounter [-] [87175] Writing DB stats neutron:UPDATE=1,neutron:SELECT=1 {{(pid=87175) stat_writer /opt/stack/data/venv/lib/python3.12/site-packages/dbcounter.py:115}}
Jun 11 23:11:16.914484 np0000002690 devstack@neutron-api.service[87176]: DEBUG dbcounter [-] [87176] Writing DB stats neutron:UPDATE=1,neutron:SELECT=1 {{(pid=87176) stat_writer /opt/stack/data/venv/lib/python3.12/site-packages/dbcounter.py:115}}
Jun 11 23:11:17.733383 np0000002690 devstack@neutron-api.service[87175]: DEBUG neutron.api.v2.base [None req-daddbdb9-79be-4167-bec6-0866ad0c5609 admin admin] Request body: {'network': {'name': 'tempest-TestVolumeSwap-1251244158-network', 'project_id': 'fdf68a715f3e40d8818b622001887675'}} {{(pid=87175) prepare_request_body /opt/stack/neutron/neutron/api/v2/base.py:727}}
Jun 11 23:11:17.748033 np0000002690 devstack@neutron-api.service[87175]: DEBUG neutron.pecan_wsgi.hooks.quota_enforcement [None req-daddbdb9-79be-4167-bec6-0866ad0c5609 admin admin] Made reservation on behalf of fdf68a715f3e40d8818b622001887675 for: {'network': 1} {{(pid=87175) before /opt/stack/neutron/neutron/pecan_wsgi/hooks/quota_enforcement.py:66}}
Jun 11 23:11:17.751461 np0000002690 devstack@neutron-api.service[87175]: DEBUG neutron_lib.callbacks.manager [None req-daddbdb9-79be-4167-bec6-0866ad0c5609 admin admin] Publish callbacks ['neutron.plugins.ml2.plugin.SecurityGroupDbMixin._ensure_default_security_group_handler-9073'] for network (None), before_create {{(pid=87175) _notify_loop /opt/stack/data/venv/lib/python3.12/site-packages/neutron_lib/callbacks/manager.py:184}}
Jun 11 23:11:17.757393 np0000002690 devstack@neutron-api.service[87175]: DEBUG neutron_lib.callbacks.manager [None req-daddbdb9-79be-4167-bec6-0866ad0c5609 admin admin] Publish callbacks [] for security_group (None), before_create {{(pid=87175) _notify_loop /opt/stack/data/venv/lib/python3.12/site-packages/neutron_lib/callbacks/manager.py:184}}
Jun 11 23:11:17.835437 np0000002690 devstack@neutron-api.service[87175]: DEBUG neutron_lib.callbacks.manager [None req-daddbdb9-79be-4167-bec6-0866ad0c5609 admin admin] Publish callbacks ['neutron.plugins.ml2.drivers.ovn.mech_driver.mech_driver.OVNMechanismDriver._create_security_group_precommit-1000283'] for security_group (274bfb3f-421d-4592-b919-50659c4cc43b), precommit_create {{(pid=87175) _notify_loop /opt/stack/data/venv/lib/python3.12/site-packages/neutron_lib/callbacks/manager.py:184}}
Jun 11 23:11:17.835626 np0000002690 devstack@neutron-api.service[87175]: DEBUG neutron.db.ovn_revision_numbers_db [None req-daddbdb9-79be-4167-bec6-0866ad0c5609 admin admin] create_initial_revision uuid=274bfb3f-421d-4592-b919-50659c4cc43b, type=security_groups, rev=-1 {{(pid=87175) create_initial_revision /opt/stack/neutron/neutron/db/ovn_revision_numbers_db.py:98}}
Jun 11 23:11:17.837147 np0000002690 devstack@neutron-api.service[87175]: DEBUG neutron.db.ovn_revision_numbers_db [None req-daddbdb9-79be-4167-bec6-0866ad0c5609 admin admin] create_initial_revision uuid=0c71d5d0-26bc-4817-acac-11f81c9ff2ff, type=security_group_rules, rev=-1 {{(pid=87175) create_initial_revision /opt/stack/neutron/neutron/db/ovn_revision_numbers_db.py:98}}
Jun 11 23:11:17.838447 np0000002690 devstack@neutron-api.service[87175]: DEBUG neutron.db.ovn_revision_numbers_db [None req-daddbdb9-79be-4167-bec6-0866ad0c5609 admin admin] create_initial_revision uuid=12cc0f80-cf51-4678-9003-da7da8ac35cd, type=security_group_rules, rev=-1 {{(pid=87175) create_initial_revision /opt/stack/neutron/neutron/db/ovn_revision_numbers_db.py:98}}
Jun 11 23:11:17.839862 np0000002690 devstack@neutron-api.service[87175]: DEBUG neutron.db.ovn_revision_numbers_db [None req-daddbdb9-79be-4167-bec6-0866ad0c5609 admin admin] create_initial_revision uuid=12d4bf9f-38d8-48c8-b931-2b027b1f4a39, type=security_group_rules, rev=-1 {{(pid=87175) create_initial_revision /opt/stack/neutron/neutron/db/ovn_revision_numbers_db.py:98}}
Jun 11 23:11:17.841297 np0000002690 devstack@neutron-api.service[87175]: DEBUG neutron.db.ovn_revision_numbers_db [None req-daddbdb9-79be-4167-bec6-0866ad0c5609 admin admin] create_initial_revision uuid=99a1b1e1-45f5-4ac8-aeb4-edb7c464f409, type=security_group_rules, rev=-1 {{(pid=87175) create_initial_revision /opt/stack/neutron/neutron/db/ovn_revision_numbers_db.py:98}}
Jun 11 23:11:17.845616 np0000002690 devstack@neutron-api.service[87175]: DEBUG neutron_lib.callbacks.manager [None req-daddbdb9-79be-4167-bec6-0866ad0c5609 admin admin] Publish callbacks ['neutron.plugins.ml2.drivers.ovn.mech_driver.mech_driver.OVNMechanismDriver._create_security_group-1000269', 'neutron.plugins.ml2.ovo_rpc._ObjectChangeHandler.handle_event-1444996'] for security_group (274bfb3f-421d-4592-b919-50659c4cc43b), after_create {{(pid=87175) _notify_loop /opt/stack/data/venv/lib/python3.12/site-packages/neutron_lib/callbacks/manager.py:184}}
Jun 11 23:11:17.846393 np0000002690 devstack@neutron-api.service[87175]: DEBUG ovsdbapp.backend.ovs_idl.transaction [None req-dcb160c0-6f1a-4cf8-aaf5-a114e4ab672e None None] Running txn n=1 command(idx=0): PgAddCommand(_result=None, name=pg_274bfb3f_421d_4592_b919_50659c4cc43b, may_exist=False, columns={'acls': [], 'external_ids': {'neutron:security_group_id': '274bfb3f-421d-4592-b919-50659c4cc43b'}}) {{(pid=87175) do_commit /opt/stack/data/venv/lib/python3.12/site-packages/ovsdbapp/backend/ovs_idl/transaction.py:89}}
Jun 11 23:11:17.846481 np0000002690 devstack@neutron-api.service[87175]: DEBUG ovsdbapp.backend.ovs_idl.transaction [None req-dcb160c0-6f1a-4cf8-aaf5-a114e4ab672e None None] Running txn n=1 command(idx=1): PgAclAddCommand(_result=None, entity=pg_274bfb3f_421d_4592_b919_50659c4cc43b, direction=from-lport, priority=1002, match=inport == @pg_274bfb3f_421d_4592_b919_50659c4cc43b && ip6, action=allow-related, log=False, may_exist=True, severity=[], name=[], meter=[], external_ids={'neutron:security_group_rule_id': '0c71d5d0-26bc-4817-acac-11f81c9ff2ff'}) {{(pid=87175) do_commit /opt/stack/data/venv/lib/python3.12/site-packages/ovsdbapp/backend/ovs_idl/transaction.py:89}}
Jun 11 23:11:17.846806 np0000002690 devstack@neutron-api.service[87175]: DEBUG ovsdbapp.backend.ovs_idl.transaction [None req-dcb160c0-6f1a-4cf8-aaf5-a114e4ab672e None None] Running txn n=1 command(idx=2): PgAclAddCommand(_result=None, entity=pg_274bfb3f_421d_4592_b919_50659c4cc43b, direction=from-lport, priority=1002, match=inport == @pg_274bfb3f_421d_4592_b919_50659c4cc43b && ip4, action=allow-related, log=False, may_exist=True, severity=[], name=[], meter=[], external_ids={'neutron:security_group_rule_id': '12cc0f80-cf51-4678-9003-da7da8ac35cd'}) {{(pid=87175) do_commit /opt/stack/data/venv/lib/python3.12/site-packages/ovsdbapp/backend/ovs_idl/transaction.py:89}}
Jun 11 23:11:17.847142 np0000002690 devstack@neutron-api.service[87175]: DEBUG ovsdbapp.backend.ovs_idl.transaction [None req-dcb160c0-6f1a-4cf8-aaf5-a114e4ab672e None None] Running txn n=1 command(idx=3): PgAclAddCommand(_result=None, entity=pg_274bfb3f_421d_4592_b919_50659c4cc43b, direction=to-lport, priority=1002, match=outport == @pg_274bfb3f_421d_4592_b919_50659c4cc43b && ip6 && ip6.src == $pg_274bfb3f_421d_4592_b919_50659c4cc43b_ip6, action=allow-related, log=False, may_exist=True, severity=[], name=[], meter=[], external_ids={'neutron:security_group_rule_id': '12d4bf9f-38d8-48c8-b931-2b027b1f4a39'}) {{(pid=87175) do_commit /opt/stack/data/venv/lib/python3.12/site-packages/ovsdbapp/backend/ovs_idl/transaction.py:89}}
Jun 11 23:11:17.847414 np0000002690 devstack@neutron-api.service[87175]: DEBUG ovsdbapp.backend.ovs_idl.transaction [None req-dcb160c0-6f1a-4cf8-aaf5-a114e4ab672e None None] Running txn n=1 command(idx=4): PgAclAddCommand(_result=None, entity=pg_274bfb3f_421d_4592_b919_50659c4cc43b, direction=to-lport, priority=1002, match=outport == @pg_274bfb3f_421d_4592_b919_50659c4cc43b && ip4 && ip4.src == $pg_274bfb3f_421d_4592_b919_50659c4cc43b_ip4, action=allow-related, log=False, may_exist=True, severity=[], name=[], meter=[], external_ids={'neutron:security_group_rule_id': '99a1b1e1-45f5-4ac8-aeb4-edb7c464f409'}) {{(pid=87175) do_commit /opt/stack/data/venv/lib/python3.12/site-packages/ovsdbapp/backend/ovs_idl/transaction.py:89}}
Jun 11 23:11:17.857075 np0000002690 devstack@neutron-api.service[87175]: DEBUG neutron.common.ovn.hash_ring_manager [None req-dcb160c0-6f1a-4cf8-aaf5-a114e4ab672e None None] Hash Ring loaded. 2 active nodes. 0 offline nodes {{(pid=87175) _load_hash_ring /opt/stack/neutron/neutron/common/ovn/hash_ring_manager.py:102}}
Jun 11 23:11:17.857385 np0000002690 devstack@neutron-api.service[87175]: DEBUG neutron.plugins.ml2.drivers.ovn.mech_driver.ovsdb.ovsdb_monitor [None req-dcb160c0-6f1a-4cf8-aaf5-a114e4ab672e None None] Hash Ring: Node fdaba2a2d5935d0cad28c19caee0d902 (host: np0000002690) handling event "create" for row 2349ba8b-7c8e-4f3c-9652-20b7fd42fec8 (table: ACL) {{(pid=87175) notify /opt/stack/neutron/neutron/plugins/ml2/drivers/ovn/mech_driver/ovsdb/ovsdb_monitor.py:1015}}
Jun 11 23:11:17.857633 np0000002690 devstack@neutron-api.service[87175]: DEBUG neutron.plugins.ml2.drivers.ovn.mech_driver.ovsdb.ovsdb_monitor [None req-dcb160c0-6f1a-4cf8-aaf5-a114e4ab672e None None] Hash Ring: Node fdaba2a2d5935d0cad28c19caee0d902 (host: np0000002690) handling event "create" for row 5f836772-f4ca-42c9-b6d5-dd82d9b94274 (table: ACL) {{(pid=87175) notify /opt/stack/neutron/neutron/plugins/ml2/drivers/ovn/mech_driver/ovsdb/ovsdb_monitor.py:1015}}
Jun 11 23:11:17.857806 np0000002690 devstack@neutron-api.service[87175]: DEBUG neutron.plugins.ml2.drivers.ovn.mech_driver.ovsdb.ovsdb_monitor [None req-dcb160c0-6f1a-4cf8-aaf5-a114e4ab672e None None] Hash Ring: Node fdaba2a2d5935d0cad28c19caee0d902 (host: np0000002690) handling event "create" for row f6434a7a-ce04-4743-84e9-7e9c90e32f06 (table: ACL) {{(pid=87175) notify /opt/stack/neutron/neutron/plugins/ml2/drivers/ovn/mech_driver/ovsdb/ovsdb_monitor.py:1015}}
Jun 11 23:11:17.857953 np0000002690 devstack@neutron-api.service[87175]: DEBUG neutron.plugins.ml2.drivers.ovn.mech_driver.ovsdb.ovsdb_monitor [None req-dcb160c0-6f1a-4cf8-aaf5-a114e4ab672e None None] Hash Ring: Node fdaba2a2d5935d0cad28c19caee0d902 (host: np0000002690) handling event "create" for row bc773c59-a531-4894-872c-befa7e984e3f (table: Port_Group) {{(pid=87175) notify /opt/stack/neutron/neutron/plugins/ml2/drivers/ovn/mech_driver/ovsdb/ovsdb_monitor.py:1015}}
Jun 11 23:11:17.861107 np0000002690 devstack@neutron-api.service[87176]: DEBUG neutron.common.ovn.hash_ring_manager [None req-2fc4fede-a9a7-4153-95ef-91f68e24c347 None None] Hash Ring loaded. 2 active nodes. 0 offline nodes {{(pid=87176) _load_hash_ring /opt/stack/neutron/neutron/common/ovn/hash_ring_manager.py:102}}
Jun 11 23:11:17.861342 np0000002690 devstack@neutron-api.service[87176]: DEBUG neutron.plugins.ml2.drivers.ovn.mech_driver.ovsdb.ovsdb_monitor [None req-2fc4fede-a9a7-4153-95ef-91f68e24c347 None None] Hash Ring: Node c31767d1e1ca593aaeb5fc23d0366977 (host: np0000002690) handling event "create" for row 1968ab44-3550-43f1-b5f0-c9ceb2c17f89 (table: ACL) {{(pid=87176) notify /opt/stack/neutron/neutron/plugins/ml2/drivers/ovn/mech_driver/ovsdb/ovsdb_monitor.py:1015}}
Jun 11 23:11:17.872064 np0000002690 devstack@neutron-api.service[87175]: INFO neutron.db.ovn_revision_numbers_db [None req-daddbdb9-79be-4167-bec6-0866ad0c5609 admin admin] Successfully bumped revision number for resource 274bfb3f-421d-4592-b919-50659c4cc43b (type: security_groups) to 1
Jun 11 23:11:17.884201 np0000002690 devstack@neutron-api.service[87175]: INFO neutron.db.ovn_revision_numbers_db [None req-daddbdb9-79be-4167-bec6-0866ad0c5609 admin admin] Successfully bumped revision number for resource 0c71d5d0-26bc-4817-acac-11f81c9ff2ff (type: security_group_rules) to 0
Jun 11 23:11:17.895001 np0000002690 devstack@neutron-api.service[87175]: INFO neutron.db.ovn_revision_numbers_db [None req-daddbdb9-79be-4167-bec6-0866ad0c5609 admin admin] Successfully bumped revision number for resource 12cc0f80-cf51-4678-9003-da7da8ac35cd (type: security_group_rules) to 0
Jun 11 23:11:17.906709 np0000002690 devstack@neutron-api.service[87175]: INFO neutron.db.ovn_revision_numbers_db [None req-daddbdb9-79be-4167-bec6-0866ad0c5609 admin admin] Successfully bumped revision number for resource 12d4bf9f-38d8-48c8-b931-2b027b1f4a39 (type: security_group_rules) to 0
Jun 11 23:11:17.917521 np0000002690 devstack@neutron-api.service[87175]: INFO neutron.db.ovn_revision_numbers_db [None req-daddbdb9-79be-4167-bec6-0866ad0c5609 admin admin] Successfully bumped revision number for resource 99a1b1e1-45f5-4ac8-aeb4-edb7c464f409 (type: security_group_rules) to 0
Jun 11 23:11:17.948726 np0000002690 devstack@neutron-api.service[87175]: DEBUG neutron.api.rpc.handlers.resources_rpc [None req-daddbdb9-79be-4167-bec6-0866ad0c5609 admin admin] Pushing event updated for resources: {'SecurityGroup': ['ID=274bfb3f-421d-4592-b919-50659c4cc43b,revision_number=1']} {{(pid=87175) push /opt/stack/neutron/neutron/api/rpc/handlers/resources_rpc.py:237}}
Jun 11 23:11:17.952043 np0000002690 devstack@neutron-api.service[87175]: DEBUG ovsdbapp.backend.ovs_idl.transaction [None req-dcb160c0-6f1a-4cf8-aaf5-a114e4ab672e None None] Running txn n=1 command(idx=0): CheckLivenessCommand(_result=None) {{(pid=87175) do_commit /opt/stack/data/venv/lib/python3.12/site-packages/ovsdbapp/backend/ovs_idl/transaction.py:89}}
Jun 11 23:11:17.968797 np0000002690 devstack@neutron-api.service[87175]: DEBUG neutron.plugins.ml2.drivers.ovn.mech_driver.ovsdb.ovsdb_monitor [None req-dcb160c0-6f1a-4cf8-aaf5-a114e4ab672e None None] Hash Ring: Node fdaba2a2d5935d0cad28c19caee0d902 (host: np0000002690) handling event "update" for row 61087a87-f45b-413a-a0d0-0aede654ef13 (table: NB_Global) {{(pid=87175) notify /opt/stack/neutron/neutron/plugins/ml2/drivers/ovn/mech_driver/ovsdb/ovsdb_monitor.py:1015}}
Jun 11 23:11:17.972176 np0000002690 devstack@neutron-api.service[87175]: DEBUG neutron.plugins.ml2.drivers.ovn.mech_driver.ovsdb.ovsdb_monitor [None req-dcb160c0-6f1a-4cf8-aaf5-a114e4ab672e None None] Hash Ring: Node fdaba2a2d5935d0cad28c19caee0d902 (host: np0000002690) handling event "update" for row 61087a87-f45b-413a-a0d0-0aede654ef13 (table: NB_Global) {{(pid=87175) notify /opt/stack/neutron/neutron/plugins/ml2/drivers/ovn/mech_driver/ovsdb/ovsdb_monitor.py:1015}}
Jun 11 23:11:17.972888 np0000002690 devstack@neutron-api.service[87175]: DEBUG neutron.api.rpc.callbacks.version_manager [None req-daddbdb9-79be-4167-bec6-0866ad0c5609 admin admin] Tracked resource versions report:
Jun 11 23:11:17.972888 np0000002690 devstack@neutron-api.service[87175]: pushed versions:
Jun 11 23:11:17.972888 np0000002690 devstack@neutron-api.service[87175]: { 'AddressGroup': {'1.2'},
Jun 11 23:11:17.972888 np0000002690 devstack@neutron-api.service[87175]: 'Agent': {'1.1'},
Jun 11 23:11:17.972888 np0000002690 devstack@neutron-api.service[87175]: 'ConntrackHelper': {'1.0'},
Jun 11 23:11:17.972888 np0000002690 devstack@neutron-api.service[87175]: 'LocalIPAssociation': {'1.0'},
Jun 11 23:11:17.972888 np0000002690 devstack@neutron-api.service[87175]: 'Log': {'1.0'},
Jun 11 23:11:17.972888 np0000002690 devstack@neutron-api.service[87175]: 'NDPProxy': {'1.0'},
Jun 11 23:11:17.972888 np0000002690 devstack@neutron-api.service[87175]: 'Network': {'1.3'},
Jun 11 23:11:17.972888 np0000002690 devstack@neutron-api.service[87175]: 'Port': {'1.11'},
Jun 11 23:11:17.972888 np0000002690 devstack@neutron-api.service[87175]: 'PortForwarding': {'1.3'},
Jun 11 23:11:17.972888 np0000002690 devstack@neutron-api.service[87175]: 'QosPolicy': {'1.10'},
Jun 11 23:11:17.972888 np0000002690 devstack@neutron-api.service[87175]: 'SecurityGroup': {'1.6'},
Jun 11 23:11:17.972888 np0000002690 devstack@neutron-api.service[87175]: 'SecurityGroupRule': {'1.3'},
Jun 11 23:11:17.972888 np0000002690 devstack@neutron-api.service[87175]: 'SubPort': {'1.0'},
Jun 11 23:11:17.972888 np0000002690 devstack@neutron-api.service[87175]: 'Subnet': {'1.2'},
Jun 11 23:11:17.972888 np0000002690 devstack@neutron-api.service[87175]: 'Trunk': {'1.1'}}
Jun 11 23:11:17.972888 np0000002690 devstack@neutron-api.service[87175]: consumer versions:
Jun 11 23:11:17.972888 np0000002690 devstack@neutron-api.service[87175]: { OVN Controller Gateway agent@np0000002690: {},
Jun 11 23:11:17.972888 np0000002690 devstack@neutron-api.service[87175]: OVN Neutron agent@np0000002690: {}}
Jun 11 23:11:17.972888 np0000002690 devstack@neutron-api.service[87175]: {{(pid=87175) report /opt/stack/neutron/neutron/api/rpc/callbacks/version_manager.py:183}}
Jun 11 23:11:17.974648 np0000002690 devstack@neutron-api.service[87176]: DEBUG neutron.plugins.ml2.drivers.ovn.mech_driver.ovsdb.ovsdb_monitor [None req-0e30577a-f4c9-426a-8714-7498007eb767 None None] ChassisAgentWriteEvent : Matched Chassis_Private, update, None None {{(pid=87176) matches /opt/stack/neutron/neutron/plugins/ml2/drivers/ovn/mech_driver/ovsdb/ovsdb_monitor.py:64}}
Jun 11 23:11:17.977431 np0000002690 devstack@neutron-api.service[87175]: DEBUG neutron.plugins.ml2.drivers.ovn.mech_driver.ovsdb.ovsdb_monitor [None req-d066a37f-7602-4b01-812c-4b1846b88298 None None] ChassisAgentWriteEvent : Matched Chassis_Private, update, None None {{(pid=87175) matches /opt/stack/neutron/neutron/plugins/ml2/drivers/ovn/mech_driver/ovsdb/ovsdb_monitor.py:64}}
Jun 11 23:11:17.979078 np0000002690 devstack@neutron-api.service[87175]: DEBUG neutron.plugins.ml2.drivers.ovn.mech_driver.ovsdb.ovsdb_monitor [None req-dcb160c0-6f1a-4cf8-aaf5-a114e4ab672e None None] Hash Ring: Node fdaba2a2d5935d0cad28c19caee0d902 (host: np0000002690) handling event "update" for row 61087a87-f45b-413a-a0d0-0aede654ef13 (table: NB_Global) {{(pid=87175) notify /opt/stack/neutron/neutron/plugins/ml2/drivers/ovn/mech_driver/ovsdb/ovsdb_monitor.py:1015}}
Jun 11 23:11:17.982134 np0000002690 devstack@neutron-api.service[87175]: DEBUG neutron.plugins.ml2.drivers.ovn.mech_driver.ovsdb.ovsdb_monitor [None req-dcb160c0-6f1a-4cf8-aaf5-a114e4ab672e None None] Hash Ring: Node fdaba2a2d5935d0cad28c19caee0d902 (host: np0000002690) handling event "update" for row 61087a87-f45b-413a-a0d0-0aede654ef13 (table: NB_Global) {{(pid=87175) notify /opt/stack/neutron/neutron/plugins/ml2/drivers/ovn/mech_driver/ovsdb/ovsdb_monitor.py:1015}}
Jun 11 23:11:17.985428 np0000002690 devstack@neutron-api.service[87176]: DEBUG neutron.common.ovn.hash_ring_manager [None req-0e30577a-f4c9-426a-8714-7498007eb767 None None] Hash Ring loaded. 2 active nodes. 0 offline nodes {{(pid=87176) _load_hash_ring /opt/stack/neutron/neutron/common/ovn/hash_ring_manager.py:102}}
Jun 11 23:11:17.985618 np0000002690 devstack@neutron-api.service[87176]: DEBUG neutron.plugins.ml2.drivers.ovn.mech_driver.ovsdb.ovsdb_monitor [None req-0e30577a-f4c9-426a-8714-7498007eb767 None None] Hash Ring: Node c31767d1e1ca593aaeb5fc23d0366977 (host: np0000002690) handling event "update" for row 3fe47984-29c2-4427-b61e-cd7403d61eda (table: Chassis_Private) {{(pid=87176) notify /opt/stack/neutron/neutron/plugins/ml2/drivers/ovn/mech_driver/ovsdb/ovsdb_monitor.py:1015}}
Jun 11 23:11:17.997879 np0000002690 devstack@neutron-api.service[87175]: DEBUG neutron.common.ovn.hash_ring_manager [None req-d066a37f-7602-4b01-812c-4b1846b88298 None None] Hash Ring loaded. 2 active nodes. 0 offline nodes {{(pid=87175) _load_hash_ring /opt/stack/neutron/neutron/common/ovn/hash_ring_manager.py:102}}
Jun 11 23:11:18.027975 np0000002690 devstack@neutron-api.service[87175]: DEBUG neutron.plugins.ml2.drivers.helpers [None req-daddbdb9-79be-4167-bec6-0866ad0c5609 admin admin] geneve segment allocate from pool success with {'geneve_vni': 32790} {{(pid=87175) allocate_partially_specified_segment /opt/stack/neutron/neutron/plugins/ml2/drivers/helpers.py:142}}
Jun 11 23:11:18.035529 np0000002690 devstack@neutron-api.service[87175]: DEBUG neutron_lib.callbacks.manager [None req-daddbdb9-79be-4167-bec6-0866ad0c5609 admin admin] Publish callbacks ['neutron.plugins.ml2.plugin.Ml2Plugin._handle_segment_change-511483'] for segment (92d45374-3d34-4c88-bebd-c37576ae5d8c), precommit_create {{(pid=87175) _notify_loop /opt/stack/data/venv/lib/python3.12/site-packages/neutron_lib/callbacks/manager.py:184}}
Jun 11 23:11:18.035728 np0000002690 devstack@neutron-api.service[87175]: INFO neutron.db.segments_db [None req-daddbdb9-79be-4167-bec6-0866ad0c5609 admin admin] Added segment 92d45374-3d34-4c88-bebd-c37576ae5d8c of type geneve for network 4576fe90-8287-4f38-a1be-0586c13e5de6
Jun 11 23:11:18.049008 np0000002690 devstack@neutron-api.service[87175]: DEBUG neutron_lib.callbacks.manager [None req-daddbdb9-79be-4167-bec6-0866ad0c5609 admin admin] Publish callbacks ['neutron.services.auto_allocate.db._ensure_external_network_default_value_callback-8673422470828'] for network (4576fe90-8287-4f38-a1be-0586c13e5de6), precommit_create {{(pid=87175) _notify_loop /opt/stack/data/venv/lib/python3.12/site-packages/neutron_lib/callbacks/manager.py:184}}
Jun 11 23:11:18.059218 np0000002690 devstack@neutron-api.service[87175]: DEBUG neutron.plugins.ml2.drivers.ovn.mech_driver.mech_driver [None req-daddbdb9-79be-4167-bec6-0866ad0c5609 admin admin] Validating network segment with type geneve, segmentation ID 32790, physical network None {{(pid=87175) _validate_network_segments /opt/stack/neutron/neutron/plugins/ml2/drivers/ovn/mech_driver/mech_driver.py:643}}
Jun 11 23:11:18.059385 np0000002690 devstack@neutron-api.service[87175]: DEBUG neutron.db.ovn_revision_numbers_db [None req-daddbdb9-79be-4167-bec6-0866ad0c5609 admin admin] create_initial_revision uuid=4576fe90-8287-4f38-a1be-0586c13e5de6, type=networks, rev=-1 {{(pid=87175) create_initial_revision /opt/stack/neutron/neutron/db/ovn_revision_numbers_db.py:98}}
Jun 11 23:11:18.071447 np0000002690 devstack@neutron-api.service[87175]: DEBUG neutron_lib.callbacks.manager [None req-daddbdb9-79be-4167-bec6-0866ad0c5609 admin admin] Publish callbacks ['neutron.plugins.ml2.ovo_rpc._ObjectChangeHandler.handle_event-1444999'] for network (4576fe90-8287-4f38-a1be-0586c13e5de6), after_create {{(pid=87175) _notify_loop /opt/stack/data/venv/lib/python3.12/site-packages/neutron_lib/callbacks/manager.py:184}}
