Aug 23 18:14:43.210777 np0000007943 devstack@g-api.service[103025]: DEBUG glance.api.middleware.version_negotiation [None req-8104f644-a16d-4233-84b8-211f12adfe2b tempest-VolumesImageMetadata-1417324760 tempest-VolumesImageMetadata-1417324760-project-member] Determining version of request: GET /v2/images/d2fb9a45-3992-4d98-99fc-37a41a0a5e35 Accept: */* {{(pid=103025) process_request /opt/stack/glance/glance/api/middleware/version_negotiation.py:44}}
Aug 23 18:14:43.210777 np0000007943 devstack@g-api.service[103025]: DEBUG glance.api.middleware.version_negotiation [None req-8104f644-a16d-4233-84b8-211f12adfe2b tempest-VolumesImageMetadata-1417324760 tempest-VolumesImageMetadata-1417324760-project-member] Using url versioning {{(pid=103025) process_request /opt/stack/glance/glance/api/middleware/version_negotiation.py:57}}
Aug 23 18:14:43.210777 np0000007943 devstack@g-api.service[103025]: DEBUG glance.api.middleware.version_negotiation [None req-8104f644-a16d-4233-84b8-211f12adfe2b tempest-VolumesImageMetadata-1417324760 tempest-VolumesImageMetadata-1417324760-project-member] Matched version: v2 {{(pid=103025) process_request /opt/stack/glance/glance/api/middleware/version_negotiation.py:69}}
Aug 23 18:14:43.210777 np0000007943 devstack@g-api.service[103025]: DEBUG glance.api.middleware.version_negotiation [None req-8104f644-a16d-4233-84b8-211f12adfe2b tempest-VolumesImageMetadata-1417324760 tempest-VolumesImageMetadata-1417324760-project-member] new path /v2/images/d2fb9a45-3992-4d98-99fc-37a41a0a5e35 {{(pid=103025) process_request /opt/stack/glance/glance/api/middleware/version_negotiation.py:70}}
Aug 23 18:14:43.232605 np0000007943 devstack@g-api.service[103025]: [pid: 103025|app: 0|req: 70/271] 127.0.0.1 () {44 vars in 1115 bytes} [Sun Aug 23 18:14:43 2026] GET /v2/images/d2fb9a45-3992-4d98-99fc-37a41a0a5e35 => generated 1044 bytes in 22 msecs (HTTP/1.1 200) 4 headers in 158 bytes (1 switches on core 0)
Aug 23 18:14:43.243629 np0000007943 devstack@g-api.service[103023]: DEBUG glance.api.middleware.version_negotiation [None req-8104f644-a16d-4233-84b8-211f12adfe2b tempest-VolumesImageMetadata-1417324760 tempest-VolumesImageMetadata-1417324760-project-member] Determining version of request: GET /v2/schemas/image Accept: */* {{(pid=103023) process_request /opt/stack/glance/glance/api/middleware/version_negotiation.py:44}}
Aug 23 18:14:43.243957 np0000007943 devstack@g-api.service[103023]: DEBUG glance.api.middleware.version_negotiation [None req-8104f644-a16d-4233-84b8-211f12adfe2b tempest-VolumesImageMetadata-1417324760 tempest-VolumesImageMetadata-1417324760-project-member] Using url versioning {{(pid=103023) process_request /opt/stack/glance/glance/api/middleware/version_negotiation.py:57}}
Aug 23 18:14:43.244015 np0000007943 devstack@g-api.service[103023]: DEBUG glance.api.middleware.version_negotiation [None req-8104f644-a16d-4233-84b8-211f12adfe2b tempest-VolumesImageMetadata-1417324760 tempest-VolumesImageMetadata-1417324760-project-member] Matched version: v2 {{(pid=103023) process_request /opt/stack/glance/glance/api/middleware/version_negotiation.py:69}}
Aug 23 18:14:43.244172 np0000007943 devstack@g-api.service[103023]: DEBUG glance.api.middleware.version_negotiation [None req-8104f644-a16d-4233-84b8-211f12adfe2b tempest-VolumesImageMetadata-1417324760 tempest-VolumesImageMetadata-1417324760-project-member] new path /v2/schemas/image {{(pid=103023) process_request /opt/stack/glance/glance/api/middleware/version_negotiation.py:70}}
Aug 23 18:14:43.247293 np0000007943 devstack@g-api.service[103023]: [pid: 103023|app: 0|req: 72/272] 127.0.0.1 () {44 vars in 1055 bytes} [Sun Aug 23 18:14:43 2026] GET /v2/schemas/image => generated 6083 bytes in 4 msecs (HTTP/1.1 200) 4 headers in 158 bytes (1 switches on core 0)
Aug 23 18:14:43.259906 np0000007943 devstack@g-api.service[103024]: DEBUG glance.api.middleware.version_negotiation [None req-8104f644-a16d-4233-84b8-211f12adfe2b tempest-VolumesImageMetadata-1417324760 tempest-VolumesImageMetadata-1417324760-project-member] Determining version of request: GET /v2/schemas/image Accept: */* {{(pid=103024) process_request /opt/stack/glance/glance/api/middleware/version_negotiation.py:44}}
Aug 23 18:14:43.260146 np0000007943 devstack@g-api.service[103024]: DEBUG glance.api.middleware.version_negotiation [None req-8104f644-a16d-4233-84b8-211f12adfe2b tempest-VolumesImageMetadata-1417324760 tempest-VolumesImageMetadata-1417324760-project-member] Using url versioning {{(pid=103024) process_request /opt/stack/glance/glance/api/middleware/version_negotiation.py:57}}
Aug 23 18:14:43.260278 np0000007943 devstack@g-api.service[103024]: DEBUG glance.api.middleware.version_negotiation [None req-8104f644-a16d-4233-84b8-211f12adfe2b tempest-VolumesImageMetadata-1417324760 tempest-VolumesImageMetadata-1417324760-project-member] Matched version: v2 {{(pid=103024) process_request /opt/stack/glance/glance/api/middleware/version_negotiation.py:69}}
Aug 23 18:14:43.260370 np0000007943 devstack@g-api.service[103024]: DEBUG glance.api.middleware.version_negotiation [None req-8104f644-a16d-4233-84b8-211f12adfe2b tempest-VolumesImageMetadata-1417324760 tempest-VolumesImageMetadata-1417324760-project-member] new path /v2/schemas/image {{(pid=103024) process_request /opt/stack/glance/glance/api/middleware/version_negotiation.py:70}}
Aug 23 18:14:43.263152 np0000007943 devstack@g-api.service[103024]: [pid: 103024|app: 0|req: 65/273] 127.0.0.1 () {44 vars in 1055 bytes} [Sun Aug 23 18:14:43 2026] GET /v2/schemas/image => generated 6083 bytes in 3 msecs (HTTP/1.1 200) 4 headers in 158 bytes (1 switches on core 0)
Aug 23 18:14:43.291215 np0000007943 devstack@g-api.service[103025]: DEBUG glance.api.middleware.version_negotiation [None req-8104f644-a16d-4233-84b8-211f12adfe2b tempest-VolumesImageMetadata-1417324760 tempest-VolumesImageMetadata-1417324760-project-member] Determining version of request: GET /v2/images/d2fb9a45-3992-4d98-99fc-37a41a0a5e35 Accept: */* {{(pid=103025) process_request /opt/stack/glance/glance/api/middleware/version_negotiation.py:44}}
Aug 23 18:14:43.291482 np0000007943 devstack@g-api.service[103025]: DEBUG glance.api.middleware.version_negotiation [None req-8104f644-a16d-4233-84b8-211f12adfe2b tempest-VolumesImageMetadata-1417324760 tempest-VolumesImageMetadata-1417324760-project-member] Using url versioning {{(pid=103025) process_request /opt/stack/glance/glance/api/middleware/version_negotiation.py:57}}
Aug 23 18:14:43.291671 np0000007943 devstack@g-api.service[103025]: DEBUG glance.api.middleware.version_negotiation [None req-8104f644-a16d-4233-84b8-211f12adfe2b tempest-VolumesImageMetadata-1417324760 tempest-VolumesImageMetadata-1417324760-project-member] Matched version: v2 {{(pid=103025) process_request /opt/stack/glance/glance/api/middleware/version_negotiation.py:69}}
Aug 23 18:14:43.291731 np0000007943 devstack@g-api.service[103025]: DEBUG glance.api.middleware.version_negotiation [None req-8104f644-a16d-4233-84b8-211f12adfe2b tempest-VolumesImageMetadata-1417324760 tempest-VolumesImageMetadata-1417324760-project-member] new path /v2/images/d2fb9a45-3992-4d98-99fc-37a41a0a5e35 {{(pid=103025) process_request /opt/stack/glance/glance/api/middleware/version_negotiation.py:70}}
Aug 23 18:14:43.304390 np0000007943 devstack@g-api.service[103025]: [pid: 103025|app: 0|req: 71/274] 127.0.0.1 () {44 vars in 1115 bytes} [Sun Aug 23 18:14:43 2026] GET /v2/images/d2fb9a45-3992-4d98-99fc-37a41a0a5e35 => generated 1044 bytes in 14 msecs (HTTP/1.1 200) 4 headers in 158 bytes (1 switches on core 0)
Aug 23 18:14:43.315163 np0000007943 devstack@g-api.service[103023]: DEBUG glance.api.middleware.version_negotiation [None req-8104f644-a16d-4233-84b8-211f12adfe2b tempest-VolumesImageMetadata-1417324760 tempest-VolumesImageMetadata-1417324760-project-member] Determining version of request: GET /v2/schemas/image Accept: */* {{(pid=103023) process_request /opt/stack/glance/glance/api/middleware/version_negotiation.py:44}}
Aug 23 18:14:43.315455 np0000007943 devstack@g-api.service[103023]: DEBUG glance.api.middleware.version_negotiation [None req-8104f644-a16d-4233-84b8-211f12adfe2b tempest-VolumesImageMetadata-1417324760 tempest-VolumesImageMetadata-1417324760-project-member] Using url versioning {{(pid=103023) process_request /opt/stack/glance/glance/api/middleware/version_negotiation.py:57}}
Aug 23 18:14:43.315590 np0000007943 devstack@g-api.service[103023]: DEBUG glance.api.middleware.version_negotiation [None req-8104f644-a16d-4233-84b8-211f12adfe2b tempest-VolumesImageMetadata-1417324760 tempest-VolumesImageMetadata-1417324760-project-member] Matched version: v2 {{(pid=103023) process_request /opt/stack/glance/glance/api/middleware/version_negotiation.py:69}}
Aug 23 18:14:43.315733 np0000007943 devstack@g-api.service[103023]: DEBUG glance.api.middleware.version_negotiation [None req-8104f644-a16d-4233-84b8-211f12adfe2b tempest-VolumesImageMetadata-1417324760 tempest-VolumesImageMetadata-1417324760-project-member] new path /v2/schemas/image {{(pid=103023) process_request /opt/stack/glance/glance/api/middleware/version_negotiation.py:70}}
Aug 23 18:14:43.318902 np0000007943 devstack@g-api.service[103023]: [pid: 103023|app: 0|req: 73/275] 127.0.0.1 () {44 vars in 1055 bytes} [Sun Aug 23 18:14:43 2026] GET /v2/schemas/image => generated 6083 bytes in 4 msecs (HTTP/1.1 200) 4 headers in 158 bytes (1 switches on core 0)
Aug 23 18:14:43.399566 np0000007943 devstack@g-api.service[103026]: INFO glance.api.v2.image_data [None req-d2df1c7d-8622-4623-ac0c-f29d40a8acc1 tempest-VolumesActionsTest-1991386847 tempest-VolumesActionsTest-1991386847-project-member] Unable to create trust: no such option collect_timing in group [keystone_authtoken] Use the existing user token.
Aug 23 18:14:43.559625 np0000007943 devstack@g-api.service[103024]: DEBUG glance.api.middleware.version_negotiation [None req-8104f644-a16d-4233-84b8-211f12adfe2b tempest-VolumesImageMetadata-1417324760 tempest-VolumesImageMetadata-1417324760-project-member] Determining version of request: GET /v2/images/8ded7c48-8d3f-454c-95cc-58cde7a092e0 Accept: application/json {{(pid=103024) process_request /opt/stack/glance/glance/api/middleware/version_negotiation.py:44}}
Aug 23 18:14:43.559871 np0000007943 devstack@g-api.service[103024]: DEBUG glance.api.middleware.version_negotiation [None req-8104f644-a16d-4233-84b8-211f12adfe2b tempest-VolumesImageMetadata-1417324760 tempest-VolumesImageMetadata-1417324760-project-member] Using url versioning {{(pid=103024) process_request /opt/stack/glance/glance/api/middleware/version_negotiation.py:57}}
Aug 23 18:14:43.560017 np0000007943 devstack@g-api.service[103024]: DEBUG glance.api.middleware.version_negotiation [None req-8104f644-a16d-4233-84b8-211f12adfe2b tempest-VolumesImageMetadata-1417324760 tempest-VolumesImageMetadata-1417324760-project-member] Matched version: v2 {{(pid=103024) process_request /opt/stack/glance/glance/api/middleware/version_negotiation.py:69}}
Aug 23 18:14:43.560183 np0000007943 devstack@g-api.service[103024]: DEBUG glance.api.middleware.version_negotiation [None req-8104f644-a16d-4233-84b8-211f12adfe2b tempest-VolumesImageMetadata-1417324760 tempest-VolumesImageMetadata-1417324760-project-member] new path /v2/images/8ded7c48-8d3f-454c-95cc-58cde7a092e0 {{(pid=103024) process_request /opt/stack/glance/glance/api/middleware/version_negotiation.py:70}}
Aug 23 18:14:43.569195 np0000007943 devstack@g-api.service[103024]: [pid: 103024|app: 0|req: 66/276] 127.0.0.1 () {40 vars in 838 bytes} [Sun Aug 23 18:14:43 2026] GET /v2/images/8ded7c48-8d3f-454c-95cc-58cde7a092e0 => generated 649 bytes in 9 msecs (HTTP/1.1 200) 4 headers in 157 bytes (1 switches on core 0)
Aug 23 18:14:43.762275 np0000007943 devstack@g-api.service[103025]: DEBUG glance.api.middleware.version_negotiation [None req-8104f644-a16d-4233-84b8-211f12adfe2b tempest-VolumesImageMetadata-1417324760 tempest-VolumesImageMetadata-1417324760-project-member] Determining version of request: GET /versions Accept: */* {{(pid=103025) process_request /opt/stack/glance/glance/api/middleware/version_negotiation.py:44}}
Aug 23 18:14:43.763225 np0000007943 devstack@g-api.service[103025]: [pid: 103025|app: 0|req: 72/277] 127.0.0.1 () {44 vars in 1039 bytes} [Sun Aug 23 18:14:43 2026] GET /versions => generated 1515 bytes in 1 msecs (HTTP/1.1 200) 3 headers in 92 bytes (1 switches on core 0)
Aug 23 18:14:43.771432 np0000007943 devstack@g-api.service[103023]: DEBUG glance.api.middleware.version_negotiation [None req-8104f644-a16d-4233-84b8-211f12adfe2b tempest-VolumesImageMetadata-1417324760 tempest-VolumesImageMetadata-1417324760-project-member] Determining version of request: GET /v2/images/d2fb9a45-3992-4d98-99fc-37a41a0a5e35/locations Accept: */* {{(pid=103023) process_request /opt/stack/glance/glance/api/middleware/version_negotiation.py:44}}
Aug 23 18:14:43.771937 np0000007943 devstack@g-api.service[103023]: DEBUG glance.api.middleware.version_negotiation [None req-8104f644-a16d-4233-84b8-211f12adfe2b tempest-VolumesImageMetadata-1417324760 tempest-VolumesImageMetadata-1417324760-project-member] Using url versioning {{(pid=103023) process_request /opt/stack/glance/glance/api/middleware/version_negotiation.py:57}}
Aug 23 18:14:43.771937 np0000007943 devstack@g-api.service[103023]: DEBUG glance.api.middleware.version_negotiation [None req-8104f644-a16d-4233-84b8-211f12adfe2b tempest-VolumesImageMetadata-1417324760 tempest-VolumesImageMetadata-1417324760-project-member] Matched version: v2 {{(pid=103023) process_request /opt/stack/glance/glance/api/middleware/version_negotiation.py:69}}
Aug 23 18:14:43.771937 np0000007943 devstack@g-api.service[103023]: DEBUG glance.api.middleware.version_negotiation [None req-8104f644-a16d-4233-84b8-211f12adfe2b tempest-VolumesImageMetadata-1417324760 tempest-VolumesImageMetadata-1417324760-project-member] new path /v2/images/d2fb9a45-3992-4d98-99fc-37a41a0a5e35/locations {{(pid=103023) process_request /opt/stack/glance/glance/api/middleware/version_negotiation.py:70}}
Aug 23 18:14:43.841225 np0000007943 devstack@g-api.service[103023]: [pid: 103023|app: 0|req: 74/278] 127.0.0.1 () {44 vars in 1135 bytes} [Sun Aug 23 18:14:43 2026] GET /v2/images/d2fb9a45-3992-4d98-99fc-37a41a0a5e35/locations => generated 92 bytes in 70 msecs (HTTP/1.1 200) 4 headers in 156 bytes (1 switches on core 0)
Aug 23 18:14:43.851398 np0000007943 devstack@g-api.service[103024]: DEBUG glance.api.middleware.version_negotiation [None req-70ffa7f5-fb0c-40be-8d2c-981cccc67797 tempest-VolumesActionsTest-1991386847 tempest-VolumesActionsTest-1991386847-project-member] Determining version of request: GET /v2/images/d2fb9a45-3992-4d98-99fc-37a41a0a5e35 Accept: */* {{(pid=103024) process_request /opt/stack/glance/glance/api/middleware/version_negotiation.py:44}}
Aug 23 18:14:43.851573 np0000007943 devstack@g-api.service[103024]: DEBUG glance.api.middleware.version_negotiation [None req-70ffa7f5-fb0c-40be-8d2c-981cccc67797 tempest-VolumesActionsTest-1991386847 tempest-VolumesActionsTest-1991386847-project-member] Using url versioning {{(pid=103024) process_request /opt/stack/glance/glance/api/middleware/version_negotiation.py:57}}
Aug 23 18:14:43.851748 np0000007943 devstack@g-api.service[103024]: DEBUG glance.api.middleware.version_negotiation [None req-70ffa7f5-fb0c-40be-8d2c-981cccc67797 tempest-VolumesActionsTest-1991386847 tempest-VolumesActionsTest-1991386847-project-member] Matched version: v2 {{(pid=103024) process_request /opt/stack/glance/glance/api/middleware/version_negotiation.py:69}}
Aug 23 18:14:43.851900 np0000007943 devstack@g-api.service[103024]: DEBUG glance.api.middleware.version_negotiation [None req-70ffa7f5-fb0c-40be-8d2c-981cccc67797 tempest-VolumesActionsTest-1991386847 tempest-VolumesActionsTest-1991386847-project-member] new path /v2/images/d2fb9a45-3992-4d98-99fc-37a41a0a5e35 {{(pid=103024) process_request /opt/stack/glance/glance/api/middleware/version_negotiation.py:70}}
Aug 23 18:14:43.863840 np0000007943 devstack@g-api.service[103024]: [pid: 103024|app: 0|req: 67/279] 127.0.0.1 () {44 vars in 1115 bytes} [Sun Aug 23 18:14:43 2026] GET /v2/images/d2fb9a45-3992-4d98-99fc-37a41a0a5e35 => generated 1044 bytes in 13 msecs (HTTP/1.1 200) 4 headers in 158 bytes (1 switches on core 0)
Aug 23 18:14:43.874737 np0000007943 devstack@g-api.service[103025]: DEBUG glance.api.middleware.version_negotiation [None req-8104f644-a16d-4233-84b8-211f12adfe2b tempest-VolumesImageMetadata-1417324760 tempest-VolumesImageMetadata-1417324760-project-member] Determining version of request: GET /v2/schemas/image Accept: */* {{(pid=103025) process_request /opt/stack/glance/glance/api/middleware/version_negotiation.py:44}}
Aug 23 18:14:43.874959 np0000007943 devstack@g-api.service[103025]: DEBUG glance.api.middleware.version_negotiation [None req-8104f644-a16d-4233-84b8-211f12adfe2b tempest-VolumesImageMetadata-1417324760 tempest-VolumesImageMetadata-1417324760-project-member] Using url versioning {{(pid=103025) process_request /opt/stack/glance/glance/api/middleware/version_negotiation.py:57}}
Aug 23 18:14:43.876284 np0000007943 devstack@g-api.service[103025]: DEBUG glance.api.middleware.version_negotiation [None req-8104f644-a16d-4233-84b8-211f12adfe2b tempest-VolumesImageMetadata-1417324760 tempest-VolumesImageMetadata-1417324760-project-member] Matched version: v2 {{(pid=103025) process_request /opt/stack/glance/glance/api/middleware/version_negotiation.py:69}}
Aug 23 18:14:43.876496 np0000007943 devstack@g-api.service[103025]: DEBUG glance.api.middleware.version_negotiation [None req-8104f644-a16d-4233-84b8-211f12adfe2b tempest-VolumesImageMetadata-1417324760 tempest-VolumesImageMetadata-1417324760-project-member] new path /v2/schemas/image {{(pid=103025) process_request /opt/stack/glance/glance/api/middleware/version_negotiation.py:70}}
Aug 23 18:14:43.881377 np0000007943 devstack@g-api.service[103025]: [pid: 103025|app: 0|req: 73/280] 127.0.0.1 () {44 vars in 1055 bytes} [Sun Aug 23 18:14:43 2026] GET /v2/schemas/image => generated 6083 bytes in 7 msecs (HTTP/1.1 200) 4 headers in 158 bytes (1 switches on core 0)
Aug 23 18:14:43.900065 np0000007943 devstack@g-api.service[103023]: DEBUG glance.api.middleware.version_negotiation [None req-8104f644-a16d-4233-84b8-211f12adfe2b service glance] Determining version of request: GET /v2/schemas/image Accept: */* {{(pid=103023) process_request /opt/stack/glance/glance/api/middleware/version_negotiation.py:44}}
Aug 23 18:14:43.900065 np0000007943 devstack@g-api.service[103023]: DEBUG glance.api.middleware.version_negotiation [None req-8104f644-a16d-4233-84b8-211f12adfe2b service glance] Using url versioning {{(pid=103023) process_request /opt/stack/glance/glance/api/middleware/version_negotiation.py:57}}
Aug 23 18:14:43.900065 np0000007943 devstack@g-api.service[103023]: DEBUG glance.api.middleware.version_negotiation [None req-8104f644-a16d-4233-84b8-211f12adfe2b service glance] Matched version: v2 {{(pid=103023) process_request /opt/stack/glance/glance/api/middleware/version_negotiation.py:69}}
Aug 23 18:14:43.900065 np0000007943 devstack@g-api.service[103023]: DEBUG glance.api.middleware.version_negotiation [None req-8104f644-a16d-4233-84b8-211f12adfe2b service glance] new path /v2/schemas/image {{(pid=103023) process_request /opt/stack/glance/glance/api/middleware/version_negotiation.py:70}}
Aug 23 18:14:43.920575 np0000007943 devstack@g-api.service[103023]: [pid: 103023|app: 0|req: 75/281] 127.0.0.1 () {44 vars in 1055 bytes} [Sun Aug 23 18:14:43 2026] GET /v2/schemas/image => generated 6083 bytes in 15 msecs (HTTP/1.1 200) 4 headers in 158 bytes (1 switches on core 0)
Aug 23 18:14:43.977492 np0000007943 devstack@g-api.service[103026]: DEBUG glance.location [None req-d2df1c7d-8622-4623-ac0c-f29d40a8acc1 tempest-VolumesActionsTest-1991386847 tempest-VolumesActionsTest-1991386847-project-member] Enabling in-flight format inspection for raw {{(pid=103026) set_data /opt/stack/glance/glance/location.py:596}}
Aug 23 18:14:43.978631 np0000007943 devstack@g-api.service[103026]: DEBUG glance_store.backend [None req-d2df1c7d-8622-4623-ac0c-f29d40a8acc1 tempest-VolumesActionsTest-1991386847 tempest-VolumesActionsTest-1991386847-project-member] Attempting to import store swift {{(pid=103026) _load_store /opt/stack/data/venv/lib/python3.12/site-packages/glance_store/backend.py:215}}
Aug 23 18:14:43.980576 np0000007943 devstack@g-api.service[103026]: DEBUG glance_store.capabilities [None req-d2df1c7d-8622-4623-ac0c-f29d40a8acc1 tempest-VolumesActionsTest-1991386847 tempest-VolumesActionsTest-1991386847-project-member] Store glance_store._drivers.swift.store.SingleTenantStore doesn't support updating dynamic storage capabilities. Please overwrite 'update_capabilities' method of the store to implement updating logics if needed. {{(pid=103026) update_capabilities /opt/stack/data/venv/lib/python3.12/site-packages/glance_store/capabilities.py:91}}
Aug 23 18:14:43.980576 np0000007943 devstack@g-api.service[103026]: DEBUG glance_store.driver [None req-d2df1c7d-8622-4623-ac0c-f29d40a8acc1 tempest-VolumesActionsTest-1991386847 tempest-VolumesActionsTest-1991386847-project-member] Late loading location class glance_store._drivers.swift.store.StoreLocation {{(pid=103026) get_store_location_class /opt/stack/data/venv/lib/python3.12/site-packages/glance_store/driver.py:134}}
Aug 23 18:14:43.980780 np0000007943 devstack@g-api.service[103026]: DEBUG glance_store.location [None req-d2df1c7d-8622-4623-ac0c-f29d40a8acc1 tempest-VolumesActionsTest-1991386847 tempest-VolumesActionsTest-1991386847-project-member] Registering scheme swift+https with {'store': , 'location_class': , 'store_entry': 'swift'} {{(pid=103026) register_scheme_map /opt/stack/data/venv/lib/python3.12/site-packages/glance_store/location.py:146}}
Aug 23 18:14:43.981615 np0000007943 devstack@g-api.service[103026]: DEBUG glance_store.location [None req-d2df1c7d-8622-4623-ac0c-f29d40a8acc1 tempest-VolumesActionsTest-1991386847 tempest-VolumesActionsTest-1991386847-project-member] Registering scheme swift+https with {'store': , 'location_class': , 'store_entry': 'swift'} {{(pid=103026) register_scheme_map /opt/stack/data/venv/lib/python3.12/site-packages/glance_store/location.py:146}}
Aug 23 18:14:43.981778 np0000007943 devstack@g-api.service[103026]: DEBUG glance_store.location [None req-d2df1c7d-8622-4623-ac0c-f29d40a8acc1 tempest-VolumesActionsTest-1991386847 tempest-VolumesActionsTest-1991386847-project-member] Registering scheme swift with {'store': , 'location_class': , 'store_entry': 'swift'} {{(pid=103026) register_scheme_map /opt/stack/data/venv/lib/python3.12/site-packages/glance_store/location.py:146}}
Aug 23 18:14:43.981915 np0000007943 devstack@g-api.service[103026]: DEBUG glance_store.location [None req-d2df1c7d-8622-4623-ac0c-f29d40a8acc1 tempest-VolumesActionsTest-1991386847 tempest-VolumesActionsTest-1991386847-project-member] Registering scheme swift+https with {'store': , 'location_class': , 'store_entry': 'swift'} {{(pid=103026) register_scheme_map /opt/stack/data/venv/lib/python3.12/site-packages/glance_store/location.py:146}}
Aug 23 18:14:43.981967 np0000007943 devstack@g-api.service[103026]: DEBUG glance_store.location [None req-d2df1c7d-8622-4623-ac0c-f29d40a8acc1 tempest-VolumesActionsTest-1991386847 tempest-VolumesActionsTest-1991386847-project-member] Registering scheme swift with {'store': , 'location_class': , 'store_entry': 'swift'} {{(pid=103026) register_scheme_map /opt/stack/data/venv/lib/python3.12/site-packages/glance_store/location.py:146}}
Aug 23 18:14:43.982508 np0000007943 devstack@g-api.service[103026]: DEBUG glance_store.location [None req-d2df1c7d-8622-4623-ac0c-f29d40a8acc1 tempest-VolumesActionsTest-1991386847 tempest-VolumesActionsTest-1991386847-project-member] Registering scheme swift+http with {'store': , 'location_class': , 'store_entry': 'swift'} {{(pid=103026) register_scheme_map /opt/stack/data/venv/lib/python3.12/site-packages/glance_store/location.py:146}}
Aug 23 18:14:43.982508 np0000007943 devstack@g-api.service[103026]: DEBUG glance_store.location [None req-d2df1c7d-8622-4623-ac0c-f29d40a8acc1 tempest-VolumesActionsTest-1991386847 tempest-VolumesActionsTest-1991386847-project-member] Registering scheme swift+https with {'store': , 'location_class': , 'store_entry': 'swift'} {{(pid=103026) register_scheme_map /opt/stack/data/venv/lib/python3.12/site-packages/glance_store/location.py:146}}
Aug 23 18:14:43.982508 np0000007943 devstack@g-api.service[103026]: DEBUG glance_store.location [None req-d2df1c7d-8622-4623-ac0c-f29d40a8acc1 tempest-VolumesActionsTest-1991386847 tempest-VolumesActionsTest-1991386847-project-member] Registering scheme swift with {'store': , 'location_class': , 'store_entry': 'swift'} {{(pid=103026) register_scheme_map /opt/stack/data/venv/lib/python3.12/site-packages/glance_store/location.py:146}}
Aug 23 18:14:43.982508 np0000007943 devstack@g-api.service[103026]: DEBUG glance_store.location [None req-d2df1c7d-8622-4623-ac0c-f29d40a8acc1 tempest-VolumesActionsTest-1991386847 tempest-VolumesActionsTest-1991386847-project-member] Registering scheme swift+http with {'store': , 'location_class': , 'store_entry': 'swift'} {{(pid=103026) register_scheme_map /opt/stack/data/venv/lib/python3.12/site-packages/glance_store/location.py:146}}
Aug 23 18:14:43.982723 np0000007943 devstack@g-api.service[103026]: DEBUG glance_store.location [None req-d2df1c7d-8622-4623-ac0c-f29d40a8acc1 tempest-VolumesActionsTest-1991386847 tempest-VolumesActionsTest-1991386847-project-member] Registering scheme swift+config with {'store': , 'location_class': , 'store_entry': 'swift'} {{(pid=103026) register_scheme_map /opt/stack/data/venv/lib/python3.12/site-packages/glance_store/location.py:146}}
Aug 23 18:14:44.211771 np0000007943 devstack@g-api.service[103026]: DEBUG swiftclient [None req-d2df1c7d-8622-4623-ac0c-f29d40a8acc1 tempest-VolumesActionsTest-1991386847 tempest-VolumesActionsTest-1991386847-project-member] REQ: curl -i https://10.4.3.148:8080/v1/AUTH_254c432deae34d2fb29166402522c6a3/glance -I -H "X-Auth-Token: gAAAAABqiziU_1xt..." {{(pid=103026) http_log /opt/stack/data/venv/lib/python3.12/site-packages/swiftclient/client.py:160}}
Aug 23 18:14:44.211771 np0000007943 devstack@g-api.service[103026]: DEBUG swiftclient [None req-d2df1c7d-8622-4623-ac0c-f29d40a8acc1 tempest-VolumesActionsTest-1991386847 tempest-VolumesActionsTest-1991386847-project-member] RESP STATUS: 204 No Content {{(pid=103026) http_log /opt/stack/data/venv/lib/python3.12/site-packages/swiftclient/client.py:161}}
Aug 23 18:14:44.211771 np0000007943 devstack@g-api.service[103026]: DEBUG swiftclient [None req-d2df1c7d-8622-4623-ac0c-f29d40a8acc1 tempest-VolumesActionsTest-1991386847 tempest-VolumesActionsTest-1991386847-project-member] RESP HEADERS: {'Date': 'Sun, 23 Aug 2026 18:14:44 GMT', 'Server': 'Apache/2.4.58 (Ubuntu)', 'Content-Type': 'text/plain; charset=utf-8', 'X-Container-Object-Count': '4', 'X-Container-Bytes-Used': '64357376', 'X-Timestamp': '1787508548.27869', 'Last-Modified': 'Sun, 23 Aug 2026 18:09:09 GMT', 'Accept-Ranges': 'bytes', 'X-Storage-Policy': 'Policy-0', 'X-Container-Sharding': 'False', 'Vary': 'Accept', 'X-Trans-Id': 'tx0756fd5741f74edfb5148-006a8b3894', 'X-Openstack-Request-Id': 'tx0756fd5741f74edfb5148-006a8b3894', 'Connection': 'close'} {{(pid=103026) http_log /opt/stack/data/venv/lib/python3.12/site-packages/swiftclient/client.py:162}}
Aug 23 18:14:44.211771 np0000007943 devstack@g-api.service[103026]: DEBUG glance_store._drivers.swift.store [None req-d2df1c7d-8622-4623-ac0c-f29d40a8acc1 tempest-VolumesActionsTest-1991386847 tempest-VolumesActionsTest-1991386847-project-member] Adding image object '8ded7c48-8d3f-454c-95cc-58cde7a092e0' to Swift {{(pid=103026) add /opt/stack/data/venv/lib/python3.12/site-packages/glance_store/_drivers/swift/store.py:970}}
Aug 23 18:14:44.211771 np0000007943 devstack@g-api.service[103026]: DEBUG glance_store._drivers.swift.store [None req-d2df1c7d-8622-4623-ac0c-f29d40a8acc1 tempest-VolumesActionsTest-1991386847 tempest-VolumesActionsTest-1991386847-project-member] Cannot determine image size because it is either not provided in the request or chunked-transfer encoding is used. Adding image as a segmented object to Swift. {{(pid=103026) add /opt/stack/data/venv/lib/python3.12/site-packages/glance_store/_drivers/swift/store.py:994}}
Aug 23 18:14:44.218555 np0000007943 devstack@g-api.service[103026]: DEBUG oslo_utils.imageutils.format_inspector [None req-d2df1c7d-8622-4623-ac0c-f29d40a8acc1 tempest-VolumesActionsTest-1991386847 tempest-VolumesActionsTest-1991386847-project-member] Format inspector for vmdk does not match, excluding from consideration (Signature KDMV not found: b'\x00\x00\x00\x00') {{(pid=103026) _process_chunk /opt/stack/data/venv/lib/python3.12/site-packages/oslo_utils/imageutils/format_inspector.py:1758}}
Aug 23 18:14:44.221062 np0000007943 devstack@g-api.service[103026]: DEBUG oslo_utils.imageutils.format_inspector [None req-d2df1c7d-8622-4623-ac0c-f29d40a8acc1 tempest-VolumesActionsTest-1991386847 tempest-VolumesActionsTest-1991386847-project-member] Format inspector for vhdx does not match, excluding from consideration (Region signature not found at 30000) {{(pid=103026) _process_chunk /opt/stack/data/venv/lib/python3.12/site-packages/oslo_utils/imageutils/format_inspector.py:1758}}
Aug 23 18:14:44.580682 np0000007943 devstack@g-api.service[103024]: DEBUG glance.api.middleware.version_negotiation [None req-8104f644-a16d-4233-84b8-211f12adfe2b tempest-VolumesImageMetadata-1417324760 tempest-VolumesImageMetadata-1417324760-project-member] Determining version of request: GET /v2/images/8ded7c48-8d3f-454c-95cc-58cde7a092e0 Accept: application/json {{(pid=103024) process_request /opt/stack/glance/glance/api/middleware/version_negotiation.py:44}}
Aug 23 18:14:44.581242 np0000007943 devstack@g-api.service[103024]: DEBUG glance.api.middleware.version_negotiation [None req-8104f644-a16d-4233-84b8-211f12adfe2b tempest-VolumesImageMetadata-1417324760 tempest-VolumesImageMetadata-1417324760-project-member] Using url versioning {{(pid=103024) process_request /opt/stack/glance/glance/api/middleware/version_negotiation.py:57}}
Aug 23 18:14:44.581351 np0000007943 devstack@g-api.service[103024]: DEBUG glance.api.middleware.version_negotiation [None req-8104f644-a16d-4233-84b8-211f12adfe2b tempest-VolumesImageMetadata-1417324760 tempest-VolumesImageMetadata-1417324760-project-member] Matched version: v2 {{(pid=103024) process_request /opt/stack/glance/glance/api/middleware/version_negotiation.py:69}}
Aug 23 18:14:44.581531 np0000007943 devstack@g-api.service[103024]: DEBUG glance.api.middleware.version_negotiation [None req-8104f644-a16d-4233-84b8-211f12adfe2b tempest-VolumesImageMetadata-1417324760 tempest-VolumesImageMetadata-1417324760-project-member] new path /v2/images/8ded7c48-8d3f-454c-95cc-58cde7a092e0 {{(pid=103024) process_request /opt/stack/glance/glance/api/middleware/version_negotiation.py:70}}
Aug 23 18:14:44.599984 np0000007943 devstack@g-api.service[103024]: [pid: 103024|app: 0|req: 68/282] 127.0.0.1 () {40 vars in 838 bytes} [Sun Aug 23 18:14:44 2026] GET /v2/images/8ded7c48-8d3f-454c-95cc-58cde7a092e0 => generated 649 bytes in 19 msecs (HTTP/1.1 200) 4 headers in 157 bytes (1 switches on core 0)
Aug 23 18:14:45.613763 np0000007943 devstack@g-api.service[103025]: DEBUG glance.api.middleware.version_negotiation [None req-8104f644-a16d-4233-84b8-211f12adfe2b tempest-VolumesImageMetadata-1417324760 tempest-VolumesImageMetadata-1417324760-project-member] Determining version of request: GET /v2/images/8ded7c48-8d3f-454c-95cc-58cde7a092e0 Accept: application/json {{(pid=103025) process_request /opt/stack/glance/glance/api/middleware/version_negotiation.py:44}}
Aug 23 18:14:45.614219 np0000007943 devstack@g-api.service[103025]: DEBUG glance.api.middleware.version_negotiation [None req-8104f644-a16d-4233-84b8-211f12adfe2b tempest-VolumesImageMetadata-1417324760 tempest-VolumesImageMetadata-1417324760-project-member] Using url versioning {{(pid=103025) process_request /opt/stack/glance/glance/api/middleware/version_negotiation.py:57}}
Aug 23 18:14:45.614319 np0000007943 devstack@g-api.service[103025]: DEBUG glance.api.middleware.version_negotiation [None req-8104f644-a16d-4233-84b8-211f12adfe2b tempest-VolumesImageMetadata-1417324760 tempest-VolumesImageMetadata-1417324760-project-member] Matched version: v2 {{(pid=103025) process_request /opt/stack/glance/glance/api/middleware/version_negotiation.py:69}}
Aug 23 18:14:45.615076 np0000007943 devstack@g-api.service[103025]: DEBUG glance.api.middleware.version_negotiation [None req-8104f644-a16d-4233-84b8-211f12adfe2b tempest-VolumesImageMetadata-1417324760 tempest-VolumesImageMetadata-1417324760-project-member] new path /v2/images/8ded7c48-8d3f-454c-95cc-58cde7a092e0 {{(pid=103025) process_request /opt/stack/glance/glance/api/middleware/version_negotiation.py:70}}
Aug 23 18:14:45.630053 np0000007943 devstack@g-api.service[103025]: [pid: 103025|app: 0|req: 74/283] 127.0.0.1 () {40 vars in 838 bytes} [Sun Aug 23 18:14:45 2026] GET /v2/images/8ded7c48-8d3f-454c-95cc-58cde7a092e0 => generated 649 bytes in 16 msecs (HTTP/1.1 200) 4 headers in 157 bytes (1 switches on core 0)
Aug 23 18:14:46.644933 np0000007943 devstack@g-api.service[103023]: DEBUG glance.api.middleware.version_negotiation [None req-8104f644-a16d-4233-84b8-211f12adfe2b tempest-VolumesImageMetadata-1417324760 tempest-VolumesImageMetadata-1417324760-project-member] Determining version of request: GET /v2/images/8ded7c48-8d3f-454c-95cc-58cde7a092e0 Accept: application/json {{(pid=103023) process_request /opt/stack/glance/glance/api/middleware/version_negotiation.py:44}}
Aug 23 18:14:46.644933 np0000007943 devstack@g-api.service[103023]: DEBUG glance.api.middleware.version_negotiation [None req-8104f644-a16d-4233-84b8-211f12adfe2b tempest-VolumesImageMetadata-1417324760 tempest-VolumesImageMetadata-1417324760-project-member] Using url versioning {{(pid=103023) process_request /opt/stack/glance/glance/api/middleware/version_negotiation.py:57}}
Aug 23 18:14:46.644933 np0000007943 devstack@g-api.service[103023]: DEBUG glance.api.middleware.version_negotiation [None req-8104f644-a16d-4233-84b8-211f12adfe2b tempest-VolumesImageMetadata-1417324760 tempest-VolumesImageMetadata-1417324760-project-member] Matched version: v2 {{(pid=103023) process_request /opt/stack/glance/glance/api/middleware/version_negotiation.py:69}}
Aug 23 18:14:46.645507 np0000007943 devstack@g-api.service[103023]: DEBUG glance.api.middleware.version_negotiation [None req-8104f644-a16d-4233-84b8-211f12adfe2b tempest-VolumesImageMetadata-1417324760 tempest-VolumesImageMetadata-1417324760-project-member] new path /v2/images/8ded7c48-8d3f-454c-95cc-58cde7a092e0 {{(pid=103023) process_request /opt/stack/glance/glance/api/middleware/version_negotiation.py:70}}
Aug 23 18:14:46.660639 np0000007943 devstack@g-api.service[103023]: [pid: 103023|app: 0|req: 76/284] 127.0.0.1 () {40 vars in 838 bytes} [Sun Aug 23 18:14:46 2026] GET /v2/images/8ded7c48-8d3f-454c-95cc-58cde7a092e0 => generated 649 bytes in 16 msecs (HTTP/1.1 200) 4 headers in 157 bytes (1 switches on core 0)
Aug 23 18:14:47.507348 np0000007943 devstack@g-api.service[103026]: DEBUG swiftclient [None req-d2df1c7d-8622-4623-ac0c-f29d40a8acc1 tempest-VolumesActionsTest-1991386847 tempest-VolumesActionsTest-1991386847-project-member] REQ: curl -i https://10.4.3.148:8080/v1/AUTH_254c432deae34d2fb29166402522c6a3/glance/8ded7c48-8d3f-454c-95cc-58cde7a092e0-00001 -X PUT -H "X-Auth-Token: gAAAAABqiziU_1xt..." {{(pid=103026) http_log /opt/stack/data/venv/lib/python3.12/site-packages/swiftclient/client.py:160}}
Aug 23 18:14:47.507348 np0000007943 devstack@g-api.service[103026]: DEBUG swiftclient [None req-d2df1c7d-8622-4623-ac0c-f29d40a8acc1 tempest-VolumesActionsTest-1991386847 tempest-VolumesActionsTest-1991386847-project-member] RESP STATUS: 201 Created {{(pid=103026) http_log /opt/stack/data/venv/lib/python3.12/site-packages/swiftclient/client.py:161}}
Aug 23 18:14:47.507348 np0000007943 devstack@g-api.service[103026]: DEBUG swiftclient [None req-d2df1c7d-8622-4623-ac0c-f29d40a8acc1 tempest-VolumesActionsTest-1991386847 tempest-VolumesActionsTest-1991386847-project-member] RESP HEADERS: {'Date': 'Sun, 23 Aug 2026 18:14:47 GMT', 'Server': 'Apache/2.4.58 (Ubuntu)', 'Content-Type': 'text/html; charset=UTF-8', 'Content-Length': '0', 'Etag': 'eda9a9889837ac4bc81d6387d92c1bec', 'Last-Modified': 'Sun, 23 Aug 2026 18:14:45 GMT', 'X-Trans-Id': 'txe69722e9618944e1b4ce1-006a8b3894', 'X-Openstack-Request-Id': 'txe69722e9618944e1b4ce1-006a8b3894', 'Connection': 'close'} {{(pid=103026) http_log /opt/stack/data/venv/lib/python3.12/site-packages/swiftclient/client.py:162}}
Aug 23 18:14:47.507348 np0000007943 devstack@g-api.service[103026]: DEBUG glance_store._drivers.swift.store [None req-d2df1c7d-8622-4623-ac0c-f29d40a8acc1 tempest-VolumesActionsTest-1991386847 tempest-VolumesActionsTest-1991386847-project-member] Wrote chunk 8ded7c48-8d3f-454c-95cc-58cde7a092e0-00001 (1/?) of length 204800000 to Swift returning MD5 of content: eda9a9889837ac4bc81d6387d92c1bec {{(pid=103026) add /opt/stack/data/venv/lib/python3.12/site-packages/glance_store/_drivers/swift/store.py:1059}}
Aug 23 18:14:47.672135 np0000007943 devstack@g-api.service[103024]: DEBUG glance.api.middleware.version_negotiation [None req-32329b07-e590-4f5b-9027-c08d2563e70b tempest-VolumesActionsTest-1991386847 tempest-VolumesActionsTest-1991386847-project-member] Determining version of request: GET /v2/images/8ded7c48-8d3f-454c-95cc-58cde7a092e0 Accept: application/json {{(pid=103024) process_request /opt/stack/glance/glance/api/middleware/version_negotiation.py:44}}
Aug 23 18:14:47.672135 np0000007943 devstack@g-api.service[103024]: DEBUG glance.api.middleware.version_negotiation [None req-32329b07-e590-4f5b-9027-c08d2563e70b tempest-VolumesActionsTest-1991386847 tempest-VolumesActionsTest-1991386847-project-member] Using url versioning {{(pid=103024) process_request /opt/stack/glance/glance/api/middleware/version_negotiation.py:57}}
Aug 23 18:14:47.673318 np0000007943 devstack@g-api.service[103024]: DEBUG glance.api.middleware.version_negotiation [None req-32329b07-e590-4f5b-9027-c08d2563e70b tempest-VolumesActionsTest-1991386847 tempest-VolumesActionsTest-1991386847-project-member] Matched version: v2 {{(pid=103024) process_request /opt/stack/glance/glance/api/middleware/version_negotiation.py:69}}
Aug 23 18:14:47.673318 np0000007943 devstack@g-api.service[103024]: DEBUG glance.api.middleware.version_negotiation [None req-32329b07-e590-4f5b-9027-c08d2563e70b tempest-VolumesActionsTest-1991386847 tempest-VolumesActionsTest-1991386847-project-member] new path /v2/images/8ded7c48-8d3f-454c-95cc-58cde7a092e0 {{(pid=103024) process_request /opt/stack/glance/glance/api/middleware/version_negotiation.py:70}}
Aug 23 18:14:47.694241 np0000007943 devstack@g-api.service[103024]: [pid: 103024|app: 0|req: 69/285] 127.0.0.1 () {40 vars in 838 bytes} [Sun Aug 23 18:14:47 2026] GET /v2/images/8ded7c48-8d3f-454c-95cc-58cde7a092e0 => generated 649 bytes in 23 msecs (HTTP/1.1 200) 4 headers in 157 bytes (1 switches on core 0)
Aug 23 18:14:48.708534 np0000007943 devstack@g-api.service[103025]: DEBUG glance.api.middleware.version_negotiation [None req-22b94645-25ad-40b2-be39-2fae1ae2a7b4 tempest-VolumesActionsTest-1991386847 tempest-VolumesActionsTest-1991386847-project-member] Determining version of request: GET /v2/images/8ded7c48-8d3f-454c-95cc-58cde7a092e0 Accept: application/json {{(pid=103025) process_request /opt/stack/glance/glance/api/middleware/version_negotiation.py:44}}
Aug 23 18:14:48.708534 np0000007943 devstack@g-api.service[103025]: DEBUG glance.api.middleware.version_negotiation [None req-22b94645-25ad-40b2-be39-2fae1ae2a7b4 tempest-VolumesActionsTest-1991386847 tempest-VolumesActionsTest-1991386847-project-member] Using url versioning {{(pid=103025) process_request /opt/stack/glance/glance/api/middleware/version_negotiation.py:57}}
Aug 23 18:14:48.715734 np0000007943 devstack@g-api.service[103025]: DEBUG glance.api.middleware.version_negotiation [None req-22b94645-25ad-40b2-be39-2fae1ae2a7b4 tempest-VolumesActionsTest-1991386847 tempest-VolumesActionsTest-1991386847-project-member] Matched version: v2 {{(pid=103025) process_request /opt/stack/glance/glance/api/middleware/version_negotiation.py:69}}
Aug 23 18:14:48.715734 np0000007943 devstack@g-api.service[103025]: DEBUG glance.api.middleware.version_negotiation [None req-22b94645-25ad-40b2-be39-2fae1ae2a7b4 tempest-VolumesActionsTest-1991386847 tempest-VolumesActionsTest-1991386847-project-member] new path /v2/images/8ded7c48-8d3f-454c-95cc-58cde7a092e0 {{(pid=103025) process_request /opt/stack/glance/glance/api/middleware/version_negotiation.py:70}}
Aug 23 18:14:48.751415 np0000007943 devstack@g-api.service[103025]: [pid: 103025|app: 0|req: 75/286] 127.0.0.1 () {40 vars in 838 bytes} [Sun Aug 23 18:14:48 2026] GET /v2/images/8ded7c48-8d3f-454c-95cc-58cde7a092e0 => generated 649 bytes in 44 msecs (HTTP/1.1 200) 4 headers in 157 bytes (1 switches on core 0)
Aug 23 18:14:49.761620 np0000007943 devstack@g-api.service[103023]: DEBUG glance.api.middleware.version_negotiation [None req-5ccd7707-d6ef-4737-b171-c0314a2949e0 tempest-VolumesActionsTest-1991386847 tempest-VolumesActionsTest-1991386847-project-member] Determining version of request: GET /v2/images/8ded7c48-8d3f-454c-95cc-58cde7a092e0 Accept: application/json {{(pid=103023) process_request /opt/stack/glance/glance/api/middleware/version_negotiation.py:44}}
Aug 23 18:14:49.762133 np0000007943 devstack@g-api.service[103023]: DEBUG glance.api.middleware.version_negotiation [None req-5ccd7707-d6ef-4737-b171-c0314a2949e0 tempest-VolumesActionsTest-1991386847 tempest-VolumesActionsTest-1991386847-project-member] Using url versioning {{(pid=103023) process_request /opt/stack/glance/glance/api/middleware/version_negotiation.py:57}}
Aug 23 18:14:49.762133 np0000007943 devstack@g-api.service[103023]: DEBUG glance.api.middleware.version_negotiation [None req-5ccd7707-d6ef-4737-b171-c0314a2949e0 tempest-VolumesActionsTest-1991386847 tempest-VolumesActionsTest-1991386847-project-member] Matched version: v2 {{(pid=103023) process_request /opt/stack/glance/glance/api/middleware/version_negotiation.py:69}}
Aug 23 18:14:49.763028 np0000007943 devstack@g-api.service[103023]: DEBUG glance.api.middleware.version_negotiation [None req-5ccd7707-d6ef-4737-b171-c0314a2949e0 tempest-VolumesActionsTest-1991386847 tempest-VolumesActionsTest-1991386847-project-member] new path /v2/images/8ded7c48-8d3f-454c-95cc-58cde7a092e0 {{(pid=103023) process_request /opt/stack/glance/glance/api/middleware/version_negotiation.py:70}}
Aug 23 18:14:49.779494 np0000007943 devstack@g-api.service[103023]: [pid: 103023|app: 0|req: 77/287] 127.0.0.1 () {40 vars in 838 bytes} [Sun Aug 23 18:14:49 2026] GET /v2/images/8ded7c48-8d3f-454c-95cc-58cde7a092e0 => generated 649 bytes in 17 msecs (HTTP/1.1 200) 4 headers in 157 bytes (1 switches on core 0)
Aug 23 18:14:50.161149 np0000007943 devstack@g-api.service[103026]: DEBUG swiftclient [None req-d2df1c7d-8622-4623-ac0c-f29d40a8acc1 tempest-VolumesActionsTest-1991386847 tempest-VolumesActionsTest-1991386847-project-member] REQ: curl -i https://10.4.3.148:8080/v1/AUTH_254c432deae34d2fb29166402522c6a3/glance/8ded7c48-8d3f-454c-95cc-58cde7a092e0-00002 -X PUT -H "X-Auth-Token: gAAAAABqiziU_1xt..." {{(pid=103026) http_log /opt/stack/data/venv/lib/python3.12/site-packages/swiftclient/client.py:160}}
Aug 23 18:14:50.161149 np0000007943 devstack@g-api.service[103026]: DEBUG swiftclient [None req-d2df1c7d-8622-4623-ac0c-f29d40a8acc1 tempest-VolumesActionsTest-1991386847 tempest-VolumesActionsTest-1991386847-project-member] RESP STATUS: 201 Created {{(pid=103026) http_log /opt/stack/data/venv/lib/python3.12/site-packages/swiftclient/client.py:161}}
Aug 23 18:14:50.161149 np0000007943 devstack@g-api.service[103026]: DEBUG swiftclient [None req-d2df1c7d-8622-4623-ac0c-f29d40a8acc1 tempest-VolumesActionsTest-1991386847 tempest-VolumesActionsTest-1991386847-project-member] RESP HEADERS: {'Date': 'Sun, 23 Aug 2026 18:14:50 GMT', 'Server': 'Apache/2.4.58 (Ubuntu)', 'Content-Type': 'text/html; charset=UTF-8', 'Content-Length': '0', 'Etag': 'eda9a9889837ac4bc81d6387d92c1bec', 'Last-Modified': 'Sun, 23 Aug 2026 18:14:48 GMT', 'X-Trans-Id': 'tx3fff6e1e052246159522c-006a8b3897', 'X-Openstack-Request-Id': 'tx3fff6e1e052246159522c-006a8b3897', 'Connection': 'close'} {{(pid=103026) http_log /opt/stack/data/venv/lib/python3.12/site-packages/swiftclient/client.py:162}}
Aug 23 18:14:50.161149 np0000007943 devstack@g-api.service[103026]: DEBUG glance_store._drivers.swift.store [None req-d2df1c7d-8622-4623-ac0c-f29d40a8acc1 tempest-VolumesActionsTest-1991386847 tempest-VolumesActionsTest-1991386847-project-member] Wrote chunk 8ded7c48-8d3f-454c-95cc-58cde7a092e0-00002 (2/?) of length 204800000 to Swift returning MD5 of content: eda9a9889837ac4bc81d6387d92c1bec {{(pid=103026) add /opt/stack/data/venv/lib/python3.12/site-packages/glance_store/_drivers/swift/store.py:1059}}
Aug 23 18:14:50.800570 np0000007943 devstack@g-api.service[103024]: DEBUG glance.api.middleware.version_negotiation [None req-2ff73df5-736f-456a-af5b-f6d1c6715860 tempest-VolumesActionsTest-1991386847 tempest-VolumesActionsTest-1991386847-project-member] Determining version of request: GET /v2/images/8ded7c48-8d3f-454c-95cc-58cde7a092e0 Accept: application/json {{(pid=103024) process_request /opt/stack/glance/glance/api/middleware/version_negotiation.py:44}}
Aug 23 18:14:50.801022 np0000007943 devstack@g-api.service[103024]: DEBUG glance.api.middleware.version_negotiation [None req-2ff73df5-736f-456a-af5b-f6d1c6715860 tempest-VolumesActionsTest-1991386847 tempest-VolumesActionsTest-1991386847-project-member] Using url versioning {{(pid=103024) process_request /opt/stack/glance/glance/api/middleware/version_negotiation.py:57}}
Aug 23 18:14:50.801022 np0000007943 devstack@g-api.service[103024]: DEBUG glance.api.middleware.version_negotiation [None req-2ff73df5-736f-456a-af5b-f6d1c6715860 tempest-VolumesActionsTest-1991386847 tempest-VolumesActionsTest-1991386847-project-member] Matched version: v2 {{(pid=103024) process_request /opt/stack/glance/glance/api/middleware/version_negotiation.py:69}}
Aug 23 18:14:50.801273 np0000007943 devstack@g-api.service[103024]: DEBUG glance.api.middleware.version_negotiation [None req-2ff73df5-736f-456a-af5b-f6d1c6715860 tempest-VolumesActionsTest-1991386847 tempest-VolumesActionsTest-1991386847-project-member] new path /v2/images/8ded7c48-8d3f-454c-95cc-58cde7a092e0 {{(pid=103024) process_request /opt/stack/glance/glance/api/middleware/version_negotiation.py:70}}
Aug 23 18:14:50.827777 np0000007943 devstack@g-api.service[103024]: [pid: 103024|app: 0|req: 70/288] 127.0.0.1 () {40 vars in 838 bytes} [Sun Aug 23 18:14:50 2026] GET /v2/images/8ded7c48-8d3f-454c-95cc-58cde7a092e0 => generated 649 bytes in 25 msecs (HTTP/1.1 200) 4 headers in 157 bytes (1 switches on core 0)
Aug 23 18:14:51.835674 np0000007943 devstack@g-api.service[103025]: DEBUG glance.api.middleware.version_negotiation [None req-414b7241-8312-43d7-86bf-3b37a7992622 tempest-VolumesActionsTest-1991386847 tempest-VolumesActionsTest-1991386847-project-member] Determining version of request: GET /v2/images/8ded7c48-8d3f-454c-95cc-58cde7a092e0 Accept: application/json {{(pid=103025) process_request /opt/stack/glance/glance/api/middleware/version_negotiation.py:44}}
Aug 23 18:14:51.836140 np0000007943 devstack@g-api.service[103025]: DEBUG glance.api.middleware.version_negotiation [None req-414b7241-8312-43d7-86bf-3b37a7992622 tempest-VolumesActionsTest-1991386847 tempest-VolumesActionsTest-1991386847-project-member] Using url versioning {{(pid=103025) process_request /opt/stack/glance/glance/api/middleware/version_negotiation.py:57}}
Aug 23 18:14:51.836317 np0000007943 devstack@g-api.service[103025]: DEBUG glance.api.middleware.version_negotiation [None req-414b7241-8312-43d7-86bf-3b37a7992622 tempest-VolumesActionsTest-1991386847 tempest-VolumesActionsTest-1991386847-project-member] Matched version: v2 {{(pid=103025) process_request /opt/stack/glance/glance/api/middleware/version_negotiation.py:69}}
Aug 23 18:14:51.836397 np0000007943 devstack@g-api.service[103025]: DEBUG glance.api.middleware.version_negotiation [None req-414b7241-8312-43d7-86bf-3b37a7992622 tempest-VolumesActionsTest-1991386847 tempest-VolumesActionsTest-1991386847-project-member] new path /v2/images/8ded7c48-8d3f-454c-95cc-58cde7a092e0 {{(pid=103025) process_request /opt/stack/glance/glance/api/middleware/version_negotiation.py:70}}
Aug 23 18:14:51.850517 np0000007943 devstack@g-api.service[103025]: [pid: 103025|app: 0|req: 76/289] 127.0.0.1 () {40 vars in 838 bytes} [Sun Aug 23 18:14:51 2026] GET /v2/images/8ded7c48-8d3f-454c-95cc-58cde7a092e0 => generated 649 bytes in 15 msecs (HTTP/1.1 200) 4 headers in 157 bytes (1 switches on core 0)
Aug 23 18:14:51.856234 np0000007943 devstack@g-api.service[103023]: DEBUG glance.api.middleware.version_negotiation [None req-3eaac895-0cca-48c0-8dca-7ba64b70b00d tempest-VolumesActionsTest-1991386847 tempest-VolumesActionsTest-1991386847-project-member] Determining version of request: GET /v2/schemas/image Accept: */* {{(pid=103023) process_request /opt/stack/glance/glance/api/middleware/version_negotiation.py:44}}
Aug 23 18:14:51.856856 np0000007943 devstack@g-api.service[103023]: DEBUG glance.api.middleware.version_negotiation [None req-3eaac895-0cca-48c0-8dca-7ba64b70b00d tempest-VolumesActionsTest-1991386847 tempest-VolumesActionsTest-1991386847-project-member] Using url versioning {{(pid=103023) process_request /opt/stack/glance/glance/api/middleware/version_negotiation.py:57}}
