Aug 23 18:08:39.161329 np0000007943 nova-scheduler[96631]: DEBUG cotyledon.oslo_config_glue [-] workarounds.libvirt_disable_apic = False {{(pid=96631) log_opt_values /opt/stack/data/venv/lib/python3.12/site-packages/oslo_config/cfg.py:3560}}
Aug 23 18:08:39.161329 np0000007943 nova-scheduler[96631]: DEBUG cotyledon.oslo_config_glue [-] workarounds.never_download_image_if_on_rbd = False {{(pid=96631) log_opt_values /opt/stack/data/venv/lib/python3.12/site-packages/oslo_config/cfg.py:3560}}
Aug 23 18:08:39.161329 np0000007943 nova-scheduler[96631]: DEBUG cotyledon.oslo_config_glue [-] workarounds.qemu_monitor_announce_self_count = 3 {{(pid=96631) log_opt_values /opt/stack/data/venv/lib/python3.12/site-packages/oslo_config/cfg.py:3560}}
Aug 23 18:08:39.161329 np0000007943 nova-scheduler[96631]: DEBUG cotyledon.oslo_config_glue [-] workarounds.qemu_monitor_announce_self_interval = 1 {{(pid=96631) log_opt_values /opt/stack/data/venv/lib/python3.12/site-packages/oslo_config/cfg.py:3560}}
Aug 23 18:08:39.161329 np0000007943 nova-scheduler[96631]: DEBUG cotyledon.oslo_config_glue [-] workarounds.reserve_disk_resource_for_image_cache = False {{(pid=96631) log_opt_values /opt/stack/data/venv/lib/python3.12/site-packages/oslo_config/cfg.py:3560}}
Aug 23 18:08:39.161329 np0000007943 nova-scheduler[96631]: DEBUG cotyledon.oslo_config_glue [-] workarounds.skip_cpu_compare_at_startup = False {{(pid=96631) log_opt_values /opt/stack/data/venv/lib/python3.12/site-packages/oslo_config/cfg.py:3560}}
Aug 23 18:08:39.161522 np0000007943 nova-scheduler[96631]: DEBUG cotyledon.oslo_config_glue [-] workarounds.skip_cpu_compare_on_dest = False {{(pid=96631) log_opt_values /opt/stack/data/venv/lib/python3.12/site-packages/oslo_config/cfg.py:3560}}
Aug 23 18:08:39.161522 np0000007943 nova-scheduler[96631]: DEBUG cotyledon.oslo_config_glue [-] workarounds.skip_hypervisor_version_check_on_lm = False {{(pid=96631) log_opt_values /opt/stack/data/venv/lib/python3.12/site-packages/oslo_config/cfg.py:3560}}
Aug 23 18:08:39.161522 np0000007943 nova-scheduler[96631]: DEBUG cotyledon.oslo_config_glue [-] workarounds.skip_reserve_in_use_ironic_nodes = False {{(pid=96631) log_opt_values /opt/stack/data/venv/lib/python3.12/site-packages/oslo_config/cfg.py:3560}}
Aug 23 18:08:39.161522 np0000007943 nova-scheduler[96631]: DEBUG cotyledon.oslo_config_glue [-] workarounds.unified_limits_count_pcpu_as_vcpu = False {{(pid=96631) log_opt_values /opt/stack/data/venv/lib/python3.12/site-packages/oslo_config/cfg.py:3560}}
Aug 23 18:08:39.161522 np0000007943 nova-scheduler[96631]: DEBUG cotyledon.oslo_config_glue [-] workarounds.wait_for_vif_plugged_event_during_hard_reboot = [] {{(pid=96631) log_opt_values /opt/stack/data/venv/lib/python3.12/site-packages/oslo_config/cfg.py:3560}}
Aug 23 18:08:39.161522 np0000007943 nova-scheduler[96631]: DEBUG cotyledon.oslo_config_glue [-] wsgi.api_paste_config = /etc/nova/api-paste.ini {{(pid=96631) log_opt_values /opt/stack/data/venv/lib/python3.12/site-packages/oslo_config/cfg.py:3560}}
Aug 23 18:08:39.161522 np0000007943 nova-scheduler[96631]: DEBUG cotyledon.oslo_config_glue [-] wsgi.secure_proxy_ssl_header = None {{(pid=96631) log_opt_values /opt/stack/data/venv/lib/python3.12/site-packages/oslo_config/cfg.py:3560}}
Aug 23 18:08:39.161522 np0000007943 nova-scheduler[96631]: DEBUG cotyledon.oslo_config_glue [-] zvm.ca_file = None {{(pid=96631) log_opt_values /opt/stack/data/venv/lib/python3.12/site-packages/oslo_config/cfg.py:3560}}
Aug 23 18:08:39.161522 np0000007943 nova-scheduler[96631]: DEBUG cotyledon.oslo_config_glue [-] zvm.cloud_connector_url = None {{(pid=96631) log_opt_values /opt/stack/data/venv/lib/python3.12/site-packages/oslo_config/cfg.py:3560}}
Aug 23 18:08:39.161756 np0000007943 nova-scheduler[96631]: DEBUG cotyledon.oslo_config_glue [-] zvm.image_tmp_path = /opt/stack/data/nova/images {{(pid=96631) log_opt_values /opt/stack/data/venv/lib/python3.12/site-packages/oslo_config/cfg.py:3560}}
Aug 23 18:08:39.161756 np0000007943 nova-scheduler[96631]: DEBUG cotyledon.oslo_config_glue [-] zvm.reachable_timeout = 300 {{(pid=96631) log_opt_values /opt/stack/data/venv/lib/python3.12/site-packages/oslo_config/cfg.py:3560}}
Aug 23 18:08:39.161756 np0000007943 nova-scheduler[96631]: DEBUG cotyledon.oslo_config_glue [-] oslo_versionedobjects.fatal_exception_format_errors = False {{(pid=96631) log_opt_values /opt/stack/data/venv/lib/python3.12/site-packages/oslo_config/cfg.py:3560}}
Aug 23 18:08:39.161756 np0000007943 nova-scheduler[96631]: DEBUG cotyledon.oslo_config_glue [-] oslo_middleware.http_basic_auth_user_file = /etc/htpasswd {{(pid=96631) log_opt_values /opt/stack/data/venv/lib/python3.12/site-packages/oslo_config/cfg.py:3560}}
Aug 23 18:08:39.161756 np0000007943 nova-scheduler[96631]: DEBUG cotyledon.oslo_config_glue [-] oslo_messaging_metrics.metrics_buffer_size = 1000 {{(pid=96631) log_opt_values /opt/stack/data/venv/lib/python3.12/site-packages/oslo_config/cfg.py:3560}}
Aug 23 18:08:39.161756 np0000007943 nova-scheduler[96631]: DEBUG cotyledon.oslo_config_glue [-] oslo_messaging_metrics.metrics_enabled = False {{(pid=96631) log_opt_values /opt/stack/data/venv/lib/python3.12/site-packages/oslo_config/cfg.py:3560}}
Aug 23 18:08:39.161756 np0000007943 nova-scheduler[96631]: DEBUG cotyledon.oslo_config_glue [-] oslo_messaging_metrics.metrics_process_name = {{(pid=96631) log_opt_values /opt/stack/data/venv/lib/python3.12/site-packages/oslo_config/cfg.py:3560}}
Aug 23 18:08:39.161756 np0000007943 nova-scheduler[96631]: DEBUG cotyledon.oslo_config_glue [-] oslo_messaging_metrics.metrics_socket_file = /var/tmp/metrics_collector.sock {{(pid=96631) log_opt_values /opt/stack/data/venv/lib/python3.12/site-packages/oslo_config/cfg.py:3560}}
Aug 23 18:08:39.162517 np0000007943 nova-scheduler[96631]: DEBUG cotyledon.oslo_config_glue [-] oslo_messaging_metrics.metrics_thread_stop_timeout = 10 {{(pid=96631) log_opt_values /opt/stack/data/venv/lib/python3.12/site-packages/oslo_config/cfg.py:3560}}
Aug 23 18:08:39.162517 np0000007943 nova-scheduler[96631]: DEBUG cotyledon.oslo_config_glue [-] profiler.connection_string = messaging:// {{(pid=96631) log_opt_values /opt/stack/data/venv/lib/python3.12/site-packages/oslo_config/cfg.py:3560}}
Aug 23 18:08:39.162517 np0000007943 nova-scheduler[96631]: DEBUG cotyledon.oslo_config_glue [-] profiler.enabled = False {{(pid=96631) log_opt_values /opt/stack/data/venv/lib/python3.12/site-packages/oslo_config/cfg.py:3560}}
Aug 23 18:08:39.162517 np0000007943 nova-scheduler[96631]: DEBUG cotyledon.oslo_config_glue [-] profiler.es_doc_type = notification {{(pid=96631) log_opt_values /opt/stack/data/venv/lib/python3.12/site-packages/oslo_config/cfg.py:3560}}
Aug 23 18:08:39.162517 np0000007943 nova-scheduler[96631]: DEBUG cotyledon.oslo_config_glue [-] profiler.es_scroll_size = 10000 {{(pid=96631) log_opt_values /opt/stack/data/venv/lib/python3.12/site-packages/oslo_config/cfg.py:3560}}
Aug 23 18:08:39.162517 np0000007943 nova-scheduler[96631]: DEBUG cotyledon.oslo_config_glue [-] profiler.es_scroll_time = 2m {{(pid=96631) log_opt_values /opt/stack/data/venv/lib/python3.12/site-packages/oslo_config/cfg.py:3560}}
Aug 23 18:08:39.162517 np0000007943 nova-scheduler[96631]: DEBUG cotyledon.oslo_config_glue [-] profiler.filter_error_trace = False {{(pid=96631) log_opt_values /opt/stack/data/venv/lib/python3.12/site-packages/oslo_config/cfg.py:3560}}
Aug 23 18:08:39.162517 np0000007943 nova-scheduler[96631]: DEBUG cotyledon.oslo_config_glue [-] profiler.hmac_keys = **** {{(pid=96631) log_opt_values /opt/stack/data/venv/lib/python3.12/site-packages/oslo_config/cfg.py:3560}}
Aug 23 18:08:39.162517 np0000007943 nova-scheduler[96631]: DEBUG cotyledon.oslo_config_glue [-] profiler.sentinel_service_name = mymaster {{(pid=96631) log_opt_values /opt/stack/data/venv/lib/python3.12/site-packages/oslo_config/cfg.py:3560}}
Aug 23 18:08:39.162771 np0000007943 nova-scheduler[96631]: DEBUG cotyledon.oslo_config_glue [-] profiler.socket_timeout = 0.1 {{(pid=96631) log_opt_values /opt/stack/data/venv/lib/python3.12/site-packages/oslo_config/cfg.py:3560}}
Aug 23 18:08:39.162771 np0000007943 nova-scheduler[96631]: DEBUG cotyledon.oslo_config_glue [-] profiler.trace_requests = False {{(pid=96631) log_opt_values /opt/stack/data/venv/lib/python3.12/site-packages/oslo_config/cfg.py:3560}}
Aug 23 18:08:39.162771 np0000007943 nova-scheduler[96631]: DEBUG cotyledon.oslo_config_glue [-] profiler.trace_sqlalchemy = False {{(pid=96631) log_opt_values /opt/stack/data/venv/lib/python3.12/site-packages/oslo_config/cfg.py:3560}}
Aug 23 18:08:39.162771 np0000007943 nova-scheduler[96631]: DEBUG cotyledon.oslo_config_glue [-] profiler_jaeger.process_tags = {} {{(pid=96631) log_opt_values /opt/stack/data/venv/lib/python3.12/site-packages/oslo_config/cfg.py:3560}}
Aug 23 18:08:39.162771 np0000007943 nova-scheduler[96631]: DEBUG cotyledon.oslo_config_glue [-] profiler_jaeger.service_name_prefix = None {{(pid=96631) log_opt_values /opt/stack/data/venv/lib/python3.12/site-packages/oslo_config/cfg.py:3560}}
Aug 23 18:08:39.162771 np0000007943 nova-scheduler[96631]: DEBUG cotyledon.oslo_config_glue [-] profiler_otlp.service_name_prefix = None {{(pid=96631) log_opt_values /opt/stack/data/venv/lib/python3.12/site-packages/oslo_config/cfg.py:3560}}
Aug 23 18:08:39.162771 np0000007943 nova-scheduler[96631]: DEBUG cotyledon.oslo_config_glue [-] oslo_messaging_rabbit.amqp_auto_delete = False {{(pid=96631) log_opt_values /opt/stack/data/venv/lib/python3.12/site-packages/oslo_config/cfg.py:3560}}
Aug 23 18:08:39.162771 np0000007943 nova-scheduler[96631]: DEBUG cotyledon.oslo_config_glue [-] oslo_messaging_rabbit.amqp_durable_queues = False {{(pid=96631) log_opt_values /opt/stack/data/venv/lib/python3.12/site-packages/oslo_config/cfg.py:3560}}
Aug 23 18:08:39.162771 np0000007943 nova-scheduler[96631]: DEBUG cotyledon.oslo_config_glue [-] oslo_messaging_rabbit.conn_pool_min_size = 2 {{(pid=96631) log_opt_values /opt/stack/data/venv/lib/python3.12/site-packages/oslo_config/cfg.py:3560}}
Aug 23 18:08:39.163075 np0000007943 nova-scheduler[96631]: DEBUG cotyledon.oslo_config_glue [-] oslo_messaging_rabbit.conn_pool_ttl = 1200 {{(pid=96631) log_opt_values /opt/stack/data/venv/lib/python3.12/site-packages/oslo_config/cfg.py:3560}}
Aug 23 18:08:39.163075 np0000007943 nova-scheduler[96631]: DEBUG cotyledon.oslo_config_glue [-] oslo_messaging_rabbit.direct_mandatory_flag = True {{(pid=96631) log_opt_values /opt/stack/data/venv/lib/python3.12/site-packages/oslo_config/cfg.py:3560}}
Aug 23 18:08:39.163075 np0000007943 nova-scheduler[96631]: DEBUG cotyledon.oslo_config_glue [-] oslo_messaging_rabbit.enable_cancel_on_failover = False {{(pid=96631) log_opt_values /opt/stack/data/venv/lib/python3.12/site-packages/oslo_config/cfg.py:3560}}
Aug 23 18:08:39.163075 np0000007943 nova-scheduler[96631]: DEBUG cotyledon.oslo_config_glue [-] oslo_messaging_rabbit.heartbeat_rate = 3 {{(pid=96631) log_opt_values /opt/stack/data/venv/lib/python3.12/site-packages/oslo_config/cfg.py:3560}}
Aug 23 18:08:39.163075 np0000007943 nova-scheduler[96631]: DEBUG cotyledon.oslo_config_glue [-] oslo_messaging_rabbit.heartbeat_timeout_threshold = 60 {{(pid=96631) log_opt_values /opt/stack/data/venv/lib/python3.12/site-packages/oslo_config/cfg.py:3560}}
Aug 23 18:08:39.163075 np0000007943 nova-scheduler[96631]: DEBUG cotyledon.oslo_config_glue [-] oslo_messaging_rabbit.hostname = np0000007943 {{(pid=96631) log_opt_values /opt/stack/data/venv/lib/python3.12/site-packages/oslo_config/cfg.py:3560}}
Aug 23 18:08:39.163075 np0000007943 nova-scheduler[96631]: DEBUG cotyledon.oslo_config_glue [-] oslo_messaging_rabbit.kombu_compression = None {{(pid=96631) log_opt_values /opt/stack/data/venv/lib/python3.12/site-packages/oslo_config/cfg.py:3560}}
Aug 23 18:08:39.163075 np0000007943 nova-scheduler[96631]: DEBUG cotyledon.oslo_config_glue [-] oslo_messaging_rabbit.kombu_failover_strategy = round-robin {{(pid=96631) log_opt_values /opt/stack/data/venv/lib/python3.12/site-packages/oslo_config/cfg.py:3560}}
Aug 23 18:08:39.163075 np0000007943 nova-scheduler[96631]: DEBUG cotyledon.oslo_config_glue [-] oslo_messaging_rabbit.kombu_missing_consumer_retry_timeout = 60 {{(pid=96631) log_opt_values /opt/stack/data/venv/lib/python3.12/site-packages/oslo_config/cfg.py:3560}}
Aug 23 18:08:39.163352 np0000007943 nova-scheduler[96631]: DEBUG cotyledon.oslo_config_glue [-] oslo_messaging_rabbit.kombu_reconnect_delay = 1.0 {{(pid=96631) log_opt_values /opt/stack/data/venv/lib/python3.12/site-packages/oslo_config/cfg.py:3560}}
Aug 23 18:08:39.163352 np0000007943 nova-scheduler[96631]: DEBUG cotyledon.oslo_config_glue [-] oslo_messaging_rabbit.kombu_reconnect_splay = 0.0 {{(pid=96631) log_opt_values /opt/stack/data/venv/lib/python3.12/site-packages/oslo_config/cfg.py:3560}}
Aug 23 18:08:39.163352 np0000007943 nova-scheduler[96631]: DEBUG cotyledon.oslo_config_glue [-] oslo_messaging_rabbit.processname = nova-scheduler {{(pid=96631) log_opt_values /opt/stack/data/venv/lib/python3.12/site-packages/oslo_config/cfg.py:3560}}
Aug 23 18:08:39.163352 np0000007943 nova-scheduler[96631]: DEBUG cotyledon.oslo_config_glue [-] oslo_messaging_rabbit.rabbit_ha_queues = False {{(pid=96631) log_opt_values /opt/stack/data/venv/lib/python3.12/site-packages/oslo_config/cfg.py:3560}}
Aug 23 18:08:39.163352 np0000007943 nova-scheduler[96631]: DEBUG cotyledon.oslo_config_glue [-] oslo_messaging_rabbit.rabbit_interval_max = 30 {{(pid=96631) log_opt_values /opt/stack/data/venv/lib/python3.12/site-packages/oslo_config/cfg.py:3560}}
Aug 23 18:08:39.163352 np0000007943 nova-scheduler[96631]: DEBUG cotyledon.oslo_config_glue [-] oslo_messaging_rabbit.rabbit_login_method = AMQPLAIN {{(pid=96631) log_opt_values /opt/stack/data/venv/lib/python3.12/site-packages/oslo_config/cfg.py:3560}}
Aug 23 18:08:39.163352 np0000007943 nova-scheduler[96631]: DEBUG cotyledon.oslo_config_glue [-] oslo_messaging_rabbit.rabbit_qos_prefetch_count = 0 {{(pid=96631) log_opt_values /opt/stack/data/venv/lib/python3.12/site-packages/oslo_config/cfg.py:3560}}
Aug 23 18:08:39.163352 np0000007943 nova-scheduler[96631]: DEBUG cotyledon.oslo_config_glue [-] oslo_messaging_rabbit.rabbit_quorum_delivery_limit = 0 {{(pid=96631) log_opt_values /opt/stack/data/venv/lib/python3.12/site-packages/oslo_config/cfg.py:3560}}
Aug 23 18:08:39.163352 np0000007943 nova-scheduler[96631]: DEBUG cotyledon.oslo_config_glue [-] oslo_messaging_rabbit.rabbit_quorum_max_memory_bytes = 0 {{(pid=96631) log_opt_values /opt/stack/data/venv/lib/python3.12/site-packages/oslo_config/cfg.py:3560}}
Aug 23 18:08:39.163583 np0000007943 nova-scheduler[96631]: DEBUG cotyledon.oslo_config_glue [-] oslo_messaging_rabbit.rabbit_quorum_max_memory_length = 0 {{(pid=96631) log_opt_values /opt/stack/data/venv/lib/python3.12/site-packages/oslo_config/cfg.py:3560}}
Aug 23 18:08:39.163583 np0000007943 nova-scheduler[96631]: DEBUG cotyledon.oslo_config_glue [-] oslo_messaging_rabbit.rabbit_quorum_queue = False {{(pid=96631) log_opt_values /opt/stack/data/venv/lib/python3.12/site-packages/oslo_config/cfg.py:3560}}
Aug 23 18:08:39.163583 np0000007943 nova-scheduler[96631]: DEBUG cotyledon.oslo_config_glue [-] oslo_messaging_rabbit.rabbit_retry_backoff = 2 {{(pid=96631) log_opt_values /opt/stack/data/venv/lib/python3.12/site-packages/oslo_config/cfg.py:3560}}
Aug 23 18:08:39.163583 np0000007943 nova-scheduler[96631]: DEBUG cotyledon.oslo_config_glue [-] oslo_messaging_rabbit.rabbit_retry_interval = 1 {{(pid=96631) log_opt_values /opt/stack/data/venv/lib/python3.12/site-packages/oslo_config/cfg.py:3560}}
Aug 23 18:08:39.163583 np0000007943 nova-scheduler[96631]: DEBUG cotyledon.oslo_config_glue [-] oslo_messaging_rabbit.rabbit_stream_fanout = False {{(pid=96631) log_opt_values /opt/stack/data/venv/lib/python3.12/site-packages/oslo_config/cfg.py:3560}}
Aug 23 18:08:39.163583 np0000007943 nova-scheduler[96631]: DEBUG cotyledon.oslo_config_glue [-] oslo_messaging_rabbit.rabbit_transient_queues_ttl = 1800 {{(pid=96631) log_opt_values /opt/stack/data/venv/lib/python3.12/site-packages/oslo_config/cfg.py:3560}}
Aug 23 18:08:39.163583 np0000007943 nova-scheduler[96631]: DEBUG cotyledon.oslo_config_glue [-] oslo_messaging_rabbit.rabbit_transient_quorum_queue = False {{(pid=96631) log_opt_values /opt/stack/data/venv/lib/python3.12/site-packages/oslo_config/cfg.py:3560}}
Aug 23 18:08:39.163583 np0000007943 nova-scheduler[96631]: DEBUG cotyledon.oslo_config_glue [-] oslo_messaging_rabbit.rpc_conn_pool_size = 30 {{(pid=96631) log_opt_values /opt/stack/data/venv/lib/python3.12/site-packages/oslo_config/cfg.py:3560}}
Aug 23 18:08:39.163583 np0000007943 nova-scheduler[96631]: DEBUG cotyledon.oslo_config_glue [-] oslo_messaging_rabbit.ssl = False {{(pid=96631) log_opt_values /opt/stack/data/venv/lib/python3.12/site-packages/oslo_config/cfg.py:3560}}
Aug 23 18:08:39.163832 np0000007943 nova-scheduler[96631]: DEBUG cotyledon.oslo_config_glue [-] oslo_messaging_rabbit.ssl_ca_file = {{(pid=96631) log_opt_values /opt/stack/data/venv/lib/python3.12/site-packages/oslo_config/cfg.py:3560}}
Aug 23 18:08:39.163832 np0000007943 nova-scheduler[96631]: DEBUG cotyledon.oslo_config_glue [-] oslo_messaging_rabbit.ssl_cert_file = {{(pid=96631) log_opt_values /opt/stack/data/venv/lib/python3.12/site-packages/oslo_config/cfg.py:3560}}
Aug 23 18:08:39.163832 np0000007943 nova-scheduler[96631]: DEBUG cotyledon.oslo_config_glue [-] oslo_messaging_rabbit.ssl_enforce_fips_mode = False {{(pid=96631) log_opt_values /opt/stack/data/venv/lib/python3.12/site-packages/oslo_config/cfg.py:3560}}
Aug 23 18:08:39.163832 np0000007943 nova-scheduler[96631]: DEBUG cotyledon.oslo_config_glue [-] oslo_messaging_rabbit.ssl_enforce_hostname_verification = True {{(pid=96631) log_opt_values /opt/stack/data/venv/lib/python3.12/site-packages/oslo_config/cfg.py:3560}}
Aug 23 18:08:39.163832 np0000007943 nova-scheduler[96631]: DEBUG cotyledon.oslo_config_glue [-] oslo_messaging_rabbit.ssl_key_file = {{(pid=96631) log_opt_values /opt/stack/data/venv/lib/python3.12/site-packages/oslo_config/cfg.py:3560}}
Aug 23 18:08:39.163832 np0000007943 nova-scheduler[96631]: DEBUG cotyledon.oslo_config_glue [-] oslo_messaging_rabbit.ssl_version = {{(pid=96631) log_opt_values /opt/stack/data/venv/lib/python3.12/site-packages/oslo_config/cfg.py:3560}}
Aug 23 18:08:39.163832 np0000007943 nova-scheduler[96631]: DEBUG cotyledon.oslo_config_glue [-] oslo_messaging_rabbit.use_queue_manager = False {{(pid=96631) log_opt_values /opt/stack/data/venv/lib/python3.12/site-packages/oslo_config/cfg.py:3560}}
Aug 23 18:08:39.163832 np0000007943 nova-scheduler[96631]: DEBUG cotyledon.oslo_config_glue [-] oslo_messaging_notifications.driver = ['messagingv2'] {{(pid=96631) log_opt_values /opt/stack/data/venv/lib/python3.12/site-packages/oslo_config/cfg.py:3560}}
Aug 23 18:08:39.163832 np0000007943 nova-scheduler[96631]: DEBUG cotyledon.oslo_config_glue [-] oslo_messaging_notifications.retry = -1 {{(pid=96631) log_opt_values /opt/stack/data/venv/lib/python3.12/site-packages/oslo_config/cfg.py:3560}}
Aug 23 18:08:39.164042 np0000007943 nova-scheduler[96631]: DEBUG cotyledon.oslo_config_glue [-] oslo_messaging_notifications.topics = ['notifications'] {{(pid=96631) log_opt_values /opt/stack/data/venv/lib/python3.12/site-packages/oslo_config/cfg.py:3560}}
Aug 23 18:08:39.164042 np0000007943 nova-scheduler[96631]: DEBUG cotyledon.oslo_config_glue [-] oslo_messaging_notifications.transport_url = **** {{(pid=96631) log_opt_values /opt/stack/data/venv/lib/python3.12/site-packages/oslo_config/cfg.py:3560}}
Aug 23 18:08:39.164042 np0000007943 nova-scheduler[96631]: DEBUG cotyledon.oslo_config_glue [-] oslo_limit.auth_section = None {{(pid=96631) log_opt_values /opt/stack/data/venv/lib/python3.12/site-packages/oslo_config/cfg.py:3560}}
Aug 23 18:08:39.164042 np0000007943 nova-scheduler[96631]: DEBUG cotyledon.oslo_config_glue [-] oslo_limit.auth_type = None {{(pid=96631) log_opt_values /opt/stack/data/venv/lib/python3.12/site-packages/oslo_config/cfg.py:3560}}
Aug 23 18:08:39.164042 np0000007943 nova-scheduler[96631]: DEBUG cotyledon.oslo_config_glue [-] oslo_limit.cafile = None {{(pid=96631) log_opt_values /opt/stack/data/venv/lib/python3.12/site-packages/oslo_config/cfg.py:3560}}
Aug 23 18:08:39.164042 np0000007943 nova-scheduler[96631]: DEBUG cotyledon.oslo_config_glue [-] oslo_limit.certfile = None {{(pid=96631) log_opt_values /opt/stack/data/venv/lib/python3.12/site-packages/oslo_config/cfg.py:3560}}
Aug 23 18:08:39.164042 np0000007943 nova-scheduler[96631]: DEBUG cotyledon.oslo_config_glue [-] oslo_limit.collect_timing = False {{(pid=96631) log_opt_values /opt/stack/data/venv/lib/python3.12/site-packages/oslo_config/cfg.py:3560}}
Aug 23 18:08:39.164042 np0000007943 nova-scheduler[96631]: DEBUG cotyledon.oslo_config_glue [-] oslo_limit.connect_retries = None {{(pid=96631) log_opt_values /opt/stack/data/venv/lib/python3.12/site-packages/oslo_config/cfg.py:3560}}
Aug 23 18:08:39.164042 np0000007943 nova-scheduler[96631]: DEBUG cotyledon.oslo_config_glue [-] oslo_limit.connect_retry_delay = None {{(pid=96631) log_opt_values /opt/stack/data/venv/lib/python3.12/site-packages/oslo_config/cfg.py:3560}}
Aug 23 18:08:39.164230 np0000007943 nova-scheduler[96631]: DEBUG cotyledon.oslo_config_glue [-] oslo_limit.endpoint_id = None {{(pid=96631) log_opt_values /opt/stack/data/venv/lib/python3.12/site-packages/oslo_config/cfg.py:3560}}
Aug 23 18:08:39.164230 np0000007943 nova-scheduler[96631]: DEBUG cotyledon.oslo_config_glue [-] oslo_limit.endpoint_interface = public {{(pid=96631) log_opt_values /opt/stack/data/venv/lib/python3.12/site-packages/oslo_config/cfg.py:3560}}
Aug 23 18:08:39.164230 np0000007943 nova-scheduler[96631]: DEBUG cotyledon.oslo_config_glue [-] oslo_limit.endpoint_override = None {{(pid=96631) log_opt_values /opt/stack/data/venv/lib/python3.12/site-packages/oslo_config/cfg.py:3560}}
Aug 23 18:08:39.164230 np0000007943 nova-scheduler[96631]: DEBUG cotyledon.oslo_config_glue [-] oslo_limit.endpoint_region_name = None {{(pid=96631) log_opt_values /opt/stack/data/venv/lib/python3.12/site-packages/oslo_config/cfg.py:3560}}
Aug 23 18:08:39.164230 np0000007943 nova-scheduler[96631]: DEBUG cotyledon.oslo_config_glue [-] oslo_limit.endpoint_service_name = None {{(pid=96631) log_opt_values /opt/stack/data/venv/lib/python3.12/site-packages/oslo_config/cfg.py:3560}}
Aug 23 18:08:39.164230 np0000007943 nova-scheduler[96631]: DEBUG cotyledon.oslo_config_glue [-] oslo_limit.endpoint_service_type = None {{(pid=96631) log_opt_values /opt/stack/data/venv/lib/python3.12/site-packages/oslo_config/cfg.py:3560}}
Aug 23 18:08:39.164230 np0000007943 nova-scheduler[96631]: DEBUG cotyledon.oslo_config_glue [-] oslo_limit.insecure = False {{(pid=96631) log_opt_values /opt/stack/data/venv/lib/python3.12/site-packages/oslo_config/cfg.py:3560}}
Aug 23 18:08:39.164230 np0000007943 nova-scheduler[96631]: DEBUG cotyledon.oslo_config_glue [-] oslo_limit.keyfile = None {{(pid=96631) log_opt_values /opt/stack/data/venv/lib/python3.12/site-packages/oslo_config/cfg.py:3560}}
Aug 23 18:08:39.164230 np0000007943 nova-scheduler[96631]: DEBUG cotyledon.oslo_config_glue [-] oslo_limit.max_version = None {{(pid=96631) log_opt_values /opt/stack/data/venv/lib/python3.12/site-packages/oslo_config/cfg.py:3560}}
Aug 23 18:08:39.164668 np0000007943 nova-scheduler[96631]: DEBUG cotyledon.oslo_config_glue [-] oslo_limit.min_version = None {{(pid=96631) log_opt_values /opt/stack/data/venv/lib/python3.12/site-packages/oslo_config/cfg.py:3560}}
Aug 23 18:08:39.164668 np0000007943 nova-scheduler[96631]: DEBUG cotyledon.oslo_config_glue [-] oslo_limit.region_name = None {{(pid=96631) log_opt_values /opt/stack/data/venv/lib/python3.12/site-packages/oslo_config/cfg.py:3560}}
Aug 23 18:08:39.164668 np0000007943 nova-scheduler[96631]: DEBUG cotyledon.oslo_config_glue [-] oslo_limit.retriable_status_codes = None {{(pid=96631) log_opt_values /opt/stack/data/venv/lib/python3.12/site-packages/oslo_config/cfg.py:3560}}
Aug 23 18:08:39.164668 np0000007943 nova-scheduler[96631]: DEBUG cotyledon.oslo_config_glue [-] oslo_limit.service_name = None {{(pid=96631) log_opt_values /opt/stack/data/venv/lib/python3.12/site-packages/oslo_config/cfg.py:3560}}
Aug 23 18:08:39.164668 np0000007943 nova-scheduler[96631]: DEBUG cotyledon.oslo_config_glue [-] oslo_limit.service_type = None {{(pid=96631) log_opt_values /opt/stack/data/venv/lib/python3.12/site-packages/oslo_config/cfg.py:3560}}
Aug 23 18:08:39.164668 np0000007943 nova-scheduler[96631]: DEBUG cotyledon.oslo_config_glue [-] oslo_limit.split_loggers = False {{(pid=96631) log_opt_values /opt/stack/data/venv/lib/python3.12/site-packages/oslo_config/cfg.py:3560}}
Aug 23 18:08:39.164668 np0000007943 nova-scheduler[96631]: DEBUG cotyledon.oslo_config_glue [-] oslo_limit.status_code_retries = None {{(pid=96631) log_opt_values /opt/stack/data/venv/lib/python3.12/site-packages/oslo_config/cfg.py:3560}}
Aug 23 18:08:39.164668 np0000007943 nova-scheduler[96631]: DEBUG cotyledon.oslo_config_glue [-] oslo_limit.status_code_retry_delay = None {{(pid=96631) log_opt_values /opt/stack/data/venv/lib/python3.12/site-packages/oslo_config/cfg.py:3560}}
Aug 23 18:08:39.164668 np0000007943 nova-scheduler[96631]: DEBUG cotyledon.oslo_config_glue [-] oslo_limit.timeout = None {{(pid=96631) log_opt_values /opt/stack/data/venv/lib/python3.12/site-packages/oslo_config/cfg.py:3560}}
Aug 23 18:08:39.164962 np0000007943 nova-scheduler[96631]: DEBUG cotyledon.oslo_config_glue [-] oslo_limit.valid_interfaces = None {{(pid=96631) log_opt_values /opt/stack/data/venv/lib/python3.12/site-packages/oslo_config/cfg.py:3560}}
Aug 23 18:08:39.164962 np0000007943 nova-scheduler[96631]: DEBUG cotyledon.oslo_config_glue [-] oslo_limit.version = None {{(pid=96631) log_opt_values /opt/stack/data/venv/lib/python3.12/site-packages/oslo_config/cfg.py:3560}}
Aug 23 18:08:39.164962 np0000007943 nova-scheduler[96631]: DEBUG cotyledon.oslo_config_glue [-] oslo_reports.file_event_handler = None {{(pid=96631) log_opt_values /opt/stack/data/venv/lib/python3.12/site-packages/oslo_config/cfg.py:3560}}
Aug 23 18:08:39.164962 np0000007943 nova-scheduler[96631]: DEBUG cotyledon.oslo_config_glue [-] oslo_reports.file_event_handler_interval = 1 {{(pid=96631) log_opt_values /opt/stack/data/venv/lib/python3.12/site-packages/oslo_config/cfg.py:3560}}
Aug 23 18:08:39.164962 np0000007943 nova-scheduler[96631]: DEBUG cotyledon.oslo_config_glue [-] oslo_reports.log_dir = None {{(pid=96631) log_opt_values /opt/stack/data/venv/lib/python3.12/site-packages/oslo_config/cfg.py:3560}}
Aug 23 18:08:39.164962 np0000007943 nova-scheduler[96631]: DEBUG cotyledon.oslo_config_glue [-] ******************************************************************************** {{(pid=96631) log_opt_values /opt/stack/data/venv/lib/python3.12/site-packages/oslo_config/cfg.py:3567}}
Aug 23 18:08:39.164962 np0000007943 nova-scheduler[96631]: DEBUG cotyledon._service_worker [-] Run service ServiceWrapper(3) [96631] {{(pid=96631) wait_forever /opt/stack/data/venv/lib/python3.12/site-packages/cotyledon/_service_worker.py:218}}
Aug 23 18:08:39.165126 np0000007943 nova-scheduler[96625]: DEBUG oslo_db.sqlalchemy.engines [None req-f93b05bd-d928-46c3-be57-dea3b473c041 None None] MySQL server mode set to STRICT_TRANS_TABLES,STRICT_ALL_TABLES,NO_ZERO_IN_DATE,NO_ZERO_DATE,ERROR_FOR_DIVISION_BY_ZERO,TRADITIONAL,NO_ENGINE_SUBSTITUTION {{(pid=96625) _check_effective_sql_mode /opt/stack/data/venv/lib/python3.12/site-packages/oslo_db/sqlalchemy/engines.py:325}}
Aug 23 18:08:39.165175 np0000007943 nova-scheduler[96631]: INFO nova.service [-] Starting scheduler node (version 33.1.0)
Aug 23 18:08:39.165213 np0000007943 nova-scheduler[96627]: DEBUG oslo_db.sqlalchemy.engines [None req-9442dd04-c9ed-4766-a005-7994caec4288 None None] MySQL server mode set to STRICT_TRANS_TABLES,STRICT_ALL_TABLES,NO_ZERO_IN_DATE,NO_ZERO_DATE,ERROR_FOR_DIVISION_BY_ZERO,TRADITIONAL,NO_ENGINE_SUBSTITUTION {{(pid=96627) _check_effective_sql_mode /opt/stack/data/venv/lib/python3.12/site-packages/oslo_db/sqlalchemy/engines.py:325}}
Aug 23 18:08:39.165241 np0000007943 nova-scheduler[96631]: INFO dbcounter [None req-e216ead9-add2-4fdb-b25d-96657045fddf None None] Registered counter for database nova_cell0
Aug 23 18:08:39.165271 np0000007943 nova-scheduler[96629]: DEBUG oslo_db.sqlalchemy.engines [None req-bc88b54c-eb4c-4e9a-a084-a15e3733645d None None] MySQL server mode set to STRICT_TRANS_TABLES,STRICT_ALL_TABLES,NO_ZERO_IN_DATE,NO_ZERO_DATE,ERROR_FOR_DIVISION_BY_ZERO,TRADITIONAL,NO_ENGINE_SUBSTITUTION {{(pid=96629) _check_effective_sql_mode /opt/stack/data/venv/lib/python3.12/site-packages/oslo_db/sqlalchemy/engines.py:325}}
Aug 23 18:08:39.165297 np0000007943 nova-scheduler[96625]: DEBUG dbcounter [-] [96625] Writer thread running {{(pid=96625) stat_writer /opt/stack/data/venv/lib/python3.12/site-packages/dbcounter.py:102}}
Aug 23 18:08:39.165324 np0000007943 nova-scheduler[96627]: DEBUG dbcounter [-] [96627] Writer thread running {{(pid=96627) stat_writer /opt/stack/data/venv/lib/python3.12/site-packages/dbcounter.py:102}}
Aug 23 18:08:39.165345 np0000007943 nova-scheduler[96629]: DEBUG dbcounter [-] [96629] Writer thread running {{(pid=96629) stat_writer /opt/stack/data/venv/lib/python3.12/site-packages/dbcounter.py:102}}
Aug 23 18:08:39.165447 np0000007943 nova-scheduler[96627]: DEBUG nova.service [None req-9442dd04-c9ed-4766-a005-7994caec4288 None None] Creating RPC server for service: nova-scheduler on topic: scheduler {{(pid=96627) start /opt/stack/nova/nova/service.py:262}}
Aug 23 18:08:39.170077 np0000007943 nova-scheduler[96629]: DEBUG nova.service [None req-bc88b54c-eb4c-4e9a-a084-a15e3733645d None None] Creating RPC server for service: nova-scheduler on topic: scheduler {{(pid=96629) start /opt/stack/nova/nova/service.py:262}}
Aug 23 18:08:39.170417 np0000007943 nova-scheduler[96625]: DEBUG nova.service [None req-f93b05bd-d928-46c3-be57-dea3b473c041 None None] Creating RPC server for service: nova-scheduler on topic: scheduler {{(pid=96625) start /opt/stack/nova/nova/service.py:262}}
Aug 23 18:08:39.187827 np0000007943 nova-scheduler[96627]: DEBUG nova.service [None req-9442dd04-c9ed-4766-a005-7994caec4288 None None] Join ServiceGroup membership for this service scheduler {{(pid=96627) start /opt/stack/nova/nova/service.py:288}}
Aug 23 18:08:39.187985 np0000007943 nova-scheduler[96627]: DEBUG nova.servicegroup.drivers.db [None req-9442dd04-c9ed-4766-a005-7994caec4288 None None] DB_Driver: join new ServiceGroup member np0000007943 to the scheduler group, service = {{(pid=96627) join /opt/stack/nova/nova/servicegroup/drivers/db.py:44}}
Aug 23 18:08:39.188702 np0000007943 nova-scheduler[96629]: DEBUG nova.service [None req-bc88b54c-eb4c-4e9a-a084-a15e3733645d None None] Join ServiceGroup membership for this service scheduler {{(pid=96629) start /opt/stack/nova/nova/service.py:288}}
Aug 23 18:08:39.188971 np0000007943 nova-scheduler[96629]: DEBUG nova.servicegroup.drivers.db [None req-bc88b54c-eb4c-4e9a-a084-a15e3733645d None None] DB_Driver: join new ServiceGroup member np0000007943 to the scheduler group, service = {{(pid=96629) join /opt/stack/nova/nova/servicegroup/drivers/db.py:44}}
Aug 23 18:08:39.191779 np0000007943 nova-scheduler[96625]: DEBUG nova.service [None req-f93b05bd-d928-46c3-be57-dea3b473c041 None None] Join ServiceGroup membership for this service scheduler {{(pid=96625) start /opt/stack/nova/nova/service.py:288}}
Aug 23 18:08:39.191972 np0000007943 nova-scheduler[96625]: DEBUG nova.servicegroup.drivers.db [None req-f93b05bd-d928-46c3-be57-dea3b473c041 None None] DB_Driver: join new ServiceGroup member np0000007943 to the scheduler group, service = {{(pid=96625) join /opt/stack/nova/nova/servicegroup/drivers/db.py:44}}
Aug 23 18:08:39.209503 np0000007943 nova-scheduler[96631]: DEBUG oslo_db.sqlalchemy.engines [None req-e216ead9-add2-4fdb-b25d-96657045fddf None None] MySQL server mode set to STRICT_TRANS_TABLES,STRICT_ALL_TABLES,NO_ZERO_IN_DATE,NO_ZERO_DATE,ERROR_FOR_DIVISION_BY_ZERO,TRADITIONAL,NO_ENGINE_SUBSTITUTION {{(pid=96631) _check_effective_sql_mode /opt/stack/data/venv/lib/python3.12/site-packages/oslo_db/sqlalchemy/engines.py:325}}
Aug 23 18:08:39.220529 np0000007943 nova-scheduler[96631]: DEBUG dbcounter [-] [96631] Writer thread running {{(pid=96631) stat_writer /opt/stack/data/venv/lib/python3.12/site-packages/dbcounter.py:102}}
Aug 23 18:08:39.224314 np0000007943 nova-scheduler[96631]: DEBUG nova.service [None req-e216ead9-add2-4fdb-b25d-96657045fddf None None] Creating RPC server for service: nova-scheduler on topic: scheduler {{(pid=96631) start /opt/stack/nova/nova/service.py:262}}
Aug 23 18:08:39.245002 np0000007943 nova-scheduler[96631]: DEBUG nova.service [None req-e216ead9-add2-4fdb-b25d-96657045fddf None None] Join ServiceGroup membership for this service scheduler {{(pid=96631) start /opt/stack/nova/nova/service.py:288}}
Aug 23 18:08:39.245429 np0000007943 nova-scheduler[96631]: DEBUG nova.servicegroup.drivers.db [None req-e216ead9-add2-4fdb-b25d-96657045fddf None None] DB_Driver: join new ServiceGroup member np0000007943 to the scheduler group, service = {{(pid=96631) join /opt/stack/nova/nova/servicegroup/drivers/db.py:44}}
Aug 23 18:08:42.194174 np0000007943 nova-scheduler[96625]: DEBUG oslo.service.backend._threading.loopingcall [None req-cac3d462-f909-456d-a6e2-b06dba97a980 None None] Dynamic interval looping call 'nova.service.Service.periodic_tasks' sleeping for 60.00 seconds {{(pid=96625) _run_loop /opt/stack/data/venv/lib/python3.12/site-packages/oslo_service/backend/_threading/loopingcall.py:125}}
Aug 23 18:08:42.247506 np0000007943 nova-scheduler[96631]: DEBUG oslo.service.backend._threading.loopingcall [None req-b546f935-9511-4613-8ded-8d09cc16ec6e None None] Dynamic interval looping call 'nova.service.Service.periodic_tasks' sleeping for 60.00 seconds {{(pid=96631) _run_loop /opt/stack/data/venv/lib/python3.12/site-packages/oslo_service/backend/_threading/loopingcall.py:125}}
Aug 23 18:08:44.200724 np0000007943 nova-scheduler[96627]: DEBUG oslo.service.backend._threading.loopingcall [-] Fixed interval looping call 'nova.servicegroup.drivers.db.DbDriver._report_state' sleeping for 119.99 seconds {{(pid=96627) _run_loop /opt/stack/data/venv/lib/python3.12/site-packages/oslo_service/backend/_threading/loopingcall.py:125}}
Aug 23 18:08:44.204043 np0000007943 nova-scheduler[96625]: DEBUG oslo.service.backend._threading.loopingcall [-] Fixed interval looping call 'nova.servicegroup.drivers.db.DbDriver._report_state' sleeping for 119.99 seconds {{(pid=96625) _run_loop /opt/stack/data/venv/lib/python3.12/site-packages/oslo_service/backend/_threading/loopingcall.py:125}}
Aug 23 18:08:44.204941 np0000007943 nova-scheduler[96629]: DEBUG oslo.service.backend._threading.loopingcall [-] Fixed interval looping call 'nova.servicegroup.drivers.db.DbDriver._report_state' sleeping for 119.99 seconds {{(pid=96629) _run_loop /opt/stack/data/venv/lib/python3.12/site-packages/oslo_service/backend/_threading/loopingcall.py:125}}
Aug 23 18:08:44.257231 np0000007943 nova-scheduler[96631]: DEBUG oslo.service.backend._threading.loopingcall [-] Fixed interval looping call 'nova.servicegroup.drivers.db.DbDriver._report_state' sleeping for 119.99 seconds {{(pid=96631) _run_loop /opt/stack/data/venv/lib/python3.12/site-packages/oslo_service/backend/_threading/loopingcall.py:125}}
Aug 23 18:08:47.747456 np0000007943 nova-scheduler[95368]: DEBUG dbcounter [-] [95368] Writing DB stats nova_api:SELECT=3 {{(pid=95368) stat_writer /opt/stack/data/venv/lib/python3.12/site-packages/dbcounter.py:115}}
Aug 23 18:08:47.866544 np0000007943 nova-scheduler[95368]: DEBUG dbcounter [-] [95368] Writing DB stats nova_cell1:SELECT=1 {{(pid=95368) stat_writer /opt/stack/data/venv/lib/python3.12/site-packages/dbcounter.py:115}}
Aug 23 18:08:47.871987 np0000007943 nova-scheduler[95368]: DEBUG dbcounter [-] [95368] Writing DB stats nova_cell0:SELECT=1 {{(pid=95368) stat_writer /opt/stack/data/venv/lib/python3.12/site-packages/dbcounter.py:115}}
Aug 23 18:08:54.197032 np0000007943 nova-scheduler[96627]: DEBUG dbcounter [-] [96627] Writing DB stats nova_cell0:SELECT=4,nova_cell0:INSERT=1,nova_cell0:UPDATE=1 {{(pid=96627) stat_writer /opt/stack/data/venv/lib/python3.12/site-packages/dbcounter.py:115}}
Aug 23 18:08:54.198483 np0000007943 nova-scheduler[96629]: DEBUG dbcounter [-] [96629] Writing DB stats nova_cell0:SELECT=5,nova_cell0:INSERT=1,nova_cell0:UPDATE=1 {{(pid=96629) stat_writer /opt/stack/data/venv/lib/python3.12/site-packages/dbcounter.py:115}}
Aug 23 18:08:54.201822 np0000007943 nova-scheduler[96625]: DEBUG dbcounter [-] [96625] Writing DB stats nova_cell0:SELECT=5,nova_cell0:INSERT=1 {{(pid=96625) stat_writer /opt/stack/data/venv/lib/python3.12/site-packages/dbcounter.py:115}}
Aug 23 18:08:54.254769 np0000007943 nova-scheduler[96631]: DEBUG dbcounter [-] [96631] Writing DB stats nova_cell0:SELECT=3 {{(pid=96631) stat_writer /opt/stack/data/venv/lib/python3.12/site-packages/dbcounter.py:115}}
Aug 23 18:09:06.190081 np0000007943 nova-scheduler[96627]: DEBUG oslo.service.backend._threading.loopingcall [None req-bdd4bd7c-9b75-45f7-ab26-a549a7ab6bfd None None] Dynamic interval looping call 'nova.service.Service.periodic_tasks' sleeping for 60.00 seconds {{(pid=96627) _run_loop /opt/stack/data/venv/lib/python3.12/site-packages/oslo_service/backend/_threading/loopingcall.py:125}}
Aug 23 18:09:39.190806 np0000007943 nova-scheduler[96629]: DEBUG oslo.service.backend._threading.loopingcall [None req-731c7e53-2ca1-42d1-8127-308934e6a339 None None] Dynamic interval looping call 'nova.service.Service.periodic_tasks' sleeping for 60.00 seconds {{(pid=96629) _run_loop /opt/stack/data/venv/lib/python3.12/site-packages/oslo_service/backend/_threading/loopingcall.py:125}}
Aug 23 18:09:42.194651 np0000007943 nova-scheduler[96625]: DEBUG oslo.service.backend._threading.loopingcall [None req-cac3d462-f909-456d-a6e2-b06dba97a980 None None] Dynamic interval looping call 'nova.service.Service.periodic_tasks' sleeping for 60.00 seconds {{(pid=96625) _run_loop /opt/stack/data/venv/lib/python3.12/site-packages/oslo_service/backend/_threading/loopingcall.py:125}}
Aug 23 18:09:42.248000 np0000007943 nova-scheduler[96631]: DEBUG oslo.service.backend._threading.loopingcall [None req-b546f935-9511-4613-8ded-8d09cc16ec6e None None] Dynamic interval looping call 'nova.service.Service.periodic_tasks' sleeping for 60.00 seconds {{(pid=96631) _run_loop /opt/stack/data/venv/lib/python3.12/site-packages/oslo_service/backend/_threading/loopingcall.py:125}}
Aug 23 18:10:06.190513 np0000007943 nova-scheduler[96627]: DEBUG oslo.service.backend._threading.loopingcall [None req-bdd4bd7c-9b75-45f7-ab26-a549a7ab6bfd None None] Dynamic interval looping call 'nova.service.Service.periodic_tasks' sleeping for 60.00 seconds {{(pid=96627) _run_loop /opt/stack/data/venv/lib/python3.12/site-packages/oslo_service/backend/_threading/loopingcall.py:125}}
Aug 23 18:10:39.191334 np0000007943 nova-scheduler[96629]: DEBUG oslo.service.backend._threading.loopingcall [None req-731c7e53-2ca1-42d1-8127-308934e6a339 None None] Dynamic interval looping call 'nova.service.Service.periodic_tasks' sleeping for 60.00 seconds {{(pid=96629) _run_loop /opt/stack/data/venv/lib/python3.12/site-packages/oslo_service/backend/_threading/loopingcall.py:125}}
Aug 23 18:10:42.196172 np0000007943 nova-scheduler[96625]: DEBUG oslo.service.backend._threading.loopingcall [None req-cac3d462-f909-456d-a6e2-b06dba97a980 None None] Dynamic interval looping call 'nova.service.Service.periodic_tasks' sleeping for 60.00 seconds {{(pid=96625) _run_loop /opt/stack/data/venv/lib/python3.12/site-packages/oslo_service/backend/_threading/loopingcall.py:125}}
Aug 23 18:10:42.249188 np0000007943 nova-scheduler[96631]: DEBUG oslo.service.backend._threading.loopingcall [None req-b546f935-9511-4613-8ded-8d09cc16ec6e None None] Dynamic interval looping call 'nova.service.Service.periodic_tasks' sleeping for 60.00 seconds {{(pid=96631) _run_loop /opt/stack/data/venv/lib/python3.12/site-packages/oslo_service/backend/_threading/loopingcall.py:125}}
Aug 23 18:10:44.202078 np0000007943 nova-scheduler[96627]: DEBUG oslo.service.backend._threading.loopingcall [-] Fixed interval looping call 'nova.servicegroup.drivers.db.DbDriver._report_state' sleeping for 119.99 seconds {{(pid=96627) _run_loop /opt/stack/data/venv/lib/python3.12/site-packages/oslo_service/backend/_threading/loopingcall.py:125}}
Aug 23 18:10:44.203030 np0000007943 nova-scheduler[96629]: DEBUG oslo.service.backend._threading.loopingcall [-] Fixed interval looping call 'nova.servicegroup.drivers.db.DbDriver._report_state' sleeping for 119.99 seconds {{(pid=96629) _run_loop /opt/stack/data/venv/lib/python3.12/site-packages/oslo_service/backend/_threading/loopingcall.py:125}}
Aug 23 18:10:44.203604 np0000007943 nova-scheduler[96625]: DEBUG oslo.service.backend._threading.loopingcall [-] Fixed interval looping call 'nova.servicegroup.drivers.db.DbDriver._report_state' sleeping for 119.99 seconds {{(pid=96625) _run_loop /opt/stack/data/venv/lib/python3.12/site-packages/oslo_service/backend/_threading/loopingcall.py:125}}
Aug 23 18:10:44.251594 np0000007943 nova-scheduler[96631]: DEBUG oslo.service.backend._threading.loopingcall [-] Fixed interval looping call 'nova.servicegroup.drivers.db.DbDriver._report_state' sleeping for 120.00 seconds {{(pid=96631) _run_loop /opt/stack/data/venv/lib/python3.12/site-packages/oslo_service/backend/_threading/loopingcall.py:125}}
Aug 23 18:10:51.192134 np0000007943 nova-scheduler[96627]: DEBUG nova.scheduler.manager [None req-3180bdb9-c5c4-4ecd-92c6-04b86f3df3e4 tempest-DeleteServersTestJSON-986380985 tempest-DeleteServersTestJSON-986380985-project-member] Starting to schedule for instances: ['0eee55f4-8d7c-4401-bda2-a421f44134ef'] {{(pid=96627) select_destinations /opt/stack/nova/nova/scheduler/manager.py:197}}
Aug 23 18:10:51.192721 np0000007943 nova-scheduler[96627]: DEBUG nova.scheduler.request_filter [None req-3180bdb9-c5c4-4ecd-92c6-04b86f3df3e4 tempest-DeleteServersTestJSON-986380985 tempest-DeleteServersTestJSON-986380985-project-member] compute_status_filter request filter added forbidden trait COMPUTE_STATUS_DISABLED {{(pid=96627) compute_status_filter /opt/stack/nova/nova/scheduler/request_filter.py:258}}
Aug 23 18:10:51.192934 np0000007943 nova-scheduler[96627]: DEBUG nova.scheduler.request_filter [None req-3180bdb9-c5c4-4ecd-92c6-04b86f3df3e4 tempest-DeleteServersTestJSON-986380985 tempest-DeleteServersTestJSON-986380985-project-member] Request filter 'compute_status_filter' took 0.0 seconds {{(pid=96627) wrapper /opt/stack/nova/nova/scheduler/request_filter.py:51}}
Aug 23 18:10:51.193313 np0000007943 nova-scheduler[96627]: DEBUG nova.scheduler.request_filter [None req-3180bdb9-c5c4-4ecd-92c6-04b86f3df3e4 tempest-DeleteServersTestJSON-986380985 tempest-DeleteServersTestJSON-986380985-project-member] Request filter 'accelerators_filter' took 0.0 seconds {{(pid=96627) wrapper /opt/stack/nova/nova/scheduler/request_filter.py:51}}
Aug 23 18:10:51.193822 np0000007943 nova-scheduler[96627]: DEBUG nova.scheduler.request_filter [None req-3180bdb9-c5c4-4ecd-92c6-04b86f3df3e4 tempest-DeleteServersTestJSON-986380985 tempest-DeleteServersTestJSON-986380985-project-member] Request filter 'packed_virtqueue_filter' took 0.0 seconds {{(pid=96627) wrapper /opt/stack/nova/nova/scheduler/request_filter.py:51}}
Aug 23 18:10:51.194231 np0000007943 nova-scheduler[96627]: DEBUG nova.scheduler.request_filter [None req-3180bdb9-c5c4-4ecd-92c6-04b86f3df3e4 tempest-DeleteServersTestJSON-986380985 tempest-DeleteServersTestJSON-986380985-project-member] Request filter 'remote_managed_ports_filter' took 0.0 seconds {{(pid=96627) wrapper /opt/stack/nova/nova/scheduler/request_filter.py:51}}
Aug 23 18:10:51.194954 np0000007943 nova-scheduler[96627]: DEBUG nova.scheduler.request_filter [None req-3180bdb9-c5c4-4ecd-92c6-04b86f3df3e4 tempest-DeleteServersTestJSON-986380985 tempest-DeleteServersTestJSON-986380985-project-member] ephemeral_encryption_filter skipped {{(pid=96627) ephemeral_encryption_filter /opt/stack/nova/nova/scheduler/request_filter.py:431}}
Aug 23 18:10:51.194954 np0000007943 nova-scheduler[96627]: DEBUG nova.scheduler.request_filter [None req-3180bdb9-c5c4-4ecd-92c6-04b86f3df3e4 tempest-DeleteServersTestJSON-986380985 tempest-DeleteServersTestJSON-986380985-project-member] virtio_sound_filter skipped {{(pid=96627) virtio_sound_filter /opt/stack/nova/nova/scheduler/request_filter.py:465}}
Aug 23 18:10:51.194954 np0000007943 nova-scheduler[96627]: DEBUG nova.scheduler.request_filter [None req-3180bdb9-c5c4-4ecd-92c6-04b86f3df3e4 tempest-DeleteServersTestJSON-986380985 tempest-DeleteServersTestJSON-986380985-project-member] tpm_secret_security_filter skipped {{(pid=96627) tpm_secret_security_filter /opt/stack/nova/nova/scheduler/request_filter.py:482}}
Aug 23 18:10:51.195407 np0000007943 nova-scheduler[96627]: DEBUG oslo_concurrency.lockutils [None req-3180bdb9-c5c4-4ecd-92c6-04b86f3df3e4 tempest-DeleteServersTestJSON-986380985 tempest-DeleteServersTestJSON-986380985-project-member] Acquiring lock "00000000-0000-0000-0000-000000000000" by "nova.context.set_target_cell..get_or_set_cached_cell_and_set_connections" {{(pid=96627) inner /opt/stack/data/venv/lib/python3.12/site-packages/oslo_concurrency/lockutils.py:512}}
Aug 23 18:10:51.195583 np0000007943 nova-scheduler[96627]: DEBUG oslo_concurrency.lockutils [None req-3180bdb9-c5c4-4ecd-92c6-04b86f3df3e4 tempest-DeleteServersTestJSON-986380985 tempest-DeleteServersTestJSON-986380985-project-member] Lock "00000000-0000-0000-0000-000000000000" acquired by "nova.context.set_target_cell..get_or_set_cached_cell_and_set_connections" :: waited 0.000s {{(pid=96627) inner /opt/stack/data/venv/lib/python3.12/site-packages/oslo_concurrency/lockutils.py:525}}
Aug 23 18:10:51.196484 np0000007943 nova-scheduler[96627]: DEBUG oslo_concurrency.lockutils [None req-3180bdb9-c5c4-4ecd-92c6-04b86f3df3e4 tempest-DeleteServersTestJSON-986380985 tempest-DeleteServersTestJSON-986380985-project-member] Lock "00000000-0000-0000-0000-000000000000" "released" by "nova.context.set_target_cell..get_or_set_cached_cell_and_set_connections" :: held 0.001s {{(pid=96627) inner /opt/stack/data/venv/lib/python3.12/site-packages/oslo_concurrency/lockutils.py:544}}
Aug 23 18:10:51.196855 np0000007943 nova-scheduler[96627]: INFO nova.thread_pool_factory [None req-3180bdb9-c5c4-4ecd-92c6-04b86f3df3e4 tempest-DeleteServersTestJSON-986380985 tempest-DeleteServersTestJSON-986380985-project-member] The cell_worker thread pool ForkProcess-2.cell_worker is initialized
Aug 23 18:10:51.198044 np0000007943 nova-scheduler[96627]: DEBUG oslo_concurrency.lockutils [None req-3180bdb9-c5c4-4ecd-92c6-04b86f3df3e4 tempest-DeleteServersTestJSON-986380985 tempest-DeleteServersTestJSON-986380985-project-member] Acquiring lock "24c8ffd6-0bf1-4982-8678-9ae8bac2f77d" by "nova.context.set_target_cell..get_or_set_cached_cell_and_set_connections" {{(pid=96627) inner /opt/stack/data/venv/lib/python3.12/site-packages/oslo_concurrency/lockutils.py:512}}
Aug 23 18:10:51.198327 np0000007943 nova-scheduler[96627]: DEBUG oslo_concurrency.lockutils [None req-3180bdb9-c5c4-4ecd-92c6-04b86f3df3e4 tempest-DeleteServersTestJSON-986380985 tempest-DeleteServersTestJSON-986380985-project-member] Lock "24c8ffd6-0bf1-4982-8678-9ae8bac2f77d" acquired by "nova.context.set_target_cell..get_or_set_cached_cell_and_set_connections" :: waited 0.000s {{(pid=96627) inner /opt/stack/data/venv/lib/python3.12/site-packages/oslo_concurrency/lockutils.py:525}}
Aug 23 18:10:51.199692 np0000007943 nova-scheduler[96627]: DEBUG oslo_concurrency.lockutils [None req-3180bdb9-c5c4-4ecd-92c6-04b86f3df3e4 tempest-DeleteServersTestJSON-986380985 tempest-DeleteServersTestJSON-986380985-project-member] Lock "24c8ffd6-0bf1-4982-8678-9ae8bac2f77d" "released" by "nova.context.set_target_cell..get_or_set_cached_cell_and_set_connections" :: held 0.001s {{(pid=96627) inner /opt/stack/data/venv/lib/python3.12/site-packages/oslo_concurrency/lockutils.py:544}}
Aug 23 18:10:51.201179 np0000007943 nova-scheduler[96627]: INFO dbcounter [None req-3180bdb9-c5c4-4ecd-92c6-04b86f3df3e4 tempest-DeleteServersTestJSON-986380985 tempest-DeleteServersTestJSON-986380985-project-member] Registered counter for database nova_cell0
Aug 23 18:10:51.205017 np0000007943 nova-scheduler[96627]: INFO dbcounter [None req-3180bdb9-c5c4-4ecd-92c6-04b86f3df3e4 tempest-DeleteServersTestJSON-986380985 tempest-DeleteServersTestJSON-986380985-project-member] Registered counter for database nova_cell1
Aug 23 18:10:51.271140 np0000007943 nova-scheduler[96627]: DEBUG oslo_db.sqlalchemy.engines [None req-3180bdb9-c5c4-4ecd-92c6-04b86f3df3e4 tempest-DeleteServersTestJSON-986380985 tempest-DeleteServersTestJSON-986380985-project-member] MySQL server mode set to STRICT_TRANS_TABLES,STRICT_ALL_TABLES,NO_ZERO_IN_DATE,NO_ZERO_DATE,ERROR_FOR_DIVISION_BY_ZERO,TRADITIONAL,NO_ENGINE_SUBSTITUTION {{(pid=96627) _check_effective_sql_mode /opt/stack/data/venv/lib/python3.12/site-packages/oslo_db/sqlalchemy/engines.py:325}}
Aug 23 18:10:51.278496 np0000007943 nova-scheduler[96627]: DEBUG dbcounter [-] [96627] Writer thread running {{(pid=96627) stat_writer /opt/stack/data/venv/lib/python3.12/site-packages/dbcounter.py:102}}
Aug 23 18:10:51.281866 np0000007943 nova-scheduler[96627]: DEBUG oslo_db.sqlalchemy.engines [None req-3180bdb9-c5c4-4ecd-92c6-04b86f3df3e4 tempest-DeleteServersTestJSON-986380985 tempest-DeleteServersTestJSON-986380985-project-member] MySQL server mode set to STRICT_TRANS_TABLES,STRICT_ALL_TABLES,NO_ZERO_IN_DATE,NO_ZERO_DATE,ERROR_FOR_DIVISION_BY_ZERO,TRADITIONAL,NO_ENGINE_SUBSTITUTION {{(pid=96627) _check_effective_sql_mode /opt/stack/data/venv/lib/python3.12/site-packages/oslo_db/sqlalchemy/engines.py:325}}
