May 12 15:46:37.944819 np0000000606 devstack@placement-api.service[89016]: [pid: 89016|app: 0|req: 362/726] 10.4.3.156 () {68 vars in 1499 bytes} [Tue May 12 15:46:37 2026] GET /placement/allocations/0d22c737-bff1-4950-958a-b626826f8b43 => generated 258 bytes in 18 msecs (HTTP/1.1 200) 8 headers in 296 bytes (1 switches on core 0)
May 12 15:46:38.001731 np0000000606 devstack@placement-api.service[89015]: DEBUG placement.requestlog [req-f0e38edf-d6bb-41be-881a-12a584798a01 req-83891735-3005-4bb7-ac54-bf59121855b3 None None] Starting request: 10.4.3.156 "GET /placement/allocations/94efeee5-492f-45df-beca-7713a0a70169" {{(pid=89015) __call__ /opt/stack/placement/placement/requestlog.py:55}}
May 12 15:46:38.012724 np0000000606 devstack@placement-api.service[89015]: INFO placement.requestlog [req-f0e38edf-d6bb-41be-881a-12a584798a01 req-83891735-3005-4bb7-ac54-bf59121855b3 service nova] 10.4.3.156 "GET /placement/allocations/94efeee5-492f-45df-beca-7713a0a70169" status: 200 len: 258 microversion: 1.28
May 12 15:46:38.013619 np0000000606 devstack@placement-api.service[89015]: [pid: 89015|app: 0|req: 365/727] 10.4.3.156 () {68 vars in 1499 bytes} [Tue May 12 15:46:38 2026] GET /placement/allocations/94efeee5-492f-45df-beca-7713a0a70169 => generated 258 bytes in 11 msecs (HTTP/1.1 200) 8 headers in 296 bytes (1 switches on core 0)
May 12 15:46:38.103342 np0000000606 devstack@placement-api.service[89016]: DEBUG placement.requestlog [req-f0e38edf-d6bb-41be-881a-12a584798a01 req-09c28cf3-e42a-4c5a-b53d-1d7c763e6639 None None] Starting request: 10.4.3.156 "GET /placement/allocations/fddac889-3d16-4161-9b1a-262f8093e18d" {{(pid=89016) __call__ /opt/stack/placement/placement/requestlog.py:55}}
May 12 15:46:38.123221 np0000000606 devstack@placement-api.service[89016]: INFO placement.requestlog [req-f0e38edf-d6bb-41be-881a-12a584798a01 req-09c28cf3-e42a-4c5a-b53d-1d7c763e6639 service nova] 10.4.3.156 "GET /placement/allocations/fddac889-3d16-4161-9b1a-262f8093e18d" status: 200 len: 258 microversion: 1.28
May 12 15:46:38.123483 np0000000606 devstack@placement-api.service[89016]: [pid: 89016|app: 0|req: 363/728] 10.4.3.156 () {68 vars in 1499 bytes} [Tue May 12 15:46:38 2026] GET /placement/allocations/fddac889-3d16-4161-9b1a-262f8093e18d => generated 258 bytes in 20 msecs (HTTP/1.1 200) 8 headers in 296 bytes (1 switches on core 0)
May 12 15:46:38.179433 np0000000606 devstack@placement-api.service[89015]: DEBUG placement.requestlog [req-f0e38edf-d6bb-41be-881a-12a584798a01 req-1848ebbb-8e59-4586-9858-0077f451f3b5 None None] Starting request: 10.4.3.156 "GET /placement/allocations/dc5cb00a-955a-46af-9d35-8b416e83a81f" {{(pid=89015) __call__ /opt/stack/placement/placement/requestlog.py:55}}
May 12 15:46:38.191246 np0000000606 devstack@placement-api.service[89015]: INFO placement.requestlog [req-f0e38edf-d6bb-41be-881a-12a584798a01 req-1848ebbb-8e59-4586-9858-0077f451f3b5 service nova] 10.4.3.156 "GET /placement/allocations/dc5cb00a-955a-46af-9d35-8b416e83a81f" status: 200 len: 244 microversion: 1.28
May 12 15:46:38.192329 np0000000606 devstack@placement-api.service[89015]: [pid: 89015|app: 0|req: 366/729] 10.4.3.156 () {68 vars in 1499 bytes} [Tue May 12 15:46:38 2026] GET /placement/allocations/dc5cb00a-955a-46af-9d35-8b416e83a81f => generated 244 bytes in 13 msecs (HTTP/1.1 200) 8 headers in 296 bytes (1 switches on core 0)
May 12 15:46:38.270534 np0000000606 devstack@placement-api.service[89016]: DEBUG placement.requestlog [req-f0e38edf-d6bb-41be-881a-12a584798a01 req-45d44630-a186-45bc-a275-5bf8d1452994 None None] Starting request: 10.4.3.156 "GET /placement/allocations/598b9ea2-aa25-42a1-b6f1-5253336a9183" {{(pid=89016) __call__ /opt/stack/placement/placement/requestlog.py:55}}
May 12 15:46:38.286654 np0000000606 devstack@placement-api.service[89016]: INFO placement.requestlog [req-f0e38edf-d6bb-41be-881a-12a584798a01 req-45d44630-a186-45bc-a275-5bf8d1452994 service nova] 10.4.3.156 "GET /placement/allocations/598b9ea2-aa25-42a1-b6f1-5253336a9183" status: 200 len: 244 microversion: 1.28
May 12 15:46:38.288446 np0000000606 devstack@placement-api.service[89016]: [pid: 89016|app: 0|req: 364/730] 10.4.3.156 () {68 vars in 1499 bytes} [Tue May 12 15:46:38 2026] GET /placement/allocations/598b9ea2-aa25-42a1-b6f1-5253336a9183 => generated 244 bytes in 18 msecs (HTTP/1.1 200) 8 headers in 296 bytes (1 switches on core 0)
May 12 15:46:38.346643 np0000000606 devstack@placement-api.service[89015]: DEBUG placement.requestlog [req-f0e38edf-d6bb-41be-881a-12a584798a01 req-8c6aeeb6-ea2b-4d22-8660-42920d8f11b4 None None] Starting request: 10.4.3.156 "GET /placement/allocations/e8cd0cf4-b5b1-416a-b097-a8bbbed723e2" {{(pid=89015) __call__ /opt/stack/placement/placement/requestlog.py:55}}
May 12 15:46:38.356779 np0000000606 devstack@placement-api.service[89015]: INFO placement.requestlog [req-f0e38edf-d6bb-41be-881a-12a584798a01 req-8c6aeeb6-ea2b-4d22-8660-42920d8f11b4 service nova] 10.4.3.156 "GET /placement/allocations/e8cd0cf4-b5b1-416a-b097-a8bbbed723e2" status: 200 len: 244 microversion: 1.28
May 12 15:46:38.356911 np0000000606 devstack@placement-api.service[89015]: [pid: 89015|app: 0|req: 367/731] 10.4.3.156 () {68 vars in 1499 bytes} [Tue May 12 15:46:38 2026] GET /placement/allocations/e8cd0cf4-b5b1-416a-b097-a8bbbed723e2 => generated 244 bytes in 10 msecs (HTTP/1.1 200) 8 headers in 296 bytes (1 switches on core 0)
May 12 15:46:38.410723 np0000000606 devstack@placement-api.service[89016]: DEBUG placement.requestlog [req-f0e38edf-d6bb-41be-881a-12a584798a01 req-81fcb87d-3fef-42de-a57c-656f0f446599 None None] Starting request: 10.4.3.156 "GET /placement/allocations/c05c21d0-8482-4a32-8b2e-ad432beef7d3" {{(pid=89016) __call__ /opt/stack/placement/placement/requestlog.py:55}}
May 12 15:46:38.429968 np0000000606 devstack@placement-api.service[89016]: INFO placement.requestlog [req-f0e38edf-d6bb-41be-881a-12a584798a01 req-81fcb87d-3fef-42de-a57c-656f0f446599 service nova] 10.4.3.156 "GET /placement/allocations/c05c21d0-8482-4a32-8b2e-ad432beef7d3" status: 200 len: 244 microversion: 1.28
May 12 15:46:38.430261 np0000000606 devstack@placement-api.service[89016]: [pid: 89016|app: 0|req: 365/732] 10.4.3.156 () {68 vars in 1499 bytes} [Tue May 12 15:46:38 2026] GET /placement/allocations/c05c21d0-8482-4a32-8b2e-ad432beef7d3 => generated 244 bytes in 20 msecs (HTTP/1.1 200) 8 headers in 296 bytes (1 switches on core 0)
May 12 15:46:40.591428 np0000000606 devstack@placement-api.service[89015]: DEBUG placement.requestlog [req-7e081001-785b-412e-bc34-bca36fcc4b88 req-0eefbc9b-dcfe-4cae-b035-f88a8a3d67dc None None] Starting request: 10.4.3.156 "GET /placement/resource_providers/9874890d-6519-426a-a8d7-9db55f096bdb/allocations" {{(pid=89015) __call__ /opt/stack/placement/placement/requestlog.py:55}}
May 12 15:46:40.629291 np0000000606 devstack@placement-api.service[89015]: INFO placement.requestlog [req-7e081001-785b-412e-bc34-bca36fcc4b88 req-0eefbc9b-dcfe-4cae-b035-f88a8a3d67dc service nova] 10.4.3.156 "GET /placement/resource_providers/9874890d-6519-426a-a8d7-9db55f096bdb/allocations" status: 200 len: 797 microversion: 1.0
May 12 15:46:40.633123 np0000000606 devstack@placement-api.service[89015]: [pid: 89015|app: 0|req: 368/733] 10.4.3.156 () {66 vars in 1512 bytes} [Tue May 12 15:46:40 2026] GET /placement/resource_providers/9874890d-6519-426a-a8d7-9db55f096bdb/allocations => generated 797 bytes in 38 msecs (HTTP/1.1 200) 6 headers in 224 bytes (1 switches on core 0)
May 12 15:46:40.702892 np0000000606 devstack@placement-api.service[89016]: DEBUG placement.requestlog [req-7e081001-785b-412e-bc34-bca36fcc4b88 req-e4c2323c-86b1-420b-a00e-9481ddaccfcc None None] Starting request: 10.4.3.156 "GET /placement/resource_providers/9874890d-6519-426a-a8d7-9db55f096bdb/allocations" {{(pid=89016) __call__ /opt/stack/placement/placement/requestlog.py:55}}
May 12 15:46:40.754532 np0000000606 devstack@placement-api.service[89016]: INFO placement.requestlog [req-7e081001-785b-412e-bc34-bca36fcc4b88 req-e4c2323c-86b1-420b-a00e-9481ddaccfcc service nova] 10.4.3.156 "GET /placement/resource_providers/9874890d-6519-426a-a8d7-9db55f096bdb/allocations" status: 200 len: 797 microversion: 1.0
May 12 15:46:40.754532 np0000000606 devstack@placement-api.service[89016]: [pid: 89016|app: 0|req: 366/734] 10.4.3.156 () {66 vars in 1512 bytes} [Tue May 12 15:46:40 2026] GET /placement/resource_providers/9874890d-6519-426a-a8d7-9db55f096bdb/allocations => generated 797 bytes in 51 msecs (HTTP/1.1 200) 6 headers in 224 bytes (1 switches on core 0)
May 12 15:46:40.780000 np0000000606 devstack@placement-api.service[89015]: DEBUG placement.requestlog [req-2b584a6b-6fc4-4472-87c0-93a95d4bcbc7 req-11821468-dad2-4edc-bcbd-7b3e6ecef3c9 None None] Starting request: 10.4.3.156 "GET /placement/allocation_candidates?limit=1000&resources=DISK_GB%3A1%2CMEMORY_MB%3A192%2CVCPU%3A1&root_required=%21COMPUTE_STATUS_DISABLED" {{(pid=89015) __call__ /opt/stack/placement/placement/requestlog.py:55}}
May 12 15:46:40.816450 np0000000606 devstack@placement-api.service[89015]: DEBUG placement.objects.research_context [req-2b584a6b-6fc4-4472-87c0-93a95d4bcbc7 req-11821468-dad2-4edc-bcbd-7b3e6ecef3c9 service nova] getting providers with 1 DISK_GB {{(pid=89015) __init__ /opt/stack/placement/placement/objects/research_context.py:137}}
May 12 15:46:40.825276 np0000000606 devstack@placement-api.service[89015]: DEBUG placement.objects.research_context [req-2b584a6b-6fc4-4472-87c0-93a95d4bcbc7 req-11821468-dad2-4edc-bcbd-7b3e6ecef3c9 service nova] getting providers with 192 MEMORY_MB {{(pid=89015) __init__ /opt/stack/placement/placement/objects/research_context.py:137}}
May 12 15:46:40.828061 np0000000606 devstack@placement-api.service[89015]: DEBUG placement.objects.research_context [req-2b584a6b-6fc4-4472-87c0-93a95d4bcbc7 req-11821468-dad2-4edc-bcbd-7b3e6ecef3c9 service nova] getting providers with 1 VCPU {{(pid=89015) __init__ /opt/stack/placement/placement/objects/research_context.py:137}}
May 12 15:46:40.839231 np0000000606 devstack@placement-api.service[89015]: DEBUG placement.objects.research_context [req-2b584a6b-6fc4-4472-87c0-93a95d4bcbc7 req-11821468-dad2-4edc-bcbd-7b3e6ecef3c9 service nova] found 1 providers with available 1 DISK_GB {{(pid=89015) get_provider_ids_matching /opt/stack/placement/placement/objects/research_context.py:563}}
May 12 15:46:40.839231 np0000000606 devstack@placement-api.service[89015]: DEBUG placement.objects.research_context [req-2b584a6b-6fc4-4472-87c0-93a95d4bcbc7 req-11821468-dad2-4edc-bcbd-7b3e6ecef3c9 service nova] found 1 providers with available 192 MEMORY_MB {{(pid=89015) get_provider_ids_matching /opt/stack/placement/placement/objects/research_context.py:563}}
May 12 15:46:40.839231 np0000000606 devstack@placement-api.service[89015]: DEBUG placement.objects.research_context [req-2b584a6b-6fc4-4472-87c0-93a95d4bcbc7 req-11821468-dad2-4edc-bcbd-7b3e6ecef3c9 service nova] found 1 providers after filtering by previous result {{(pid=89015) get_provider_ids_matching /opt/stack/placement/placement/objects/research_context.py:594}}
May 12 15:46:40.839231 np0000000606 devstack@placement-api.service[89015]: DEBUG placement.objects.research_context [req-2b584a6b-6fc4-4472-87c0-93a95d4bcbc7 req-11821468-dad2-4edc-bcbd-7b3e6ecef3c9 service nova] found 1 providers with available 1 VCPU {{(pid=89015) get_provider_ids_matching /opt/stack/placement/placement/objects/research_context.py:563}}
May 12 15:46:40.839231 np0000000606 devstack@placement-api.service[89015]: DEBUG placement.objects.research_context [req-2b584a6b-6fc4-4472-87c0-93a95d4bcbc7 req-11821468-dad2-4edc-bcbd-7b3e6ecef3c9 service nova] found 1 providers after filtering by previous result {{(pid=89015) get_provider_ids_matching /opt/stack/placement/placement/objects/research_context.py:594}}
May 12 15:46:40.848294 np0000000606 devstack@placement-api.service[89016]: DEBUG placement.requestlog [req-7e081001-785b-412e-bc34-bca36fcc4b88 req-99f3ba00-9692-4be2-b6b9-aedb6b796df7 None None] Starting request: 10.4.3.156 "GET /placement/allocations/dc929515-75fb-4858-b509-81e9fb6e88bb" {{(pid=89016) __call__ /opt/stack/placement/placement/requestlog.py:55}}
May 12 15:46:40.848667 np0000000606 devstack@placement-api.service[89015]: DEBUG placement.objects.allocation_candidate [req-2b584a6b-6fc4-4472-87c0-93a95d4bcbc7 req-11821468-dad2-4edc-bcbd-7b3e6ecef3c9 service nova] RequestGroup(use_same_provider=False, resources={DISK_GB:1, MEMORY_MB:192, VCPU:1}, traits=(), aggregates=[]) (suffix '') returned 1 matches {{(pid=89015) _get_by_requests /opt/stack/placement/placement/objects/allocation_candidate.py:158}}
May 12 15:46:40.848667 np0000000606 devstack@placement-api.service[89015]: DEBUG placement.objects.allocation_candidate [req-2b584a6b-6fc4-4472-87c0-93a95d4bcbc7 req-11821468-dad2-4edc-bcbd-7b3e6ecef3c9 service nova] Merging candidates yields 1 allocation requests and 1 provider summaries {{(pid=89015) _merge_candidates /opt/stack/placement/placement/objects/allocation_candidate.py:908}}
May 12 15:46:40.849877 np0000000606 devstack@placement-api.service[89015]: INFO placement.requestlog [req-2b584a6b-6fc4-4472-87c0-93a95d4bcbc7 req-11821468-dad2-4edc-bcbd-7b3e6ecef3c9 service nova] 10.4.3.156 "GET /placement/allocation_candidates?limit=1000&resources=DISK_GB%3A1%2CMEMORY_MB%3A192%2CVCPU%3A1&root_required=%21COMPUTE_STATUS_DISABLED" status: 200 len: 2493 microversion: 1.36
May 12 15:46:40.850657 np0000000606 devstack@placement-api.service[89015]: [pid: 89015|app: 0|req: 369/735] 10.4.3.156 () {68 vars in 1625 bytes} [Tue May 12 15:46:40 2026] GET /placement/allocation_candidates?limit=1000&resources=DISK_GB%3A1%2CMEMORY_MB%3A192%2CVCPU%3A1&root_required=%21COMPUTE_STATUS_DISABLED => generated 2493 bytes in 70 msecs (HTTP/1.1 200) 8 headers in 297 bytes (1 switches on core 0)
May 12 15:46:40.865270 np0000000606 devstack@placement-api.service[89016]: INFO placement.requestlog [req-7e081001-785b-412e-bc34-bca36fcc4b88 req-99f3ba00-9692-4be2-b6b9-aedb6b796df7 service nova] 10.4.3.156 "GET /placement/allocations/dc929515-75fb-4858-b509-81e9fb6e88bb" status: 200 len: 258 microversion: 1.28
May 12 15:46:40.865270 np0000000606 devstack@placement-api.service[89016]: [pid: 89016|app: 0|req: 367/736] 10.4.3.156 () {68 vars in 1499 bytes} [Tue May 12 15:46:40 2026] GET /placement/allocations/dc929515-75fb-4858-b509-81e9fb6e88bb => generated 258 bytes in 19 msecs (HTTP/1.1 200) 8 headers in 296 bytes (1 switches on core 0)
May 12 15:46:40.920820 np0000000606 devstack@placement-api.service[89015]: DEBUG placement.requestlog [req-2b584a6b-6fc4-4472-87c0-93a95d4bcbc7 req-ee176ba4-16f6-46b3-92c1-33aee639c375 None None] Starting request: 10.4.3.156 "GET /placement/allocations/623cb096-7339-4617-b194-0c3391587f1e" {{(pid=89015) __call__ /opt/stack/placement/placement/requestlog.py:55}}
May 12 15:46:40.922331 np0000000606 devstack@placement-api.service[89016]: DEBUG placement.requestlog [req-7e081001-785b-412e-bc34-bca36fcc4b88 req-88db4e90-aa20-4386-8f63-18bc1f8851cd None None] Starting request: 10.4.3.156 "GET /placement/allocations/0d22c737-bff1-4950-958a-b626826f8b43" {{(pid=89016) __call__ /opt/stack/placement/placement/requestlog.py:55}}
May 12 15:46:40.927060 np0000000606 devstack@placement-api.service[89015]: INFO placement.requestlog [req-2b584a6b-6fc4-4472-87c0-93a95d4bcbc7 req-ee176ba4-16f6-46b3-92c1-33aee639c375 service nova] 10.4.3.156 "GET /placement/allocations/623cb096-7339-4617-b194-0c3391587f1e" status: 200 len: 19 microversion: 1.28
May 12 15:46:40.927060 np0000000606 devstack@placement-api.service[89015]: [pid: 89015|app: 0|req: 370/737] 10.4.3.156 () {68 vars in 1501 bytes} [Tue May 12 15:46:40 2026] GET /placement/allocations/623cb096-7339-4617-b194-0c3391587f1e => generated 19 bytes in 7 msecs (HTTP/1.1 200) 8 headers in 295 bytes (1 switches on core 0)
May 12 15:46:40.934669 np0000000606 devstack@placement-api.service[89016]: INFO placement.requestlog [req-7e081001-785b-412e-bc34-bca36fcc4b88 req-88db4e90-aa20-4386-8f63-18bc1f8851cd service nova] 10.4.3.156 "GET /placement/allocations/0d22c737-bff1-4950-958a-b626826f8b43" status: 200 len: 258 microversion: 1.28
May 12 15:46:40.935732 np0000000606 devstack@placement-api.service[89016]: [pid: 89016|app: 0|req: 368/738] 10.4.3.156 () {68 vars in 1499 bytes} [Tue May 12 15:46:40 2026] GET /placement/allocations/0d22c737-bff1-4950-958a-b626826f8b43 => generated 258 bytes in 13 msecs (HTTP/1.1 200) 8 headers in 296 bytes (1 switches on core 0)
May 12 15:46:40.974164 np0000000606 devstack@placement-api.service[89015]: DEBUG placement.requestlog [req-2b584a6b-6fc4-4472-87c0-93a95d4bcbc7 req-02d47991-224d-4b80-8446-6dec80e21b18 None None] Starting request: 10.4.3.156 "PUT /placement/allocations/623cb096-7339-4617-b194-0c3391587f1e" {{(pid=89015) __call__ /opt/stack/placement/placement/requestlog.py:55}}
May 12 15:46:40.980565 np0000000606 devstack@placement-api.service[89016]: DEBUG placement.requestlog [req-7e081001-785b-412e-bc34-bca36fcc4b88 req-72d4e054-8237-4073-82bf-4c8ecd7511d1 None None] Starting request: 10.4.3.156 "GET /placement/allocations/94efeee5-492f-45df-beca-7713a0a70169" {{(pid=89016) __call__ /opt/stack/placement/placement/requestlog.py:55}}
May 12 15:46:40.987328 np0000000606 devstack@placement-api.service[89016]: INFO placement.requestlog [req-7e081001-785b-412e-bc34-bca36fcc4b88 req-72d4e054-8237-4073-82bf-4c8ecd7511d1 service nova] 10.4.3.156 "GET /placement/allocations/94efeee5-492f-45df-beca-7713a0a70169" status: 200 len: 258 microversion: 1.28
May 12 15:46:40.987534 np0000000606 devstack@placement-api.service[89016]: [pid: 89016|app: 0|req: 369/739] 10.4.3.156 () {68 vars in 1499 bytes} [Tue May 12 15:46:40 2026] GET /placement/allocations/94efeee5-492f-45df-beca-7713a0a70169 => generated 258 bytes in 7 msecs (HTTP/1.1 200) 8 headers in 296 bytes (1 switches on core 0)
May 12 15:46:41.024800 np0000000606 devstack@placement-api.service[89015]: DEBUG placement.handlers.allocation [req-2b584a6b-6fc4-4472-87c0-93a95d4bcbc7 req-02d47991-224d-4b80-8446-6dec80e21b18 service nova] Successfully wrote allocations [, , ] {{(pid=89015) _update_consumers_and_create_allocations /opt/stack/placement/placement/handlers/allocation.py:462}}
May 12 15:46:41.027820 np0000000606 devstack@placement-api.service[89015]: INFO placement.requestlog [req-2b584a6b-6fc4-4472-87c0-93a95d4bcbc7 req-02d47991-224d-4b80-8446-6dec80e21b18 service nova] 10.4.3.156 "PUT /placement/allocations/623cb096-7339-4617-b194-0c3391587f1e" status: 204 len: 0 microversion: 1.36
May 12 15:46:41.028089 np0000000606 devstack@placement-api.service[89015]: [pid: 89015|app: 0|req: 371/740] 10.4.3.156 () {72 vars in 1554 bytes} [Tue May 12 15:46:40 2026] PUT /placement/allocations/623cb096-7339-4617-b194-0c3391587f1e => generated 0 bytes in 54 msecs (HTTP/1.1 204) 5 headers in 199 bytes (1 switches on core 0)
May 12 15:46:41.053259 np0000000606 devstack@placement-api.service[89016]: DEBUG placement.requestlog [req-7e081001-785b-412e-bc34-bca36fcc4b88 req-bfd0346c-967c-4fb8-89d8-7a2d3dd40354 None None] Starting request: 10.4.3.156 "GET /placement/allocations/fddac889-3d16-4161-9b1a-262f8093e18d" {{(pid=89016) __call__ /opt/stack/placement/placement/requestlog.py:55}}
May 12 15:46:41.064384 np0000000606 devstack@placement-api.service[89016]: INFO placement.requestlog [req-7e081001-785b-412e-bc34-bca36fcc4b88 req-bfd0346c-967c-4fb8-89d8-7a2d3dd40354 service nova] 10.4.3.156 "GET /placement/allocations/fddac889-3d16-4161-9b1a-262f8093e18d" status: 200 len: 258 microversion: 1.28
May 12 15:46:41.064651 np0000000606 devstack@placement-api.service[89016]: [pid: 89016|app: 0|req: 370/741] 10.4.3.156 () {68 vars in 1499 bytes} [Tue May 12 15:46:41 2026] GET /placement/allocations/fddac889-3d16-4161-9b1a-262f8093e18d => generated 258 bytes in 12 msecs (HTTP/1.1 200) 8 headers in 296 bytes (2 switches on core 0)
May 12 15:46:41.100069 np0000000606 devstack@placement-api.service[89015]: DEBUG placement.requestlog [req-7e081001-785b-412e-bc34-bca36fcc4b88 req-bc893e59-37a6-4545-9ead-55535eaa455e None None] Starting request: 10.4.3.156 "GET /placement/allocations/dc5cb00a-955a-46af-9d35-8b416e83a81f" {{(pid=89015) __call__ /opt/stack/placement/placement/requestlog.py:55}}
May 12 15:46:41.109062 np0000000606 devstack@placement-api.service[89015]: INFO placement.requestlog [req-7e081001-785b-412e-bc34-bca36fcc4b88 req-bc893e59-37a6-4545-9ead-55535eaa455e service nova] 10.4.3.156 "GET /placement/allocations/dc5cb00a-955a-46af-9d35-8b416e83a81f" status: 200 len: 244 microversion: 1.28
May 12 15:46:41.109530 np0000000606 devstack@placement-api.service[89015]: [pid: 89015|app: 0|req: 372/742] 10.4.3.156 () {68 vars in 1499 bytes} [Tue May 12 15:46:41 2026] GET /placement/allocations/dc5cb00a-955a-46af-9d35-8b416e83a81f => generated 244 bytes in 10 msecs (HTTP/1.1 200) 8 headers in 296 bytes (1 switches on core 0)
May 12 15:46:41.157720 np0000000606 devstack@placement-api.service[89016]: DEBUG placement.requestlog [req-7e081001-785b-412e-bc34-bca36fcc4b88 req-af6b0b4c-c8a4-4e7b-91f0-9b1a1635d4b2 None None] Starting request: 10.4.3.156 "GET /placement/allocations/598b9ea2-aa25-42a1-b6f1-5253336a9183" {{(pid=89016) __call__ /opt/stack/placement/placement/requestlog.py:55}}
May 12 15:46:41.166613 np0000000606 devstack@placement-api.service[89016]: INFO placement.requestlog [req-7e081001-785b-412e-bc34-bca36fcc4b88 req-af6b0b4c-c8a4-4e7b-91f0-9b1a1635d4b2 service nova] 10.4.3.156 "GET /placement/allocations/598b9ea2-aa25-42a1-b6f1-5253336a9183" status: 200 len: 244 microversion: 1.28
May 12 15:46:41.167002 np0000000606 devstack@placement-api.service[89016]: [pid: 89016|app: 0|req: 371/743] 10.4.3.156 () {68 vars in 1499 bytes} [Tue May 12 15:46:41 2026] GET /placement/allocations/598b9ea2-aa25-42a1-b6f1-5253336a9183 => generated 244 bytes in 9 msecs (HTTP/1.1 200) 8 headers in 296 bytes (1 switches on core 0)
May 12 15:46:41.206171 np0000000606 devstack@placement-api.service[89015]: DEBUG placement.requestlog [req-7e081001-785b-412e-bc34-bca36fcc4b88 req-40478214-442b-4767-aa49-4d8e726fb44a None None] Starting request: 10.4.3.156 "GET /placement/allocations/e8cd0cf4-b5b1-416a-b097-a8bbbed723e2" {{(pid=89015) __call__ /opt/stack/placement/placement/requestlog.py:55}}
May 12 15:46:41.224416 np0000000606 devstack@placement-api.service[89015]: INFO placement.requestlog [req-7e081001-785b-412e-bc34-bca36fcc4b88 req-40478214-442b-4767-aa49-4d8e726fb44a service nova] 10.4.3.156 "GET /placement/allocations/e8cd0cf4-b5b1-416a-b097-a8bbbed723e2" status: 200 len: 244 microversion: 1.28
May 12 15:46:41.224871 np0000000606 devstack@placement-api.service[89015]: [pid: 89015|app: 0|req: 373/744] 10.4.3.156 () {68 vars in 1499 bytes} [Tue May 12 15:46:41 2026] GET /placement/allocations/e8cd0cf4-b5b1-416a-b097-a8bbbed723e2 => generated 244 bytes in 19 msecs (HTTP/1.1 200) 8 headers in 296 bytes (1 switches on core 0)
May 12 15:46:41.276092 np0000000606 devstack@placement-api.service[89016]: DEBUG placement.requestlog [req-7e081001-785b-412e-bc34-bca36fcc4b88 req-26a9ed07-8caa-42b6-9e7f-e468a04c7226 None None] Starting request: 10.4.3.156 "GET /placement/allocations/c05c21d0-8482-4a32-8b2e-ad432beef7d3" {{(pid=89016) __call__ /opt/stack/placement/placement/requestlog.py:55}}
May 12 15:46:41.287657 np0000000606 devstack@placement-api.service[89016]: INFO placement.requestlog [req-7e081001-785b-412e-bc34-bca36fcc4b88 req-26a9ed07-8caa-42b6-9e7f-e468a04c7226 service nova] 10.4.3.156 "GET /placement/allocations/c05c21d0-8482-4a32-8b2e-ad432beef7d3" status: 200 len: 244 microversion: 1.28
May 12 15:46:41.287924 np0000000606 devstack@placement-api.service[89016]: [pid: 89016|app: 0|req: 372/745] 10.4.3.156 () {68 vars in 1499 bytes} [Tue May 12 15:46:41 2026] GET /placement/allocations/c05c21d0-8482-4a32-8b2e-ad432beef7d3 => generated 244 bytes in 12 msecs (HTTP/1.1 200) 8 headers in 296 bytes (1 switches on core 0)
May 12 15:46:42.364255 np0000000606 devstack@placement-api.service[89015]: DEBUG placement.requestlog [req-ec4c9442-dae7-4680-a52b-c55a3947735e req-70b2e02b-f509-4e20-a2aa-78e083fdb1bf None None] Starting request: 10.4.3.156 "GET /placement/resource_providers/9874890d-6519-426a-a8d7-9db55f096bdb/allocations" {{(pid=89015) __call__ /opt/stack/placement/placement/requestlog.py:55}}
May 12 15:46:42.382916 np0000000606 devstack@placement-api.service[89015]: INFO placement.requestlog [req-ec4c9442-dae7-4680-a52b-c55a3947735e req-70b2e02b-f509-4e20-a2aa-78e083fdb1bf service nova] 10.4.3.156 "GET /placement/resource_providers/9874890d-6519-426a-a8d7-9db55f096bdb/allocations" status: 200 len: 897 microversion: 1.0
May 12 15:46:42.383184 np0000000606 devstack@placement-api.service[89015]: [pid: 89015|app: 0|req: 374/746] 10.4.3.156 () {66 vars in 1512 bytes} [Tue May 12 15:46:42 2026] GET /placement/resource_providers/9874890d-6519-426a-a8d7-9db55f096bdb/allocations => generated 897 bytes in 19 msecs (HTTP/1.1 200) 6 headers in 224 bytes (1 switches on core 0)
May 12 15:46:42.429989 np0000000606 devstack@placement-api.service[89016]: DEBUG placement.requestlog [req-ec4c9442-dae7-4680-a52b-c55a3947735e req-13a8b1eb-2f06-4a44-909d-cf306a474349 None None] Starting request: 10.4.3.156 "GET /placement/allocations/623cb096-7339-4617-b194-0c3391587f1e" {{(pid=89016) __call__ /opt/stack/placement/placement/requestlog.py:55}}
May 12 15:46:42.440449 np0000000606 devstack@placement-api.service[89016]: INFO placement.requestlog [req-ec4c9442-dae7-4680-a52b-c55a3947735e req-13a8b1eb-2f06-4a44-909d-cf306a474349 service nova] 10.4.3.156 "GET /placement/allocations/623cb096-7339-4617-b194-0c3391587f1e" status: 200 len: 258 microversion: 1.28
May 12 15:46:42.440765 np0000000606 devstack@placement-api.service[89016]: [pid: 89016|app: 0|req: 373/747] 10.4.3.156 () {68 vars in 1499 bytes} [Tue May 12 15:46:42 2026] GET /placement/allocations/623cb096-7339-4617-b194-0c3391587f1e => generated 258 bytes in 11 msecs (HTTP/1.1 200) 8 headers in 296 bytes (1 switches on core 0)
May 12 15:46:42.487202 np0000000606 devstack@placement-api.service[89015]: DEBUG placement.requestlog [req-ec4c9442-dae7-4680-a52b-c55a3947735e req-7f323f7e-c4b6-48c4-b6a4-6f582b769953 None None] Starting request: 10.4.3.156 "GET /placement/allocations/dc929515-75fb-4858-b509-81e9fb6e88bb" {{(pid=89015) __call__ /opt/stack/placement/placement/requestlog.py:55}}
May 12 15:46:42.498154 np0000000606 devstack@placement-api.service[89015]: INFO placement.requestlog [req-ec4c9442-dae7-4680-a52b-c55a3947735e req-7f323f7e-c4b6-48c4-b6a4-6f582b769953 service nova] 10.4.3.156 "GET /placement/allocations/dc929515-75fb-4858-b509-81e9fb6e88bb" status: 200 len: 258 microversion: 1.28
May 12 15:46:42.498154 np0000000606 devstack@placement-api.service[89015]: [pid: 89015|app: 0|req: 375/748] 10.4.3.156 () {68 vars in 1499 bytes} [Tue May 12 15:46:42 2026] GET /placement/allocations/dc929515-75fb-4858-b509-81e9fb6e88bb => generated 258 bytes in 11 msecs (HTTP/1.1 200) 8 headers in 296 bytes (1 switches on core 0)
May 12 15:46:42.548924 np0000000606 devstack@placement-api.service[89016]: DEBUG placement.requestlog [req-ec4c9442-dae7-4680-a52b-c55a3947735e req-1080b6c3-89de-47ae-90ee-1f48133846a1 None None] Starting request: 10.4.3.156 "GET /placement/allocations/0d22c737-bff1-4950-958a-b626826f8b43" {{(pid=89016) __call__ /opt/stack/placement/placement/requestlog.py:55}}
May 12 15:46:42.559088 np0000000606 devstack@placement-api.service[89016]: INFO placement.requestlog [req-ec4c9442-dae7-4680-a52b-c55a3947735e req-1080b6c3-89de-47ae-90ee-1f48133846a1 service nova] 10.4.3.156 "GET /placement/allocations/0d22c737-bff1-4950-958a-b626826f8b43" status: 200 len: 258 microversion: 1.28
May 12 15:46:42.561503 np0000000606 devstack@placement-api.service[89016]: [pid: 89016|app: 0|req: 374/749] 10.4.3.156 () {68 vars in 1499 bytes} [Tue May 12 15:46:42 2026] GET /placement/allocations/0d22c737-bff1-4950-958a-b626826f8b43 => generated 258 bytes in 12 msecs (HTTP/1.1 200) 8 headers in 296 bytes (1 switches on core 0)
May 12 15:46:42.598026 np0000000606 devstack@placement-api.service[89015]: DEBUG placement.requestlog [req-ec4c9442-dae7-4680-a52b-c55a3947735e req-7665da11-2567-494c-96a9-6a6d3ace6596 None None] Starting request: 10.4.3.156 "GET /placement/allocations/94efeee5-492f-45df-beca-7713a0a70169" {{(pid=89015) __call__ /opt/stack/placement/placement/requestlog.py:55}}
May 12 15:46:42.607644 np0000000606 devstack@placement-api.service[89015]: INFO placement.requestlog [req-ec4c9442-dae7-4680-a52b-c55a3947735e req-7665da11-2567-494c-96a9-6a6d3ace6596 service nova] 10.4.3.156 "GET /placement/allocations/94efeee5-492f-45df-beca-7713a0a70169" status: 200 len: 258 microversion: 1.28
May 12 15:46:42.607847 np0000000606 devstack@placement-api.service[89015]: [pid: 89015|app: 0|req: 376/750] 10.4.3.156 () {68 vars in 1499 bytes} [Tue May 12 15:46:42 2026] GET /placement/allocations/94efeee5-492f-45df-beca-7713a0a70169 => generated 258 bytes in 10 msecs (HTTP/1.1 200) 8 headers in 296 bytes (1 switches on core 0)
May 12 15:46:42.648324 np0000000606 devstack@placement-api.service[89016]: DEBUG placement.requestlog [req-ec4c9442-dae7-4680-a52b-c55a3947735e req-e6df5691-6d84-4214-9bcd-e95c840baaf3 None None] Starting request: 10.4.3.156 "GET /placement/allocations/fddac889-3d16-4161-9b1a-262f8093e18d" {{(pid=89016) __call__ /opt/stack/placement/placement/requestlog.py:55}}
May 12 15:46:42.660010 np0000000606 devstack@placement-api.service[89016]: INFO placement.requestlog [req-ec4c9442-dae7-4680-a52b-c55a3947735e req-e6df5691-6d84-4214-9bcd-e95c840baaf3 service nova] 10.4.3.156 "GET /placement/allocations/fddac889-3d16-4161-9b1a-262f8093e18d" status: 200 len: 258 microversion: 1.28
May 12 15:46:42.660412 np0000000606 devstack@placement-api.service[89016]: [pid: 89016|app: 0|req: 375/751] 10.4.3.156 () {68 vars in 1499 bytes} [Tue May 12 15:46:42 2026] GET /placement/allocations/fddac889-3d16-4161-9b1a-262f8093e18d => generated 258 bytes in 12 msecs (HTTP/1.1 200) 8 headers in 296 bytes (1 switches on core 0)
May 12 15:46:42.694544 np0000000606 devstack@placement-api.service[89015]: DEBUG placement.requestlog [req-2b584a6b-6fc4-4472-87c0-93a95d4bcbc7 req-b0b21074-098d-46ca-94d8-fc84ed33ace5 None None] Starting request: 10.4.3.156 "GET /placement/allocations/623cb096-7339-4617-b194-0c3391587f1e" {{(pid=89015) __call__ /opt/stack/placement/placement/requestlog.py:55}}
May 12 15:46:42.704576 np0000000606 devstack@placement-api.service[89016]: DEBUG placement.requestlog [req-ec4c9442-dae7-4680-a52b-c55a3947735e req-0039fb2d-2ba4-4c40-939c-f724e53ab85e None None] Starting request: 10.4.3.156 "GET /placement/allocations/dc5cb00a-955a-46af-9d35-8b416e83a81f" {{(pid=89016) __call__ /opt/stack/placement/placement/requestlog.py:55}}
May 12 15:46:42.705914 np0000000606 devstack@placement-api.service[89015]: INFO placement.requestlog [req-2b584a6b-6fc4-4472-87c0-93a95d4bcbc7 req-b0b21074-098d-46ca-94d8-fc84ed33ace5 service nova] 10.4.3.156 "GET /placement/allocations/623cb096-7339-4617-b194-0c3391587f1e" status: 200 len: 258 microversion: 1.28
May 12 15:46:42.706121 np0000000606 devstack@placement-api.service[89015]: [pid: 89015|app: 0|req: 377/752] 10.4.3.156 () {68 vars in 1499 bytes} [Tue May 12 15:46:42 2026] GET /placement/allocations/623cb096-7339-4617-b194-0c3391587f1e => generated 258 bytes in 12 msecs (HTTP/1.1 200) 8 headers in 296 bytes (1 switches on core 0)
May 12 15:46:42.718614 np0000000606 devstack@placement-api.service[89016]: INFO placement.requestlog [req-ec4c9442-dae7-4680-a52b-c55a3947735e req-0039fb2d-2ba4-4c40-939c-f724e53ab85e service nova] 10.4.3.156 "GET /placement/allocations/dc5cb00a-955a-46af-9d35-8b416e83a81f" status: 200 len: 244 microversion: 1.28
May 12 15:46:42.719274 np0000000606 devstack@placement-api.service[89016]: [pid: 89016|app: 0|req: 376/753] 10.4.3.156 () {68 vars in 1499 bytes} [Tue May 12 15:46:42 2026] GET /placement/allocations/dc5cb00a-955a-46af-9d35-8b416e83a81f => generated 244 bytes in 15 msecs (HTTP/1.1 200) 8 headers in 296 bytes (1 switches on core 0)
May 12 15:46:42.763776 np0000000606 devstack@placement-api.service[89015]: DEBUG placement.requestlog [req-ec4c9442-dae7-4680-a52b-c55a3947735e req-bec90564-3ad7-4473-b39c-7364ba8353b6 None None] Starting request: 10.4.3.156 "GET /placement/allocations/598b9ea2-aa25-42a1-b6f1-5253336a9183" {{(pid=89015) __call__ /opt/stack/placement/placement/requestlog.py:55}}
May 12 15:46:42.773492 np0000000606 devstack@placement-api.service[89015]: INFO placement.requestlog [req-ec4c9442-dae7-4680-a52b-c55a3947735e req-bec90564-3ad7-4473-b39c-7364ba8353b6 service nova] 10.4.3.156 "GET /placement/allocations/598b9ea2-aa25-42a1-b6f1-5253336a9183" status: 200 len: 244 microversion: 1.28
May 12 15:46:42.773793 np0000000606 devstack@placement-api.service[89015]: [pid: 89015|app: 0|req: 378/754] 10.4.3.156 () {68 vars in 1499 bytes} [Tue May 12 15:46:42 2026] GET /placement/allocations/598b9ea2-aa25-42a1-b6f1-5253336a9183 => generated 244 bytes in 10 msecs (HTTP/1.1 200) 8 headers in 296 bytes (1 switches on core 0)
May 12 15:46:42.812583 np0000000606 devstack@placement-api.service[89016]: DEBUG placement.requestlog [req-ec4c9442-dae7-4680-a52b-c55a3947735e req-fe903970-1ceb-4191-b8a8-ac2cd81fb4ac None None] Starting request: 10.4.3.156 "GET /placement/allocations/e8cd0cf4-b5b1-416a-b097-a8bbbed723e2" {{(pid=89016) __call__ /opt/stack/placement/placement/requestlog.py:55}}
May 12 15:46:42.823894 np0000000606 devstack@placement-api.service[89016]: INFO placement.requestlog [req-ec4c9442-dae7-4680-a52b-c55a3947735e req-fe903970-1ceb-4191-b8a8-ac2cd81fb4ac service nova] 10.4.3.156 "GET /placement/allocations/e8cd0cf4-b5b1-416a-b097-a8bbbed723e2" status: 200 len: 244 microversion: 1.28
May 12 15:46:42.824503 np0000000606 devstack@placement-api.service[89016]: [pid: 89016|app: 0|req: 377/755] 10.4.3.156 () {68 vars in 1499 bytes} [Tue May 12 15:46:42 2026] GET /placement/allocations/e8cd0cf4-b5b1-416a-b097-a8bbbed723e2 => generated 244 bytes in 12 msecs (HTTP/1.1 200) 8 headers in 296 bytes (1 switches on core 0)
May 12 15:46:42.862538 np0000000606 devstack@placement-api.service[89015]: DEBUG placement.requestlog [req-ec4c9442-dae7-4680-a52b-c55a3947735e req-eaf9ff0a-d416-4165-9a10-793d43ee50c1 None None] Starting request: 10.4.3.156 "GET /placement/allocations/c05c21d0-8482-4a32-8b2e-ad432beef7d3" {{(pid=89015) __call__ /opt/stack/placement/placement/requestlog.py:55}}
May 12 15:46:42.870740 np0000000606 devstack@placement-api.service[89015]: INFO placement.requestlog [req-ec4c9442-dae7-4680-a52b-c55a3947735e req-eaf9ff0a-d416-4165-9a10-793d43ee50c1 service nova] 10.4.3.156 "GET /placement/allocations/c05c21d0-8482-4a32-8b2e-ad432beef7d3" status: 200 len: 244 microversion: 1.28
May 12 15:46:42.870972 np0000000606 devstack@placement-api.service[89015]: [pid: 89015|app: 0|req: 379/756] 10.4.3.156 () {68 vars in 1499 bytes} [Tue May 12 15:46:42 2026] GET /placement/allocations/c05c21d0-8482-4a32-8b2e-ad432beef7d3 => generated 244 bytes in 9 msecs (HTTP/1.1 200) 8 headers in 296 bytes (1 switches on core 0)
May 12 15:46:43.100169 np0000000606 devstack@placement-api.service[89016]: DEBUG placement.requestlog [req-21880481-cd8d-4544-9502-e0581f49af09 req-486e42b6-aa80-4d8e-bb30-375512f68183 None None] Starting request: 10.4.3.156 "GET /placement/allocation_candidates?limit=1000&resources=MEMORY_MB%3A192%2CVCPU%3A1&root_required=%21COMPUTE_STATUS_DISABLED" {{(pid=89016) __call__ /opt/stack/placement/placement/requestlog.py:55}}
May 12 15:46:43.128114 np0000000606 devstack@placement-api.service[89016]: DEBUG placement.objects.research_context [req-21880481-cd8d-4544-9502-e0581f49af09 req-486e42b6-aa80-4d8e-bb30-375512f68183 service nova] getting providers with 192 MEMORY_MB {{(pid=89016) __init__ /opt/stack/placement/placement/objects/research_context.py:137}}
May 12 15:46:43.131495 np0000000606 devstack@placement-api.service[89016]: DEBUG placement.objects.research_context [req-21880481-cd8d-4544-9502-e0581f49af09 req-486e42b6-aa80-4d8e-bb30-375512f68183 service nova] getting providers with 1 VCPU {{(pid=89016) __init__ /opt/stack/placement/placement/objects/research_context.py:137}}
May 12 15:46:43.134583 np0000000606 devstack@placement-api.service[89016]: DEBUG placement.objects.research_context [req-21880481-cd8d-4544-9502-e0581f49af09 req-486e42b6-aa80-4d8e-bb30-375512f68183 service nova] found 1 providers with available 192 MEMORY_MB {{(pid=89016) get_provider_ids_matching /opt/stack/placement/placement/objects/research_context.py:563}}
May 12 15:46:43.134788 np0000000606 devstack@placement-api.service[89016]: DEBUG placement.objects.research_context [req-21880481-cd8d-4544-9502-e0581f49af09 req-486e42b6-aa80-4d8e-bb30-375512f68183 service nova] found 1 providers with available 1 VCPU {{(pid=89016) get_provider_ids_matching /opt/stack/placement/placement/objects/research_context.py:563}}
May 12 15:46:43.134973 np0000000606 devstack@placement-api.service[89016]: DEBUG placement.objects.research_context [req-21880481-cd8d-4544-9502-e0581f49af09 req-486e42b6-aa80-4d8e-bb30-375512f68183 service nova] found 1 providers after filtering by previous result {{(pid=89016) get_provider_ids_matching /opt/stack/placement/placement/objects/research_context.py:594}}
May 12 15:46:43.143523 np0000000606 devstack@placement-api.service[89016]: DEBUG placement.objects.allocation_candidate [req-21880481-cd8d-4544-9502-e0581f49af09 req-486e42b6-aa80-4d8e-bb30-375512f68183 service nova] RequestGroup(use_same_provider=False, resources={MEMORY_MB:192, VCPU:1}, traits=(), aggregates=[]) (suffix '') returned 1 matches {{(pid=89016) _get_by_requests /opt/stack/placement/placement/objects/allocation_candidate.py:158}}
May 12 15:46:43.144021 np0000000606 devstack@placement-api.service[89016]: DEBUG placement.objects.allocation_candidate [req-21880481-cd8d-4544-9502-e0581f49af09 req-486e42b6-aa80-4d8e-bb30-375512f68183 service nova] Merging candidates yields 1 allocation requests and 1 provider summaries {{(pid=89016) _merge_candidates /opt/stack/placement/placement/objects/allocation_candidate.py:908}}
May 12 15:46:43.145137 np0000000606 devstack@placement-api.service[89016]: INFO placement.requestlog [req-21880481-cd8d-4544-9502-e0581f49af09 req-486e42b6-aa80-4d8e-bb30-375512f68183 service nova] 10.4.3.156 "GET /placement/allocation_candidates?limit=1000&resources=MEMORY_MB%3A192%2CVCPU%3A1&root_required=%21COMPUTE_STATUS_DISABLED" status: 200 len: 2479 microversion: 1.36
May 12 15:46:43.145536 np0000000606 devstack@placement-api.service[89016]: [pid: 89016|app: 0|req: 378/757] 10.4.3.156 () {68 vars in 1597 bytes} [Tue May 12 15:46:43 2026] GET /placement/allocation_candidates?limit=1000&resources=MEMORY_MB%3A192%2CVCPU%3A1&root_required=%21COMPUTE_STATUS_DISABLED => generated 2479 bytes in 46 msecs (HTTP/1.1 200) 8 headers in 297 bytes (1 switches on core 0)
May 12 15:46:43.205993 np0000000606 devstack@placement-api.service[89015]: DEBUG placement.requestlog [req-21880481-cd8d-4544-9502-e0581f49af09 req-9e8732bd-f1e5-42ce-a8a0-94bed1d2d1b6 None None] Starting request: 10.4.3.156 "GET /placement/allocations/e807ebb6-dfdf-43c0-bfca-fd9623219efc" {{(pid=89015) __call__ /opt/stack/placement/placement/requestlog.py:55}}
May 12 15:46:43.213216 np0000000606 devstack@placement-api.service[89015]: INFO placement.requestlog [req-21880481-cd8d-4544-9502-e0581f49af09 req-9e8732bd-f1e5-42ce-a8a0-94bed1d2d1b6 service nova] 10.4.3.156 "GET /placement/allocations/e807ebb6-dfdf-43c0-bfca-fd9623219efc" status: 200 len: 19 microversion: 1.28
May 12 15:46:43.213564 np0000000606 devstack@placement-api.service[89015]: [pid: 89015|app: 0|req: 380/758] 10.4.3.156 () {68 vars in 1501 bytes} [Tue May 12 15:46:43 2026] GET /placement/allocations/e807ebb6-dfdf-43c0-bfca-fd9623219efc => generated 19 bytes in 8 msecs (HTTP/1.1 200) 8 headers in 295 bytes (1 switches on core 0)
May 12 15:46:43.260280 np0000000606 devstack@placement-api.service[89016]: DEBUG placement.requestlog [req-21880481-cd8d-4544-9502-e0581f49af09 req-f7499f8f-2f14-471b-9847-6614903a5600 None None] Starting request: 10.4.3.156 "PUT /placement/allocations/e807ebb6-dfdf-43c0-bfca-fd9623219efc" {{(pid=89016) __call__ /opt/stack/placement/placement/requestlog.py:55}}
May 12 15:46:43.308015 np0000000606 devstack@placement-api.service[89016]: DEBUG placement.handlers.allocation [req-21880481-cd8d-4544-9502-e0581f49af09 req-f7499f8f-2f14-471b-9847-6614903a5600 service nova] Successfully wrote allocations [, ] {{(pid=89016) _update_consumers_and_create_allocations /opt/stack/placement/placement/handlers/allocation.py:462}}
May 12 15:46:43.310797 np0000000606 devstack@placement-api.service[89016]: INFO placement.requestlog [req-21880481-cd8d-4544-9502-e0581f49af09 req-f7499f8f-2f14-471b-9847-6614903a5600 service nova] 10.4.3.156 "PUT /placement/allocations/e807ebb6-dfdf-43c0-bfca-fd9623219efc" status: 204 len: 0 microversion: 1.36
May 12 15:46:43.311073 np0000000606 devstack@placement-api.service[89016]: [pid: 89016|app: 0|req: 379/759] 10.4.3.156 () {72 vars in 1554 bytes} [Tue May 12 15:46:43 2026] PUT /placement/allocations/e807ebb6-dfdf-43c0-bfca-fd9623219efc => generated 0 bytes in 51 msecs (HTTP/1.1 204) 5 headers in 199 bytes (1 switches on core 0)
May 12 15:46:43.958897 np0000000606 devstack@placement-api.service[89015]: DEBUG placement.requestlog [req-ec4c9442-dae7-4680-a52b-c55a3947735e req-5e30a14c-0eac-4f67-9dea-1b14b69b2f3b None None] Starting request: 10.4.3.156 "DELETE /placement/allocations/598b9ea2-aa25-42a1-b6f1-5253336a9183" {{(pid=89015) __call__ /opt/stack/placement/placement/requestlog.py:55}}
May 12 15:46:43.984078 np0000000606 devstack@placement-api.service[89015]: DEBUG placement.handlers.allocation [req-ec4c9442-dae7-4680-a52b-c55a3947735e req-5e30a14c-0eac-4f67-9dea-1b14b69b2f3b service nova] Successfully deleted allocations [, ] {{(pid=89015) delete_allocations /opt/stack/placement/placement/handlers/allocation.py:627}}
May 12 15:46:43.984340 np0000000606 devstack@placement-api.service[89015]: INFO placement.requestlog [req-ec4c9442-dae7-4680-a52b-c55a3947735e req-5e30a14c-0eac-4f67-9dea-1b14b69b2f3b service nova] 10.4.3.156 "DELETE /placement/allocations/598b9ea2-aa25-42a1-b6f1-5253336a9183" status: 204 len: 0 microversion: 1.0
May 12 15:46:43.984712 np0000000606 devstack@placement-api.service[89015]: [pid: 89015|app: 0|req: 381/760] 10.4.3.156 () {68 vars in 1477 bytes} [Tue May 12 15:46:43 2026] DELETE /placement/allocations/598b9ea2-aa25-42a1-b6f1-5253336a9183 => generated 0 bytes in 26 msecs (HTTP/1.1 204) 5 headers in 198 bytes (1 switches on core 0)
May 12 15:46:44.741620 np0000000606 devstack@placement-api.service[89016]: DEBUG placement.requestlog [req-21880481-cd8d-4544-9502-e0581f49af09 req-24dbfbf2-6f28-485b-8608-9e164353df84 None None] Starting request: 10.4.3.156 "GET /placement/allocations/e807ebb6-dfdf-43c0-bfca-fd9623219efc" {{(pid=89016) __call__ /opt/stack/placement/placement/requestlog.py:55}}
May 12 15:46:44.751892 np0000000606 devstack@placement-api.service[89016]: INFO placement.requestlog [req-21880481-cd8d-4544-9502-e0581f49af09 req-24dbfbf2-6f28-485b-8608-9e164353df84 service nova] 10.4.3.156 "GET /placement/allocations/e807ebb6-dfdf-43c0-bfca-fd9623219efc" status: 200 len: 244 microversion: 1.28
May 12 15:46:44.752361 np0000000606 devstack@placement-api.service[89016]: [pid: 89016|app: 0|req: 380/761] 10.4.3.156 () {68 vars in 1499 bytes} [Tue May 12 15:46:44 2026] GET /placement/allocations/e807ebb6-dfdf-43c0-bfca-fd9623219efc => generated 244 bytes in 11 msecs (HTTP/1.1 200) 8 headers in 296 bytes (1 switches on core 0)
May 12 15:46:45.985830 np0000000606 devstack@placement-api.service[89015]: DEBUG placement.requestlog [req-2b584a6b-6fc4-4472-87c0-93a95d4bcbc7 req-01f155bb-4a3a-4716-976e-f39deaec5879 None None] Starting request: 10.4.3.156 "GET /placement/resource_providers/9874890d-6519-426a-a8d7-9db55f096bdb/allocations" {{(pid=89015) __call__ /opt/stack/placement/placement/requestlog.py:55}}
May 12 15:46:46.002029 np0000000606 devstack@placement-api.service[89015]: INFO placement.requestlog [req-2b584a6b-6fc4-4472-87c0-93a95d4bcbc7 req-01f155bb-4a3a-4716-976e-f39deaec5879 service nova] 10.4.3.156 "GET /placement/resource_providers/9874890d-6519-426a-a8d7-9db55f096bdb/allocations" status: 200 len: 897 microversion: 1.0
May 12 15:46:46.002585 np0000000606 devstack@placement-api.service[89015]: [pid: 89015|app: 0|req: 382/762] 10.4.3.156 () {66 vars in 1512 bytes} [Tue May 12 15:46:45 2026] GET /placement/resource_providers/9874890d-6519-426a-a8d7-9db55f096bdb/allocations => generated 897 bytes in 17 msecs (HTTP/1.1 200) 6 headers in 224 bytes (1 switches on core 0)
May 12 15:46:46.061312 np0000000606 devstack@placement-api.service[89016]: DEBUG placement.requestlog [req-2b584a6b-6fc4-4472-87c0-93a95d4bcbc7 req-70c547c0-ff23-40ca-988f-733d996efd79 None None] Starting request: 10.4.3.156 "GET /placement/allocations/623cb096-7339-4617-b194-0c3391587f1e" {{(pid=89016) __call__ /opt/stack/placement/placement/requestlog.py:55}}
May 12 15:46:46.079358 np0000000606 devstack@placement-api.service[89016]: INFO placement.requestlog [req-2b584a6b-6fc4-4472-87c0-93a95d4bcbc7 req-70c547c0-ff23-40ca-988f-733d996efd79 service nova] 10.4.3.156 "GET /placement/allocations/623cb096-7339-4617-b194-0c3391587f1e" status: 200 len: 258 microversion: 1.28
May 12 15:46:46.079779 np0000000606 devstack@placement-api.service[89016]: [pid: 89016|app: 0|req: 381/763] 10.4.3.156 () {68 vars in 1499 bytes} [Tue May 12 15:46:46 2026] GET /placement/allocations/623cb096-7339-4617-b194-0c3391587f1e => generated 258 bytes in 19 msecs (HTTP/1.1 200) 8 headers in 296 bytes (1 switches on core 0)
May 12 15:46:46.130038 np0000000606 devstack@placement-api.service[89015]: DEBUG placement.requestlog [req-2b584a6b-6fc4-4472-87c0-93a95d4bcbc7 req-ca6b8af0-7da1-41ac-9745-299770a3250e None None] Starting request: 10.4.3.156 "GET /placement/allocations/dc929515-75fb-4858-b509-81e9fb6e88bb" {{(pid=89015) __call__ /opt/stack/placement/placement/requestlog.py:55}}
May 12 15:46:46.150261 np0000000606 devstack@placement-api.service[89015]: INFO placement.requestlog [req-2b584a6b-6fc4-4472-87c0-93a95d4bcbc7 req-ca6b8af0-7da1-41ac-9745-299770a3250e service nova] 10.4.3.156 "GET /placement/allocations/dc929515-75fb-4858-b509-81e9fb6e88bb" status: 200 len: 258 microversion: 1.28
May 12 15:46:46.150261 np0000000606 devstack@placement-api.service[89015]: [pid: 89015|app: 0|req: 383/764] 10.4.3.156 () {68 vars in 1499 bytes} [Tue May 12 15:46:46 2026] GET /placement/allocations/dc929515-75fb-4858-b509-81e9fb6e88bb => generated 258 bytes in 20 msecs (HTTP/1.1 200) 8 headers in 296 bytes (1 switches on core 0)
May 12 15:46:46.205239 np0000000606 devstack@placement-api.service[89016]: DEBUG placement.requestlog [req-2b584a6b-6fc4-4472-87c0-93a95d4bcbc7 req-06033e48-8cc8-4fa8-85bd-8219c91b5c0a None None] Starting request: 10.4.3.156 "GET /placement/allocations/0d22c737-bff1-4950-958a-b626826f8b43" {{(pid=89016) __call__ /opt/stack/placement/placement/requestlog.py:55}}
May 12 15:46:46.215375 np0000000606 devstack@placement-api.service[89016]: INFO placement.requestlog [req-2b584a6b-6fc4-4472-87c0-93a95d4bcbc7 req-06033e48-8cc8-4fa8-85bd-8219c91b5c0a service nova] 10.4.3.156 "GET /placement/allocations/0d22c737-bff1-4950-958a-b626826f8b43" status: 200 len: 258 microversion: 1.28
May 12 15:46:46.215708 np0000000606 devstack@placement-api.service[89016]: [pid: 89016|app: 0|req: 382/765] 10.4.3.156 () {68 vars in 1499 bytes} [Tue May 12 15:46:46 2026] GET /placement/allocations/0d22c737-bff1-4950-958a-b626826f8b43 => generated 258 bytes in 11 msecs (HTTP/1.1 200) 8 headers in 296 bytes (1 switches on core 0)
May 12 15:46:46.262163 np0000000606 devstack@placement-api.service[89015]: DEBUG placement.requestlog [req-2b584a6b-6fc4-4472-87c0-93a95d4bcbc7 req-76974360-66d4-4ac1-8c6c-7d54e337ff58 None None] Starting request: 10.4.3.156 "GET /placement/allocations/94efeee5-492f-45df-beca-7713a0a70169" {{(pid=89015) __call__ /opt/stack/placement/placement/requestlog.py:55}}
May 12 15:46:46.272369 np0000000606 devstack@placement-api.service[89015]: INFO placement.requestlog [req-2b584a6b-6fc4-4472-87c0-93a95d4bcbc7 req-76974360-66d4-4ac1-8c6c-7d54e337ff58 service nova] 10.4.3.156 "GET /placement/allocations/94efeee5-492f-45df-beca-7713a0a70169" status: 200 len: 258 microversion: 1.28
May 12 15:46:46.273325 np0000000606 devstack@placement-api.service[89015]: [pid: 89015|app: 0|req: 384/766] 10.4.3.156 () {68 vars in 1499 bytes} [Tue May 12 15:46:46 2026] GET /placement/allocations/94efeee5-492f-45df-beca-7713a0a70169 => generated 258 bytes in 11 msecs (HTTP/1.1 200) 8 headers in 296 bytes (1 switches on core 0)
May 12 15:46:46.319020 np0000000606 devstack@placement-api.service[89016]: DEBUG placement.requestlog [req-2b584a6b-6fc4-4472-87c0-93a95d4bcbc7 req-5946319c-3e97-4110-b939-d04a4b97ff39 None None] Starting request: 10.4.3.156 "GET /placement/allocations/fddac889-3d16-4161-9b1a-262f8093e18d" {{(pid=89016) __call__ /opt/stack/placement/placement/requestlog.py:55}}
May 12 15:46:46.326059 np0000000606 devstack@placement-api.service[89016]: INFO placement.requestlog [req-2b584a6b-6fc4-4472-87c0-93a95d4bcbc7 req-5946319c-3e97-4110-b939-d04a4b97ff39 service nova] 10.4.3.156 "GET /placement/allocations/fddac889-3d16-4161-9b1a-262f8093e18d" status: 200 len: 258 microversion: 1.28
May 12 15:46:46.326525 np0000000606 devstack@placement-api.service[89016]: [pid: 89016|app: 0|req: 383/767] 10.4.3.156 () {68 vars in 1499 bytes} [Tue May 12 15:46:46 2026] GET /placement/allocations/fddac889-3d16-4161-9b1a-262f8093e18d => generated 258 bytes in 7 msecs (HTTP/1.1 200) 8 headers in 296 bytes (1 switches on core 0)
