Jun 08 19:31:16.639022 np0000002348 nova-scheduler[95637]: DEBUG cotyledon.oslo_config_glue [-] oslo_limit.connect_retries = None {{(pid=95637) log_opt_values /opt/stack/data/venv/lib/python3.12/site-packages/oslo_config/cfg.py:3256}}
Jun 08 19:31:16.639022 np0000002348 nova-scheduler[95637]: DEBUG cotyledon.oslo_config_glue [-] oslo_limit.connect_retry_delay = None {{(pid=95637) log_opt_values /opt/stack/data/venv/lib/python3.12/site-packages/oslo_config/cfg.py:3256}}
Jun 08 19:31:16.639022 np0000002348 nova-scheduler[95637]: DEBUG cotyledon.oslo_config_glue [-] oslo_limit.endpoint_id = None {{(pid=95637) log_opt_values /opt/stack/data/venv/lib/python3.12/site-packages/oslo_config/cfg.py:3256}}
Jun 08 19:31:16.639022 np0000002348 nova-scheduler[95637]: DEBUG cotyledon.oslo_config_glue [-] oslo_limit.endpoint_interface = public {{(pid=95637) log_opt_values /opt/stack/data/venv/lib/python3.12/site-packages/oslo_config/cfg.py:3256}}
Jun 08 19:31:16.639022 np0000002348 nova-scheduler[95637]: DEBUG cotyledon.oslo_config_glue [-] oslo_limit.endpoint_override = None {{(pid=95637) log_opt_values /opt/stack/data/venv/lib/python3.12/site-packages/oslo_config/cfg.py:3256}}
Jun 08 19:31:16.639022 np0000002348 nova-scheduler[95637]: DEBUG cotyledon.oslo_config_glue [-] oslo_limit.endpoint_region_name = None {{(pid=95637) log_opt_values /opt/stack/data/venv/lib/python3.12/site-packages/oslo_config/cfg.py:3256}}
Jun 08 19:31:16.639022 np0000002348 nova-scheduler[95637]: DEBUG cotyledon.oslo_config_glue [-] oslo_limit.endpoint_service_name = None {{(pid=95637) log_opt_values /opt/stack/data/venv/lib/python3.12/site-packages/oslo_config/cfg.py:3256}}
Jun 08 19:31:16.639320 np0000002348 nova-scheduler[95637]: DEBUG cotyledon.oslo_config_glue [-] oslo_limit.endpoint_service_type = None {{(pid=95637) log_opt_values /opt/stack/data/venv/lib/python3.12/site-packages/oslo_config/cfg.py:3256}}
Jun 08 19:31:16.639320 np0000002348 nova-scheduler[95637]: DEBUG cotyledon.oslo_config_glue [-] oslo_limit.insecure = False {{(pid=95637) log_opt_values /opt/stack/data/venv/lib/python3.12/site-packages/oslo_config/cfg.py:3256}}
Jun 08 19:31:16.639320 np0000002348 nova-scheduler[95637]: DEBUG cotyledon.oslo_config_glue [-] oslo_limit.keyfile = None {{(pid=95637) log_opt_values /opt/stack/data/venv/lib/python3.12/site-packages/oslo_config/cfg.py:3256}}
Jun 08 19:31:16.639320 np0000002348 nova-scheduler[95637]: DEBUG cotyledon.oslo_config_glue [-] oslo_limit.max_version = None {{(pid=95637) log_opt_values /opt/stack/data/venv/lib/python3.12/site-packages/oslo_config/cfg.py:3256}}
Jun 08 19:31:16.639320 np0000002348 nova-scheduler[95637]: DEBUG cotyledon.oslo_config_glue [-] oslo_limit.min_version = None {{(pid=95637) log_opt_values /opt/stack/data/venv/lib/python3.12/site-packages/oslo_config/cfg.py:3256}}
Jun 08 19:31:16.639320 np0000002348 nova-scheduler[95637]: DEBUG cotyledon.oslo_config_glue [-] oslo_limit.region_name = None {{(pid=95637) log_opt_values /opt/stack/data/venv/lib/python3.12/site-packages/oslo_config/cfg.py:3256}}
Jun 08 19:31:16.639320 np0000002348 nova-scheduler[95637]: DEBUG cotyledon.oslo_config_glue [-] oslo_limit.retriable_status_codes = None {{(pid=95637) log_opt_values /opt/stack/data/venv/lib/python3.12/site-packages/oslo_config/cfg.py:3256}}
Jun 08 19:31:16.639320 np0000002348 nova-scheduler[95637]: DEBUG cotyledon.oslo_config_glue [-] oslo_limit.service_name = None {{(pid=95637) log_opt_values /opt/stack/data/venv/lib/python3.12/site-packages/oslo_config/cfg.py:3256}}
Jun 08 19:31:16.639320 np0000002348 nova-scheduler[95637]: DEBUG cotyledon.oslo_config_glue [-] oslo_limit.service_type = None {{(pid=95637) log_opt_values /opt/stack/data/venv/lib/python3.12/site-packages/oslo_config/cfg.py:3256}}
Jun 08 19:31:16.639605 np0000002348 nova-scheduler[95637]: DEBUG cotyledon.oslo_config_glue [-] oslo_limit.split_loggers = False {{(pid=95637) log_opt_values /opt/stack/data/venv/lib/python3.12/site-packages/oslo_config/cfg.py:3256}}
Jun 08 19:31:16.639605 np0000002348 nova-scheduler[95637]: DEBUG cotyledon.oslo_config_glue [-] oslo_limit.status_code_retries = None {{(pid=95637) log_opt_values /opt/stack/data/venv/lib/python3.12/site-packages/oslo_config/cfg.py:3256}}
Jun 08 19:31:16.639605 np0000002348 nova-scheduler[95637]: DEBUG cotyledon.oslo_config_glue [-] oslo_limit.status_code_retry_delay = None {{(pid=95637) log_opt_values /opt/stack/data/venv/lib/python3.12/site-packages/oslo_config/cfg.py:3256}}
Jun 08 19:31:16.639605 np0000002348 nova-scheduler[95637]: DEBUG cotyledon.oslo_config_glue [-] oslo_limit.timeout = None {{(pid=95637) log_opt_values /opt/stack/data/venv/lib/python3.12/site-packages/oslo_config/cfg.py:3256}}
Jun 08 19:31:16.639605 np0000002348 nova-scheduler[95637]: DEBUG cotyledon.oslo_config_glue [-] oslo_limit.valid_interfaces = None {{(pid=95637) log_opt_values /opt/stack/data/venv/lib/python3.12/site-packages/oslo_config/cfg.py:3256}}
Jun 08 19:31:16.639605 np0000002348 nova-scheduler[95637]: DEBUG cotyledon.oslo_config_glue [-] oslo_limit.version = None {{(pid=95637) log_opt_values /opt/stack/data/venv/lib/python3.12/site-packages/oslo_config/cfg.py:3256}}
Jun 08 19:31:16.639605 np0000002348 nova-scheduler[95637]: DEBUG cotyledon.oslo_config_glue [-] oslo_reports.file_event_handler = None {{(pid=95637) log_opt_values /opt/stack/data/venv/lib/python3.12/site-packages/oslo_config/cfg.py:3256}}
Jun 08 19:31:16.639605 np0000002348 nova-scheduler[95637]: DEBUG cotyledon.oslo_config_glue [-] oslo_reports.file_event_handler_interval = 1 {{(pid=95637) log_opt_values /opt/stack/data/venv/lib/python3.12/site-packages/oslo_config/cfg.py:3256}}
Jun 08 19:31:16.639605 np0000002348 nova-scheduler[95637]: DEBUG cotyledon.oslo_config_glue [-] oslo_reports.log_dir = None {{(pid=95637) log_opt_values /opt/stack/data/venv/lib/python3.12/site-packages/oslo_config/cfg.py:3256}}
Jun 08 19:31:16.639890 np0000002348 nova-scheduler[95637]: DEBUG cotyledon.oslo_config_glue [-] ******************************************************************************** {{(pid=95637) log_opt_values /opt/stack/data/venv/lib/python3.12/site-packages/oslo_config/cfg.py:3263}}
Jun 08 19:31:16.639890 np0000002348 nova-scheduler[95637]: DEBUG cotyledon._service_worker [-] Run service ServiceWrapper(1) [95637] {{(pid=95637) wait_forever /opt/stack/data/venv/lib/python3.12/site-packages/cotyledon/_service_worker.py:218}}
Jun 08 19:31:16.639890 np0000002348 nova-scheduler[95637]: INFO nova.service [-] Starting scheduler node (version 33.1.0)
Jun 08 19:31:16.639890 np0000002348 nova-scheduler[95637]: INFO dbcounter [None req-9d9bcee3-970d-49d4-8023-864987826a36 None None] Registered counter for database nova_cell0
Jun 08 19:31:16.640022 np0000002348 nova-scheduler[95622]: DEBUG oslo_db.sqlalchemy.engines [None req-f76ab6e6-7229-4b9d-b200-7296e183999b None None] MySQL server mode set to STRICT_TRANS_TABLES,STRICT_ALL_TABLES,NO_ZERO_IN_DATE,NO_ZERO_DATE,ERROR_FOR_DIVISION_BY_ZERO,TRADITIONAL,NO_ENGINE_SUBSTITUTION {{(pid=95622) _check_effective_sql_mode /opt/stack/data/venv/lib/python3.12/site-packages/oslo_db/sqlalchemy/engines.py:325}}
Jun 08 19:31:16.648777 np0000002348 nova-scheduler[95622]: DEBUG dbcounter [-] [95622] Writer thread running {{(pid=95622) stat_writer /opt/stack/data/venv/lib/python3.12/site-packages/dbcounter.py:102}}
Jun 08 19:31:16.650499 np0000002348 nova-scheduler[95637]: DEBUG oslo_db.sqlalchemy.engines [None req-9d9bcee3-970d-49d4-8023-864987826a36 None None] MySQL server mode set to STRICT_TRANS_TABLES,STRICT_ALL_TABLES,NO_ZERO_IN_DATE,NO_ZERO_DATE,ERROR_FOR_DIVISION_BY_ZERO,TRADITIONAL,NO_ENGINE_SUBSTITUTION {{(pid=95637) _check_effective_sql_mode /opt/stack/data/venv/lib/python3.12/site-packages/oslo_db/sqlalchemy/engines.py:325}}
Jun 08 19:31:16.659492 np0000002348 nova-scheduler[95637]: DEBUG dbcounter [-] [95637] Writer thread running {{(pid=95637) stat_writer /opt/stack/data/venv/lib/python3.12/site-packages/dbcounter.py:102}}
Jun 08 19:31:16.663460 np0000002348 nova-scheduler[95622]: DEBUG nova.service [None req-f76ab6e6-7229-4b9d-b200-7296e183999b None None] Creating RPC server for service: nova-scheduler on topic: scheduler {{(pid=95622) start /opt/stack/nova/nova/service.py:195}}
Jun 08 19:31:16.667322 np0000002348 nova-scheduler[95668]: DEBUG oslo_db.sqlalchemy.engines [None req-d20bce74-a377-4b48-a334-d49cabbee92f None None] MySQL server mode set to STRICT_TRANS_TABLES,STRICT_ALL_TABLES,NO_ZERO_IN_DATE,NO_ZERO_DATE,ERROR_FOR_DIVISION_BY_ZERO,TRADITIONAL,NO_ENGINE_SUBSTITUTION {{(pid=95668) _check_effective_sql_mode /opt/stack/data/venv/lib/python3.12/site-packages/oslo_db/sqlalchemy/engines.py:325}}
Jun 08 19:31:16.673789 np0000002348 nova-scheduler[95637]: DEBUG nova.service [None req-9d9bcee3-970d-49d4-8023-864987826a36 None None] Creating RPC server for service: nova-scheduler on topic: scheduler {{(pid=95637) start /opt/stack/nova/nova/service.py:195}}
Jun 08 19:31:16.677251 np0000002348 nova-scheduler[95668]: DEBUG dbcounter [-] [95668] Writer thread running {{(pid=95668) stat_writer /opt/stack/data/venv/lib/python3.12/site-packages/dbcounter.py:102}}
Jun 08 19:31:16.679732 np0000002348 nova-scheduler[95668]: DEBUG nova.service [None req-d20bce74-a377-4b48-a334-d49cabbee92f None None] Creating RPC server for service: nova-scheduler on topic: scheduler {{(pid=95668) start /opt/stack/nova/nova/service.py:195}}
Jun 08 19:31:16.692547 np0000002348 nova-scheduler[95622]: DEBUG nova.service [None req-f76ab6e6-7229-4b9d-b200-7296e183999b None None] Join ServiceGroup membership for this service scheduler {{(pid=95622) start /opt/stack/nova/nova/service.py:221}}
Jun 08 19:31:16.692684 np0000002348 nova-scheduler[95622]: DEBUG nova.servicegroup.drivers.db [None req-f76ab6e6-7229-4b9d-b200-7296e183999b None None] DB_Driver: join new ServiceGroup member np0000002348 to the scheduler group, service = {{(pid=95622) join /opt/stack/nova/nova/servicegroup/drivers/db.py:44}}
Jun 08 19:31:16.692867 np0000002348 nova-scheduler[95637]: DEBUG nova.service [None req-9d9bcee3-970d-49d4-8023-864987826a36 None None] Join ServiceGroup membership for this service scheduler {{(pid=95637) start /opt/stack/nova/nova/service.py:221}}
Jun 08 19:31:16.693045 np0000002348 nova-scheduler[95637]: DEBUG nova.servicegroup.drivers.db [None req-9d9bcee3-970d-49d4-8023-864987826a36 None None] DB_Driver: join new ServiceGroup member np0000002348 to the scheduler group, service = {{(pid=95637) join /opt/stack/nova/nova/servicegroup/drivers/db.py:44}}
Jun 08 19:31:16.699557 np0000002348 nova-scheduler[95668]: DEBUG nova.service [None req-d20bce74-a377-4b48-a334-d49cabbee92f None None] Join ServiceGroup membership for this service scheduler {{(pid=95668) start /opt/stack/nova/nova/service.py:221}}
Jun 08 19:31:16.699902 np0000002348 nova-scheduler[95668]: DEBUG nova.servicegroup.drivers.db [None req-d20bce74-a377-4b48-a334-d49cabbee92f None None] DB_Driver: join new ServiceGroup member np0000002348 to the scheduler group, service = {{(pid=95668) join /opt/stack/nova/nova/servicegroup/drivers/db.py:44}}
Jun 08 19:31:21.713406 np0000002348 nova-scheduler[95637]: DEBUG oslo.service.backend._threading.loopingcall [-] Fixed interval looping call 'nova.servicegroup.drivers.db.DbDriver._report_state' sleeping for 119.98 seconds {{(pid=95637) _run_loop /opt/stack/data/venv/lib/python3.12/site-packages/oslo_service/backend/_threading/loopingcall.py:125}}
Jun 08 19:31:21.713846 np0000002348 nova-scheduler[95622]: DEBUG oslo.service.backend._threading.loopingcall [-] Fixed interval looping call 'nova.servicegroup.drivers.db.DbDriver._report_state' sleeping for 119.98 seconds {{(pid=95622) _run_loop /opt/stack/data/venv/lib/python3.12/site-packages/oslo_service/backend/_threading/loopingcall.py:125}}
Jun 08 19:31:21.718696 np0000002348 nova-scheduler[95668]: DEBUG oslo.service.backend._threading.loopingcall [-] Fixed interval looping call 'nova.servicegroup.drivers.db.DbDriver._report_state' sleeping for 119.99 seconds {{(pid=95668) _run_loop /opt/stack/data/venv/lib/python3.12/site-packages/oslo_service/backend/_threading/loopingcall.py:125}}
Jun 08 19:31:25.249045 np0000002348 nova-scheduler[94420]: DEBUG dbcounter [-] [94420] Writing DB stats nova_api:SELECT=3 {{(pid=94420) stat_writer /opt/stack/data/venv/lib/python3.12/site-packages/dbcounter.py:115}}
Jun 08 19:31:25.368937 np0000002348 nova-scheduler[94420]: DEBUG dbcounter [-] [94420] Writing DB stats nova_cell1:SELECT=1 {{(pid=94420) stat_writer /opt/stack/data/venv/lib/python3.12/site-packages/dbcounter.py:115}}
Jun 08 19:31:25.377011 np0000002348 nova-scheduler[94420]: DEBUG dbcounter [-] [94420] Writing DB stats nova_cell0:SELECT=1 {{(pid=94420) stat_writer /opt/stack/data/venv/lib/python3.12/site-packages/dbcounter.py:115}}
Jun 08 19:31:31.703355 np0000002348 nova-scheduler[95637]: DEBUG dbcounter [-] [95637] Writing DB stats nova_cell0:SELECT=4,nova_cell0:INSERT=1,nova_cell0:UPDATE=1 {{(pid=95637) stat_writer /opt/stack/data/venv/lib/python3.12/site-packages/dbcounter.py:115}}
Jun 08 19:31:31.706018 np0000002348 nova-scheduler[95622]: DEBUG dbcounter [-] [95622] Writing DB stats nova_cell0:SELECT=4,nova_cell0:INSERT=1,nova_cell0:UPDATE=1 {{(pid=95622) stat_writer /opt/stack/data/venv/lib/python3.12/site-packages/dbcounter.py:115}}
Jun 08 19:31:31.718392 np0000002348 nova-scheduler[95668]: DEBUG dbcounter [-] [95668] Writing DB stats nova_cell0:SELECT=3 {{(pid=95668) stat_writer /opt/stack/data/venv/lib/python3.12/site-packages/dbcounter.py:115}}
Jun 08 19:31:42.694903 np0000002348 nova-scheduler[95622]: DEBUG oslo.service.backend._threading.loopingcall [None req-575f1d6f-4770-4a6c-852e-90f4c16f703d None None] Dynamic interval looping call 'nova.service.Service.periodic_tasks' sleeping for 60.00 seconds {{(pid=95622) _run_loop /opt/stack/data/venv/lib/python3.12/site-packages/oslo_service/backend/_threading/loopingcall.py:125}}
Jun 08 19:31:46.695032 np0000002348 nova-scheduler[95637]: DEBUG oslo.service.backend._threading.loopingcall [None req-92a77c71-61eb-4915-b76c-df3aa9467503 None None] Dynamic interval looping call 'nova.service.Service.periodic_tasks' sleeping for 60.00 seconds {{(pid=95637) _run_loop /opt/stack/data/venv/lib/python3.12/site-packages/oslo_service/backend/_threading/loopingcall.py:125}}
Jun 08 19:31:55.704976 np0000002348 nova-scheduler[95668]: DEBUG oslo.service.backend._threading.loopingcall [None req-f2b9f118-1645-4c08-9679-1134f50f50d8 None None] Dynamic interval looping call 'nova.service.Service.periodic_tasks' sleeping for 60.00 seconds {{(pid=95668) _run_loop /opt/stack/data/venv/lib/python3.12/site-packages/oslo_service/backend/_threading/loopingcall.py:125}}
Jun 08 19:32:42.695402 np0000002348 nova-scheduler[95622]: DEBUG oslo.service.backend._threading.loopingcall [None req-575f1d6f-4770-4a6c-852e-90f4c16f703d None None] Dynamic interval looping call 'nova.service.Service.periodic_tasks' sleeping for 60.00 seconds {{(pid=95622) _run_loop /opt/stack/data/venv/lib/python3.12/site-packages/oslo_service/backend/_threading/loopingcall.py:125}}
Jun 08 19:32:46.695563 np0000002348 nova-scheduler[95637]: DEBUG oslo.service.backend._threading.loopingcall [None req-92a77c71-61eb-4915-b76c-df3aa9467503 None None] Dynamic interval looping call 'nova.service.Service.periodic_tasks' sleeping for 60.00 seconds {{(pid=95637) _run_loop /opt/stack/data/venv/lib/python3.12/site-packages/oslo_service/backend/_threading/loopingcall.py:125}}
Jun 08 19:32:55.705449 np0000002348 nova-scheduler[95668]: DEBUG oslo.service.backend._threading.loopingcall [None req-f2b9f118-1645-4c08-9679-1134f50f50d8 None None] Dynamic interval looping call 'nova.service.Service.periodic_tasks' sleeping for 60.00 seconds {{(pid=95668) _run_loop /opt/stack/data/venv/lib/python3.12/site-packages/oslo_service/backend/_threading/loopingcall.py:125}}
Jun 08 19:33:21.699848 np0000002348 nova-scheduler[95637]: DEBUG oslo.service.backend._threading.loopingcall [-] Fixed interval looping call 'nova.servicegroup.drivers.db.DbDriver._report_state' sleeping for 119.99 seconds {{(pid=95637) _run_loop /opt/stack/data/venv/lib/python3.12/site-packages/oslo_service/backend/_threading/loopingcall.py:125}}
Jun 08 19:33:21.700345 np0000002348 nova-scheduler[95622]: DEBUG oslo.service.backend._threading.loopingcall [-] Fixed interval looping call 'nova.servicegroup.drivers.db.DbDriver._report_state' sleeping for 119.99 seconds {{(pid=95622) _run_loop /opt/stack/data/venv/lib/python3.12/site-packages/oslo_service/backend/_threading/loopingcall.py:125}}
Jun 08 19:33:21.711911 np0000002348 nova-scheduler[95668]: DEBUG oslo.service.backend._threading.loopingcall [-] Fixed interval looping call 'nova.servicegroup.drivers.db.DbDriver._report_state' sleeping for 120.00 seconds {{(pid=95668) _run_loop /opt/stack/data/venv/lib/python3.12/site-packages/oslo_service/backend/_threading/loopingcall.py:125}}
Jun 08 19:33:31.696384 np0000002348 nova-scheduler[95637]: DEBUG dbcounter [-] [95637] Writing DB stats nova_cell0:SELECT=1,nova_cell0:UPDATE=1 {{(pid=95637) stat_writer /opt/stack/data/venv/lib/python3.12/site-packages/dbcounter.py:115}}
Jun 08 19:33:31.697675 np0000002348 nova-scheduler[95622]: DEBUG dbcounter [-] [95622] Writing DB stats nova_cell0:SELECT=1,nova_cell0:UPDATE=1 {{(pid=95622) stat_writer /opt/stack/data/venv/lib/python3.12/site-packages/dbcounter.py:115}}
Jun 08 19:33:31.710384 np0000002348 nova-scheduler[95668]: DEBUG dbcounter [-] [95668] Writing DB stats nova_cell0:SELECT=1 {{(pid=95668) stat_writer /opt/stack/data/venv/lib/python3.12/site-packages/dbcounter.py:115}}
Jun 08 19:33:42.695925 np0000002348 nova-scheduler[95622]: DEBUG oslo.service.backend._threading.loopingcall [None req-575f1d6f-4770-4a6c-852e-90f4c16f703d None None] Dynamic interval looping call 'nova.service.Service.periodic_tasks' sleeping for 60.00 seconds {{(pid=95622) _run_loop /opt/stack/data/venv/lib/python3.12/site-packages/oslo_service/backend/_threading/loopingcall.py:125}}
Jun 08 19:33:46.696229 np0000002348 nova-scheduler[95637]: DEBUG oslo.service.backend._threading.loopingcall [None req-92a77c71-61eb-4915-b76c-df3aa9467503 None None] Dynamic interval looping call 'nova.service.Service.periodic_tasks' sleeping for 60.00 seconds {{(pid=95637) _run_loop /opt/stack/data/venv/lib/python3.12/site-packages/oslo_service/backend/_threading/loopingcall.py:125}}
Jun 08 19:33:53.059908 np0000002348 nova-scheduler[95637]: DEBUG nova.scheduler.manager [None req-6d82ae19-7875-495f-a7eb-562adbf62e34 tempest-DeleteServersTestJSON-166230595 tempest-DeleteServersTestJSON-166230595-project-member] Starting to schedule for instances: ['0d90b605-994a-4599-8fdd-836687c79dfe'] {{(pid=95637) select_destinations /opt/stack/nova/nova/scheduler/manager.py:210}}
Jun 08 19:33:53.062166 np0000002348 nova-scheduler[95637]: DEBUG nova.scheduler.request_filter [None req-6d82ae19-7875-495f-a7eb-562adbf62e34 tempest-DeleteServersTestJSON-166230595 tempest-DeleteServersTestJSON-166230595-project-member] compute_status_filter request filter added forbidden trait COMPUTE_STATUS_DISABLED {{(pid=95637) compute_status_filter /opt/stack/nova/nova/scheduler/request_filter.py:253}}
Jun 08 19:33:53.062166 np0000002348 nova-scheduler[95637]: DEBUG nova.scheduler.request_filter [None req-6d82ae19-7875-495f-a7eb-562adbf62e34 tempest-DeleteServersTestJSON-166230595 tempest-DeleteServersTestJSON-166230595-project-member] Request filter 'compute_status_filter' took 0.0 seconds {{(pid=95637) wrapper /opt/stack/nova/nova/scheduler/request_filter.py:46}}
Jun 08 19:33:53.062166 np0000002348 nova-scheduler[95637]: DEBUG nova.scheduler.request_filter [None req-6d82ae19-7875-495f-a7eb-562adbf62e34 tempest-DeleteServersTestJSON-166230595 tempest-DeleteServersTestJSON-166230595-project-member] Request filter 'accelerators_filter' took 0.0 seconds {{(pid=95637) wrapper /opt/stack/nova/nova/scheduler/request_filter.py:46}}
Jun 08 19:33:53.062166 np0000002348 nova-scheduler[95637]: DEBUG nova.scheduler.request_filter [None req-6d82ae19-7875-495f-a7eb-562adbf62e34 tempest-DeleteServersTestJSON-166230595 tempest-DeleteServersTestJSON-166230595-project-member] Request filter 'packed_virtqueue_filter' took 0.0 seconds {{(pid=95637) wrapper /opt/stack/nova/nova/scheduler/request_filter.py:46}}
Jun 08 19:33:53.062166 np0000002348 nova-scheduler[95637]: DEBUG nova.scheduler.request_filter [None req-6d82ae19-7875-495f-a7eb-562adbf62e34 tempest-DeleteServersTestJSON-166230595 tempest-DeleteServersTestJSON-166230595-project-member] Request filter 'remote_managed_ports_filter' took 0.0 seconds {{(pid=95637) wrapper /opt/stack/nova/nova/scheduler/request_filter.py:46}}
Jun 08 19:33:53.062313 np0000002348 nova-scheduler[95637]: DEBUG nova.scheduler.request_filter [None req-6d82ae19-7875-495f-a7eb-562adbf62e34 tempest-DeleteServersTestJSON-166230595 tempest-DeleteServersTestJSON-166230595-project-member] ephemeral_encryption_filter skipped {{(pid=95637) ephemeral_encryption_filter /opt/stack/nova/nova/scheduler/request_filter.py:426}}
Jun 08 19:33:53.062313 np0000002348 nova-scheduler[95637]: DEBUG nova.scheduler.request_filter [None req-6d82ae19-7875-495f-a7eb-562adbf62e34 tempest-DeleteServersTestJSON-166230595 tempest-DeleteServersTestJSON-166230595-project-member] virtio_sound_filter skipped {{(pid=95637) virtio_sound_filter /opt/stack/nova/nova/scheduler/request_filter.py:460}}
Jun 08 19:33:53.062313 np0000002348 nova-scheduler[95637]: DEBUG nova.scheduler.request_filter [None req-6d82ae19-7875-495f-a7eb-562adbf62e34 tempest-DeleteServersTestJSON-166230595 tempest-DeleteServersTestJSON-166230595-project-member] tpm_secret_security_filter skipped {{(pid=95637) tpm_secret_security_filter /opt/stack/nova/nova/scheduler/request_filter.py:477}}
Jun 08 19:33:53.553120 np0000002348 nova-scheduler[95637]: INFO nova.utils [None req-6d82ae19-7875-495f-a7eb-562adbf62e34 tempest-DeleteServersTestJSON-166230595 tempest-DeleteServersTestJSON-166230595-project-member] The cell worker thread pool ForkProcess-2.cell_worker is initialized
Jun 08 19:33:53.553120 np0000002348 nova-scheduler[95637]: DEBUG oslo_concurrency.lockutils [None req-6d82ae19-7875-495f-a7eb-562adbf62e34 tempest-DeleteServersTestJSON-166230595 tempest-DeleteServersTestJSON-166230595-project-member] Acquiring lock "4cc803b7-ee53-49ed-82fd-40ea30530c79" by "nova.context.set_target_cell..get_or_set_cached_cell_and_set_connections" {{(pid=95637) inner /opt/stack/data/venv/lib/python3.12/site-packages/oslo_concurrency/lockutils.py:511}}
Jun 08 19:33:53.553120 np0000002348 nova-scheduler[95637]: DEBUG oslo_concurrency.lockutils [None req-6d82ae19-7875-495f-a7eb-562adbf62e34 tempest-DeleteServersTestJSON-166230595 tempest-DeleteServersTestJSON-166230595-project-member] Lock "4cc803b7-ee53-49ed-82fd-40ea30530c79" acquired by "nova.context.set_target_cell..get_or_set_cached_cell_and_set_connections" :: waited 0.000s {{(pid=95637) inner /opt/stack/data/venv/lib/python3.12/site-packages/oslo_concurrency/lockutils.py:524}}
Jun 08 19:33:53.553120 np0000002348 nova-scheduler[95637]: DEBUG oslo_concurrency.lockutils [None req-6d82ae19-7875-495f-a7eb-562adbf62e34 tempest-DeleteServersTestJSON-166230595 tempest-DeleteServersTestJSON-166230595-project-member] Lock "4cc803b7-ee53-49ed-82fd-40ea30530c79" "released" by "nova.context.set_target_cell..get_or_set_cached_cell_and_set_connections" :: held 0.002s {{(pid=95637) inner /opt/stack/data/venv/lib/python3.12/site-packages/oslo_concurrency/lockutils.py:543}}
Jun 08 19:33:53.555557 np0000002348 nova-scheduler[95637]: INFO dbcounter [None req-6d82ae19-7875-495f-a7eb-562adbf62e34 tempest-DeleteServersTestJSON-166230595 tempest-DeleteServersTestJSON-166230595-project-member] Registered counter for database nova_cell1
Jun 08 19:33:53.601335 np0000002348 nova-scheduler[95637]: DEBUG oslo_db.sqlalchemy.engines [None req-6d82ae19-7875-495f-a7eb-562adbf62e34 tempest-DeleteServersTestJSON-166230595 tempest-DeleteServersTestJSON-166230595-project-member] MySQL server mode set to STRICT_TRANS_TABLES,STRICT_ALL_TABLES,NO_ZERO_IN_DATE,NO_ZERO_DATE,ERROR_FOR_DIVISION_BY_ZERO,TRADITIONAL,NO_ENGINE_SUBSTITUTION {{(pid=95637) _check_effective_sql_mode /opt/stack/data/venv/lib/python3.12/site-packages/oslo_db/sqlalchemy/engines.py:325}}
Jun 08 19:33:53.607602 np0000002348 nova-scheduler[95637]: DEBUG dbcounter [-] [95637] Writer thread running {{(pid=95637) stat_writer /opt/stack/data/venv/lib/python3.12/site-packages/dbcounter.py:102}}
Jun 08 19:33:53.618313 np0000002348 nova-scheduler[95637]: DEBUG oslo_db.sqlalchemy.engines [None req-6d82ae19-7875-495f-a7eb-562adbf62e34 tempest-DeleteServersTestJSON-166230595 tempest-DeleteServersTestJSON-166230595-project-member] Parent process 94420 forked (95637) with an open database connection, which is being discarded and recreated. {{(pid=95637) checkout /opt/stack/data/venv/lib/python3.12/site-packages/oslo_db/sqlalchemy/engines.py:402}}
Jun 08 19:33:53.666270 np0000002348 nova-scheduler[95637]: DEBUG dbcounter [-] [95637] Writer thread running {{(pid=95637) stat_writer /opt/stack/data/venv/lib/python3.12/site-packages/dbcounter.py:102}}
Jun 08 19:33:53.669663 np0000002348 nova-scheduler[95637]: DEBUG oslo_concurrency.lockutils [None req-6d82ae19-7875-495f-a7eb-562adbf62e34 tempest-DeleteServersTestJSON-166230595 tempest-DeleteServersTestJSON-166230595-project-member] Acquiring lock "4cc803b7-ee53-49ed-82fd-40ea30530c79" by "nova.context.set_target_cell..get_or_set_cached_cell_and_set_connections" {{(pid=95637) inner /opt/stack/data/venv/lib/python3.12/site-packages/oslo_concurrency/lockutils.py:511}}
Jun 08 19:33:53.669909 np0000002348 nova-scheduler[95637]: DEBUG oslo_concurrency.lockutils [None req-6d82ae19-7875-495f-a7eb-562adbf62e34 tempest-DeleteServersTestJSON-166230595 tempest-DeleteServersTestJSON-166230595-project-member] Lock "4cc803b7-ee53-49ed-82fd-40ea30530c79" acquired by "nova.context.set_target_cell..get_or_set_cached_cell_and_set_connections" :: waited 0.000s {{(pid=95637) inner /opt/stack/data/venv/lib/python3.12/site-packages/oslo_concurrency/lockutils.py:524}}
Jun 08 19:33:53.670002 np0000002348 nova-scheduler[95637]: DEBUG oslo_concurrency.lockutils [None req-6d82ae19-7875-495f-a7eb-562adbf62e34 tempest-DeleteServersTestJSON-166230595 tempest-DeleteServersTestJSON-166230595-project-member] Lock "4cc803b7-ee53-49ed-82fd-40ea30530c79" "released" by "nova.context.set_target_cell..get_or_set_cached_cell_and_set_connections" :: held 0.000s {{(pid=95637) inner /opt/stack/data/venv/lib/python3.12/site-packages/oslo_concurrency/lockutils.py:543}}
Jun 08 19:33:53.673570 np0000002348 nova-scheduler[95637]: DEBUG oslo_concurrency.lockutils [None req-6d82ae19-7875-495f-a7eb-562adbf62e34 tempest-DeleteServersTestJSON-166230595 tempest-DeleteServersTestJSON-166230595-project-member] Acquiring lock "('np0000002348', 'np0000002348')" by "nova.scheduler.host_manager.HostState.update.._locked_update" {{(pid=95637) inner /opt/stack/data/venv/lib/python3.12/site-packages/oslo_concurrency/lockutils.py:511}}
Jun 08 19:33:53.673570 np0000002348 nova-scheduler[95637]: DEBUG oslo_concurrency.lockutils [None req-6d82ae19-7875-495f-a7eb-562adbf62e34 tempest-DeleteServersTestJSON-166230595 tempest-DeleteServersTestJSON-166230595-project-member] Lock "('np0000002348', 'np0000002348')" acquired by "nova.scheduler.host_manager.HostState.update.._locked_update" :: waited 0.000s {{(pid=95637) inner /opt/stack/data/venv/lib/python3.12/site-packages/oslo_concurrency/lockutils.py:524}}
Jun 08 19:33:53.674001 np0000002348 nova-scheduler[95637]: DEBUG nova.scheduler.host_manager [None req-6d82ae19-7875-495f-a7eb-562adbf62e34 tempest-DeleteServersTestJSON-166230595 tempest-DeleteServersTestJSON-166230595-project-member] Update host state from compute node: ComputeNode(cpu_allocation_ratio=4.0,cpu_info='{"arch": "x86_64", "model": "EPYC-Milan", "vendor": "AMD", "topology": {"cells": 1, "sockets": 12, "cores": 1, "threads": 1}, "maxphysaddr": {"mode": "emulate", "bits": 40}, "features": ["aes", "spec-ctrl", "bmi1", "cmp_legacy", "npt", "svme-addr-chk", "sse4.1", "vaes", "umip", "clzero", "clwb", "avx", "ssbd", "rdrand", "syscall", "erms", "xsaveopt", "movbe", "xsaveerptr", "xgetbv1", "arat", "mce", "pclmuldq", "skip-l1dfl-vmentry", "ibpb", "adx", "pse36", "lahf_lm", "apic", "sse2", "x2apic", "f16c", "pcid", "vmcb-clean", "arch-capabilities", "osvw", "sse4a", "cmov", "misalignsse", "flushbyasid", "xsaves", "clflushopt", "fxsr", "null-sel-clr-base", "virt-ssbd", "msr", "lm", "wbnoinvd", "3dnowprefetch", "pni", "avx2", "clflush", "pae", "pat", "pse", "amd-ssbd", "pfthreshold", "rdctl-no", "invpcid", "pschange-mc-no", "sse4.2", "ssse3", "sse", "cx16", "popcnt", "tsc-deadline", "smap", "topoext", "nx", "gds-no", "bmi2", "pdpe1gb", "de", "nrip-save", "fpu", "lfence-always-serializing", "cr8legacy", "fsrm", "pku", "lbrv", "abm", "mmx", "rdtscp", "mtrr", "tsc", "mca", "amd-stibp", "smep", "mmxext", "rdseed", "xsavec", "v-vmsave-vmload", "amd-psfd", "fxsr_opt", "perfctr_core", "fsgsbase", "sha-ni", "tsc_adjust", "pause-filter", "vme", "stibp-always-on", "tsc-scale", "vgif", "vpclmulqdq", "mds-no", "fma", "pge", "cx8", "rdpid", "svm", "no-nested-data-bp", "stibp", "ibrs", "sep", "hypervisor", "xsave"]}',created_at=2026-06-08T19:31:41Z,current_workload=0,deleted=False,deleted_at=None,disk_allocation_ratio=1.0,disk_available_least=74,free_disk_gb=95,free_ram_mb=23518,host='np0000002348',host_ip=10.4.3.95,hypervisor_hostname='np0000002348',hypervisor_type='QEMU',hypervisor_version=8002002,id=1,local_gb=95,local_gb_used=0,mapped=1,memory_mb=24030,memory_mb_used=512,metrics='[]',numa_topology='{"nova_object.name": "NUMATopology", "nova_object.namespace": "nova", "nova_object.version": "1.2", "nova_object.data": {"cells": [{"nova_object.name": "NUMACell", "nova_object.namespace": "nova", "nova_object.version": "1.5", "nova_object.data": {"id": 0, "cpuset": [0, 1, 2, 3, 4, 5, 6, 7, 8, 9, 10, 11], "pcpuset": [0, 1, 2, 3, 4, 5, 6, 7, 8, 9, 10, 11], "memory": 24030, "cpu_usage": 0, "memory_usage": 0, "pinned_cpus": [], "siblings": [[6], [2], [5], [11], [8], [4], [1], [7], [10], [0], [3], [9]], "mempages": [{"nova_object.name": "NUMAPagesTopology", "nova_object.namespace": "nova", "nova_object.version": "1.1", "nova_object.data": {"size_kb": 4, "total": 6151797, "used": 0, "reserved": 0}, "nova_object.changes": ["size_kb", "total", "used", "reserved"]}, {"nova_object.name": "NUMAPagesTopology", "nova_object.namespace": "nova", "nova_object.version": "1.1", "nova_object.data": {"size_kb": 2048, "total": 0, "used": 0, "reserved": 0}, "nova_object.changes": ["size_kb", "total", "used", "reserved"]}, {"nova_object.name": "NUMAPagesTopology", "nova_object.namespace": "nova", "nova_object.version": "1.1", "nova_object.data": {"size_kb": 1048576, "total": 0, "used": 0, "reserved": 0}, "nova_object.changes": ["size_kb", "total", "used", "reserved"]}], "network_metadata": {"nova_object.name": "NetworkMetadata", "nova_object.namespace": "nova", "nova_object.version": "1.0", "nova_object.data": {"physnets": [], "tunneled": false}, "nova_object.changes": ["physnets", "tunneled"]}, "socket": null}, "nova_object.changes": ["cpuset", "mempages", "id", "memory", "pinned_cpus", "siblings", "network_metadata", "pcpuset", "cpu_usage", "socket", "memory_usage"]}]}, "nova_object.changes": ["cells"]}',pci_device_pools=PciDevicePoolList,ram_allocation_ratio=1.0,running_vms=0,service_id=2,stats={failed_builds='0',uptime=' 19:33:27 up 28 min, 2 users, load average: 1.52, 1.40, 0.80
Jun 08 19:33:53.674001 np0000002348 nova-scheduler[95637]: '},supported_hv_specs=[HVSpec,HVSpec,HVSpec,HVSpec,HVSpec,HVSpec,HVSpec,HVSpec,HVSpec,HVSpec,HVSpec,HVSpec,HVSpec,HVSpec,HVSpec,HVSpec,HVSpec,HVSpec,HVSpec,HVSpec,HVSpec,HVSpec,HVSpec,HVSpec,HVSpec],updated_at=2026-06-08T19:33:29Z,uuid=afacd631-fb6d-4560-a679-40334b015bbf,vcpus=12,vcpus_used=0) {{(pid=95637) _locked_update /opt/stack/nova/nova/scheduler/host_manager.py:168}}
Jun 08 19:33:53.674532 np0000002348 nova-scheduler[95637]: DEBUG nova.scheduler.host_manager [None req-6d82ae19-7875-495f-a7eb-562adbf62e34 tempest-DeleteServersTestJSON-166230595 tempest-DeleteServersTestJSON-166230595-project-member] Update host state with aggregates: [] {{(pid=95637) _locked_update /opt/stack/nova/nova/scheduler/host_manager.py:171}}
Jun 08 19:33:53.674644 np0000002348 nova-scheduler[95637]: DEBUG nova.scheduler.host_manager [None req-6d82ae19-7875-495f-a7eb-562adbf62e34 tempest-DeleteServersTestJSON-166230595 tempest-DeleteServersTestJSON-166230595-project-member] Update host state with service dict: {'id': 2, 'uuid': '6323b5b6-a90d-4280-a638-c8612f720126', 'host': 'np0000002348', 'binary': 'nova-compute', 'topic': 'compute', 'report_count': 2, 'disabled': False, 'disabled_reason': None, 'last_seen_up': datetime.datetime(2026, 6, 8, 19, 33, 50, tzinfo=datetime.timezone.utc), 'forced_down': False, 'version': 72, 'created_at': datetime.datetime(2026, 6, 8, 19, 31, 39, tzinfo=datetime.timezone.utc), 'updated_at': datetime.datetime(2026, 6, 8, 19, 33, 50, tzinfo=datetime.timezone.utc), 'deleted_at': None, 'deleted': False} {{(pid=95637) _locked_update /opt/stack/nova/nova/scheduler/host_manager.py:174}}
Jun 08 19:33:53.674752 np0000002348 nova-scheduler[95637]: DEBUG nova.scheduler.host_manager [None req-6d82ae19-7875-495f-a7eb-562adbf62e34 tempest-DeleteServersTestJSON-166230595 tempest-DeleteServersTestJSON-166230595-project-member] Update host state with instances: [] {{(pid=95637) _locked_update /opt/stack/nova/nova/scheduler/host_manager.py:177}}
Jun 08 19:33:53.674880 np0000002348 nova-scheduler[95637]: DEBUG oslo_concurrency.lockutils [None req-6d82ae19-7875-495f-a7eb-562adbf62e34 tempest-DeleteServersTestJSON-166230595 tempest-DeleteServersTestJSON-166230595-project-member] Lock "('np0000002348', 'np0000002348')" "released" by "nova.scheduler.host_manager.HostState.update.._locked_update" :: held 0.002s {{(pid=95637) inner /opt/stack/data/venv/lib/python3.12/site-packages/oslo_concurrency/lockutils.py:543}}
Jun 08 19:33:53.675246 np0000002348 nova-scheduler[95637]: DEBUG nova.filters [None req-6d82ae19-7875-495f-a7eb-562adbf62e34 tempest-DeleteServersTestJSON-166230595 tempest-DeleteServersTestJSON-166230595-project-member] Starting with 1 host(s) {{(pid=95637) get_filtered_objects /opt/stack/nova/nova/filters.py:70}}
Jun 08 19:33:53.675449 np0000002348 nova-scheduler[95637]: DEBUG nova.filters [None req-6d82ae19-7875-495f-a7eb-562adbf62e34 tempest-DeleteServersTestJSON-166230595 tempest-DeleteServersTestJSON-166230595-project-member] Filter ComputeFilter returned 1 host(s) {{(pid=95637) get_filtered_objects /opt/stack/nova/nova/filters.py:102}}
Jun 08 19:33:53.675578 np0000002348 nova-scheduler[95637]: DEBUG nova.filters [None req-6d82ae19-7875-495f-a7eb-562adbf62e34 tempest-DeleteServersTestJSON-166230595 tempest-DeleteServersTestJSON-166230595-project-member] Filter ComputeCapabilitiesFilter returned 1 host(s) {{(pid=95637) get_filtered_objects /opt/stack/nova/nova/filters.py:102}}
Jun 08 19:33:53.675757 np0000002348 nova-scheduler[95637]: DEBUG nova.filters [None req-6d82ae19-7875-495f-a7eb-562adbf62e34 tempest-DeleteServersTestJSON-166230595 tempest-DeleteServersTestJSON-166230595-project-member] Filter ImagePropertiesFilter returned 1 host(s) {{(pid=95637) get_filtered_objects /opt/stack/nova/nova/filters.py:102}}
Jun 08 19:33:53.675979 np0000002348 nova-scheduler[95637]: DEBUG nova.filters [None req-6d82ae19-7875-495f-a7eb-562adbf62e34 tempest-DeleteServersTestJSON-166230595 tempest-DeleteServersTestJSON-166230595-project-member] Filter ServerGroupAntiAffinityFilter returned 1 host(s) {{(pid=95637) get_filtered_objects /opt/stack/nova/nova/filters.py:102}}
Jun 08 19:33:53.675979 np0000002348 nova-scheduler[95637]: DEBUG nova.filters [None req-6d82ae19-7875-495f-a7eb-562adbf62e34 tempest-DeleteServersTestJSON-166230595 tempest-DeleteServersTestJSON-166230595-project-member] Filter ServerGroupAffinityFilter returned 1 host(s) {{(pid=95637) get_filtered_objects /opt/stack/nova/nova/filters.py:102}}
Jun 08 19:33:53.676159 np0000002348 nova-scheduler[95637]: DEBUG nova.filters [None req-6d82ae19-7875-495f-a7eb-562adbf62e34 tempest-DeleteServersTestJSON-166230595 tempest-DeleteServersTestJSON-166230595-project-member] Filter SameHostFilter returned 1 host(s) {{(pid=95637) get_filtered_objects /opt/stack/nova/nova/filters.py:102}}
Jun 08 19:33:53.676347 np0000002348 nova-scheduler[95637]: DEBUG nova.filters [None req-6d82ae19-7875-495f-a7eb-562adbf62e34 tempest-DeleteServersTestJSON-166230595 tempest-DeleteServersTestJSON-166230595-project-member] Filter DifferentHostFilter returned 1 host(s) {{(pid=95637) get_filtered_objects /opt/stack/nova/nova/filters.py:102}}
Jun 08 19:33:53.676557 np0000002348 nova-scheduler[95637]: DEBUG nova.scheduler.manager [None req-6d82ae19-7875-495f-a7eb-562adbf62e34 tempest-DeleteServersTestJSON-166230595 tempest-DeleteServersTestJSON-166230595-project-member] Filtered [(np0000002348, np0000002348) ram: 23518MB disk: 75776MB io_ops: 0 instances: 0, allocation_candidates: 1] {{(pid=95637) _get_sorted_hosts /opt/stack/nova/nova/scheduler/manager.py:743}}
Jun 08 19:33:53.676681 np0000002348 nova-scheduler[95637]: DEBUG nova.scheduler.manager [None req-6d82ae19-7875-495f-a7eb-562adbf62e34 tempest-DeleteServersTestJSON-166230595 tempest-DeleteServersTestJSON-166230595-project-member] Weighed [WeighedHost [host: (np0000002348, np0000002348) ram: 23518MB disk: 75776MB io_ops: 0 instances: 0, allocation_candidates: 1, weight: 0.0]] {{(pid=95637) _get_sorted_hosts /opt/stack/nova/nova/scheduler/manager.py:765}}
Jun 08 19:33:53.676817 np0000002348 nova-scheduler[95637]: DEBUG nova.scheduler.utils [None req-6d82ae19-7875-495f-a7eb-562adbf62e34 tempest-DeleteServersTestJSON-166230595 tempest-DeleteServersTestJSON-166230595-project-member] Attempting to claim resources in the placement API for instance 0d90b605-994a-4599-8fdd-836687c79dfe {{(pid=95637) claim_resources /opt/stack/nova/nova/scheduler/utils.py:1345}}
Jun 08 19:33:53.858707 np0000002348 nova-scheduler[95637]: DEBUG nova.scheduler.manager [None req-6d82ae19-7875-495f-a7eb-562adbf62e34 tempest-DeleteServersTestJSON-166230595 tempest-DeleteServersTestJSON-166230595-project-member] [instance: 0d90b605-994a-4599-8fdd-836687c79dfe] Selected host: (np0000002348, np0000002348) ram: 23518MB disk: 75776MB io_ops: 0 instances: 0, allocation_candidates: 1 {{(pid=95637) _consume_selected_host /opt/stack/nova/nova/scheduler/manager.py:625}}
Jun 08 19:33:53.859076 np0000002348 nova-scheduler[95637]: DEBUG oslo_concurrency.lockutils [None req-6d82ae19-7875-495f-a7eb-562adbf62e34 tempest-DeleteServersTestJSON-166230595 tempest-DeleteServersTestJSON-166230595-project-member] Acquiring lock "('np0000002348', 'np0000002348')" by "nova.scheduler.host_manager.HostState.consume_from_request.._locked" {{(pid=95637) inner /opt/stack/data/venv/lib/python3.12/site-packages/oslo_concurrency/lockutils.py:511}}
Jun 08 19:33:53.859272 np0000002348 nova-scheduler[95637]: DEBUG oslo_concurrency.lockutils [None req-6d82ae19-7875-495f-a7eb-562adbf62e34 tempest-DeleteServersTestJSON-166230595 tempest-DeleteServersTestJSON-166230595-project-member] Lock "('np0000002348', 'np0000002348')" acquired by "nova.scheduler.host_manager.HostState.consume_from_request.._locked" :: waited 0.000s {{(pid=95637) inner /opt/stack/data/venv/lib/python3.12/site-packages/oslo_concurrency/lockutils.py:524}}
Jun 08 19:33:53.860151 np0000002348 nova-scheduler[95637]: DEBUG oslo_concurrency.lockutils [None req-6d82ae19-7875-495f-a7eb-562adbf62e34 tempest-DeleteServersTestJSON-166230595 tempest-DeleteServersTestJSON-166230595-project-member] Lock "('np0000002348', 'np0000002348')" "released" by "nova.scheduler.host_manager.HostState.consume_from_request.._locked" :: held 0.000s {{(pid=95637) inner /opt/stack/data/venv/lib/python3.12/site-packages/oslo_concurrency/lockutils.py:543}}
Jun 08 19:33:55.705894 np0000002348 nova-scheduler[95668]: DEBUG oslo.service.backend._threading.loopingcall [None req-f2b9f118-1645-4c08-9679-1134f50f50d8 None None] Dynamic interval looping call 'nova.service.Service.periodic_tasks' sleeping for 60.00 seconds {{(pid=95668) _run_loop /opt/stack/data/venv/lib/python3.12/site-packages/oslo_service/backend/_threading/loopingcall.py:125}}
Jun 08 19:33:58.245279 np0000002348 nova-scheduler[95622]: DEBUG nova.scheduler.manager [None req-66229030-5b4f-4a1c-86f0-86a04b53fa58 tempest-ServerActionsTestOtherB-1330362055 tempest-ServerActionsTestOtherB-1330362055-project-member] Starting to schedule for instances: ['537d2988-ab8a-4439-a8aa-9f1c73ef4bc2'] {{(pid=95622) select_destinations /opt/stack/nova/nova/scheduler/manager.py:210}}
Jun 08 19:33:58.245588 np0000002348 nova-scheduler[95622]: DEBUG nova.scheduler.request_filter [None req-66229030-5b4f-4a1c-86f0-86a04b53fa58 tempest-ServerActionsTestOtherB-1330362055 tempest-ServerActionsTestOtherB-1330362055-project-member] compute_status_filter request filter added forbidden trait COMPUTE_STATUS_DISABLED {{(pid=95622) compute_status_filter /opt/stack/nova/nova/scheduler/request_filter.py:253}}
Jun 08 19:33:58.245588 np0000002348 nova-scheduler[95622]: DEBUG nova.scheduler.request_filter [None req-66229030-5b4f-4a1c-86f0-86a04b53fa58 tempest-ServerActionsTestOtherB-1330362055 tempest-ServerActionsTestOtherB-1330362055-project-member] Request filter 'compute_status_filter' took 0.0 seconds {{(pid=95622) wrapper /opt/stack/nova/nova/scheduler/request_filter.py:46}}
Jun 08 19:33:58.247507 np0000002348 nova-scheduler[95622]: DEBUG nova.scheduler.request_filter [None req-66229030-5b4f-4a1c-86f0-86a04b53fa58 tempest-ServerActionsTestOtherB-1330362055 tempest-ServerActionsTestOtherB-1330362055-project-member] Request filter 'accelerators_filter' took 0.0 seconds {{(pid=95622) wrapper /opt/stack/nova/nova/scheduler/request_filter.py:46}}
Jun 08 19:33:58.247507 np0000002348 nova-scheduler[95622]: DEBUG nova.scheduler.request_filter [None req-66229030-5b4f-4a1c-86f0-86a04b53fa58 tempest-ServerActionsTestOtherB-1330362055 tempest-ServerActionsTestOtherB-1330362055-project-member] Request filter 'packed_virtqueue_filter' took 0.0 seconds {{(pid=95622) wrapper /opt/stack/nova/nova/scheduler/request_filter.py:46}}
Jun 08 19:33:58.247507 np0000002348 nova-scheduler[95622]: DEBUG nova.scheduler.request_filter [None req-66229030-5b4f-4a1c-86f0-86a04b53fa58 tempest-ServerActionsTestOtherB-1330362055 tempest-ServerActionsTestOtherB-1330362055-project-member] Request filter 'remote_managed_ports_filter' took 0.0 seconds {{(pid=95622) wrapper /opt/stack/nova/nova/scheduler/request_filter.py:46}}
Jun 08 19:33:58.247507 np0000002348 nova-scheduler[95622]: DEBUG nova.scheduler.request_filter [None req-66229030-5b4f-4a1c-86f0-86a04b53fa58 tempest-ServerActionsTestOtherB-1330362055 tempest-ServerActionsTestOtherB-1330362055-project-member] ephemeral_encryption_filter skipped {{(pid=95622) ephemeral_encryption_filter /opt/stack/nova/nova/scheduler/request_filter.py:426}}
Jun 08 19:33:58.247507 np0000002348 nova-scheduler[95622]: DEBUG nova.scheduler.request_filter [None req-66229030-5b4f-4a1c-86f0-86a04b53fa58 tempest-ServerActionsTestOtherB-1330362055 tempest-ServerActionsTestOtherB-1330362055-project-member] virtio_sound_filter skipped {{(pid=95622) virtio_sound_filter /opt/stack/nova/nova/scheduler/request_filter.py:460}}
Jun 08 19:33:58.247507 np0000002348 nova-scheduler[95622]: DEBUG nova.scheduler.request_filter [None req-66229030-5b4f-4a1c-86f0-86a04b53fa58 tempest-ServerActionsTestOtherB-1330362055 tempest-ServerActionsTestOtherB-1330362055-project-member] tpm_secret_security_filter skipped {{(pid=95622) tpm_secret_security_filter /opt/stack/nova/nova/scheduler/request_filter.py:477}}
Jun 08 19:33:58.348341 np0000002348 nova-scheduler[95622]: INFO nova.utils [None req-66229030-5b4f-4a1c-86f0-86a04b53fa58 tempest-ServerActionsTestOtherB-1330362055 tempest-ServerActionsTestOtherB-1330362055-project-member] The cell worker thread pool ForkProcess-1.cell_worker is initialized
Jun 08 19:33:58.348803 np0000002348 nova-scheduler[95622]: DEBUG oslo_concurrency.lockutils [None req-66229030-5b4f-4a1c-86f0-86a04b53fa58 tempest-ServerActionsTestOtherB-1330362055 tempest-ServerActionsTestOtherB-1330362055-project-member] Acquiring lock "4cc803b7-ee53-49ed-82fd-40ea30530c79" by "nova.context.set_target_cell..get_or_set_cached_cell_and_set_connections" {{(pid=95622) inner /opt/stack/data/venv/lib/python3.12/site-packages/oslo_concurrency/lockutils.py:511}}
Jun 08 19:33:58.348898 np0000002348 nova-scheduler[95622]: DEBUG oslo_concurrency.lockutils [None req-66229030-5b4f-4a1c-86f0-86a04b53fa58 tempest-ServerActionsTestOtherB-1330362055 tempest-ServerActionsTestOtherB-1330362055-project-member] Lock "4cc803b7-ee53-49ed-82fd-40ea30530c79" acquired by "nova.context.set_target_cell..get_or_set_cached_cell_and_set_connections" :: waited 0.000s {{(pid=95622) inner /opt/stack/data/venv/lib/python3.12/site-packages/oslo_concurrency/lockutils.py:524}}
Jun 08 19:33:58.350169 np0000002348 nova-scheduler[95622]: DEBUG oslo_concurrency.lockutils [None req-66229030-5b4f-4a1c-86f0-86a04b53fa58 tempest-ServerActionsTestOtherB-1330362055 tempest-ServerActionsTestOtherB-1330362055-project-member] Lock "4cc803b7-ee53-49ed-82fd-40ea30530c79" "released" by "nova.context.set_target_cell..get_or_set_cached_cell_and_set_connections" :: held 0.001s {{(pid=95622) inner /opt/stack/data/venv/lib/python3.12/site-packages/oslo_concurrency/lockutils.py:543}}
Jun 08 19:33:58.351937 np0000002348 nova-scheduler[95622]: INFO dbcounter [None req-66229030-5b4f-4a1c-86f0-86a04b53fa58 tempest-ServerActionsTestOtherB-1330362055 tempest-ServerActionsTestOtherB-1330362055-project-member] Registered counter for database nova_cell1
Jun 08 19:33:58.394958 np0000002348 nova-scheduler[95622]: DEBUG oslo_db.sqlalchemy.engines [None req-66229030-5b4f-4a1c-86f0-86a04b53fa58 tempest-ServerActionsTestOtherB-1330362055 tempest-ServerActionsTestOtherB-1330362055-project-member] MySQL server mode set to STRICT_TRANS_TABLES,STRICT_ALL_TABLES,NO_ZERO_IN_DATE,NO_ZERO_DATE,ERROR_FOR_DIVISION_BY_ZERO,TRADITIONAL,NO_ENGINE_SUBSTITUTION {{(pid=95622) _check_effective_sql_mode /opt/stack/data/venv/lib/python3.12/site-packages/oslo_db/sqlalchemy/engines.py:325}}
Jun 08 19:33:58.400755 np0000002348 nova-scheduler[95622]: DEBUG dbcounter [-] [95622] Writer thread running {{(pid=95622) stat_writer /opt/stack/data/venv/lib/python3.12/site-packages/dbcounter.py:102}}
Jun 08 19:33:58.459166 np0000002348 nova-scheduler[95622]: DEBUG dbcounter [-] [95622] Writer thread running {{(pid=95622) stat_writer /opt/stack/data/venv/lib/python3.12/site-packages/dbcounter.py:102}}
Jun 08 19:33:58.461823 np0000002348 nova-scheduler[95622]: DEBUG oslo_concurrency.lockutils [None req-66229030-5b4f-4a1c-86f0-86a04b53fa58 tempest-ServerActionsTestOtherB-1330362055 tempest-ServerActionsTestOtherB-1330362055-project-member] Acquiring lock "4cc803b7-ee53-49ed-82fd-40ea30530c79" by "nova.context.set_target_cell..get_or_set_cached_cell_and_set_connections" {{(pid=95622) inner /opt/stack/data/venv/lib/python3.12/site-packages/oslo_concurrency/lockutils.py:511}}
Jun 08 19:33:58.461956 np0000002348 nova-scheduler[95622]: DEBUG oslo_concurrency.lockutils [None req-66229030-5b4f-4a1c-86f0-86a04b53fa58 tempest-ServerActionsTestOtherB-1330362055 tempest-ServerActionsTestOtherB-1330362055-project-member] Lock "4cc803b7-ee53-49ed-82fd-40ea30530c79" acquired by "nova.context.set_target_cell..get_or_set_cached_cell_and_set_connections" :: waited 0.000s {{(pid=95622) inner /opt/stack/data/venv/lib/python3.12/site-packages/oslo_concurrency/lockutils.py:524}}
Jun 08 19:33:58.462056 np0000002348 nova-scheduler[95622]: DEBUG oslo_concurrency.lockutils [None req-66229030-5b4f-4a1c-86f0-86a04b53fa58 tempest-ServerActionsTestOtherB-1330362055 tempest-ServerActionsTestOtherB-1330362055-project-member] Lock "4cc803b7-ee53-49ed-82fd-40ea30530c79" "released" by "nova.context.set_target_cell..get_or_set_cached_cell_and_set_connections" :: held 0.000s {{(pid=95622) inner /opt/stack/data/venv/lib/python3.12/site-packages/oslo_concurrency/lockutils.py:543}}
Jun 08 19:33:58.464847 np0000002348 nova-scheduler[95622]: DEBUG oslo_concurrency.lockutils [None req-66229030-5b4f-4a1c-86f0-86a04b53fa58 tempest-ServerActionsTestOtherB-1330362055 tempest-ServerActionsTestOtherB-1330362055-project-member] Acquiring lock "('np0000002348', 'np0000002348')" by "nova.scheduler.host_manager.HostState.update.._locked_update" {{(pid=95622) inner /opt/stack/data/venv/lib/python3.12/site-packages/oslo_concurrency/lockutils.py:511}}
Jun 08 19:33:58.464968 np0000002348 nova-scheduler[95622]: DEBUG oslo_concurrency.lockutils [None req-66229030-5b4f-4a1c-86f0-86a04b53fa58 tempest-ServerActionsTestOtherB-1330362055 tempest-ServerActionsTestOtherB-1330362055-project-member] Lock "('np0000002348', 'np0000002348')" acquired by "nova.scheduler.host_manager.HostState.update.._locked_update" :: waited 0.000s {{(pid=95622) inner /opt/stack/data/venv/lib/python3.12/site-packages/oslo_concurrency/lockutils.py:524}}
