Jun 04 13:52:27.331237 np0000002150 devstack@g-api.service[102116]: INFO glance.api.v2.image_data [None req-a0ff3d69-4df7-4d61-9e02-9fc77cbbbcc2 tempest-VolumesActionsTest-2029052438 tempest-VolumesActionsTest-2029052438-project-member] Unable to create trust: no such option collect_timing in group [keystone_authtoken] Use the existing user token.
Jun 04 13:52:27.789391 np0000002150 devstack@g-api.service[102117]: DEBUG glance.api.middleware.version_negotiation [None req-baf1b5b0-6af8-4828-ac57-44ec8d6d8f1f tempest-VolumesActionsTest-2029052438 tempest-VolumesActionsTest-2029052438-project-member] Determining version of request: GET /v2/images/0f63167e-7c51-48bd-8a39-bb3821ffe9e1 Accept: application/json {{(pid=102117) process_request /opt/stack/glance/glance/api/middleware/version_negotiation.py:44}}
Jun 04 13:52:27.790099 np0000002150 devstack@g-api.service[102117]: DEBUG glance.api.middleware.version_negotiation [None req-baf1b5b0-6af8-4828-ac57-44ec8d6d8f1f tempest-VolumesActionsTest-2029052438 tempest-VolumesActionsTest-2029052438-project-member] Using url versioning {{(pid=102117) process_request /opt/stack/glance/glance/api/middleware/version_negotiation.py:57}}
Jun 04 13:52:27.790099 np0000002150 devstack@g-api.service[102117]: DEBUG glance.api.middleware.version_negotiation [None req-baf1b5b0-6af8-4828-ac57-44ec8d6d8f1f tempest-VolumesActionsTest-2029052438 tempest-VolumesActionsTest-2029052438-project-member] Matched version: v2 {{(pid=102117) process_request /opt/stack/glance/glance/api/middleware/version_negotiation.py:69}}
Jun 04 13:52:27.790099 np0000002150 devstack@g-api.service[102117]: DEBUG glance.api.middleware.version_negotiation [None req-baf1b5b0-6af8-4828-ac57-44ec8d6d8f1f tempest-VolumesActionsTest-2029052438 tempest-VolumesActionsTest-2029052438-project-member] new path /v2/images/0f63167e-7c51-48bd-8a39-bb3821ffe9e1 {{(pid=102117) process_request /opt/stack/glance/glance/api/middleware/version_negotiation.py:70}}
Jun 04 13:52:27.807326 np0000002150 devstack@g-api.service[102117]: [pid: 102117|app: 0|req: 133/394] 127.0.0.1 () {40 vars in 838 bytes} [Thu Jun 4 13:52:27 2026] GET /v2/images/0f63167e-7c51-48bd-8a39-bb3821ffe9e1 => generated 650 bytes in 18 msecs (HTTP/1.1 200) 4 headers in 157 bytes (1 switches on core 0)
Jun 04 13:52:27.931000 np0000002150 devstack@g-api.service[102116]: DEBUG glance.location [None req-a0ff3d69-4df7-4d61-9e02-9fc77cbbbcc2 tempest-VolumesActionsTest-2029052438 tempest-VolumesActionsTest-2029052438-project-member] Enabling in-flight format inspection for raw {{(pid=102116) set_data /opt/stack/glance/glance/location.py:616}}
Jun 04 13:52:27.931388 np0000002150 devstack@g-api.service[102116]: DEBUG glance_store.backend [None req-a0ff3d69-4df7-4d61-9e02-9fc77cbbbcc2 tempest-VolumesActionsTest-2029052438 tempest-VolumesActionsTest-2029052438-project-member] Attempting to import store swift {{(pid=102116) _load_store /opt/stack/data/venv/lib/python3.12/site-packages/glance_store/backend.py:215}}
Jun 04 13:52:27.933254 np0000002150 devstack@g-api.service[102116]: DEBUG glance_store.capabilities [None req-a0ff3d69-4df7-4d61-9e02-9fc77cbbbcc2 tempest-VolumesActionsTest-2029052438 tempest-VolumesActionsTest-2029052438-project-member] Store glance_store._drivers.swift.store.SingleTenantStore doesn't support updating dynamic storage capabilities. Please overwrite 'update_capabilities' method of the store to implement updating logics if needed. {{(pid=102116) update_capabilities /opt/stack/data/venv/lib/python3.12/site-packages/glance_store/capabilities.py:91}}
Jun 04 13:52:27.933387 np0000002150 devstack@g-api.service[102116]: DEBUG glance_store.driver [None req-a0ff3d69-4df7-4d61-9e02-9fc77cbbbcc2 tempest-VolumesActionsTest-2029052438 tempest-VolumesActionsTest-2029052438-project-member] Late loading location class glance_store._drivers.swift.store.StoreLocation {{(pid=102116) get_store_location_class /opt/stack/data/venv/lib/python3.12/site-packages/glance_store/driver.py:134}}
Jun 04 13:52:27.933666 np0000002150 devstack@g-api.service[102116]: DEBUG glance_store.location [None req-a0ff3d69-4df7-4d61-9e02-9fc77cbbbcc2 tempest-VolumesActionsTest-2029052438 tempest-VolumesActionsTest-2029052438-project-member] Registering scheme swift+https with {'store': , 'location_class': , 'store_entry': 'swift'} {{(pid=102116) register_scheme_map /opt/stack/data/venv/lib/python3.12/site-packages/glance_store/location.py:146}}
Jun 04 13:52:27.933808 np0000002150 devstack@g-api.service[102116]: DEBUG glance_store.location [None req-a0ff3d69-4df7-4d61-9e02-9fc77cbbbcc2 tempest-VolumesActionsTest-2029052438 tempest-VolumesActionsTest-2029052438-project-member] Registering scheme swift+https with {'store': , 'location_class': , 'store_entry': 'swift'} {{(pid=102116) register_scheme_map /opt/stack/data/venv/lib/python3.12/site-packages/glance_store/location.py:146}}
Jun 04 13:52:27.933890 np0000002150 devstack@g-api.service[102116]: DEBUG glance_store.location [None req-a0ff3d69-4df7-4d61-9e02-9fc77cbbbcc2 tempest-VolumesActionsTest-2029052438 tempest-VolumesActionsTest-2029052438-project-member] Registering scheme swift with {'store': , 'location_class': , 'store_entry': 'swift'} {{(pid=102116) register_scheme_map /opt/stack/data/venv/lib/python3.12/site-packages/glance_store/location.py:146}}
Jun 04 13:52:27.934122 np0000002150 devstack@g-api.service[102116]: DEBUG glance_store.location [None req-a0ff3d69-4df7-4d61-9e02-9fc77cbbbcc2 tempest-VolumesActionsTest-2029052438 tempest-VolumesActionsTest-2029052438-project-member] Registering scheme swift+https with {'store': , 'location_class': , 'store_entry': 'swift'} {{(pid=102116) register_scheme_map /opt/stack/data/venv/lib/python3.12/site-packages/glance_store/location.py:146}}
Jun 04 13:52:27.934197 np0000002150 devstack@g-api.service[102116]: DEBUG glance_store.location [None req-a0ff3d69-4df7-4d61-9e02-9fc77cbbbcc2 tempest-VolumesActionsTest-2029052438 tempest-VolumesActionsTest-2029052438-project-member] Registering scheme swift with {'store': , 'location_class': , 'store_entry': 'swift'} {{(pid=102116) register_scheme_map /opt/stack/data/venv/lib/python3.12/site-packages/glance_store/location.py:146}}
Jun 04 13:52:27.934271 np0000002150 devstack@g-api.service[102116]: DEBUG glance_store.location [None req-a0ff3d69-4df7-4d61-9e02-9fc77cbbbcc2 tempest-VolumesActionsTest-2029052438 tempest-VolumesActionsTest-2029052438-project-member] Registering scheme swift+http with {'store': , 'location_class': , 'store_entry': 'swift'} {{(pid=102116) register_scheme_map /opt/stack/data/venv/lib/python3.12/site-packages/glance_store/location.py:146}}
Jun 04 13:52:27.934368 np0000002150 devstack@g-api.service[102116]: DEBUG glance_store.location [None req-a0ff3d69-4df7-4d61-9e02-9fc77cbbbcc2 tempest-VolumesActionsTest-2029052438 tempest-VolumesActionsTest-2029052438-project-member] Registering scheme swift+https with {'store': , 'location_class': , 'store_entry': 'swift'} {{(pid=102116) register_scheme_map /opt/stack/data/venv/lib/python3.12/site-packages/glance_store/location.py:146}}
Jun 04 13:52:27.934436 np0000002150 devstack@g-api.service[102116]: DEBUG glance_store.location [None req-a0ff3d69-4df7-4d61-9e02-9fc77cbbbcc2 tempest-VolumesActionsTest-2029052438 tempest-VolumesActionsTest-2029052438-project-member] Registering scheme swift with {'store': , 'location_class': , 'store_entry': 'swift'} {{(pid=102116) register_scheme_map /opt/stack/data/venv/lib/python3.12/site-packages/glance_store/location.py:146}}
Jun 04 13:52:27.934737 np0000002150 devstack@g-api.service[102116]: DEBUG glance_store.location [None req-a0ff3d69-4df7-4d61-9e02-9fc77cbbbcc2 tempest-VolumesActionsTest-2029052438 tempest-VolumesActionsTest-2029052438-project-member] Registering scheme swift+http with {'store': , 'location_class': , 'store_entry': 'swift'} {{(pid=102116) register_scheme_map /opt/stack/data/venv/lib/python3.12/site-packages/glance_store/location.py:146}}
Jun 04 13:52:27.934737 np0000002150 devstack@g-api.service[102116]: DEBUG glance_store.location [None req-a0ff3d69-4df7-4d61-9e02-9fc77cbbbcc2 tempest-VolumesActionsTest-2029052438 tempest-VolumesActionsTest-2029052438-project-member] Registering scheme swift+config with {'store': , 'location_class': , 'store_entry': 'swift'} {{(pid=102116) register_scheme_map /opt/stack/data/venv/lib/python3.12/site-packages/glance_store/location.py:146}}
Jun 04 13:52:28.085876 np0000002150 devstack@g-api.service[102116]: DEBUG swiftclient [None req-a0ff3d69-4df7-4d61-9e02-9fc77cbbbcc2 tempest-VolumesActionsTest-2029052438 tempest-VolumesActionsTest-2029052438-project-member] REQ: curl -i https://10.4.3.177:8080/v1/AUTH_24cfd375b031475ea4ccc1791a83be19/glance -I -H "X-Auth-Token: gAAAAABqIYMbKIm3..." {{(pid=102116) http_log /opt/stack/data/venv/lib/python3.12/site-packages/swiftclient/client.py:160}}
Jun 04 13:52:28.086020 np0000002150 devstack@g-api.service[102116]: DEBUG swiftclient [None req-a0ff3d69-4df7-4d61-9e02-9fc77cbbbcc2 tempest-VolumesActionsTest-2029052438 tempest-VolumesActionsTest-2029052438-project-member] RESP STATUS: 204 No Content {{(pid=102116) http_log /opt/stack/data/venv/lib/python3.12/site-packages/swiftclient/client.py:161}}
Jun 04 13:52:28.086225 np0000002150 devstack@g-api.service[102116]: DEBUG swiftclient [None req-a0ff3d69-4df7-4d61-9e02-9fc77cbbbcc2 tempest-VolumesActionsTest-2029052438 tempest-VolumesActionsTest-2029052438-project-member] RESP HEADERS: {'Date': 'Thu, 04 Jun 2026 13:52:28 GMT', 'Server': 'Apache/2.4.58 (Ubuntu)', 'Content-Type': 'text/plain; charset=utf-8', 'X-Container-Object-Count': '4', 'X-Container-Bytes-Used': '64357376', 'X-Timestamp': '1780580638.29618', 'Last-Modified': 'Thu, 04 Jun 2026 13:43:59 GMT', 'Accept-Ranges': 'bytes', 'X-Storage-Policy': 'Policy-0', 'X-Container-Sharding': 'False', 'Vary': 'Accept', 'X-Trans-Id': 'tx26c743b4a3204145beb6e-006a21831c', 'X-Openstack-Request-Id': 'tx26c743b4a3204145beb6e-006a21831c', 'Connection': 'close'} {{(pid=102116) http_log /opt/stack/data/venv/lib/python3.12/site-packages/swiftclient/client.py:162}}
Jun 04 13:52:28.086507 np0000002150 devstack@g-api.service[102116]: DEBUG glance_store._drivers.swift.store [None req-a0ff3d69-4df7-4d61-9e02-9fc77cbbbcc2 tempest-VolumesActionsTest-2029052438 tempest-VolumesActionsTest-2029052438-project-member] Adding image object '0f63167e-7c51-48bd-8a39-bb3821ffe9e1' to Swift {{(pid=102116) add /opt/stack/data/venv/lib/python3.12/site-packages/glance_store/_drivers/swift/store.py:970}}
Jun 04 13:52:28.086593 np0000002150 devstack@g-api.service[102116]: DEBUG glance_store._drivers.swift.store [None req-a0ff3d69-4df7-4d61-9e02-9fc77cbbbcc2 tempest-VolumesActionsTest-2029052438 tempest-VolumesActionsTest-2029052438-project-member] Cannot determine image size because it is either not provided in the request or chunked-transfer encoding is used. Adding image as a segmented object to Swift. {{(pid=102116) add /opt/stack/data/venv/lib/python3.12/site-packages/glance_store/_drivers/swift/store.py:994}}
Jun 04 13:52:28.093651 np0000002150 devstack@g-api.service[102116]: DEBUG oslo_utils.imageutils.format_inspector [None req-a0ff3d69-4df7-4d61-9e02-9fc77cbbbcc2 tempest-VolumesActionsTest-2029052438 tempest-VolumesActionsTest-2029052438-project-member] Format inspector for vmdk does not match, excluding from consideration (Signature KDMV not found: b'\x00\x00\x00\x00') {{(pid=102116) _process_chunk /opt/stack/data/venv/lib/python3.12/site-packages/oslo_utils/imageutils/format_inspector.py:1758}}
Jun 04 13:52:28.096624 np0000002150 devstack@g-api.service[102116]: DEBUG oslo_utils.imageutils.format_inspector [None req-a0ff3d69-4df7-4d61-9e02-9fc77cbbbcc2 tempest-VolumesActionsTest-2029052438 tempest-VolumesActionsTest-2029052438-project-member] Format inspector for vhdx does not match, excluding from consideration (Region signature not found at 30000) {{(pid=102116) _process_chunk /opt/stack/data/venv/lib/python3.12/site-packages/oslo_utils/imageutils/format_inspector.py:1758}}
Jun 04 13:52:28.346867 np0000002150 devstack@g-api.service[102115]: DEBUG glance.api.middleware.version_negotiation [None req-24f8a52c-dc1d-4451-895a-eb42fbe287a9 tempest-VolumesActionsTest-2029052438 tempest-VolumesActionsTest-2029052438-project-member] Determining version of request: GET /v2/images/dcb757d6-58ac-4f69-9db9-96f973ace7f7 Accept: */* {{(pid=102115) process_request /opt/stack/glance/glance/api/middleware/version_negotiation.py:44}}
Jun 04 13:52:28.347323 np0000002150 devstack@g-api.service[102115]: DEBUG glance.api.middleware.version_negotiation [None req-24f8a52c-dc1d-4451-895a-eb42fbe287a9 tempest-VolumesActionsTest-2029052438 tempest-VolumesActionsTest-2029052438-project-member] Using url versioning {{(pid=102115) process_request /opt/stack/glance/glance/api/middleware/version_negotiation.py:57}}
Jun 04 13:52:28.347323 np0000002150 devstack@g-api.service[102115]: DEBUG glance.api.middleware.version_negotiation [None req-24f8a52c-dc1d-4451-895a-eb42fbe287a9 tempest-VolumesActionsTest-2029052438 tempest-VolumesActionsTest-2029052438-project-member] Matched version: v2 {{(pid=102115) process_request /opt/stack/glance/glance/api/middleware/version_negotiation.py:69}}
Jun 04 13:52:28.347323 np0000002150 devstack@g-api.service[102115]: DEBUG glance.api.middleware.version_negotiation [None req-24f8a52c-dc1d-4451-895a-eb42fbe287a9 tempest-VolumesActionsTest-2029052438 tempest-VolumesActionsTest-2029052438-project-member] new path /v2/images/dcb757d6-58ac-4f69-9db9-96f973ace7f7 {{(pid=102115) process_request /opt/stack/glance/glance/api/middleware/version_negotiation.py:70}}
Jun 04 13:52:28.368010 np0000002150 devstack@g-api.service[102115]: [pid: 102115|app: 0|req: 133/395] 127.0.0.1 () {44 vars in 1115 bytes} [Thu Jun 4 13:52:28 2026] GET /v2/images/dcb757d6-58ac-4f69-9db9-96f973ace7f7 => generated 1044 bytes in 21 msecs (HTTP/1.1 200) 4 headers in 158 bytes (1 switches on core 0)
Jun 04 13:52:28.408533 np0000002150 devstack@g-api.service[102117]: DEBUG glance.api.middleware.version_negotiation [None req-56b8b763-9d2e-4347-ba41-6f92a9dd099c tempest-VolumesActionsTest-2029052438 tempest-VolumesActionsTest-2029052438-project-member] Determining version of request: GET /v2/schemas/image Accept: */* {{(pid=102117) process_request /opt/stack/glance/glance/api/middleware/version_negotiation.py:44}}
Jun 04 13:52:28.409187 np0000002150 devstack@g-api.service[102117]: DEBUG glance.api.middleware.version_negotiation [None req-56b8b763-9d2e-4347-ba41-6f92a9dd099c tempest-VolumesActionsTest-2029052438 tempest-VolumesActionsTest-2029052438-project-member] Using url versioning {{(pid=102117) process_request /opt/stack/glance/glance/api/middleware/version_negotiation.py:57}}
Jun 04 13:52:28.409823 np0000002150 devstack@g-api.service[102117]: DEBUG glance.api.middleware.version_negotiation [None req-56b8b763-9d2e-4347-ba41-6f92a9dd099c tempest-VolumesActionsTest-2029052438 tempest-VolumesActionsTest-2029052438-project-member] Matched version: v2 {{(pid=102117) process_request /opt/stack/glance/glance/api/middleware/version_negotiation.py:69}}
Jun 04 13:52:28.409823 np0000002150 devstack@g-api.service[102117]: DEBUG glance.api.middleware.version_negotiation [None req-56b8b763-9d2e-4347-ba41-6f92a9dd099c tempest-VolumesActionsTest-2029052438 tempest-VolumesActionsTest-2029052438-project-member] new path /v2/schemas/image {{(pid=102117) process_request /opt/stack/glance/glance/api/middleware/version_negotiation.py:70}}
Jun 04 13:52:28.414316 np0000002150 devstack@g-api.service[102117]: [pid: 102117|app: 0|req: 134/396] 127.0.0.1 () {44 vars in 1055 bytes} [Thu Jun 4 13:52:28 2026] GET /v2/schemas/image => generated 6083 bytes in 5 msecs (HTTP/1.1 200) 4 headers in 158 bytes (1 switches on core 0)
Jun 04 13:52:28.822768 np0000002150 devstack@g-api.service[102115]: DEBUG glance.api.middleware.version_negotiation [None req-5a7ce13a-6f2a-46a5-993d-29e26b480d24 tempest-VolumesBackupsTest-1577280363 tempest-VolumesBackupsTest-1577280363-project-member] Determining version of request: GET /v2/images/0f63167e-7c51-48bd-8a39-bb3821ffe9e1 Accept: application/json {{(pid=102115) process_request /opt/stack/glance/glance/api/middleware/version_negotiation.py:44}}
Jun 04 13:52:28.822982 np0000002150 devstack@g-api.service[102115]: DEBUG glance.api.middleware.version_negotiation [None req-5a7ce13a-6f2a-46a5-993d-29e26b480d24 tempest-VolumesBackupsTest-1577280363 tempest-VolumesBackupsTest-1577280363-project-member] Using url versioning {{(pid=102115) process_request /opt/stack/glance/glance/api/middleware/version_negotiation.py:57}}
Jun 04 13:52:28.824577 np0000002150 devstack@g-api.service[102115]: DEBUG glance.api.middleware.version_negotiation [None req-5a7ce13a-6f2a-46a5-993d-29e26b480d24 tempest-VolumesBackupsTest-1577280363 tempest-VolumesBackupsTest-1577280363-project-member] Matched version: v2 {{(pid=102115) process_request /opt/stack/glance/glance/api/middleware/version_negotiation.py:69}}
Jun 04 13:52:28.824730 np0000002150 devstack@g-api.service[102115]: DEBUG glance.api.middleware.version_negotiation [None req-5a7ce13a-6f2a-46a5-993d-29e26b480d24 tempest-VolumesBackupsTest-1577280363 tempest-VolumesBackupsTest-1577280363-project-member] new path /v2/images/0f63167e-7c51-48bd-8a39-bb3821ffe9e1 {{(pid=102115) process_request /opt/stack/glance/glance/api/middleware/version_negotiation.py:70}}
Jun 04 13:52:28.840417 np0000002150 devstack@g-api.service[102115]: [pid: 102115|app: 0|req: 134/397] 127.0.0.1 () {40 vars in 838 bytes} [Thu Jun 4 13:52:28 2026] GET /v2/images/0f63167e-7c51-48bd-8a39-bb3821ffe9e1 => generated 650 bytes in 17 msecs (HTTP/1.1 200) 4 headers in 157 bytes (1 switches on core 0)
Jun 04 13:52:29.849461 np0000002150 devstack@g-api.service[102117]: DEBUG glance.api.middleware.version_negotiation [None req-5a7ce13a-6f2a-46a5-993d-29e26b480d24 tempest-VolumesBackupsTest-1577280363 tempest-VolumesBackupsTest-1577280363-project-member] Determining version of request: GET /v2/images/0f63167e-7c51-48bd-8a39-bb3821ffe9e1 Accept: application/json {{(pid=102117) process_request /opt/stack/glance/glance/api/middleware/version_negotiation.py:44}}
Jun 04 13:52:29.849461 np0000002150 devstack@g-api.service[102117]: DEBUG glance.api.middleware.version_negotiation [None req-5a7ce13a-6f2a-46a5-993d-29e26b480d24 tempest-VolumesBackupsTest-1577280363 tempest-VolumesBackupsTest-1577280363-project-member] Using url versioning {{(pid=102117) process_request /opt/stack/glance/glance/api/middleware/version_negotiation.py:57}}
Jun 04 13:52:29.849461 np0000002150 devstack@g-api.service[102117]: DEBUG glance.api.middleware.version_negotiation [None req-5a7ce13a-6f2a-46a5-993d-29e26b480d24 tempest-VolumesBackupsTest-1577280363 tempest-VolumesBackupsTest-1577280363-project-member] Matched version: v2 {{(pid=102117) process_request /opt/stack/glance/glance/api/middleware/version_negotiation.py:69}}
Jun 04 13:52:29.849461 np0000002150 devstack@g-api.service[102117]: DEBUG glance.api.middleware.version_negotiation [None req-5a7ce13a-6f2a-46a5-993d-29e26b480d24 tempest-VolumesBackupsTest-1577280363 tempest-VolumesBackupsTest-1577280363-project-member] new path /v2/images/0f63167e-7c51-48bd-8a39-bb3821ffe9e1 {{(pid=102117) process_request /opt/stack/glance/glance/api/middleware/version_negotiation.py:70}}
Jun 04 13:52:29.872580 np0000002150 devstack@g-api.service[102117]: [pid: 102117|app: 0|req: 135/398] 127.0.0.1 () {40 vars in 838 bytes} [Thu Jun 4 13:52:29 2026] GET /v2/images/0f63167e-7c51-48bd-8a39-bb3821ffe9e1 => generated 650 bytes in 23 msecs (HTTP/1.1 200) 4 headers in 157 bytes (1 switches on core 0)
Jun 04 13:52:30.893126 np0000002150 devstack@g-api.service[102115]: DEBUG glance.api.middleware.version_negotiation [None req-30b4e7b8-1194-4531-813f-ed744f204cab tempest-VolumesActionsTest-2029052438 tempest-VolumesActionsTest-2029052438-project-member] Determining version of request: GET /v2/images/0f63167e-7c51-48bd-8a39-bb3821ffe9e1 Accept: application/json {{(pid=102115) process_request /opt/stack/glance/glance/api/middleware/version_negotiation.py:44}}
Jun 04 13:52:30.896040 np0000002150 devstack@g-api.service[102115]: DEBUG glance.api.middleware.version_negotiation [None req-30b4e7b8-1194-4531-813f-ed744f204cab tempest-VolumesActionsTest-2029052438 tempest-VolumesActionsTest-2029052438-project-member] Using url versioning {{(pid=102115) process_request /opt/stack/glance/glance/api/middleware/version_negotiation.py:57}}
Jun 04 13:52:30.896040 np0000002150 devstack@g-api.service[102115]: DEBUG glance.api.middleware.version_negotiation [None req-30b4e7b8-1194-4531-813f-ed744f204cab tempest-VolumesActionsTest-2029052438 tempest-VolumesActionsTest-2029052438-project-member] Matched version: v2 {{(pid=102115) process_request /opt/stack/glance/glance/api/middleware/version_negotiation.py:69}}
Jun 04 13:52:30.896040 np0000002150 devstack@g-api.service[102115]: DEBUG glance.api.middleware.version_negotiation [None req-30b4e7b8-1194-4531-813f-ed744f204cab tempest-VolumesActionsTest-2029052438 tempest-VolumesActionsTest-2029052438-project-member] new path /v2/images/0f63167e-7c51-48bd-8a39-bb3821ffe9e1 {{(pid=102115) process_request /opt/stack/glance/glance/api/middleware/version_negotiation.py:70}}
Jun 04 13:52:30.941017 np0000002150 devstack@g-api.service[102115]: [pid: 102115|app: 0|req: 135/399] 127.0.0.1 () {40 vars in 838 bytes} [Thu Jun 4 13:52:30 2026] GET /v2/images/0f63167e-7c51-48bd-8a39-bb3821ffe9e1 => generated 650 bytes in 56 msecs (HTTP/1.1 200) 4 headers in 157 bytes (1 switches on core 0)
Jun 04 13:52:31.389370 np0000002150 devstack@g-api.service[102116]: DEBUG swiftclient [None req-a0ff3d69-4df7-4d61-9e02-9fc77cbbbcc2 tempest-VolumesActionsTest-2029052438 tempest-VolumesActionsTest-2029052438-project-member] REQ: curl -i https://10.4.3.177:8080/v1/AUTH_24cfd375b031475ea4ccc1791a83be19/glance/0f63167e-7c51-48bd-8a39-bb3821ffe9e1-00001 -X PUT -H "X-Auth-Token: gAAAAABqIYMbKIm3..." {{(pid=102116) http_log /opt/stack/data/venv/lib/python3.12/site-packages/swiftclient/client.py:160}}
Jun 04 13:52:31.389370 np0000002150 devstack@g-api.service[102116]: DEBUG swiftclient [None req-a0ff3d69-4df7-4d61-9e02-9fc77cbbbcc2 tempest-VolumesActionsTest-2029052438 tempest-VolumesActionsTest-2029052438-project-member] RESP STATUS: 201 Created {{(pid=102116) http_log /opt/stack/data/venv/lib/python3.12/site-packages/swiftclient/client.py:161}}
Jun 04 13:52:31.389663 np0000002150 devstack@g-api.service[102116]: DEBUG swiftclient [None req-a0ff3d69-4df7-4d61-9e02-9fc77cbbbcc2 tempest-VolumesActionsTest-2029052438 tempest-VolumesActionsTest-2029052438-project-member] RESP HEADERS: {'Date': 'Thu, 04 Jun 2026 13:52:31 GMT', 'Server': 'Apache/2.4.58 (Ubuntu)', 'Content-Type': 'text/html; charset=UTF-8', 'Content-Length': '0', 'Etag': 'eda9a9889837ac4bc81d6387d92c1bec', 'Last-Modified': 'Thu, 04 Jun 2026 13:52:29 GMT', 'X-Trans-Id': 'tx86df6e1d675649fe8ed8a-006a21831c', 'X-Openstack-Request-Id': 'tx86df6e1d675649fe8ed8a-006a21831c', 'Connection': 'close'} {{(pid=102116) http_log /opt/stack/data/venv/lib/python3.12/site-packages/swiftclient/client.py:162}}
Jun 04 13:52:31.390439 np0000002150 devstack@g-api.service[102116]: DEBUG glance_store._drivers.swift.store [None req-a0ff3d69-4df7-4d61-9e02-9fc77cbbbcc2 tempest-VolumesActionsTest-2029052438 tempest-VolumesActionsTest-2029052438-project-member] Wrote chunk 0f63167e-7c51-48bd-8a39-bb3821ffe9e1-00001 (1/?) of length 204800000 to Swift returning MD5 of content: eda9a9889837ac4bc81d6387d92c1bec {{(pid=102116) add /opt/stack/data/venv/lib/python3.12/site-packages/glance_store/_drivers/swift/store.py:1059}}
Jun 04 13:52:31.950762 np0000002150 devstack@g-api.service[102117]: DEBUG glance.api.middleware.version_negotiation [None req-4bc26d82-f8df-4b82-8f1f-97fd404dd5f0 tempest-VolumesActionsTest-2029052438 tempest-VolumesActionsTest-2029052438-project-member] Determining version of request: GET /v2/images/0f63167e-7c51-48bd-8a39-bb3821ffe9e1 Accept: application/json {{(pid=102117) process_request /opt/stack/glance/glance/api/middleware/version_negotiation.py:44}}
Jun 04 13:52:31.951200 np0000002150 devstack@g-api.service[102117]: DEBUG glance.api.middleware.version_negotiation [None req-4bc26d82-f8df-4b82-8f1f-97fd404dd5f0 tempest-VolumesActionsTest-2029052438 tempest-VolumesActionsTest-2029052438-project-member] Using url versioning {{(pid=102117) process_request /opt/stack/glance/glance/api/middleware/version_negotiation.py:57}}
Jun 04 13:52:31.951264 np0000002150 devstack@g-api.service[102117]: DEBUG glance.api.middleware.version_negotiation [None req-4bc26d82-f8df-4b82-8f1f-97fd404dd5f0 tempest-VolumesActionsTest-2029052438 tempest-VolumesActionsTest-2029052438-project-member] Matched version: v2 {{(pid=102117) process_request /opt/stack/glance/glance/api/middleware/version_negotiation.py:69}}
Jun 04 13:52:31.952505 np0000002150 devstack@g-api.service[102117]: DEBUG glance.api.middleware.version_negotiation [None req-4bc26d82-f8df-4b82-8f1f-97fd404dd5f0 tempest-VolumesActionsTest-2029052438 tempest-VolumesActionsTest-2029052438-project-member] new path /v2/images/0f63167e-7c51-48bd-8a39-bb3821ffe9e1 {{(pid=102117) process_request /opt/stack/glance/glance/api/middleware/version_negotiation.py:70}}
Jun 04 13:52:31.962345 np0000002150 devstack@g-api.service[102117]: [pid: 102117|app: 0|req: 136/400] 127.0.0.1 () {40 vars in 838 bytes} [Thu Jun 4 13:52:31 2026] GET /v2/images/0f63167e-7c51-48bd-8a39-bb3821ffe9e1 => generated 650 bytes in 12 msecs (HTTP/1.1 200) 4 headers in 157 bytes (1 switches on core 0)
Jun 04 13:52:32.975445 np0000002150 devstack@g-api.service[102115]: DEBUG glance.api.middleware.version_negotiation [None req-1a005b68-0633-479f-83b7-55f132dca9ec tempest-VolumesActionsTest-2029052438 tempest-VolumesActionsTest-2029052438-project-member] Determining version of request: GET /v2/images/0f63167e-7c51-48bd-8a39-bb3821ffe9e1 Accept: application/json {{(pid=102115) process_request /opt/stack/glance/glance/api/middleware/version_negotiation.py:44}}
Jun 04 13:52:32.975914 np0000002150 devstack@g-api.service[102115]: DEBUG glance.api.middleware.version_negotiation [None req-1a005b68-0633-479f-83b7-55f132dca9ec tempest-VolumesActionsTest-2029052438 tempest-VolumesActionsTest-2029052438-project-member] Using url versioning {{(pid=102115) process_request /opt/stack/glance/glance/api/middleware/version_negotiation.py:57}}
Jun 04 13:52:32.975914 np0000002150 devstack@g-api.service[102115]: DEBUG glance.api.middleware.version_negotiation [None req-1a005b68-0633-479f-83b7-55f132dca9ec tempest-VolumesActionsTest-2029052438 tempest-VolumesActionsTest-2029052438-project-member] Matched version: v2 {{(pid=102115) process_request /opt/stack/glance/glance/api/middleware/version_negotiation.py:69}}
Jun 04 13:52:32.976110 np0000002150 devstack@g-api.service[102115]: DEBUG glance.api.middleware.version_negotiation [None req-1a005b68-0633-479f-83b7-55f132dca9ec tempest-VolumesActionsTest-2029052438 tempest-VolumesActionsTest-2029052438-project-member] new path /v2/images/0f63167e-7c51-48bd-8a39-bb3821ffe9e1 {{(pid=102115) process_request /opt/stack/glance/glance/api/middleware/version_negotiation.py:70}}
Jun 04 13:52:32.999470 np0000002150 devstack@g-api.service[102115]: [pid: 102115|app: 0|req: 136/401] 127.0.0.1 () {40 vars in 838 bytes} [Thu Jun 4 13:52:32 2026] GET /v2/images/0f63167e-7c51-48bd-8a39-bb3821ffe9e1 => generated 650 bytes in 22 msecs (HTTP/1.1 200) 4 headers in 157 bytes (1 switches on core 0)
Jun 04 13:52:33.667586 np0000002150 devstack@g-api.service[102116]: DEBUG swiftclient [None req-a0ff3d69-4df7-4d61-9e02-9fc77cbbbcc2 tempest-VolumesActionsTest-2029052438 tempest-VolumesActionsTest-2029052438-project-member] REQ: curl -i https://10.4.3.177:8080/v1/AUTH_24cfd375b031475ea4ccc1791a83be19/glance/0f63167e-7c51-48bd-8a39-bb3821ffe9e1-00002 -X PUT -H "X-Auth-Token: gAAAAABqIYMbKIm3..." {{(pid=102116) http_log /opt/stack/data/venv/lib/python3.12/site-packages/swiftclient/client.py:160}}
Jun 04 13:52:33.667956 np0000002150 devstack@g-api.service[102116]: DEBUG swiftclient [None req-a0ff3d69-4df7-4d61-9e02-9fc77cbbbcc2 tempest-VolumesActionsTest-2029052438 tempest-VolumesActionsTest-2029052438-project-member] RESP STATUS: 201 Created {{(pid=102116) http_log /opt/stack/data/venv/lib/python3.12/site-packages/swiftclient/client.py:161}}
Jun 04 13:52:33.667956 np0000002150 devstack@g-api.service[102116]: DEBUG swiftclient [None req-a0ff3d69-4df7-4d61-9e02-9fc77cbbbcc2 tempest-VolumesActionsTest-2029052438 tempest-VolumesActionsTest-2029052438-project-member] RESP HEADERS: {'Date': 'Thu, 04 Jun 2026 13:52:33 GMT', 'Server': 'Apache/2.4.58 (Ubuntu)', 'Content-Type': 'text/html; charset=UTF-8', 'Content-Length': '0', 'Etag': 'eda9a9889837ac4bc81d6387d92c1bec', 'Last-Modified': 'Thu, 04 Jun 2026 13:52:32 GMT', 'X-Trans-Id': 'tx4231e654c4b14cd8b579a-006a21831f', 'X-Openstack-Request-Id': 'tx4231e654c4b14cd8b579a-006a21831f', 'Connection': 'close'} {{(pid=102116) http_log /opt/stack/data/venv/lib/python3.12/site-packages/swiftclient/client.py:162}}
Jun 04 13:52:33.667956 np0000002150 devstack@g-api.service[102116]: DEBUG glance_store._drivers.swift.store [None req-a0ff3d69-4df7-4d61-9e02-9fc77cbbbcc2 tempest-VolumesActionsTest-2029052438 tempest-VolumesActionsTest-2029052438-project-member] Wrote chunk 0f63167e-7c51-48bd-8a39-bb3821ffe9e1-00002 (2/?) of length 204800000 to Swift returning MD5 of content: eda9a9889837ac4bc81d6387d92c1bec {{(pid=102116) add /opt/stack/data/venv/lib/python3.12/site-packages/glance_store/_drivers/swift/store.py:1059}}
Jun 04 13:52:34.013920 np0000002150 devstack@g-api.service[102117]: DEBUG glance.api.middleware.version_negotiation [None req-f68575f9-9478-424a-85a8-86d7b981f7e3 tempest-VolumesActionsTest-2029052438 tempest-VolumesActionsTest-2029052438-project-member] Determining version of request: GET /v2/images/0f63167e-7c51-48bd-8a39-bb3821ffe9e1 Accept: application/json {{(pid=102117) process_request /opt/stack/glance/glance/api/middleware/version_negotiation.py:44}}
Jun 04 13:52:34.014371 np0000002150 devstack@g-api.service[102117]: DEBUG glance.api.middleware.version_negotiation [None req-f68575f9-9478-424a-85a8-86d7b981f7e3 tempest-VolumesActionsTest-2029052438 tempest-VolumesActionsTest-2029052438-project-member] Using url versioning {{(pid=102117) process_request /opt/stack/glance/glance/api/middleware/version_negotiation.py:57}}
Jun 04 13:52:34.014371 np0000002150 devstack@g-api.service[102117]: DEBUG glance.api.middleware.version_negotiation [None req-f68575f9-9478-424a-85a8-86d7b981f7e3 tempest-VolumesActionsTest-2029052438 tempest-VolumesActionsTest-2029052438-project-member] Matched version: v2 {{(pid=102117) process_request /opt/stack/glance/glance/api/middleware/version_negotiation.py:69}}
Jun 04 13:52:34.014371 np0000002150 devstack@g-api.service[102117]: DEBUG glance.api.middleware.version_negotiation [None req-f68575f9-9478-424a-85a8-86d7b981f7e3 tempest-VolumesActionsTest-2029052438 tempest-VolumesActionsTest-2029052438-project-member] new path /v2/images/0f63167e-7c51-48bd-8a39-bb3821ffe9e1 {{(pid=102117) process_request /opt/stack/glance/glance/api/middleware/version_negotiation.py:70}}
Jun 04 13:52:34.028231 np0000002150 devstack@g-api.service[102117]: [pid: 102117|app: 0|req: 137/402] 127.0.0.1 () {40 vars in 838 bytes} [Thu Jun 4 13:52:34 2026] GET /v2/images/0f63167e-7c51-48bd-8a39-bb3821ffe9e1 => generated 650 bytes in 14 msecs (HTTP/1.1 200) 4 headers in 157 bytes (1 switches on core 0)
Jun 04 13:52:35.040409 np0000002150 devstack@g-api.service[102115]: DEBUG glance.api.middleware.version_negotiation [None req-cac6dcb7-e277-4b4a-8331-dc2e9ee170d4 tempest-VolumesActionsTest-2029052438 tempest-VolumesActionsTest-2029052438-project-member] Determining version of request: GET /v2/images/0f63167e-7c51-48bd-8a39-bb3821ffe9e1 Accept: application/json {{(pid=102115) process_request /opt/stack/glance/glance/api/middleware/version_negotiation.py:44}}
Jun 04 13:52:35.040409 np0000002150 devstack@g-api.service[102115]: DEBUG glance.api.middleware.version_negotiation [None req-cac6dcb7-e277-4b4a-8331-dc2e9ee170d4 tempest-VolumesActionsTest-2029052438 tempest-VolumesActionsTest-2029052438-project-member] Using url versioning {{(pid=102115) process_request /opt/stack/glance/glance/api/middleware/version_negotiation.py:57}}
Jun 04 13:52:35.040409 np0000002150 devstack@g-api.service[102115]: DEBUG glance.api.middleware.version_negotiation [None req-cac6dcb7-e277-4b4a-8331-dc2e9ee170d4 tempest-VolumesActionsTest-2029052438 tempest-VolumesActionsTest-2029052438-project-member] Matched version: v2 {{(pid=102115) process_request /opt/stack/glance/glance/api/middleware/version_negotiation.py:69}}
Jun 04 13:52:35.040409 np0000002150 devstack@g-api.service[102115]: DEBUG glance.api.middleware.version_negotiation [None req-cac6dcb7-e277-4b4a-8331-dc2e9ee170d4 tempest-VolumesActionsTest-2029052438 tempest-VolumesActionsTest-2029052438-project-member] new path /v2/images/0f63167e-7c51-48bd-8a39-bb3821ffe9e1 {{(pid=102115) process_request /opt/stack/glance/glance/api/middleware/version_negotiation.py:70}}
Jun 04 13:52:35.052820 np0000002150 devstack@g-api.service[102115]: [pid: 102115|app: 0|req: 137/403] 127.0.0.1 () {40 vars in 838 bytes} [Thu Jun 4 13:52:35 2026] GET /v2/images/0f63167e-7c51-48bd-8a39-bb3821ffe9e1 => generated 650 bytes in 14 msecs (HTTP/1.1 200) 4 headers in 157 bytes (1 switches on core 0)
Jun 04 13:52:35.723222 np0000002150 devstack@g-api.service[102116]: DEBUG swiftclient [None req-a0ff3d69-4df7-4d61-9e02-9fc77cbbbcc2 tempest-VolumesActionsTest-2029052438 tempest-VolumesActionsTest-2029052438-project-member] REQ: curl -i https://10.4.3.177:8080/v1/AUTH_24cfd375b031475ea4ccc1791a83be19/glance/0f63167e-7c51-48bd-8a39-bb3821ffe9e1-00003 -X PUT -H "X-Auth-Token: gAAAAABqIYMbKIm3..." {{(pid=102116) http_log /opt/stack/data/venv/lib/python3.12/site-packages/swiftclient/client.py:160}}
Jun 04 13:52:35.723551 np0000002150 devstack@g-api.service[102116]: DEBUG swiftclient [None req-a0ff3d69-4df7-4d61-9e02-9fc77cbbbcc2 tempest-VolumesActionsTest-2029052438 tempest-VolumesActionsTest-2029052438-project-member] RESP STATUS: 201 Created {{(pid=102116) http_log /opt/stack/data/venv/lib/python3.12/site-packages/swiftclient/client.py:161}}
Jun 04 13:52:35.723694 np0000002150 devstack@g-api.service[102116]: DEBUG swiftclient [None req-a0ff3d69-4df7-4d61-9e02-9fc77cbbbcc2 tempest-VolumesActionsTest-2029052438 tempest-VolumesActionsTest-2029052438-project-member] RESP HEADERS: {'Date': 'Thu, 04 Jun 2026 13:52:35 GMT', 'Server': 'Apache/2.4.58 (Ubuntu)', 'Content-Type': 'text/html; charset=UTF-8', 'Content-Length': '0', 'Etag': 'eda9a9889837ac4bc81d6387d92c1bec', 'Last-Modified': 'Thu, 04 Jun 2026 13:52:34 GMT', 'X-Trans-Id': 'tx4db1b75a2c5741a4be190-006a218321', 'X-Openstack-Request-Id': 'tx4db1b75a2c5741a4be190-006a218321', 'Connection': 'close'} {{(pid=102116) http_log /opt/stack/data/venv/lib/python3.12/site-packages/swiftclient/client.py:162}}
Jun 04 13:52:35.723897 np0000002150 devstack@g-api.service[102116]: DEBUG glance_store._drivers.swift.store [None req-a0ff3d69-4df7-4d61-9e02-9fc77cbbbcc2 tempest-VolumesActionsTest-2029052438 tempest-VolumesActionsTest-2029052438-project-member] Wrote chunk 0f63167e-7c51-48bd-8a39-bb3821ffe9e1-00003 (3/?) of length 204800000 to Swift returning MD5 of content: eda9a9889837ac4bc81d6387d92c1bec {{(pid=102116) add /opt/stack/data/venv/lib/python3.12/site-packages/glance_store/_drivers/swift/store.py:1059}}
Jun 04 13:52:36.065685 np0000002150 devstack@g-api.service[102117]: DEBUG glance.api.middleware.version_negotiation [None req-3b599519-1ae0-40fd-aeeb-bb0f10e0a3c2 tempest-VolumesActionsTest-2029052438 tempest-VolumesActionsTest-2029052438-project-member] Determining version of request: GET /v2/images/0f63167e-7c51-48bd-8a39-bb3821ffe9e1 Accept: application/json {{(pid=102117) process_request /opt/stack/glance/glance/api/middleware/version_negotiation.py:44}}
Jun 04 13:52:36.065685 np0000002150 devstack@g-api.service[102117]: DEBUG glance.api.middleware.version_negotiation [None req-3b599519-1ae0-40fd-aeeb-bb0f10e0a3c2 tempest-VolumesActionsTest-2029052438 tempest-VolumesActionsTest-2029052438-project-member] Using url versioning {{(pid=102117) process_request /opt/stack/glance/glance/api/middleware/version_negotiation.py:57}}
Jun 04 13:52:36.065685 np0000002150 devstack@g-api.service[102117]: DEBUG glance.api.middleware.version_negotiation [None req-3b599519-1ae0-40fd-aeeb-bb0f10e0a3c2 tempest-VolumesActionsTest-2029052438 tempest-VolumesActionsTest-2029052438-project-member] Matched version: v2 {{(pid=102117) process_request /opt/stack/glance/glance/api/middleware/version_negotiation.py:69}}
Jun 04 13:52:36.065685 np0000002150 devstack@g-api.service[102117]: DEBUG glance.api.middleware.version_negotiation [None req-3b599519-1ae0-40fd-aeeb-bb0f10e0a3c2 tempest-VolumesActionsTest-2029052438 tempest-VolumesActionsTest-2029052438-project-member] new path /v2/images/0f63167e-7c51-48bd-8a39-bb3821ffe9e1 {{(pid=102117) process_request /opt/stack/glance/glance/api/middleware/version_negotiation.py:70}}
Jun 04 13:52:36.078947 np0000002150 devstack@g-api.service[102117]: [pid: 102117|app: 0|req: 138/404] 127.0.0.1 () {40 vars in 838 bytes} [Thu Jun 4 13:52:36 2026] GET /v2/images/0f63167e-7c51-48bd-8a39-bb3821ffe9e1 => generated 650 bytes in 15 msecs (HTTP/1.1 200) 4 headers in 157 bytes (1 switches on core 0)
Jun 04 13:52:37.091328 np0000002150 devstack@g-api.service[102115]: DEBUG glance.api.middleware.version_negotiation [None req-2f1c9bdc-6bb4-4b5d-b735-fbad5cece5c4 tempest-VolumesActionsTest-2029052438 tempest-VolumesActionsTest-2029052438-project-member] Determining version of request: GET /v2/images/0f63167e-7c51-48bd-8a39-bb3821ffe9e1 Accept: application/json {{(pid=102115) process_request /opt/stack/glance/glance/api/middleware/version_negotiation.py:44}}
Jun 04 13:52:37.091745 np0000002150 devstack@g-api.service[102115]: DEBUG glance.api.middleware.version_negotiation [None req-2f1c9bdc-6bb4-4b5d-b735-fbad5cece5c4 tempest-VolumesActionsTest-2029052438 tempest-VolumesActionsTest-2029052438-project-member] Using url versioning {{(pid=102115) process_request /opt/stack/glance/glance/api/middleware/version_negotiation.py:57}}
Jun 04 13:52:37.091745 np0000002150 devstack@g-api.service[102115]: DEBUG glance.api.middleware.version_negotiation [None req-2f1c9bdc-6bb4-4b5d-b735-fbad5cece5c4 tempest-VolumesActionsTest-2029052438 tempest-VolumesActionsTest-2029052438-project-member] Matched version: v2 {{(pid=102115) process_request /opt/stack/glance/glance/api/middleware/version_negotiation.py:69}}
Jun 04 13:52:37.091859 np0000002150 devstack@g-api.service[102115]: DEBUG glance.api.middleware.version_negotiation [None req-2f1c9bdc-6bb4-4b5d-b735-fbad5cece5c4 tempest-VolumesActionsTest-2029052438 tempest-VolumesActionsTest-2029052438-project-member] new path /v2/images/0f63167e-7c51-48bd-8a39-bb3821ffe9e1 {{(pid=102115) process_request /opt/stack/glance/glance/api/middleware/version_negotiation.py:70}}
Jun 04 13:52:37.111255 np0000002150 devstack@g-api.service[102115]: [pid: 102115|app: 0|req: 138/405] 127.0.0.1 () {40 vars in 838 bytes} [Thu Jun 4 13:52:37 2026] GET /v2/images/0f63167e-7c51-48bd-8a39-bb3821ffe9e1 => generated 650 bytes in 19 msecs (HTTP/1.1 200) 4 headers in 157 bytes (1 switches on core 0)
Jun 04 13:52:37.926637 np0000002150 devstack@g-api.service[102116]: DEBUG dbcounter [-] [102116] Writing DB stats glance:SELECT=38,glance:UPDATE=3,glance:INSERT=2 {{(pid=102116) stat_writer /opt/stack/data/venv/lib/python3.12/site-packages/dbcounter.py:115}}
Jun 04 13:52:38.119248 np0000002150 devstack@g-api.service[102117]: DEBUG glance.api.middleware.version_negotiation [None req-7848b545-b4fa-4074-a2ee-221c5a4e9188 tempest-VolumesActionsTest-2029052438 tempest-VolumesActionsTest-2029052438-project-member] Determining version of request: GET /v2/images/0f63167e-7c51-48bd-8a39-bb3821ffe9e1 Accept: application/json {{(pid=102117) process_request /opt/stack/glance/glance/api/middleware/version_negotiation.py:44}}
Jun 04 13:52:38.119248 np0000002150 devstack@g-api.service[102117]: DEBUG glance.api.middleware.version_negotiation [None req-7848b545-b4fa-4074-a2ee-221c5a4e9188 tempest-VolumesActionsTest-2029052438 tempest-VolumesActionsTest-2029052438-project-member] Using url versioning {{(pid=102117) process_request /opt/stack/glance/glance/api/middleware/version_negotiation.py:57}}
Jun 04 13:52:38.119248 np0000002150 devstack@g-api.service[102117]: DEBUG glance.api.middleware.version_negotiation [None req-7848b545-b4fa-4074-a2ee-221c5a4e9188 tempest-VolumesActionsTest-2029052438 tempest-VolumesActionsTest-2029052438-project-member] Matched version: v2 {{(pid=102117) process_request /opt/stack/glance/glance/api/middleware/version_negotiation.py:69}}
Jun 04 13:52:38.119248 np0000002150 devstack@g-api.service[102117]: DEBUG glance.api.middleware.version_negotiation [None req-7848b545-b4fa-4074-a2ee-221c5a4e9188 tempest-VolumesActionsTest-2029052438 tempest-VolumesActionsTest-2029052438-project-member] new path /v2/images/0f63167e-7c51-48bd-8a39-bb3821ffe9e1 {{(pid=102117) process_request /opt/stack/glance/glance/api/middleware/version_negotiation.py:70}}
Jun 04 13:52:38.128396 np0000002150 devstack@g-api.service[102117]: [pid: 102117|app: 0|req: 139/406] 127.0.0.1 () {40 vars in 838 bytes} [Thu Jun 4 13:52:38 2026] GET /v2/images/0f63167e-7c51-48bd-8a39-bb3821ffe9e1 => generated 650 bytes in 10 msecs (HTTP/1.1 200) 4 headers in 157 bytes (1 switches on core 0)
Jun 04 13:52:38.311311 np0000002150 devstack@g-api.service[102116]: DEBUG swiftclient [None req-a0ff3d69-4df7-4d61-9e02-9fc77cbbbcc2 tempest-VolumesActionsTest-2029052438 tempest-VolumesActionsTest-2029052438-project-member] REQ: curl -i https://10.4.3.177:8080/v1/AUTH_24cfd375b031475ea4ccc1791a83be19/glance/0f63167e-7c51-48bd-8a39-bb3821ffe9e1-00004 -X PUT -H "X-Auth-Token: gAAAAABqIYMbKIm3..." {{(pid=102116) http_log /opt/stack/data/venv/lib/python3.12/site-packages/swiftclient/client.py:160}}
Jun 04 13:52:38.311311 np0000002150 devstack@g-api.service[102116]: DEBUG swiftclient [None req-a0ff3d69-4df7-4d61-9e02-9fc77cbbbcc2 tempest-VolumesActionsTest-2029052438 tempest-VolumesActionsTest-2029052438-project-member] RESP STATUS: 201 Created {{(pid=102116) http_log /opt/stack/data/venv/lib/python3.12/site-packages/swiftclient/client.py:161}}
Jun 04 13:52:38.311311 np0000002150 devstack@g-api.service[102116]: DEBUG swiftclient [None req-a0ff3d69-4df7-4d61-9e02-9fc77cbbbcc2 tempest-VolumesActionsTest-2029052438 tempest-VolumesActionsTest-2029052438-project-member] RESP HEADERS: {'Date': 'Thu, 04 Jun 2026 13:52:38 GMT', 'Server': 'Apache/2.4.58 (Ubuntu)', 'Content-Type': 'text/html; charset=UTF-8', 'Content-Length': '0', 'Etag': 'eda9a9889837ac4bc81d6387d92c1bec', 'Last-Modified': 'Thu, 04 Jun 2026 13:52:36 GMT', 'X-Trans-Id': 'txb67bebe193bc4336848bb-006a218323', 'X-Openstack-Request-Id': 'txb67bebe193bc4336848bb-006a218323', 'Connection': 'close'} {{(pid=102116) http_log /opt/stack/data/venv/lib/python3.12/site-packages/swiftclient/client.py:162}}
Jun 04 13:52:38.311311 np0000002150 devstack@g-api.service[102116]: DEBUG glance_store._drivers.swift.store [None req-a0ff3d69-4df7-4d61-9e02-9fc77cbbbcc2 tempest-VolumesActionsTest-2029052438 tempest-VolumesActionsTest-2029052438-project-member] Wrote chunk 0f63167e-7c51-48bd-8a39-bb3821ffe9e1-00004 (4/?) of length 204800000 to Swift returning MD5 of content: eda9a9889837ac4bc81d6387d92c1bec {{(pid=102116) add /opt/stack/data/venv/lib/python3.12/site-packages/glance_store/_drivers/swift/store.py:1059}}
Jun 04 13:52:38.374109 np0000002150 devstack@g-api.service[102115]: DEBUG glance.api.middleware.version_negotiation [None req-738a6b1f-f892-4ef2-913e-7cab9dc0ac9c tempest-VolumesActionsTest-2029052438 tempest-VolumesActionsTest-2029052438-project-member] Determining version of request: GET /v2/schemas/image Accept: */* {{(pid=102115) process_request /opt/stack/glance/glance/api/middleware/version_negotiation.py:44}}
Jun 04 13:52:38.374448 np0000002150 devstack@g-api.service[102115]: DEBUG glance.api.middleware.version_negotiation [None req-738a6b1f-f892-4ef2-913e-7cab9dc0ac9c tempest-VolumesActionsTest-2029052438 tempest-VolumesActionsTest-2029052438-project-member] Using url versioning {{(pid=102115) process_request /opt/stack/glance/glance/api/middleware/version_negotiation.py:57}}
Jun 04 13:52:38.374448 np0000002150 devstack@g-api.service[102115]: DEBUG glance.api.middleware.version_negotiation [None req-738a6b1f-f892-4ef2-913e-7cab9dc0ac9c tempest-VolumesActionsTest-2029052438 tempest-VolumesActionsTest-2029052438-project-member] Matched version: v2 {{(pid=102115) process_request /opt/stack/glance/glance/api/middleware/version_negotiation.py:69}}
Jun 04 13:52:38.374539 np0000002150 devstack@g-api.service[102115]: DEBUG glance.api.middleware.version_negotiation [None req-738a6b1f-f892-4ef2-913e-7cab9dc0ac9c tempest-VolumesActionsTest-2029052438 tempest-VolumesActionsTest-2029052438-project-member] new path /v2/schemas/image {{(pid=102115) process_request /opt/stack/glance/glance/api/middleware/version_negotiation.py:70}}
Jun 04 13:52:38.380430 np0000002150 devstack@g-api.service[102115]: [pid: 102115|app: 0|req: 139/407] 127.0.0.1 () {44 vars in 1055 bytes} [Thu Jun 4 13:52:38 2026] GET /v2/schemas/image => generated 6083 bytes in 6 msecs (HTTP/1.1 200) 4 headers in 158 bytes (1 switches on core 0)
Jun 04 13:52:38.419519 np0000002150 devstack@g-api.service[102117]: DEBUG glance.api.middleware.version_negotiation [None req-a29eae15-1415-49f8-be12-ebb75f9a0d92 tempest-VolumesActionsTest-2029052438 tempest-VolumesActionsTest-2029052438-project-member] Determining version of request: POST /v2/images Accept: */* {{(pid=102117) process_request /opt/stack/glance/glance/api/middleware/version_negotiation.py:44}}
Jun 04 13:52:38.419519 np0000002150 devstack@g-api.service[102117]: DEBUG glance.api.middleware.version_negotiation [None req-a29eae15-1415-49f8-be12-ebb75f9a0d92 tempest-VolumesActionsTest-2029052438 tempest-VolumesActionsTest-2029052438-project-member] Using url versioning {{(pid=102117) process_request /opt/stack/glance/glance/api/middleware/version_negotiation.py:57}}
Jun 04 13:52:38.419705 np0000002150 devstack@g-api.service[102117]: DEBUG glance.api.middleware.version_negotiation [None req-a29eae15-1415-49f8-be12-ebb75f9a0d92 tempest-VolumesActionsTest-2029052438 tempest-VolumesActionsTest-2029052438-project-member] Matched version: v2 {{(pid=102117) process_request /opt/stack/glance/glance/api/middleware/version_negotiation.py:69}}
Jun 04 13:52:38.419790 np0000002150 devstack@g-api.service[102117]: DEBUG glance.api.middleware.version_negotiation [None req-a29eae15-1415-49f8-be12-ebb75f9a0d92 tempest-VolumesActionsTest-2029052438 tempest-VolumesActionsTest-2029052438-project-member] new path /v2/images {{(pid=102117) process_request /opt/stack/glance/glance/api/middleware/version_negotiation.py:70}}
Jun 04 13:52:39.142141 np0000002150 devstack@g-api.service[102115]: DEBUG glance.api.middleware.version_negotiation [None req-ebc4d9a0-f8ce-4cb0-af1b-8904649ec532 tempest-TestVolumeBootPatternV346-920011203 tempest-TestVolumeBootPatternV346-920011203-project-member] Determining version of request: GET /v2/images/0f63167e-7c51-48bd-8a39-bb3821ffe9e1 Accept: application/json {{(pid=102115) process_request /opt/stack/glance/glance/api/middleware/version_negotiation.py:44}}
Jun 04 13:52:39.142291 np0000002150 devstack@g-api.service[102115]: DEBUG glance.api.middleware.version_negotiation [None req-ebc4d9a0-f8ce-4cb0-af1b-8904649ec532 tempest-TestVolumeBootPatternV346-920011203 tempest-TestVolumeBootPatternV346-920011203-project-member] Using url versioning {{(pid=102115) process_request /opt/stack/glance/glance/api/middleware/version_negotiation.py:57}}
Jun 04 13:52:39.142414 np0000002150 devstack@g-api.service[102115]: DEBUG glance.api.middleware.version_negotiation [None req-ebc4d9a0-f8ce-4cb0-af1b-8904649ec532 tempest-TestVolumeBootPatternV346-920011203 tempest-TestVolumeBootPatternV346-920011203-project-member] Matched version: v2 {{(pid=102115) process_request /opt/stack/glance/glance/api/middleware/version_negotiation.py:69}}
Jun 04 13:52:39.142608 np0000002150 devstack@g-api.service[102115]: DEBUG glance.api.middleware.version_negotiation [None req-ebc4d9a0-f8ce-4cb0-af1b-8904649ec532 tempest-TestVolumeBootPatternV346-920011203 tempest-TestVolumeBootPatternV346-920011203-project-member] new path /v2/images/0f63167e-7c51-48bd-8a39-bb3821ffe9e1 {{(pid=102115) process_request /opt/stack/glance/glance/api/middleware/version_negotiation.py:70}}
Jun 04 13:52:39.178926 np0000002150 devstack@g-api.service[102115]: [pid: 102115|app: 0|req: 140/408] 127.0.0.1 () {40 vars in 838 bytes} [Thu Jun 4 13:52:39 2026] GET /v2/images/0f63167e-7c51-48bd-8a39-bb3821ffe9e1 => generated 650 bytes in 37 msecs (HTTP/1.1 200) 4 headers in 157 bytes (1 switches on core 0)
Jun 04 13:52:39.320828 np0000002150 devstack@g-api.service[102117]: [pid: 102117|app: 0|req: 140/409] 127.0.0.1 () {46 vars in 1056 bytes} [Thu Jun 4 13:52:38 2026] POST /v2/images => generated 1763 bytes in 901 msecs (HTTP/1.1 201) 6 headers in 316 bytes (1 switches on core 0)
Jun 04 13:52:39.385769 np0000002150 devstack@g-api.service[102115]: DEBUG glance.api.middleware.version_negotiation [None req-a8e37426-1648-49bd-b93d-010b4802085e tempest-VolumesActionsTest-2029052438 tempest-VolumesActionsTest-2029052438-project-member] Determining version of request: PUT /v2/images/43315ea3-76aa-4770-b6e7-b000f735cd48/file Accept: */* {{(pid=102115) process_request /opt/stack/glance/glance/api/middleware/version_negotiation.py:44}}
