Jun 04 13:43:27.650555 np0000002150 nova-scheduler[95826]: DEBUG cotyledon.oslo_config_glue [-] oslo_limit.connect_retries = None {{(pid=95826) log_opt_values /opt/stack/data/venv/lib/python3.12/site-packages/oslo_config/cfg.py:3256}}
Jun 04 13:43:27.650555 np0000002150 nova-scheduler[95826]: DEBUG cotyledon.oslo_config_glue [-] oslo_limit.connect_retry_delay = None {{(pid=95826) log_opt_values /opt/stack/data/venv/lib/python3.12/site-packages/oslo_config/cfg.py:3256}}
Jun 04 13:43:27.650555 np0000002150 nova-scheduler[95826]: DEBUG cotyledon.oslo_config_glue [-] oslo_limit.endpoint_id = None {{(pid=95826) log_opt_values /opt/stack/data/venv/lib/python3.12/site-packages/oslo_config/cfg.py:3256}}
Jun 04 13:43:27.650555 np0000002150 nova-scheduler[95826]: DEBUG cotyledon.oslo_config_glue [-] oslo_limit.endpoint_interface = public {{(pid=95826) log_opt_values /opt/stack/data/venv/lib/python3.12/site-packages/oslo_config/cfg.py:3256}}
Jun 04 13:43:27.650796 np0000002150 nova-scheduler[95826]: DEBUG cotyledon.oslo_config_glue [-] oslo_limit.endpoint_override = None {{(pid=95826) log_opt_values /opt/stack/data/venv/lib/python3.12/site-packages/oslo_config/cfg.py:3256}}
Jun 04 13:43:27.650796 np0000002150 nova-scheduler[95826]: DEBUG cotyledon.oslo_config_glue [-] oslo_limit.endpoint_region_name = None {{(pid=95826) log_opt_values /opt/stack/data/venv/lib/python3.12/site-packages/oslo_config/cfg.py:3256}}
Jun 04 13:43:27.650796 np0000002150 nova-scheduler[95826]: DEBUG cotyledon.oslo_config_glue [-] oslo_limit.endpoint_service_name = None {{(pid=95826) log_opt_values /opt/stack/data/venv/lib/python3.12/site-packages/oslo_config/cfg.py:3256}}
Jun 04 13:43:27.650796 np0000002150 nova-scheduler[95826]: DEBUG cotyledon.oslo_config_glue [-] oslo_limit.endpoint_service_type = None {{(pid=95826) log_opt_values /opt/stack/data/venv/lib/python3.12/site-packages/oslo_config/cfg.py:3256}}
Jun 04 13:43:27.650796 np0000002150 nova-scheduler[95826]: DEBUG cotyledon.oslo_config_glue [-] oslo_limit.insecure = False {{(pid=95826) log_opt_values /opt/stack/data/venv/lib/python3.12/site-packages/oslo_config/cfg.py:3256}}
Jun 04 13:43:27.650796 np0000002150 nova-scheduler[95826]: DEBUG cotyledon.oslo_config_glue [-] oslo_limit.keyfile = None {{(pid=95826) log_opt_values /opt/stack/data/venv/lib/python3.12/site-packages/oslo_config/cfg.py:3256}}
Jun 04 13:43:27.650796 np0000002150 nova-scheduler[95826]: DEBUG cotyledon.oslo_config_glue [-] oslo_limit.max_version = None {{(pid=95826) log_opt_values /opt/stack/data/venv/lib/python3.12/site-packages/oslo_config/cfg.py:3256}}
Jun 04 13:43:27.650796 np0000002150 nova-scheduler[95826]: DEBUG cotyledon.oslo_config_glue [-] oslo_limit.min_version = None {{(pid=95826) log_opt_values /opt/stack/data/venv/lib/python3.12/site-packages/oslo_config/cfg.py:3256}}
Jun 04 13:43:27.650796 np0000002150 nova-scheduler[95826]: DEBUG cotyledon.oslo_config_glue [-] oslo_limit.region_name = None {{(pid=95826) log_opt_values /opt/stack/data/venv/lib/python3.12/site-packages/oslo_config/cfg.py:3256}}
Jun 04 13:43:27.651050 np0000002150 nova-scheduler[95826]: DEBUG cotyledon.oslo_config_glue [-] oslo_limit.retriable_status_codes = None {{(pid=95826) log_opt_values /opt/stack/data/venv/lib/python3.12/site-packages/oslo_config/cfg.py:3256}}
Jun 04 13:43:27.651050 np0000002150 nova-scheduler[95826]: DEBUG cotyledon.oslo_config_glue [-] oslo_limit.service_name = None {{(pid=95826) log_opt_values /opt/stack/data/venv/lib/python3.12/site-packages/oslo_config/cfg.py:3256}}
Jun 04 13:43:27.651050 np0000002150 nova-scheduler[95826]: DEBUG cotyledon.oslo_config_glue [-] oslo_limit.service_type = None {{(pid=95826) log_opt_values /opt/stack/data/venv/lib/python3.12/site-packages/oslo_config/cfg.py:3256}}
Jun 04 13:43:27.651050 np0000002150 nova-scheduler[95826]: DEBUG cotyledon.oslo_config_glue [-] oslo_limit.split_loggers = False {{(pid=95826) log_opt_values /opt/stack/data/venv/lib/python3.12/site-packages/oslo_config/cfg.py:3256}}
Jun 04 13:43:27.651050 np0000002150 nova-scheduler[95826]: DEBUG cotyledon.oslo_config_glue [-] oslo_limit.status_code_retries = None {{(pid=95826) log_opt_values /opt/stack/data/venv/lib/python3.12/site-packages/oslo_config/cfg.py:3256}}
Jun 04 13:43:27.651050 np0000002150 nova-scheduler[95826]: DEBUG cotyledon.oslo_config_glue [-] oslo_limit.status_code_retry_delay = None {{(pid=95826) log_opt_values /opt/stack/data/venv/lib/python3.12/site-packages/oslo_config/cfg.py:3256}}
Jun 04 13:43:27.651050 np0000002150 nova-scheduler[95826]: DEBUG cotyledon.oslo_config_glue [-] oslo_limit.timeout = None {{(pid=95826) log_opt_values /opt/stack/data/venv/lib/python3.12/site-packages/oslo_config/cfg.py:3256}}
Jun 04 13:43:27.651050 np0000002150 nova-scheduler[95826]: DEBUG cotyledon.oslo_config_glue [-] oslo_limit.valid_interfaces = None {{(pid=95826) log_opt_values /opt/stack/data/venv/lib/python3.12/site-packages/oslo_config/cfg.py:3256}}
Jun 04 13:43:27.651050 np0000002150 nova-scheduler[95826]: DEBUG cotyledon.oslo_config_glue [-] oslo_limit.version = None {{(pid=95826) log_opt_values /opt/stack/data/venv/lib/python3.12/site-packages/oslo_config/cfg.py:3256}}
Jun 04 13:43:27.651299 np0000002150 nova-scheduler[95826]: DEBUG cotyledon.oslo_config_glue [-] oslo_reports.file_event_handler = None {{(pid=95826) log_opt_values /opt/stack/data/venv/lib/python3.12/site-packages/oslo_config/cfg.py:3256}}
Jun 04 13:43:27.651299 np0000002150 nova-scheduler[95826]: DEBUG cotyledon.oslo_config_glue [-] oslo_reports.file_event_handler_interval = 1 {{(pid=95826) log_opt_values /opt/stack/data/venv/lib/python3.12/site-packages/oslo_config/cfg.py:3256}}
Jun 04 13:43:27.651299 np0000002150 nova-scheduler[95826]: DEBUG cotyledon.oslo_config_glue [-] oslo_reports.log_dir = None {{(pid=95826) log_opt_values /opt/stack/data/venv/lib/python3.12/site-packages/oslo_config/cfg.py:3256}}
Jun 04 13:43:27.651299 np0000002150 nova-scheduler[95826]: DEBUG cotyledon.oslo_config_glue [-] ******************************************************************************** {{(pid=95826) log_opt_values /opt/stack/data/venv/lib/python3.12/site-packages/oslo_config/cfg.py:3263}}
Jun 04 13:43:27.651299 np0000002150 nova-scheduler[95826]: DEBUG cotyledon._service_worker [-] Run service ServiceWrapper(2) [95826] {{(pid=95826) wait_forever /opt/stack/data/venv/lib/python3.12/site-packages/cotyledon/_service_worker.py:218}}
Jun 04 13:43:27.651299 np0000002150 nova-scheduler[95826]: INFO nova.service [-] Starting scheduler node (version 33.1.0)
Jun 04 13:43:27.651299 np0000002150 nova-scheduler[95826]: INFO dbcounter [None req-f1d74fcd-360c-4fe2-bb89-004c98d66296 None None] Registered counter for database nova_cell0
Jun 04 13:43:27.651604 np0000002150 nova-scheduler[95822]: DEBUG oslo_db.sqlalchemy.engines [None req-8f8229e8-d181-487e-b750-caef39d96541 None None] MySQL server mode set to STRICT_TRANS_TABLES,STRICT_ALL_TABLES,NO_ZERO_IN_DATE,NO_ZERO_DATE,ERROR_FOR_DIVISION_BY_ZERO,TRADITIONAL,NO_ENGINE_SUBSTITUTION {{(pid=95822) _check_effective_sql_mode /opt/stack/data/venv/lib/python3.12/site-packages/oslo_db/sqlalchemy/engines.py:325}}
Jun 04 13:43:27.651604 np0000002150 nova-scheduler[95822]: DEBUG dbcounter [-] [95822] Writer thread running {{(pid=95822) stat_writer /opt/stack/data/venv/lib/python3.12/site-packages/dbcounter.py:102}}
Jun 04 13:43:27.664516 np0000002150 nova-scheduler[95822]: DEBUG nova.service [None req-8f8229e8-d181-487e-b750-caef39d96541 None None] Creating RPC server for service: nova-scheduler on topic: scheduler {{(pid=95822) start /opt/stack/nova/nova/service.py:195}}
Jun 04 13:43:27.668601 np0000002150 nova-scheduler[95826]: DEBUG oslo_db.sqlalchemy.engines [None req-f1d74fcd-360c-4fe2-bb89-004c98d66296 None None] MySQL server mode set to STRICT_TRANS_TABLES,STRICT_ALL_TABLES,NO_ZERO_IN_DATE,NO_ZERO_DATE,ERROR_FOR_DIVISION_BY_ZERO,TRADITIONAL,NO_ENGINE_SUBSTITUTION {{(pid=95826) _check_effective_sql_mode /opt/stack/data/venv/lib/python3.12/site-packages/oslo_db/sqlalchemy/engines.py:325}}
Jun 04 13:43:27.672732 np0000002150 nova-scheduler[95824]: DEBUG oslo_db.sqlalchemy.engines [None req-f9c1e766-7af0-4060-b6de-ff32499c0f6b None None] MySQL server mode set to STRICT_TRANS_TABLES,STRICT_ALL_TABLES,NO_ZERO_IN_DATE,NO_ZERO_DATE,ERROR_FOR_DIVISION_BY_ZERO,TRADITIONAL,NO_ENGINE_SUBSTITUTION {{(pid=95824) _check_effective_sql_mode /opt/stack/data/venv/lib/python3.12/site-packages/oslo_db/sqlalchemy/engines.py:325}}
Jun 04 13:43:27.680164 np0000002150 nova-scheduler[95826]: DEBUG dbcounter [-] [95826] Writer thread running {{(pid=95826) stat_writer /opt/stack/data/venv/lib/python3.12/site-packages/dbcounter.py:102}}
Jun 04 13:43:27.683947 np0000002150 nova-scheduler[95826]: DEBUG nova.service [None req-f1d74fcd-360c-4fe2-bb89-004c98d66296 None None] Creating RPC server for service: nova-scheduler on topic: scheduler {{(pid=95826) start /opt/stack/nova/nova/service.py:195}}
Jun 04 13:43:27.686260 np0000002150 nova-scheduler[95824]: DEBUG dbcounter [-] [95824] Writer thread running {{(pid=95824) stat_writer /opt/stack/data/venv/lib/python3.12/site-packages/dbcounter.py:102}}
Jun 04 13:43:27.692317 np0000002150 nova-scheduler[95824]: DEBUG nova.service [None req-f9c1e766-7af0-4060-b6de-ff32499c0f6b None None] Creating RPC server for service: nova-scheduler on topic: scheduler {{(pid=95824) start /opt/stack/nova/nova/service.py:195}}
Jun 04 13:43:27.696972 np0000002150 nova-scheduler[95822]: DEBUG nova.service [None req-8f8229e8-d181-487e-b750-caef39d96541 None None] Join ServiceGroup membership for this service scheduler {{(pid=95822) start /opt/stack/nova/nova/service.py:221}}
Jun 04 13:43:27.697191 np0000002150 nova-scheduler[95822]: DEBUG nova.servicegroup.drivers.db [None req-8f8229e8-d181-487e-b750-caef39d96541 None None] DB_Driver: join new ServiceGroup member np0000002150 to the scheduler group, service = {{(pid=95822) join /opt/stack/nova/nova/servicegroup/drivers/db.py:44}}
Jun 04 13:43:27.704969 np0000002150 nova-scheduler[95826]: DEBUG nova.service [None req-f1d74fcd-360c-4fe2-bb89-004c98d66296 None None] Join ServiceGroup membership for this service scheduler {{(pid=95826) start /opt/stack/nova/nova/service.py:221}}
Jun 04 13:43:27.705176 np0000002150 nova-scheduler[95826]: DEBUG nova.servicegroup.drivers.db [None req-f1d74fcd-360c-4fe2-bb89-004c98d66296 None None] DB_Driver: join new ServiceGroup member np0000002150 to the scheduler group, service = {{(pid=95826) join /opt/stack/nova/nova/servicegroup/drivers/db.py:44}}
Jun 04 13:43:27.717856 np0000002150 nova-scheduler[95824]: DEBUG nova.service [None req-f9c1e766-7af0-4060-b6de-ff32499c0f6b None None] Join ServiceGroup membership for this service scheduler {{(pid=95824) start /opt/stack/nova/nova/service.py:221}}
Jun 04 13:43:27.718187 np0000002150 nova-scheduler[95824]: DEBUG nova.servicegroup.drivers.db [None req-f9c1e766-7af0-4060-b6de-ff32499c0f6b None None] DB_Driver: join new ServiceGroup member np0000002150 to the scheduler group, service = {{(pid=95824) join /opt/stack/nova/nova/servicegroup/drivers/db.py:44}}
Jun 04 13:43:32.714134 np0000002150 nova-scheduler[95822]: DEBUG oslo.service.backend._threading.loopingcall [-] Fixed interval looping call 'nova.servicegroup.drivers.db.DbDriver._report_state' sleeping for 119.99 seconds {{(pid=95822) _run_loop /opt/stack/data/venv/lib/python3.12/site-packages/oslo_service/backend/_threading/loopingcall.py:125}}
Jun 04 13:43:32.719396 np0000002150 nova-scheduler[95826]: DEBUG oslo.service.backend._threading.loopingcall [-] Fixed interval looping call 'nova.servicegroup.drivers.db.DbDriver._report_state' sleeping for 119.99 seconds {{(pid=95826) _run_loop /opt/stack/data/venv/lib/python3.12/site-packages/oslo_service/backend/_threading/loopingcall.py:125}}
Jun 04 13:43:32.733609 np0000002150 nova-scheduler[95824]: DEBUG oslo.service.backend._threading.loopingcall [-] Fixed interval looping call 'nova.servicegroup.drivers.db.DbDriver._report_state' sleeping for 119.99 seconds {{(pid=95824) _run_loop /opt/stack/data/venv/lib/python3.12/site-packages/oslo_service/backend/_threading/loopingcall.py:125}}
Jun 04 13:43:36.209065 np0000002150 nova-scheduler[94545]: DEBUG dbcounter [-] [94545] Writing DB stats nova_api:SELECT=3 {{(pid=94545) stat_writer /opt/stack/data/venv/lib/python3.12/site-packages/dbcounter.py:115}}
Jun 04 13:43:36.401422 np0000002150 nova-scheduler[94545]: DEBUG dbcounter [-] [94545] Writing DB stats nova_cell0:SELECT=1 {{(pid=94545) stat_writer /opt/stack/data/venv/lib/python3.12/site-packages/dbcounter.py:115}}
Jun 04 13:43:36.420543 np0000002150 nova-scheduler[94545]: DEBUG dbcounter [-] [94545] Writing DB stats nova_cell1:SELECT=1 {{(pid=94545) stat_writer /opt/stack/data/venv/lib/python3.12/site-packages/dbcounter.py:115}}
Jun 04 13:43:42.710002 np0000002150 nova-scheduler[95822]: DEBUG dbcounter [-] [95822] Writing DB stats nova_cell0:SELECT=4,nova_cell0:INSERT=1,nova_cell0:UPDATE=1 {{(pid=95822) stat_writer /opt/stack/data/venv/lib/python3.12/site-packages/dbcounter.py:115}}
Jun 04 13:43:42.716138 np0000002150 nova-scheduler[95826]: DEBUG dbcounter [-] [95826] Writing DB stats nova_cell0:SELECT=3 {{(pid=95826) stat_writer /opt/stack/data/venv/lib/python3.12/site-packages/dbcounter.py:115}}
Jun 04 13:43:42.730669 np0000002150 nova-scheduler[95824]: DEBUG dbcounter [-] [95824] Writing DB stats nova_cell0:SELECT=3 {{(pid=95824) stat_writer /opt/stack/data/venv/lib/python3.12/site-packages/dbcounter.py:115}}
Jun 04 13:43:43.709721 np0000002150 nova-scheduler[95826]: DEBUG oslo.service.backend._threading.loopingcall [None req-822c66c7-81cc-4495-9361-9921a3e45a06 None None] Dynamic interval looping call 'nova.service.Service.periodic_tasks' sleeping for 60.00 seconds {{(pid=95826) _run_loop /opt/stack/data/venv/lib/python3.12/site-packages/oslo_service/backend/_threading/loopingcall.py:125}}
Jun 04 13:44:10.700132 np0000002150 nova-scheduler[95822]: DEBUG oslo.service.backend._threading.loopingcall [None req-5b45ab08-76e9-47bf-8771-4492202ec85b None None] Dynamic interval looping call 'nova.service.Service.periodic_tasks' sleeping for 60.00 seconds {{(pid=95822) _run_loop /opt/stack/data/venv/lib/python3.12/site-packages/oslo_service/backend/_threading/loopingcall.py:125}}
Jun 04 13:44:14.724088 np0000002150 nova-scheduler[95824]: DEBUG oslo.service.backend._threading.loopingcall [None req-b7f5210a-8ef4-4087-b041-1a22a5ce0718 None None] Dynamic interval looping call 'nova.service.Service.periodic_tasks' sleeping for 60.00 seconds {{(pid=95824) _run_loop /opt/stack/data/venv/lib/python3.12/site-packages/oslo_service/backend/_threading/loopingcall.py:125}}
Jun 04 13:44:43.710208 np0000002150 nova-scheduler[95826]: DEBUG oslo.service.backend._threading.loopingcall [None req-822c66c7-81cc-4495-9361-9921a3e45a06 None None] Dynamic interval looping call 'nova.service.Service.periodic_tasks' sleeping for 60.00 seconds {{(pid=95826) _run_loop /opt/stack/data/venv/lib/python3.12/site-packages/oslo_service/backend/_threading/loopingcall.py:125}}
Jun 04 13:45:10.700656 np0000002150 nova-scheduler[95822]: DEBUG oslo.service.backend._threading.loopingcall [None req-5b45ab08-76e9-47bf-8771-4492202ec85b None None] Dynamic interval looping call 'nova.service.Service.periodic_tasks' sleeping for 60.00 seconds {{(pid=95822) _run_loop /opt/stack/data/venv/lib/python3.12/site-packages/oslo_service/backend/_threading/loopingcall.py:125}}
Jun 04 13:45:14.724658 np0000002150 nova-scheduler[95824]: DEBUG oslo.service.backend._threading.loopingcall [None req-b7f5210a-8ef4-4087-b041-1a22a5ce0718 None None] Dynamic interval looping call 'nova.service.Service.periodic_tasks' sleeping for 60.00 seconds {{(pid=95824) _run_loop /opt/stack/data/venv/lib/python3.12/site-packages/oslo_service/backend/_threading/loopingcall.py:125}}
Jun 04 13:45:32.713299 np0000002150 nova-scheduler[95822]: DEBUG oslo.service.backend._threading.loopingcall [-] Fixed interval looping call 'nova.servicegroup.drivers.db.DbDriver._report_state' sleeping for 119.99 seconds {{(pid=95822) _run_loop /opt/stack/data/venv/lib/python3.12/site-packages/oslo_service/backend/_threading/loopingcall.py:125}}
Jun 04 13:45:32.715409 np0000002150 nova-scheduler[95826]: DEBUG oslo.service.backend._threading.loopingcall [-] Fixed interval looping call 'nova.servicegroup.drivers.db.DbDriver._report_state' sleeping for 119.99 seconds {{(pid=95826) _run_loop /opt/stack/data/venv/lib/python3.12/site-packages/oslo_service/backend/_threading/loopingcall.py:125}}
Jun 04 13:45:32.727154 np0000002150 nova-scheduler[95824]: DEBUG oslo.service.backend._threading.loopingcall [-] Fixed interval looping call 'nova.servicegroup.drivers.db.DbDriver._report_state' sleeping for 120.00 seconds {{(pid=95824) _run_loop /opt/stack/data/venv/lib/python3.12/site-packages/oslo_service/backend/_threading/loopingcall.py:125}}
Jun 04 13:45:42.707483 np0000002150 nova-scheduler[95822]: DEBUG dbcounter [-] [95822] Writing DB stats nova_cell0:SELECT=1,nova_cell0:UPDATE=1 {{(pid=95822) stat_writer /opt/stack/data/venv/lib/python3.12/site-packages/dbcounter.py:115}}
Jun 04 13:45:42.714350 np0000002150 nova-scheduler[95826]: DEBUG dbcounter [-] [95826] Writing DB stats nova_cell0:SELECT=1,nova_cell0:UPDATE=1 {{(pid=95826) stat_writer /opt/stack/data/venv/lib/python3.12/site-packages/dbcounter.py:115}}
Jun 04 13:45:42.725665 np0000002150 nova-scheduler[95824]: DEBUG dbcounter [-] [95824] Writing DB stats nova_cell0:SELECT=1 {{(pid=95824) stat_writer /opt/stack/data/venv/lib/python3.12/site-packages/dbcounter.py:115}}
Jun 04 13:45:43.710929 np0000002150 nova-scheduler[95826]: DEBUG oslo.service.backend._threading.loopingcall [None req-822c66c7-81cc-4495-9361-9921a3e45a06 None None] Dynamic interval looping call 'nova.service.Service.periodic_tasks' sleeping for 60.00 seconds {{(pid=95826) _run_loop /opt/stack/data/venv/lib/python3.12/site-packages/oslo_service/backend/_threading/loopingcall.py:125}}
Jun 04 13:46:10.701098 np0000002150 nova-scheduler[95822]: DEBUG oslo.service.backend._threading.loopingcall [None req-5b45ab08-76e9-47bf-8771-4492202ec85b None None] Dynamic interval looping call 'nova.service.Service.periodic_tasks' sleeping for 60.00 seconds {{(pid=95822) _run_loop /opt/stack/data/venv/lib/python3.12/site-packages/oslo_service/backend/_threading/loopingcall.py:125}}
Jun 04 13:46:14.725263 np0000002150 nova-scheduler[95824]: DEBUG oslo.service.backend._threading.loopingcall [None req-b7f5210a-8ef4-4087-b041-1a22a5ce0718 None None] Dynamic interval looping call 'nova.service.Service.periodic_tasks' sleeping for 60.00 seconds {{(pid=95824) _run_loop /opt/stack/data/venv/lib/python3.12/site-packages/oslo_service/backend/_threading/loopingcall.py:125}}
Jun 04 13:46:26.575704 np0000002150 nova-scheduler[95822]: DEBUG nova.scheduler.manager [None req-f704ac3c-b185-421e-ab8e-e81484c22b81 tempest-AttachVolumeNegativeTest-310578231 tempest-AttachVolumeNegativeTest-310578231-project-member] Starting to schedule for instances: ['cec858b1-86d5-4610-a66e-84c92abaa1f7'] {{(pid=95822) select_destinations /opt/stack/nova/nova/scheduler/manager.py:210}}
Jun 04 13:46:26.577076 np0000002150 nova-scheduler[95822]: DEBUG nova.scheduler.request_filter [None req-f704ac3c-b185-421e-ab8e-e81484c22b81 tempest-AttachVolumeNegativeTest-310578231 tempest-AttachVolumeNegativeTest-310578231-project-member] compute_status_filter request filter added forbidden trait COMPUTE_STATUS_DISABLED {{(pid=95822) compute_status_filter /opt/stack/nova/nova/scheduler/request_filter.py:253}}
Jun 04 13:46:26.577195 np0000002150 nova-scheduler[95822]: DEBUG nova.scheduler.request_filter [None req-f704ac3c-b185-421e-ab8e-e81484c22b81 tempest-AttachVolumeNegativeTest-310578231 tempest-AttachVolumeNegativeTest-310578231-project-member] Request filter 'compute_status_filter' took 0.0 seconds {{(pid=95822) wrapper /opt/stack/nova/nova/scheduler/request_filter.py:46}}
Jun 04 13:46:26.577520 np0000002150 nova-scheduler[95822]: DEBUG nova.scheduler.request_filter [None req-f704ac3c-b185-421e-ab8e-e81484c22b81 tempest-AttachVolumeNegativeTest-310578231 tempest-AttachVolumeNegativeTest-310578231-project-member] Request filter 'accelerators_filter' took 0.0 seconds {{(pid=95822) wrapper /opt/stack/nova/nova/scheduler/request_filter.py:46}}
Jun 04 13:46:26.577652 np0000002150 nova-scheduler[95822]: DEBUG nova.scheduler.request_filter [None req-f704ac3c-b185-421e-ab8e-e81484c22b81 tempest-AttachVolumeNegativeTest-310578231 tempest-AttachVolumeNegativeTest-310578231-project-member] Request filter 'packed_virtqueue_filter' took 0.0 seconds {{(pid=95822) wrapper /opt/stack/nova/nova/scheduler/request_filter.py:46}}
Jun 04 13:46:26.578024 np0000002150 nova-scheduler[95822]: DEBUG nova.scheduler.request_filter [None req-f704ac3c-b185-421e-ab8e-e81484c22b81 tempest-AttachVolumeNegativeTest-310578231 tempest-AttachVolumeNegativeTest-310578231-project-member] Request filter 'remote_managed_ports_filter' took 0.0 seconds {{(pid=95822) wrapper /opt/stack/nova/nova/scheduler/request_filter.py:46}}
Jun 04 13:46:26.578384 np0000002150 nova-scheduler[95822]: DEBUG nova.scheduler.request_filter [None req-f704ac3c-b185-421e-ab8e-e81484c22b81 tempest-AttachVolumeNegativeTest-310578231 tempest-AttachVolumeNegativeTest-310578231-project-member] ephemeral_encryption_filter skipped {{(pid=95822) ephemeral_encryption_filter /opt/stack/nova/nova/scheduler/request_filter.py:426}}
Jun 04 13:46:26.578565 np0000002150 nova-scheduler[95822]: DEBUG nova.scheduler.request_filter [None req-f704ac3c-b185-421e-ab8e-e81484c22b81 tempest-AttachVolumeNegativeTest-310578231 tempest-AttachVolumeNegativeTest-310578231-project-member] virtio_sound_filter skipped {{(pid=95822) virtio_sound_filter /opt/stack/nova/nova/scheduler/request_filter.py:460}}
Jun 04 13:46:26.578718 np0000002150 nova-scheduler[95822]: DEBUG nova.scheduler.request_filter [None req-f704ac3c-b185-421e-ab8e-e81484c22b81 tempest-AttachVolumeNegativeTest-310578231 tempest-AttachVolumeNegativeTest-310578231-project-member] tpm_secret_security_filter skipped {{(pid=95822) tpm_secret_security_filter /opt/stack/nova/nova/scheduler/request_filter.py:477}}
Jun 04 13:46:27.138652 np0000002150 nova-scheduler[95822]: INFO nova.utils [None req-f704ac3c-b185-421e-ab8e-e81484c22b81 tempest-AttachVolumeNegativeTest-310578231 tempest-AttachVolumeNegativeTest-310578231-project-member] The cell worker thread pool ForkProcess-1.cell_worker is initialized
Jun 04 13:46:27.139064 np0000002150 nova-scheduler[95822]: DEBUG oslo_concurrency.lockutils [None req-f704ac3c-b185-421e-ab8e-e81484c22b81 tempest-AttachVolumeNegativeTest-310578231 tempest-AttachVolumeNegativeTest-310578231-project-member] Acquiring lock "7a58368f-b25f-42cf-9890-20161106aab3" by "nova.context.set_target_cell..get_or_set_cached_cell_and_set_connections" {{(pid=95822) inner /opt/stack/data/venv/lib/python3.12/site-packages/oslo_concurrency/lockutils.py:511}}
Jun 04 13:46:27.139172 np0000002150 nova-scheduler[95822]: DEBUG oslo_concurrency.lockutils [None req-f704ac3c-b185-421e-ab8e-e81484c22b81 tempest-AttachVolumeNegativeTest-310578231 tempest-AttachVolumeNegativeTest-310578231-project-member] Lock "7a58368f-b25f-42cf-9890-20161106aab3" acquired by "nova.context.set_target_cell..get_or_set_cached_cell_and_set_connections" :: waited 0.000s {{(pid=95822) inner /opt/stack/data/venv/lib/python3.12/site-packages/oslo_concurrency/lockutils.py:524}}
Jun 04 13:46:27.140406 np0000002150 nova-scheduler[95822]: DEBUG oslo_concurrency.lockutils [None req-f704ac3c-b185-421e-ab8e-e81484c22b81 tempest-AttachVolumeNegativeTest-310578231 tempest-AttachVolumeNegativeTest-310578231-project-member] Lock "7a58368f-b25f-42cf-9890-20161106aab3" "released" by "nova.context.set_target_cell..get_or_set_cached_cell_and_set_connections" :: held 0.001s {{(pid=95822) inner /opt/stack/data/venv/lib/python3.12/site-packages/oslo_concurrency/lockutils.py:543}}
Jun 04 13:46:27.142848 np0000002150 nova-scheduler[95822]: INFO dbcounter [None req-f704ac3c-b185-421e-ab8e-e81484c22b81 tempest-AttachVolumeNegativeTest-310578231 tempest-AttachVolumeNegativeTest-310578231-project-member] Registered counter for database nova_cell1
Jun 04 13:46:27.194020 np0000002150 nova-scheduler[95822]: DEBUG oslo_db.sqlalchemy.engines [None req-f704ac3c-b185-421e-ab8e-e81484c22b81 tempest-AttachVolumeNegativeTest-310578231 tempest-AttachVolumeNegativeTest-310578231-project-member] MySQL server mode set to STRICT_TRANS_TABLES,STRICT_ALL_TABLES,NO_ZERO_IN_DATE,NO_ZERO_DATE,ERROR_FOR_DIVISION_BY_ZERO,TRADITIONAL,NO_ENGINE_SUBSTITUTION {{(pid=95822) _check_effective_sql_mode /opt/stack/data/venv/lib/python3.12/site-packages/oslo_db/sqlalchemy/engines.py:325}}
Jun 04 13:46:27.200082 np0000002150 nova-scheduler[95822]: DEBUG dbcounter [-] [95822] Writer thread running {{(pid=95822) stat_writer /opt/stack/data/venv/lib/python3.12/site-packages/dbcounter.py:102}}
Jun 04 13:46:27.215516 np0000002150 nova-scheduler[95822]: DEBUG oslo_db.sqlalchemy.engines [None req-f704ac3c-b185-421e-ab8e-e81484c22b81 tempest-AttachVolumeNegativeTest-310578231 tempest-AttachVolumeNegativeTest-310578231-project-member] Parent process 94545 forked (95822) with an open database connection, which is being discarded and recreated. {{(pid=95822) checkout /opt/stack/data/venv/lib/python3.12/site-packages/oslo_db/sqlalchemy/engines.py:402}}
Jun 04 13:46:27.260382 np0000002150 nova-scheduler[95822]: DEBUG dbcounter [-] [95822] Writer thread running {{(pid=95822) stat_writer /opt/stack/data/venv/lib/python3.12/site-packages/dbcounter.py:102}}
Jun 04 13:46:27.263133 np0000002150 nova-scheduler[95822]: DEBUG oslo_concurrency.lockutils [None req-f704ac3c-b185-421e-ab8e-e81484c22b81 tempest-AttachVolumeNegativeTest-310578231 tempest-AttachVolumeNegativeTest-310578231-project-member] Acquiring lock "7a58368f-b25f-42cf-9890-20161106aab3" by "nova.context.set_target_cell..get_or_set_cached_cell_and_set_connections" {{(pid=95822) inner /opt/stack/data/venv/lib/python3.12/site-packages/oslo_concurrency/lockutils.py:511}}
Jun 04 13:46:27.263348 np0000002150 nova-scheduler[95822]: DEBUG oslo_concurrency.lockutils [None req-f704ac3c-b185-421e-ab8e-e81484c22b81 tempest-AttachVolumeNegativeTest-310578231 tempest-AttachVolumeNegativeTest-310578231-project-member] Lock "7a58368f-b25f-42cf-9890-20161106aab3" acquired by "nova.context.set_target_cell..get_or_set_cached_cell_and_set_connections" :: waited 0.000s {{(pid=95822) inner /opt/stack/data/venv/lib/python3.12/site-packages/oslo_concurrency/lockutils.py:524}}
Jun 04 13:46:27.263920 np0000002150 nova-scheduler[95822]: DEBUG oslo_concurrency.lockutils [None req-f704ac3c-b185-421e-ab8e-e81484c22b81 tempest-AttachVolumeNegativeTest-310578231 tempest-AttachVolumeNegativeTest-310578231-project-member] Lock "7a58368f-b25f-42cf-9890-20161106aab3" "released" by "nova.context.set_target_cell..get_or_set_cached_cell_and_set_connections" :: held 0.000s {{(pid=95822) inner /opt/stack/data/venv/lib/python3.12/site-packages/oslo_concurrency/lockutils.py:543}}
Jun 04 13:46:27.266373 np0000002150 nova-scheduler[95822]: DEBUG oslo_concurrency.lockutils [None req-f704ac3c-b185-421e-ab8e-e81484c22b81 tempest-AttachVolumeNegativeTest-310578231 tempest-AttachVolumeNegativeTest-310578231-project-member] Acquiring lock "('np0000002150', 'np0000002150')" by "nova.scheduler.host_manager.HostState.update.._locked_update" {{(pid=95822) inner /opt/stack/data/venv/lib/python3.12/site-packages/oslo_concurrency/lockutils.py:511}}
Jun 04 13:46:27.266595 np0000002150 nova-scheduler[95822]: DEBUG oslo_concurrency.lockutils [None req-f704ac3c-b185-421e-ab8e-e81484c22b81 tempest-AttachVolumeNegativeTest-310578231 tempest-AttachVolumeNegativeTest-310578231-project-member] Lock "('np0000002150', 'np0000002150')" acquired by "nova.scheduler.host_manager.HostState.update.._locked_update" :: waited 0.000s {{(pid=95822) inner /opt/stack/data/venv/lib/python3.12/site-packages/oslo_concurrency/lockutils.py:524}}
Jun 04 13:46:27.267724 np0000002150 nova-scheduler[95822]: DEBUG nova.scheduler.host_manager [None req-f704ac3c-b185-421e-ab8e-e81484c22b81 tempest-AttachVolumeNegativeTest-310578231 tempest-AttachVolumeNegativeTest-310578231-project-member] Update host state from compute node: ComputeNode(cpu_allocation_ratio=4.0,cpu_info='{"arch": "x86_64", "model": "EPYC-Milan", "vendor": "AMD", "topology": {"cells": 1, "sockets": 12, "cores": 1, "threads": 1}, "maxphysaddr": {"mode": "emulate", "bits": 40}, "features": ["f16c", "pdpe1gb", "fsgsbase", "rdpid", "sep", "vmcb-clean", "fsrm", "adx", "cx16", "clzero", "ssbd", "cr8legacy", "sse4.1", "ibrs", "3dnowprefetch", "nrip-save", "mtrr", "ssse3", "fpu", "rdctl-no", "lahf_lm", "pku", "lm", "rdtscp", "skip-l1dfl-vmentry", "fxsr_opt", "pause-filter", "fma", "umip", "bmi1", "tsc-deadline", "pge", "nx", "avx", "x2apic", "pclmuldq", "v-vmsave-vmload", "tsc-scale", "pni", "invpcid", "avx2", "mds-no", "tsc", "syscall", "virt-ssbd", "vpclmulqdq", "pcid", "no-nested-data-bp", "sse2", "svme-addr-chk", "mmxext", "pse36", "clflushopt", "topoext", "vme", "sse4.2", "mca", "xsaveopt", "xsaveerptr", "wbnoinvd", "cmp_legacy", "arch-capabilities", "stibp", "null-sel-clr-base", "cx8", "xsavec", "lbrv", "pschange-mc-no", "aes", "smep", "xsave", "bmi2", "tsc_adjust", "sse4a", "msr", "pse", "amd-psfd", "flushbyasid", "pfthreshold", "amd-stibp", "rdrand", "spec-ctrl", "misalignsse", "gds-no", "clflush", "mce", "arat", "rdseed", "abm", "movbe", "fxsr", "lfence-always-serializing", "vaes", "perfctr_core", "pat", "de", "ibpb", "osvw", "xgetbv1", "xsaves", "clwb", "sha-ni", "mmx", "vgif", "cmov", "apic", "pae", "erms", "smap", "popcnt", "amd-ssbd", "sse", "hypervisor", "stibp-always-on", "npt", "svm"]}',created_at=2026-06-04T13:43:53Z,current_workload=0,deleted=False,deleted_at=None,disk_allocation_ratio=1.0,disk_available_least=74,free_disk_gb=95,free_ram_mb=23518,host='np0000002150',host_ip=10.4.3.177,hypervisor_hostname='np0000002150',hypervisor_type='QEMU',hypervisor_version=8002002,id=1,local_gb=95,local_gb_used=0,mapped=1,memory_mb=24030,memory_mb_used=512,metrics='[]',numa_topology='{"nova_object.name": "NUMATopology", "nova_object.namespace": "nova", "nova_object.version": "1.2", "nova_object.data": {"cells": [{"nova_object.name": "NUMACell", "nova_object.namespace": "nova", "nova_object.version": "1.5", "nova_object.data": {"id": 0, "cpuset": [0, 1, 2, 3, 4, 5, 6, 7, 8, 9, 10, 11], "pcpuset": [0, 1, 2, 3, 4, 5, 6, 7, 8, 9, 10, 11], "memory": 24030, "cpu_usage": 0, "memory_usage": 0, "pinned_cpus": [], "siblings": [[6], [2], [5], [11], [8], [4], [1], [7], [10], [0], [3], [9]], "mempages": [{"nova_object.name": "NUMAPagesTopology", "nova_object.namespace": "nova", "nova_object.version": "1.1", "nova_object.data": {"size_kb": 4, "total": 6151795, "used": 0, "reserved": 0}, "nova_object.changes": ["size_kb", "total", "reserved", "used"]}, {"nova_object.name": "NUMAPagesTopology", "nova_object.namespace": "nova", "nova_object.version": "1.1", "nova_object.data": {"size_kb": 2048, "total": 0, "used": 0, "reserved": 0}, "nova_object.changes": ["size_kb", "total", "reserved", "used"]}, {"nova_object.name": "NUMAPagesTopology", "nova_object.namespace": "nova", "nova_object.version": "1.1", "nova_object.data": {"size_kb": 1048576, "total": 0, "used": 0, "reserved": 0}, "nova_object.changes": ["size_kb", "total", "reserved", "used"]}], "network_metadata": {"nova_object.name": "NetworkMetadata", "nova_object.namespace": "nova", "nova_object.version": "1.0", "nova_object.data": {"physnets": [], "tunneled": false}, "nova_object.changes": ["physnets", "tunneled"]}, "socket": null}, "nova_object.changes": ["cpu_usage", "memory", "pcpuset", "mempages", "socket", "cpuset", "id", "pinned_cpus", "network_metadata", "siblings", "memory_usage"]}]}, "nova_object.changes": ["cells"]}',pci_device_pools=PciDevicePoolList,ram_allocation_ratio=1.0,running_vms=0,service_id=3,stats={failed_builds='0',uptime=' 13:45:38 up 27 min, 2 users, load average: 1.10, 1.35, 0.82
Jun 04 13:46:27.267724 np0000002150 nova-scheduler[95822]: '},supported_hv_specs=[HVSpec,HVSpec,HVSpec,HVSpec,HVSpec,HVSpec,HVSpec,HVSpec,HVSpec,HVSpec,HVSpec,HVSpec,HVSpec,HVSpec,HVSpec,HVSpec,HVSpec,HVSpec,HVSpec,HVSpec,HVSpec,HVSpec,HVSpec,HVSpec,HVSpec],updated_at=2026-06-04T13:45:40Z,uuid=d3d1d365-eed3-480a-9f73-6554e33478b2,vcpus=12,vcpus_used=0) {{(pid=95822) _locked_update /opt/stack/nova/nova/scheduler/host_manager.py:168}}
Jun 04 13:46:27.269169 np0000002150 nova-scheduler[95822]: DEBUG nova.scheduler.host_manager [None req-f704ac3c-b185-421e-ab8e-e81484c22b81 tempest-AttachVolumeNegativeTest-310578231 tempest-AttachVolumeNegativeTest-310578231-project-member] Update host state with aggregates: [] {{(pid=95822) _locked_update /opt/stack/nova/nova/scheduler/host_manager.py:171}}
Jun 04 13:46:27.269169 np0000002150 nova-scheduler[95822]: DEBUG nova.scheduler.host_manager [None req-f704ac3c-b185-421e-ab8e-e81484c22b81 tempest-AttachVolumeNegativeTest-310578231 tempest-AttachVolumeNegativeTest-310578231-project-member] Update host state with service dict: {'id': 3, 'uuid': 'c511369f-af82-4bfe-b32d-372c04b488f7', 'host': 'np0000002150', 'binary': 'nova-compute', 'topic': 'compute', 'report_count': 2, 'disabled': False, 'disabled_reason': None, 'last_seen_up': datetime.datetime(2026, 6, 4, 13, 46, 2, tzinfo=datetime.timezone.utc), 'forced_down': False, 'version': 72, 'created_at': datetime.datetime(2026, 6, 4, 13, 43, 52, tzinfo=datetime.timezone.utc), 'updated_at': datetime.datetime(2026, 6, 4, 13, 46, 2, tzinfo=datetime.timezone.utc), 'deleted_at': None, 'deleted': False} {{(pid=95822) _locked_update /opt/stack/nova/nova/scheduler/host_manager.py:174}}
Jun 04 13:46:27.269169 np0000002150 nova-scheduler[95822]: DEBUG nova.scheduler.host_manager [None req-f704ac3c-b185-421e-ab8e-e81484c22b81 tempest-AttachVolumeNegativeTest-310578231 tempest-AttachVolumeNegativeTest-310578231-project-member] Update host state with instances: [] {{(pid=95822) _locked_update /opt/stack/nova/nova/scheduler/host_manager.py:177}}
Jun 04 13:46:27.269169 np0000002150 nova-scheduler[95822]: DEBUG oslo_concurrency.lockutils [None req-f704ac3c-b185-421e-ab8e-e81484c22b81 tempest-AttachVolumeNegativeTest-310578231 tempest-AttachVolumeNegativeTest-310578231-project-member] Lock "('np0000002150', 'np0000002150')" "released" by "nova.scheduler.host_manager.HostState.update.._locked_update" :: held 0.002s {{(pid=95822) inner /opt/stack/data/venv/lib/python3.12/site-packages/oslo_concurrency/lockutils.py:543}}
Jun 04 13:46:27.269477 np0000002150 nova-scheduler[95822]: DEBUG nova.filters [None req-f704ac3c-b185-421e-ab8e-e81484c22b81 tempest-AttachVolumeNegativeTest-310578231 tempest-AttachVolumeNegativeTest-310578231-project-member] Starting with 1 host(s) {{(pid=95822) get_filtered_objects /opt/stack/nova/nova/filters.py:70}}
Jun 04 13:46:27.269751 np0000002150 nova-scheduler[95822]: DEBUG nova.filters [None req-f704ac3c-b185-421e-ab8e-e81484c22b81 tempest-AttachVolumeNegativeTest-310578231 tempest-AttachVolumeNegativeTest-310578231-project-member] Filter ComputeFilter returned 1 host(s) {{(pid=95822) get_filtered_objects /opt/stack/nova/nova/filters.py:102}}
Jun 04 13:46:27.269933 np0000002150 nova-scheduler[95822]: DEBUG nova.filters [None req-f704ac3c-b185-421e-ab8e-e81484c22b81 tempest-AttachVolumeNegativeTest-310578231 tempest-AttachVolumeNegativeTest-310578231-project-member] Filter ComputeCapabilitiesFilter returned 1 host(s) {{(pid=95822) get_filtered_objects /opt/stack/nova/nova/filters.py:102}}
Jun 04 13:46:27.270177 np0000002150 nova-scheduler[95822]: DEBUG nova.filters [None req-f704ac3c-b185-421e-ab8e-e81484c22b81 tempest-AttachVolumeNegativeTest-310578231 tempest-AttachVolumeNegativeTest-310578231-project-member] Filter ImagePropertiesFilter returned 1 host(s) {{(pid=95822) get_filtered_objects /opt/stack/nova/nova/filters.py:102}}
Jun 04 13:46:27.270343 np0000002150 nova-scheduler[95822]: DEBUG nova.filters [None req-f704ac3c-b185-421e-ab8e-e81484c22b81 tempest-AttachVolumeNegativeTest-310578231 tempest-AttachVolumeNegativeTest-310578231-project-member] Filter ServerGroupAntiAffinityFilter returned 1 host(s) {{(pid=95822) get_filtered_objects /opt/stack/nova/nova/filters.py:102}}
Jun 04 13:46:27.270529 np0000002150 nova-scheduler[95822]: DEBUG nova.filters [None req-f704ac3c-b185-421e-ab8e-e81484c22b81 tempest-AttachVolumeNegativeTest-310578231 tempest-AttachVolumeNegativeTest-310578231-project-member] Filter ServerGroupAffinityFilter returned 1 host(s) {{(pid=95822) get_filtered_objects /opt/stack/nova/nova/filters.py:102}}
Jun 04 13:46:27.271266 np0000002150 nova-scheduler[95822]: DEBUG nova.filters [None req-f704ac3c-b185-421e-ab8e-e81484c22b81 tempest-AttachVolumeNegativeTest-310578231 tempest-AttachVolumeNegativeTest-310578231-project-member] Filter SameHostFilter returned 1 host(s) {{(pid=95822) get_filtered_objects /opt/stack/nova/nova/filters.py:102}}
Jun 04 13:46:27.271266 np0000002150 nova-scheduler[95822]: DEBUG nova.filters [None req-f704ac3c-b185-421e-ab8e-e81484c22b81 tempest-AttachVolumeNegativeTest-310578231 tempest-AttachVolumeNegativeTest-310578231-project-member] Filter DifferentHostFilter returned 1 host(s) {{(pid=95822) get_filtered_objects /opt/stack/nova/nova/filters.py:102}}
Jun 04 13:46:27.271266 np0000002150 nova-scheduler[95822]: DEBUG nova.scheduler.manager [None req-f704ac3c-b185-421e-ab8e-e81484c22b81 tempest-AttachVolumeNegativeTest-310578231 tempest-AttachVolumeNegativeTest-310578231-project-member] Filtered [(np0000002150, np0000002150) ram: 23518MB disk: 75776MB io_ops: 0 instances: 0, allocation_candidates: 1] {{(pid=95822) _get_sorted_hosts /opt/stack/nova/nova/scheduler/manager.py:743}}
Jun 04 13:46:27.271266 np0000002150 nova-scheduler[95822]: DEBUG nova.scheduler.manager [None req-f704ac3c-b185-421e-ab8e-e81484c22b81 tempest-AttachVolumeNegativeTest-310578231 tempest-AttachVolumeNegativeTest-310578231-project-member] Weighed [WeighedHost [host: (np0000002150, np0000002150) ram: 23518MB disk: 75776MB io_ops: 0 instances: 0, allocation_candidates: 1, weight: 0.0]] {{(pid=95822) _get_sorted_hosts /opt/stack/nova/nova/scheduler/manager.py:765}}
Jun 04 13:46:27.271408 np0000002150 nova-scheduler[95822]: DEBUG nova.scheduler.utils [None req-f704ac3c-b185-421e-ab8e-e81484c22b81 tempest-AttachVolumeNegativeTest-310578231 tempest-AttachVolumeNegativeTest-310578231-project-member] Attempting to claim resources in the placement API for instance cec858b1-86d5-4610-a66e-84c92abaa1f7 {{(pid=95822) claim_resources /opt/stack/nova/nova/scheduler/utils.py:1345}}
Jun 04 13:46:27.455986 np0000002150 nova-scheduler[95822]: DEBUG nova.scheduler.manager [None req-f704ac3c-b185-421e-ab8e-e81484c22b81 tempest-AttachVolumeNegativeTest-310578231 tempest-AttachVolumeNegativeTest-310578231-project-member] [instance: cec858b1-86d5-4610-a66e-84c92abaa1f7] Selected host: (np0000002150, np0000002150) ram: 23518MB disk: 75776MB io_ops: 0 instances: 0, allocation_candidates: 1 {{(pid=95822) _consume_selected_host /opt/stack/nova/nova/scheduler/manager.py:625}}
Jun 04 13:46:27.456355 np0000002150 nova-scheduler[95822]: DEBUG oslo_concurrency.lockutils [None req-f704ac3c-b185-421e-ab8e-e81484c22b81 tempest-AttachVolumeNegativeTest-310578231 tempest-AttachVolumeNegativeTest-310578231-project-member] Acquiring lock "('np0000002150', 'np0000002150')" by "nova.scheduler.host_manager.HostState.consume_from_request.._locked" {{(pid=95822) inner /opt/stack/data/venv/lib/python3.12/site-packages/oslo_concurrency/lockutils.py:511}}
Jun 04 13:46:27.456656 np0000002150 nova-scheduler[95822]: DEBUG oslo_concurrency.lockutils [None req-f704ac3c-b185-421e-ab8e-e81484c22b81 tempest-AttachVolumeNegativeTest-310578231 tempest-AttachVolumeNegativeTest-310578231-project-member] Lock "('np0000002150', 'np0000002150')" acquired by "nova.scheduler.host_manager.HostState.consume_from_request.._locked" :: waited 0.000s {{(pid=95822) inner /opt/stack/data/venv/lib/python3.12/site-packages/oslo_concurrency/lockutils.py:524}}
Jun 04 13:46:27.456901 np0000002150 nova-scheduler[95822]: DEBUG oslo_concurrency.lockutils [None req-f704ac3c-b185-421e-ab8e-e81484c22b81 tempest-AttachVolumeNegativeTest-310578231 tempest-AttachVolumeNegativeTest-310578231-project-member] Lock "('np0000002150', 'np0000002150')" "released" by "nova.scheduler.host_manager.HostState.consume_from_request.._locked" :: held 0.000s {{(pid=95822) inner /opt/stack/data/venv/lib/python3.12/site-packages/oslo_concurrency/lockutils.py:543}}
Jun 04 13:46:32.796519 np0000002150 nova-scheduler[95826]: DEBUG nova.scheduler.manager [None req-9c8cd837-c421-4c09-a658-619011b4ac47 tempest-AttachSCSIVolumeTestJSON-1413345368 tempest-AttachSCSIVolumeTestJSON-1413345368-project-member] Starting to schedule for instances: ['aa4f865e-92d1-42bf-9725-b08ce781ba91'] {{(pid=95826) select_destinations /opt/stack/nova/nova/scheduler/manager.py:210}}
Jun 04 13:46:32.797022 np0000002150 nova-scheduler[95826]: DEBUG nova.scheduler.request_filter [None req-9c8cd837-c421-4c09-a658-619011b4ac47 tempest-AttachSCSIVolumeTestJSON-1413345368 tempest-AttachSCSIVolumeTestJSON-1413345368-project-member] compute_status_filter request filter added forbidden trait COMPUTE_STATUS_DISABLED {{(pid=95826) compute_status_filter /opt/stack/nova/nova/scheduler/request_filter.py:253}}
Jun 04 13:46:32.797160 np0000002150 nova-scheduler[95826]: DEBUG nova.scheduler.request_filter [None req-9c8cd837-c421-4c09-a658-619011b4ac47 tempest-AttachSCSIVolumeTestJSON-1413345368 tempest-AttachSCSIVolumeTestJSON-1413345368-project-member] Request filter 'compute_status_filter' took 0.0 seconds {{(pid=95826) wrapper /opt/stack/nova/nova/scheduler/request_filter.py:46}}
Jun 04 13:46:32.797379 np0000002150 nova-scheduler[95826]: DEBUG nova.scheduler.request_filter [None req-9c8cd837-c421-4c09-a658-619011b4ac47 tempest-AttachSCSIVolumeTestJSON-1413345368 tempest-AttachSCSIVolumeTestJSON-1413345368-project-member] Request filter 'accelerators_filter' took 0.0 seconds {{(pid=95826) wrapper /opt/stack/nova/nova/scheduler/request_filter.py:46}}
Jun 04 13:46:32.801937 np0000002150 nova-scheduler[95826]: DEBUG nova.scheduler.request_filter [None req-9c8cd837-c421-4c09-a658-619011b4ac47 tempest-AttachSCSIVolumeTestJSON-1413345368 tempest-AttachSCSIVolumeTestJSON-1413345368-project-member] Request filter 'packed_virtqueue_filter' took 0.0 seconds {{(pid=95826) wrapper /opt/stack/nova/nova/scheduler/request_filter.py:46}}
Jun 04 13:46:32.803429 np0000002150 nova-scheduler[95826]: DEBUG nova.scheduler.request_filter [None req-9c8cd837-c421-4c09-a658-619011b4ac47 tempest-AttachSCSIVolumeTestJSON-1413345368 tempest-AttachSCSIVolumeTestJSON-1413345368-project-member] Request filter 'remote_managed_ports_filter' took 0.0 seconds {{(pid=95826) wrapper /opt/stack/nova/nova/scheduler/request_filter.py:46}}
Jun 04 13:46:32.803669 np0000002150 nova-scheduler[95826]: DEBUG nova.scheduler.request_filter [None req-9c8cd837-c421-4c09-a658-619011b4ac47 tempest-AttachSCSIVolumeTestJSON-1413345368 tempest-AttachSCSIVolumeTestJSON-1413345368-project-member] ephemeral_encryption_filter skipped {{(pid=95826) ephemeral_encryption_filter /opt/stack/nova/nova/scheduler/request_filter.py:426}}
Jun 04 13:46:32.803872 np0000002150 nova-scheduler[95826]: DEBUG nova.scheduler.request_filter [None req-9c8cd837-c421-4c09-a658-619011b4ac47 tempest-AttachSCSIVolumeTestJSON-1413345368 tempest-AttachSCSIVolumeTestJSON-1413345368-project-member] virtio_sound_filter skipped {{(pid=95826) virtio_sound_filter /opt/stack/nova/nova/scheduler/request_filter.py:460}}
Jun 04 13:46:32.804054 np0000002150 nova-scheduler[95826]: DEBUG nova.scheduler.request_filter [None req-9c8cd837-c421-4c09-a658-619011b4ac47 tempest-AttachSCSIVolumeTestJSON-1413345368 tempest-AttachSCSIVolumeTestJSON-1413345368-project-member] tpm_secret_security_filter skipped {{(pid=95826) tpm_secret_security_filter /opt/stack/nova/nova/scheduler/request_filter.py:477}}
Jun 04 13:46:32.922379 np0000002150 nova-scheduler[95826]: INFO nova.utils [None req-9c8cd837-c421-4c09-a658-619011b4ac47 tempest-AttachSCSIVolumeTestJSON-1413345368 tempest-AttachSCSIVolumeTestJSON-1413345368-project-member] The cell worker thread pool ForkProcess-3.cell_worker is initialized
Jun 04 13:46:32.922379 np0000002150 nova-scheduler[95826]: DEBUG oslo_concurrency.lockutils [None req-9c8cd837-c421-4c09-a658-619011b4ac47 tempest-AttachSCSIVolumeTestJSON-1413345368 tempest-AttachSCSIVolumeTestJSON-1413345368-project-member] Acquiring lock "7a58368f-b25f-42cf-9890-20161106aab3" by "nova.context.set_target_cell..get_or_set_cached_cell_and_set_connections" {{(pid=95826) inner /opt/stack/data/venv/lib/python3.12/site-packages/oslo_concurrency/lockutils.py:511}}
Jun 04 13:46:32.922379 np0000002150 nova-scheduler[95826]: DEBUG oslo_concurrency.lockutils [None req-9c8cd837-c421-4c09-a658-619011b4ac47 tempest-AttachSCSIVolumeTestJSON-1413345368 tempest-AttachSCSIVolumeTestJSON-1413345368-project-member] Lock "7a58368f-b25f-42cf-9890-20161106aab3" acquired by "nova.context.set_target_cell..get_or_set_cached_cell_and_set_connections" :: waited 0.000s {{(pid=95826) inner /opt/stack/data/venv/lib/python3.12/site-packages/oslo_concurrency/lockutils.py:524}}
Jun 04 13:46:32.922379 np0000002150 nova-scheduler[95826]: DEBUG oslo_concurrency.lockutils [None req-9c8cd837-c421-4c09-a658-619011b4ac47 tempest-AttachSCSIVolumeTestJSON-1413345368 tempest-AttachSCSIVolumeTestJSON-1413345368-project-member] Lock "7a58368f-b25f-42cf-9890-20161106aab3" "released" by "nova.context.set_target_cell..get_or_set_cached_cell_and_set_connections" :: held 0.001s {{(pid=95826) inner /opt/stack/data/venv/lib/python3.12/site-packages/oslo_concurrency/lockutils.py:543}}
Jun 04 13:46:32.925177 np0000002150 nova-scheduler[95826]: INFO dbcounter [None req-9c8cd837-c421-4c09-a658-619011b4ac47 tempest-AttachSCSIVolumeTestJSON-1413345368 tempest-AttachSCSIVolumeTestJSON-1413345368-project-member] Registered counter for database nova_cell1
Jun 04 13:46:32.965766 np0000002150 nova-scheduler[95826]: DEBUG oslo_db.sqlalchemy.engines [None req-9c8cd837-c421-4c09-a658-619011b4ac47 tempest-AttachSCSIVolumeTestJSON-1413345368 tempest-AttachSCSIVolumeTestJSON-1413345368-project-member] MySQL server mode set to STRICT_TRANS_TABLES,STRICT_ALL_TABLES,NO_ZERO_IN_DATE,NO_ZERO_DATE,ERROR_FOR_DIVISION_BY_ZERO,TRADITIONAL,NO_ENGINE_SUBSTITUTION {{(pid=95826) _check_effective_sql_mode /opt/stack/data/venv/lib/python3.12/site-packages/oslo_db/sqlalchemy/engines.py:325}}
Jun 04 13:46:32.974145 np0000002150 nova-scheduler[95826]: DEBUG dbcounter [-] [95826] Writer thread running {{(pid=95826) stat_writer /opt/stack/data/venv/lib/python3.12/site-packages/dbcounter.py:102}}
Jun 04 13:46:33.052369 np0000002150 nova-scheduler[95826]: DEBUG dbcounter [-] [95826] Writer thread running {{(pid=95826) stat_writer /opt/stack/data/venv/lib/python3.12/site-packages/dbcounter.py:102}}
Jun 04 13:46:33.055995 np0000002150 nova-scheduler[95826]: DEBUG oslo_concurrency.lockutils [None req-9c8cd837-c421-4c09-a658-619011b4ac47 tempest-AttachSCSIVolumeTestJSON-1413345368 tempest-AttachSCSIVolumeTestJSON-1413345368-project-member] Acquiring lock "7a58368f-b25f-42cf-9890-20161106aab3" by "nova.context.set_target_cell..get_or_set_cached_cell_and_set_connections" {{(pid=95826) inner /opt/stack/data/venv/lib/python3.12/site-packages/oslo_concurrency/lockutils.py:511}}
Jun 04 13:46:33.056205 np0000002150 nova-scheduler[95826]: DEBUG oslo_concurrency.lockutils [None req-9c8cd837-c421-4c09-a658-619011b4ac47 tempest-AttachSCSIVolumeTestJSON-1413345368 tempest-AttachSCSIVolumeTestJSON-1413345368-project-member] Lock "7a58368f-b25f-42cf-9890-20161106aab3" acquired by "nova.context.set_target_cell..get_or_set_cached_cell_and_set_connections" :: waited 0.000s {{(pid=95826) inner /opt/stack/data/venv/lib/python3.12/site-packages/oslo_concurrency/lockutils.py:524}}
Jun 04 13:46:33.056414 np0000002150 nova-scheduler[95826]: DEBUG oslo_concurrency.lockutils [None req-9c8cd837-c421-4c09-a658-619011b4ac47 tempest-AttachSCSIVolumeTestJSON-1413345368 tempest-AttachSCSIVolumeTestJSON-1413345368-project-member] Lock "7a58368f-b25f-42cf-9890-20161106aab3" "released" by "nova.context.set_target_cell..get_or_set_cached_cell_and_set_connections" :: held 0.000s {{(pid=95826) inner /opt/stack/data/venv/lib/python3.12/site-packages/oslo_concurrency/lockutils.py:543}}
Jun 04 13:46:33.060184 np0000002150 nova-scheduler[95826]: DEBUG oslo_concurrency.lockutils [None req-9c8cd837-c421-4c09-a658-619011b4ac47 tempest-AttachSCSIVolumeTestJSON-1413345368 tempest-AttachSCSIVolumeTestJSON-1413345368-project-member] Acquiring lock "('np0000002150', 'np0000002150')" by "nova.scheduler.host_manager.HostState.update.._locked_update" {{(pid=95826) inner /opt/stack/data/venv/lib/python3.12/site-packages/oslo_concurrency/lockutils.py:511}}
Jun 04 13:46:33.060424 np0000002150 nova-scheduler[95826]: DEBUG oslo_concurrency.lockutils [None req-9c8cd837-c421-4c09-a658-619011b4ac47 tempest-AttachSCSIVolumeTestJSON-1413345368 tempest-AttachSCSIVolumeTestJSON-1413345368-project-member] Lock "('np0000002150', 'np0000002150')" acquired by "nova.scheduler.host_manager.HostState.update.._locked_update" :: waited 0.000s {{(pid=95826) inner /opt/stack/data/venv/lib/python3.12/site-packages/oslo_concurrency/lockutils.py:524}}
