Jun 12 22:32:34.961749 np0000002750 devstack@c-api.service[96139]: DEBUG cinder.api.middleware.request_id [None req-6cabac43-ca36-45c6-96da-4dc8bade150c None None] RequestId filter calling following filter/app {{(pid=96139) _context_setter /opt/stack/cinder/cinder/api/middleware/request_id.py:62}}
Jun 12 22:32:34.963925 np0000002750 devstack@c-api.service[96139]: INFO cinder.api.openstack.wsgi [None req-6cabac43-ca36-45c6-96da-4dc8bade150c tempest-AttachSCSIVolumeTestJSON-1108220119 tempest-AttachSCSIVolumeTestJSON-1108220119-project-reader] GET https://10.4.3.53/volume/v3/volumes/34886c70-fbd4-4c54-8b42-797a71cabbea
Jun 12 22:32:34.964209 np0000002750 devstack@c-api.service[96139]: DEBUG cinder.api.openstack.wsgi [None req-6cabac43-ca36-45c6-96da-4dc8bade150c tempest-AttachSCSIVolumeTestJSON-1108220119 tempest-AttachSCSIVolumeTestJSON-1108220119-project-reader] Empty body provided in request {{(pid=96139) get_body /opt/stack/cinder/cinder/api/openstack/wsgi.py:725}}
Jun 12 22:32:34.964386 np0000002750 devstack@c-api.service[96139]: DEBUG cinder.api.openstack.wsgi [None req-6cabac43-ca36-45c6-96da-4dc8bade150c tempest-AttachSCSIVolumeTestJSON-1108220119 tempest-AttachSCSIVolumeTestJSON-1108220119-project-reader] Calling method 'show' {{(pid=96139) _process_stack /opt/stack/cinder/cinder/api/openstack/wsgi.py:878}}
Jun 12 22:32:34.965700 np0000002750 devstack@c-api.service[96140]: INFO cinder.volume.api [req-01a28c6f-2ed9-4aab-aa21-6f73f665cb63 req-3a29d916-f3e5-48ff-8adc-31337e21c933 tempest-AttachSCSIVolumeTestJSON-1108220119 tempest-AttachSCSIVolumeTestJSON-1108220119-project-member] Volume info retrieved successfully.
Jun 12 22:32:34.971870 np0000002750 devstack@c-api.service[96140]: INFO cinder.api.openstack.wsgi [req-01a28c6f-2ed9-4aab-aa21-6f73f665cb63 req-3a29d916-f3e5-48ff-8adc-31337e21c933 tempest-AttachSCSIVolumeTestJSON-1108220119 tempest-AttachSCSIVolumeTestJSON-1108220119-project-member] https://10.4.3.53/volume/v3/volumes/34886c70-fbd4-4c54-8b42-797a71cabbea returned with HTTP 200
Jun 12 22:32:34.972360 np0000002750 devstack@c-api.service[96140]: [pid: 96140|app: 0|req: 247/482] 10.4.3.53 () {70 vars in 1632 bytes} [Fri Jun 12 22:32:34 2026] GET /volume/v3/volumes/34886c70-fbd4-4c54-8b42-797a71cabbea => generated 1321 bytes in 34 msecs (HTTP/1.1 200) 7 headers in 287 bytes (1 switches on core 0)
Jun 12 22:32:34.977281 np0000002750 devstack@c-api.service[96139]: /opt/stack/data/venv/lib/python3.12/site-packages/oslo_context/context.py:102: DeprecationWarning: Policy enforcement is depending on the value of is_admin. This key is deprecated. Please update your policy file to use the standard policy values.
Jun 12 22:32:34.977281 np0000002750 devstack@c-api.service[96139]: warnings.warn(
Jun 12 22:32:34.981606 np0000002750 devstack@c-api.service[96139]: INFO cinder.volume.api [None req-6cabac43-ca36-45c6-96da-4dc8bade150c tempest-AttachSCSIVolumeTestJSON-1108220119 tempest-AttachSCSIVolumeTestJSON-1108220119-project-reader] Volume info retrieved successfully.
Jun 12 22:32:34.986896 np0000002750 devstack@c-api.service[96139]: INFO cinder.api.openstack.wsgi [None req-6cabac43-ca36-45c6-96da-4dc8bade150c tempest-AttachSCSIVolumeTestJSON-1108220119 tempest-AttachSCSIVolumeTestJSON-1108220119-project-reader] https://10.4.3.53/volume/v3/volumes/34886c70-fbd4-4c54-8b42-797a71cabbea returned with HTTP 200
Jun 12 22:32:34.987483 np0000002750 devstack@c-api.service[96139]: [pid: 96139|app: 0|req: 236/483] 10.4.3.53 () {66 vars in 1341 bytes} [Fri Jun 12 22:32:34 2026] GET /volume/v3/volumes/34886c70-fbd4-4c54-8b42-797a71cabbea => generated 1140 bytes in 26 msecs (HTTP/1.1 200) 7 headers in 286 bytes (1 switches on core 0)
Jun 12 22:32:35.238351 np0000002750 devstack@c-api.service[96140]: DEBUG cinder.api.middleware.request_id [req-01a28c6f-2ed9-4aab-aa21-6f73f665cb63 req-5a79b05f-530b-4e25-8721-e4c0c5cec5dc None None] RequestId filter calling following filter/app {{(pid=96140) _context_setter /opt/stack/cinder/cinder/api/middleware/request_id.py:62}}
Jun 12 22:32:35.240977 np0000002750 devstack@c-api.service[96140]: INFO cinder.api.openstack.wsgi [req-01a28c6f-2ed9-4aab-aa21-6f73f665cb63 req-5a79b05f-530b-4e25-8721-e4c0c5cec5dc tempest-AttachSCSIVolumeTestJSON-1108220119 tempest-AttachSCSIVolumeTestJSON-1108220119-project-member] DELETE https://10.4.3.53/volume/v3/attachments/5ae67477-fcc7-4109-a0b2-c73d8cc70c7e
Jun 12 22:32:35.241209 np0000002750 devstack@c-api.service[96140]: DEBUG cinder.api.openstack.wsgi [req-01a28c6f-2ed9-4aab-aa21-6f73f665cb63 req-5a79b05f-530b-4e25-8721-e4c0c5cec5dc tempest-AttachSCSIVolumeTestJSON-1108220119 tempest-AttachSCSIVolumeTestJSON-1108220119-project-member] Empty body provided in request {{(pid=96140) get_body /opt/stack/cinder/cinder/api/openstack/wsgi.py:725}}
Jun 12 22:32:35.241417 np0000002750 devstack@c-api.service[96140]: DEBUG cinder.api.openstack.wsgi [req-01a28c6f-2ed9-4aab-aa21-6f73f665cb63 req-5a79b05f-530b-4e25-8721-e4c0c5cec5dc tempest-AttachSCSIVolumeTestJSON-1108220119 tempest-AttachSCSIVolumeTestJSON-1108220119-project-member] Calling method 'version_select' {{(pid=96140) _process_stack /opt/stack/cinder/cinder/api/openstack/wsgi.py:878}}
Jun 12 22:32:35.249178 np0000002750 devstack@c-api.service[96140]: /opt/stack/data/venv/lib/python3.12/site-packages/oslo_context/context.py:102: DeprecationWarning: Policy enforcement is depending on the value of is_admin. This key is deprecated. Please update your policy file to use the standard policy values.
Jun 12 22:32:35.249178 np0000002750 devstack@c-api.service[96140]: warnings.warn(
Jun 12 22:32:35.299370 np0000002750 devstack@c-api.service[96139]: DEBUG cinder.api.middleware.request_id [None req-02605ff8-5eb5-49cf-b3be-e1193ba1528c None None] RequestId filter calling following filter/app {{(pid=96139) _context_setter /opt/stack/cinder/cinder/api/middleware/request_id.py:62}}
Jun 12 22:32:35.299890 np0000002750 devstack@c-api.service[96139]: INFO cinder.api.openstack.wsgi [None req-02605ff8-5eb5-49cf-b3be-e1193ba1528c None None] GET https://10.4.3.53/volume//
Jun 12 22:32:35.300069 np0000002750 devstack@c-api.service[96139]: DEBUG cinder.api.openstack.wsgi [None req-02605ff8-5eb5-49cf-b3be-e1193ba1528c None None] Empty body provided in request {{(pid=96139) get_body /opt/stack/cinder/cinder/api/openstack/wsgi.py:725}}
Jun 12 22:32:35.300294 np0000002750 devstack@c-api.service[96139]: DEBUG cinder.api.openstack.wsgi [None req-02605ff8-5eb5-49cf-b3be-e1193ba1528c None None] Calling method 'all' {{(pid=96139) _process_stack /opt/stack/cinder/cinder/api/openstack/wsgi.py:878}}
Jun 12 22:32:35.300686 np0000002750 devstack@c-api.service[96139]: INFO cinder.api.openstack.wsgi [None req-02605ff8-5eb5-49cf-b3be-e1193ba1528c None None] https://10.4.3.53/volume// returned with HTTP 300
Jun 12 22:32:35.301105 np0000002750 devstack@c-api.service[96139]: [pid: 96139|app: 0|req: 237/484] 10.4.3.53 () {66 vars in 1421 bytes} [Fri Jun 12 22:32:35 2026] GET /volume/ => generated 385 bytes in 2 msecs (HTTP/1.1 300) 7 headers in 299 bytes (1 switches on core 0)
Jun 12 22:32:35.317724 np0000002750 devstack@c-api.service[96139]: DEBUG cinder.api.middleware.request_id [req-7fc8dc27-eb8e-4bf9-8c32-c0e8ae659ba5 req-062c120f-8afe-41a7-aa99-90edec8fce78 None None] RequestId filter calling following filter/app {{(pid=96139) _context_setter /opt/stack/cinder/cinder/api/middleware/request_id.py:62}}
Jun 12 22:32:35.320102 np0000002750 devstack@c-api.service[96139]: INFO cinder.api.openstack.wsgi [req-7fc8dc27-eb8e-4bf9-8c32-c0e8ae659ba5 req-062c120f-8afe-41a7-aa99-90edec8fce78 tempest-AttachVolumeNegativeTest-437911369 tempest-AttachVolumeNegativeTest-437911369-project-member] POST https://10.4.3.53/volume/v3/attachments
Jun 12 22:32:35.320621 np0000002750 devstack@c-api.service[96139]: DEBUG cinder.api.openstack.wsgi [req-7fc8dc27-eb8e-4bf9-8c32-c0e8ae659ba5 req-062c120f-8afe-41a7-aa99-90edec8fce78 tempest-AttachVolumeNegativeTest-437911369 tempest-AttachVolumeNegativeTest-437911369-project-member] Action: 'create', calling method: version_select, body: {"attachment": {"volume_uuid": "99039a48-225a-415c-b242-592ff07a3b7a", "connector": null, "instance_uuid": "f67c9119-63e8-499a-b7d2-823fdcbf3bab"}} {{(pid=96139) _process_stack /opt/stack/cinder/cinder/api/openstack/wsgi.py:876}}
Jun 12 22:32:35.331433 np0000002750 devstack@c-api.service[96139]: /opt/stack/data/venv/lib/python3.12/site-packages/oslo_context/context.py:102: DeprecationWarning: Policy enforcement is depending on the value of is_admin. This key is deprecated. Please update your policy file to use the standard policy values.
Jun 12 22:32:35.331433 np0000002750 devstack@c-api.service[96139]: warnings.warn(
Jun 12 22:32:35.364493 np0000002750 devstack@c-api.service[96139]: INFO cinder.api.openstack.wsgi [req-7fc8dc27-eb8e-4bf9-8c32-c0e8ae659ba5 req-062c120f-8afe-41a7-aa99-90edec8fce78 tempest-AttachVolumeNegativeTest-437911369 tempest-AttachVolumeNegativeTest-437911369-project-member] https://10.4.3.53/volume/v3/attachments returned with HTTP 200
Jun 12 22:32:35.365061 np0000002750 devstack@c-api.service[96139]: [pid: 96139|app: 0|req: 238/485] 10.4.3.53 () {74 vars in 1587 bytes} [Fri Jun 12 22:32:35 2026] POST /volume/v3/attachments => generated 273 bytes in 48 msecs (HTTP/1.1 200) 7 headers in 286 bytes (1 switches on core 0)
Jun 12 22:32:35.453284 np0000002750 devstack@c-api.service[96139]: DEBUG cinder.api.middleware.request_id [req-1f593355-2a2f-4f99-9fa0-803b145d1e23 req-6bd607ce-a84d-4cb7-ada0-67d08590badc None None] RequestId filter calling following filter/app {{(pid=96139) _context_setter /opt/stack/cinder/cinder/api/middleware/request_id.py:62}}
Jun 12 22:32:35.455683 np0000002750 devstack@c-api.service[96139]: INFO cinder.api.openstack.wsgi [req-1f593355-2a2f-4f99-9fa0-803b145d1e23 req-6bd607ce-a84d-4cb7-ada0-67d08590badc tempest-VolumesAssistedSnapshotsTest-1245898373 tempest-VolumesAssistedSnapshotsTest-1245898373-project-admin] POST https://10.4.3.53/volume/v3/attachments/1740a5e4-efcb-4deb-bb98-bd0fc1a39440/action
Jun 12 22:32:35.456934 np0000002750 devstack@c-api.service[96139]: DEBUG cinder.api.openstack.wsgi [req-1f593355-2a2f-4f99-9fa0-803b145d1e23 req-6bd607ce-a84d-4cb7-ada0-67d08590badc tempest-VolumesAssistedSnapshotsTest-1245898373 tempest-VolumesAssistedSnapshotsTest-1245898373-project-admin] Action body: b'{"os-complete": null}' {{(pid=96139) get_method /opt/stack/cinder/cinder/api/openstack/wsgi.py:993}}
Jun 12 22:32:35.457138 np0000002750 devstack@c-api.service[96139]: DEBUG cinder.api.openstack.wsgi [req-1f593355-2a2f-4f99-9fa0-803b145d1e23 req-6bd607ce-a84d-4cb7-ada0-67d08590badc tempest-VolumesAssistedSnapshotsTest-1245898373 tempest-VolumesAssistedSnapshotsTest-1245898373-project-admin] Action: 'action', calling method: complete, body: {"os-complete": null} {{(pid=96139) _process_stack /opt/stack/cinder/cinder/api/openstack/wsgi.py:876}}
Jun 12 22:32:35.480268 np0000002750 devstack@c-api.service[96139]: /opt/stack/data/venv/lib/python3.12/site-packages/oslo_context/context.py:102: DeprecationWarning: Policy enforcement is depending on the value of is_admin. This key is deprecated. Please update your policy file to use the standard policy values.
Jun 12 22:32:35.480268 np0000002750 devstack@c-api.service[96139]: warnings.warn(
Jun 12 22:32:35.497620 np0000002750 devstack@c-api.service[96139]: INFO cinder.api.openstack.wsgi [req-1f593355-2a2f-4f99-9fa0-803b145d1e23 req-6bd607ce-a84d-4cb7-ada0-67d08590badc tempest-VolumesAssistedSnapshotsTest-1245898373 tempest-VolumesAssistedSnapshotsTest-1245898373-project-admin] https://10.4.3.53/volume/v3/attachments/1740a5e4-efcb-4deb-bb98-bd0fc1a39440/action returned with HTTP 204
Jun 12 22:32:35.498490 np0000002750 devstack@c-api.service[96139]: [pid: 96139|app: 0|req: 239/486] 10.4.3.53 () {74 vars in 1718 bytes} [Fri Jun 12 22:32:35 2026] POST /volume/v3/attachments/1740a5e4-efcb-4deb-bb98-bd0fc1a39440/action => generated 0 bytes in 45 msecs (HTTP/1.1 204) 7 headers in 292 bytes (1 switches on core 0)
Jun 12 22:32:35.574914 np0000002750 devstack@c-api.service[96139]: DEBUG cinder.api.middleware.request_id [None req-f707e2de-132e-4d31-a9ab-e6d7c5dabfe7 None None] RequestId filter calling following filter/app {{(pid=96139) _context_setter /opt/stack/cinder/cinder/api/middleware/request_id.py:62}}
Jun 12 22:32:35.577700 np0000002750 devstack@c-api.service[96139]: INFO cinder.api.openstack.wsgi [None req-f707e2de-132e-4d31-a9ab-e6d7c5dabfe7 tempest-VolumesAssistedSnapshotsTest-1245898373 tempest-VolumesAssistedSnapshotsTest-1245898373-project-admin] GET https://10.4.3.53/volume/v3/volumes/4732217d-c409-469d-ad05-46ba6739b342
Jun 12 22:32:35.578113 np0000002750 devstack@c-api.service[96139]: DEBUG cinder.api.openstack.wsgi [None req-f707e2de-132e-4d31-a9ab-e6d7c5dabfe7 tempest-VolumesAssistedSnapshotsTest-1245898373 tempest-VolumesAssistedSnapshotsTest-1245898373-project-admin] Empty body provided in request {{(pid=96139) get_body /opt/stack/cinder/cinder/api/openstack/wsgi.py:725}}
Jun 12 22:32:35.578490 np0000002750 devstack@c-api.service[96139]: DEBUG cinder.api.openstack.wsgi [None req-f707e2de-132e-4d31-a9ab-e6d7c5dabfe7 tempest-VolumesAssistedSnapshotsTest-1245898373 tempest-VolumesAssistedSnapshotsTest-1245898373-project-admin] Calling method 'show' {{(pid=96139) _process_stack /opt/stack/cinder/cinder/api/openstack/wsgi.py:878}}
Jun 12 22:32:35.592855 np0000002750 devstack@c-api.service[96139]: /opt/stack/data/venv/lib/python3.12/site-packages/oslo_context/context.py:102: DeprecationWarning: Policy enforcement is depending on the value of is_admin. This key is deprecated. Please update your policy file to use the standard policy values.
Jun 12 22:32:35.592855 np0000002750 devstack@c-api.service[96139]: warnings.warn(
Jun 12 22:32:35.598239 np0000002750 devstack@c-api.service[96139]: INFO cinder.volume.api [None req-f707e2de-132e-4d31-a9ab-e6d7c5dabfe7 tempest-VolumesAssistedSnapshotsTest-1245898373 tempest-VolumesAssistedSnapshotsTest-1245898373-project-admin] Volume info retrieved successfully.
Jun 12 22:32:35.604500 np0000002750 devstack@c-api.service[96139]: INFO cinder.api.openstack.wsgi [None req-f707e2de-132e-4d31-a9ab-e6d7c5dabfe7 tempest-VolumesAssistedSnapshotsTest-1245898373 tempest-VolumesAssistedSnapshotsTest-1245898373-project-admin] https://10.4.3.53/volume/v3/volumes/4732217d-c409-469d-ad05-46ba6739b342 returned with HTTP 200
Jun 12 22:32:35.605174 np0000002750 devstack@c-api.service[96139]: [pid: 96139|app: 0|req: 240/487] 10.4.3.53 () {66 vars in 1341 bytes} [Fri Jun 12 22:32:35 2026] GET /volume/v3/volumes/4732217d-c409-469d-ad05-46ba6739b342 => generated 1325 bytes in 31 msecs (HTTP/1.1 200) 7 headers in 286 bytes (1 switches on core 0)
Jun 12 22:32:35.623163 np0000002750 devstack@c-api.service[96139]: DEBUG cinder.api.middleware.request_id [None req-c17ccf01-4e55-47da-acdc-2c6a2fd626e4 None None] RequestId filter calling following filter/app {{(pid=96139) _context_setter /opt/stack/cinder/cinder/api/middleware/request_id.py:62}}
Jun 12 22:32:35.626063 np0000002750 devstack@c-api.service[96139]: INFO cinder.api.openstack.wsgi [None req-c17ccf01-4e55-47da-acdc-2c6a2fd626e4 tempest-VolumesAssistedSnapshotsTest-1245898373 tempest-VolumesAssistedSnapshotsTest-1245898373-project-admin] GET https://10.4.3.53/volume/v3/volumes/4732217d-c409-469d-ad05-46ba6739b342
Jun 12 22:32:35.626063 np0000002750 devstack@c-api.service[96139]: DEBUG cinder.api.openstack.wsgi [None req-c17ccf01-4e55-47da-acdc-2c6a2fd626e4 tempest-VolumesAssistedSnapshotsTest-1245898373 tempest-VolumesAssistedSnapshotsTest-1245898373-project-admin] Empty body provided in request {{(pid=96139) get_body /opt/stack/cinder/cinder/api/openstack/wsgi.py:725}}
Jun 12 22:32:35.626399 np0000002750 devstack@c-api.service[96139]: DEBUG cinder.api.openstack.wsgi [None req-c17ccf01-4e55-47da-acdc-2c6a2fd626e4 tempest-VolumesAssistedSnapshotsTest-1245898373 tempest-VolumesAssistedSnapshotsTest-1245898373-project-admin] Calling method 'show' {{(pid=96139) _process_stack /opt/stack/cinder/cinder/api/openstack/wsgi.py:878}}
Jun 12 22:32:35.637110 np0000002750 devstack@c-api.service[96139]: /opt/stack/data/venv/lib/python3.12/site-packages/oslo_context/context.py:102: DeprecationWarning: Policy enforcement is depending on the value of is_admin. This key is deprecated. Please update your policy file to use the standard policy values.
Jun 12 22:32:35.637110 np0000002750 devstack@c-api.service[96139]: warnings.warn(
Jun 12 22:32:35.642729 np0000002750 devstack@c-api.service[96139]: INFO cinder.volume.api [None req-c17ccf01-4e55-47da-acdc-2c6a2fd626e4 tempest-VolumesAssistedSnapshotsTest-1245898373 tempest-VolumesAssistedSnapshotsTest-1245898373-project-admin] Volume info retrieved successfully.
Jun 12 22:32:35.647846 np0000002750 devstack@c-api.service[96139]: INFO cinder.api.openstack.wsgi [None req-c17ccf01-4e55-47da-acdc-2c6a2fd626e4 tempest-VolumesAssistedSnapshotsTest-1245898373 tempest-VolumesAssistedSnapshotsTest-1245898373-project-admin] https://10.4.3.53/volume/v3/volumes/4732217d-c409-469d-ad05-46ba6739b342 returned with HTTP 200
Jun 12 22:32:35.648385 np0000002750 devstack@c-api.service[96139]: [pid: 96139|app: 0|req: 241/488] 10.4.3.53 () {66 vars in 1341 bytes} [Fri Jun 12 22:32:35 2026] GET /volume/v3/volumes/4732217d-c409-469d-ad05-46ba6739b342 => generated 1325 bytes in 26 msecs (HTTP/1.1 200) 7 headers in 286 bytes (1 switches on core 0)
Jun 12 22:32:35.789689 np0000002750 devstack@c-api.service[96139]: DEBUG cinder.api.middleware.request_id [None req-1c4d5e0d-3a9e-476f-93b0-ba1efa6b152a None None] RequestId filter calling following filter/app {{(pid=96139) _context_setter /opt/stack/cinder/cinder/api/middleware/request_id.py:62}}
Jun 12 22:32:35.792061 np0000002750 devstack@c-api.service[96139]: INFO cinder.api.openstack.wsgi [None req-1c4d5e0d-3a9e-476f-93b0-ba1efa6b152a tempest-AttachVolumeNegativeTest-437911369 tempest-AttachVolumeNegativeTest-437911369-project-member] GET https://10.4.3.53/volume/v3/volumes/99039a48-225a-415c-b242-592ff07a3b7a
Jun 12 22:32:35.794747 np0000002750 devstack@c-api.service[96139]: DEBUG cinder.api.openstack.wsgi [None req-1c4d5e0d-3a9e-476f-93b0-ba1efa6b152a tempest-AttachVolumeNegativeTest-437911369 tempest-AttachVolumeNegativeTest-437911369-project-member] Empty body provided in request {{(pid=96139) get_body /opt/stack/cinder/cinder/api/openstack/wsgi.py:725}}
Jun 12 22:32:35.794949 np0000002750 devstack@c-api.service[96139]: DEBUG cinder.api.openstack.wsgi [None req-1c4d5e0d-3a9e-476f-93b0-ba1efa6b152a tempest-AttachVolumeNegativeTest-437911369 tempest-AttachVolumeNegativeTest-437911369-project-member] Calling method 'show' {{(pid=96139) _process_stack /opt/stack/cinder/cinder/api/openstack/wsgi.py:878}}
Jun 12 22:32:35.811926 np0000002750 devstack@c-api.service[96139]: /opt/stack/data/venv/lib/python3.12/site-packages/oslo_context/context.py:102: DeprecationWarning: Policy enforcement is depending on the value of is_admin. This key is deprecated. Please update your policy file to use the standard policy values.
Jun 12 22:32:35.811926 np0000002750 devstack@c-api.service[96139]: warnings.warn(
Jun 12 22:32:35.814392 np0000002750 devstack@c-api.service[96140]: INFO cinder.api.openstack.wsgi [req-01a28c6f-2ed9-4aab-aa21-6f73f665cb63 req-5a79b05f-530b-4e25-8721-e4c0c5cec5dc tempest-AttachSCSIVolumeTestJSON-1108220119 tempest-AttachSCSIVolumeTestJSON-1108220119-project-member] https://10.4.3.53/volume/v3/attachments/5ae67477-fcc7-4109-a0b2-c73d8cc70c7e returned with HTTP 200
Jun 12 22:32:35.815019 np0000002750 devstack@c-api.service[96140]: [pid: 96140|app: 0|req: 248/489] 10.4.3.53 () {72 vars in 1666 bytes} [Fri Jun 12 22:32:35 2026] DELETE /volume/v3/attachments/5ae67477-fcc7-4109-a0b2-c73d8cc70c7e => generated 19 bytes in 577 msecs (HTTP/1.1 200) 7 headers in 285 bytes (1 switches on core 0)
Jun 12 22:32:35.823901 np0000002750 devstack@c-api.service[96139]: INFO cinder.volume.api [None req-1c4d5e0d-3a9e-476f-93b0-ba1efa6b152a tempest-AttachVolumeNegativeTest-437911369 tempest-AttachVolumeNegativeTest-437911369-project-member] Volume info retrieved successfully.
Jun 12 22:32:35.829598 np0000002750 devstack@c-api.service[96139]: INFO cinder.api.openstack.wsgi [None req-1c4d5e0d-3a9e-476f-93b0-ba1efa6b152a tempest-AttachVolumeNegativeTest-437911369 tempest-AttachVolumeNegativeTest-437911369-project-member] https://10.4.3.53/volume/v3/volumes/99039a48-225a-415c-b242-592ff07a3b7a returned with HTTP 200
Jun 12 22:32:35.830901 np0000002750 devstack@c-api.service[96139]: [pid: 96139|app: 0|req: 242/490] 10.4.3.53 () {66 vars in 1341 bytes} [Fri Jun 12 22:32:35 2026] GET /volume/v3/volumes/99039a48-225a-415c-b242-592ff07a3b7a => generated 845 bytes in 43 msecs (HTTP/1.1 200) 7 headers in 285 bytes (1 switches on core 0)
Jun 12 22:32:35.908980 np0000002750 devstack@c-api.service[96140]: DEBUG cinder.api.middleware.request_id [None req-fa78d6a5-d666-4f4f-ab97-7ce1d0e18e7a None None] RequestId filter calling following filter/app {{(pid=96140) _context_setter /opt/stack/cinder/cinder/api/middleware/request_id.py:62}}
Jun 12 22:32:35.910929 np0000002750 devstack@c-api.service[96140]: INFO cinder.api.openstack.wsgi [None req-fa78d6a5-d666-4f4f-ab97-7ce1d0e18e7a tempest-VolumeDependencyTests-679652605 tempest-VolumeDependencyTests-679652605-project-member] GET https://10.4.3.53/volume/v3/snapshots/6129788e-e22f-448c-aacb-9cd6ff7b4a22
Jun 12 22:32:35.911172 np0000002750 devstack@c-api.service[96140]: DEBUG cinder.api.openstack.wsgi [None req-fa78d6a5-d666-4f4f-ab97-7ce1d0e18e7a tempest-VolumeDependencyTests-679652605 tempest-VolumeDependencyTests-679652605-project-member] Empty body provided in request {{(pid=96140) get_body /opt/stack/cinder/cinder/api/openstack/wsgi.py:725}}
Jun 12 22:32:35.911421 np0000002750 devstack@c-api.service[96140]: DEBUG cinder.api.openstack.wsgi [None req-fa78d6a5-d666-4f4f-ab97-7ce1d0e18e7a tempest-VolumeDependencyTests-679652605 tempest-VolumeDependencyTests-679652605-project-member] Calling method 'show' {{(pid=96140) _process_stack /opt/stack/cinder/cinder/api/openstack/wsgi.py:878}}
Jun 12 22:32:35.920167 np0000002750 devstack@c-api.service[96140]: /opt/stack/data/venv/lib/python3.12/site-packages/oslo_context/context.py:102: DeprecationWarning: Policy enforcement is depending on the value of is_admin. This key is deprecated. Please update your policy file to use the standard policy values.
Jun 12 22:32:35.920167 np0000002750 devstack@c-api.service[96140]: warnings.warn(
Jun 12 22:32:35.920783 np0000002750 devstack@c-api.service[96140]: INFO cinder.volume.api [None req-fa78d6a5-d666-4f4f-ab97-7ce1d0e18e7a tempest-VolumeDependencyTests-679652605 tempest-VolumeDependencyTests-679652605-project-member] Snapshot retrieved successfully.
Jun 12 22:32:35.921545 np0000002750 devstack@c-api.service[96139]: DEBUG cinder.api.middleware.request_id [None req-b5c22517-24fe-468c-a60b-2beb70a7151c None None] RequestId filter calling following filter/app {{(pid=96139) _context_setter /opt/stack/cinder/cinder/api/middleware/request_id.py:62}}
Jun 12 22:32:35.921707 np0000002750 devstack@c-api.service[96140]: INFO cinder.api.openstack.wsgi [None req-fa78d6a5-d666-4f4f-ab97-7ce1d0e18e7a tempest-VolumeDependencyTests-679652605 tempest-VolumeDependencyTests-679652605-project-member] https://10.4.3.53/volume/v3/snapshots/6129788e-e22f-448c-aacb-9cd6ff7b4a22 returned with HTTP 200
Jun 12 22:32:35.922203 np0000002750 devstack@c-api.service[96140]: [pid: 96140|app: 0|req: 249/491] 10.4.3.53 () {66 vars in 1347 bytes} [Fri Jun 12 22:32:35 2026] GET /volume/v3/snapshots/6129788e-e22f-448c-aacb-9cd6ff7b4a22 => generated 467 bytes in 14 msecs (HTTP/1.1 200) 7 headers in 285 bytes (1 switches on core 0)
Jun 12 22:32:35.924978 np0000002750 devstack@c-api.service[96139]: INFO cinder.api.openstack.wsgi [None req-b5c22517-24fe-468c-a60b-2beb70a7151c None None] GET https://10.4.3.53/volume//
Jun 12 22:32:35.925627 np0000002750 devstack@c-api.service[96139]: DEBUG cinder.api.openstack.wsgi [None req-b5c22517-24fe-468c-a60b-2beb70a7151c None None] Empty body provided in request {{(pid=96139) get_body /opt/stack/cinder/cinder/api/openstack/wsgi.py:725}}
Jun 12 22:32:35.925994 np0000002750 devstack@c-api.service[96139]: DEBUG cinder.api.openstack.wsgi [None req-b5c22517-24fe-468c-a60b-2beb70a7151c None None] Calling method 'all' {{(pid=96139) _process_stack /opt/stack/cinder/cinder/api/openstack/wsgi.py:878}}
Jun 12 22:32:35.926607 np0000002750 devstack@c-api.service[96139]: INFO cinder.api.openstack.wsgi [None req-b5c22517-24fe-468c-a60b-2beb70a7151c None None] https://10.4.3.53/volume// returned with HTTP 300
Jun 12 22:32:35.930183 np0000002750 devstack@c-api.service[96139]: [pid: 96139|app: 0|req: 243/492] 10.4.3.53 () {66 vars in 1419 bytes} [Fri Jun 12 22:32:35 2026] GET /volume/ => generated 385 bytes in 10 msecs (HTTP/1.1 300) 7 headers in 299 bytes (1 switches on core 0)
Jun 12 22:32:35.935924 np0000002750 devstack@c-api.service[96140]: DEBUG cinder.api.middleware.request_id [None req-e8716932-39a7-4221-8087-797e041ba931 None None] RequestId filter calling following filter/app {{(pid=96140) _context_setter /opt/stack/cinder/cinder/api/middleware/request_id.py:62}}
Jun 12 22:32:35.938910 np0000002750 devstack@c-api.service[96140]: INFO cinder.api.openstack.wsgi [None req-e8716932-39a7-4221-8087-797e041ba931 tempest-VolumeDependencyTests-679652605 tempest-VolumeDependencyTests-679652605-project-member] POST https://10.4.3.53/volume/v3/volumes
Jun 12 22:32:35.939368 np0000002750 devstack@c-api.service[96140]: DEBUG cinder.api.openstack.wsgi [None req-e8716932-39a7-4221-8087-797e041ba931 tempest-VolumeDependencyTests-679652605 tempest-VolumeDependencyTests-679652605-project-member] Action: 'create', calling method: create, body: {"volume": {"snapshot_id": "6129788e-e22f-448c-aacb-9cd6ff7b4a22", "size": 1, "name": "tempest-VolumeDependencyTests-Volume-1375054037"}} {{(pid=96140) _process_stack /opt/stack/cinder/cinder/api/openstack/wsgi.py:876}}
Jun 12 22:32:35.940410 np0000002750 devstack@c-api.service[96139]: DEBUG cinder.api.middleware.request_id [req-7fc8dc27-eb8e-4bf9-8c32-c0e8ae659ba5 req-8f451ec5-a000-4e86-a809-7d1ef4df61e7 None None] RequestId filter calling following filter/app {{(pid=96139) _context_setter /opt/stack/cinder/cinder/api/middleware/request_id.py:62}}
Jun 12 22:32:35.941348 np0000002750 devstack@c-api.service[96140]: DEBUG cinder.api.v3.volumes [None req-e8716932-39a7-4221-8087-797e041ba931 tempest-VolumeDependencyTests-679652605 tempest-VolumeDependencyTests-679652605-project-member] Create volume request body: {'volume': {'snapshot_id': '6129788e-e22f-448c-aacb-9cd6ff7b4a22', 'size': 1, 'name': 'tempest-VolumeDependencyTests-Volume-1375054037'}} {{(pid=96140) create /opt/stack/cinder/cinder/api/v3/volumes.py:368}}
Jun 12 22:32:35.946116 np0000002750 devstack@c-api.service[96139]: INFO cinder.api.openstack.wsgi [req-7fc8dc27-eb8e-4bf9-8c32-c0e8ae659ba5 req-8f451ec5-a000-4e86-a809-7d1ef4df61e7 tempest-AttachVolumeNegativeTest-437911369 tempest-AttachVolumeNegativeTest-437911369-project-member] GET https://10.4.3.53/volume/v3/volumes/99039a48-225a-415c-b242-592ff07a3b7a
Jun 12 22:32:35.946595 np0000002750 devstack@c-api.service[96139]: DEBUG cinder.api.openstack.wsgi [req-7fc8dc27-eb8e-4bf9-8c32-c0e8ae659ba5 req-8f451ec5-a000-4e86-a809-7d1ef4df61e7 tempest-AttachVolumeNegativeTest-437911369 tempest-AttachVolumeNegativeTest-437911369-project-member] Empty body provided in request {{(pid=96139) get_body /opt/stack/cinder/cinder/api/openstack/wsgi.py:725}}
Jun 12 22:32:35.946975 np0000002750 devstack@c-api.service[96139]: DEBUG cinder.api.openstack.wsgi [req-7fc8dc27-eb8e-4bf9-8c32-c0e8ae659ba5 req-8f451ec5-a000-4e86-a809-7d1ef4df61e7 tempest-AttachVolumeNegativeTest-437911369 tempest-AttachVolumeNegativeTest-437911369-project-member] Calling method 'show' {{(pid=96139) _process_stack /opt/stack/cinder/cinder/api/openstack/wsgi.py:878}}
Jun 12 22:32:35.949940 np0000002750 devstack@c-api.service[96140]: /opt/stack/data/venv/lib/python3.12/site-packages/oslo_context/context.py:102: DeprecationWarning: Policy enforcement is depending on the value of is_admin. This key is deprecated. Please update your policy file to use the standard policy values.
Jun 12 22:32:35.949940 np0000002750 devstack@c-api.service[96140]: warnings.warn(
Jun 12 22:32:35.950535 np0000002750 devstack@c-api.service[96140]: INFO cinder.volume.api [None req-e8716932-39a7-4221-8087-797e041ba931 tempest-VolumeDependencyTests-679652605 tempest-VolumeDependencyTests-679652605-project-member] Snapshot retrieved successfully.
Jun 12 22:32:35.953818 np0000002750 devstack@c-api.service[96140]: INFO cinder.api.v3.volumes [None req-e8716932-39a7-4221-8087-797e041ba931 tempest-VolumeDependencyTests-679652605 tempest-VolumeDependencyTests-679652605-project-member] Create volume of 1 GB
Jun 12 22:32:35.956171 np0000002750 devstack@c-api.service[96140]: INFO cinder.volume.api [None req-e8716932-39a7-4221-8087-797e041ba931 tempest-VolumeDependencyTests-679652605 tempest-VolumeDependencyTests-679652605-project-member] Availability Zones retrieved successfully.
Jun 12 22:32:35.959735 np0000002750 devstack@c-api.service[96139]: /opt/stack/data/venv/lib/python3.12/site-packages/oslo_context/context.py:102: DeprecationWarning: Policy enforcement is depending on the value of is_admin. This key is deprecated. Please update your policy file to use the standard policy values.
Jun 12 22:32:35.959735 np0000002750 devstack@c-api.service[96139]: warnings.warn(
Jun 12 22:32:35.964810 np0000002750 devstack@c-api.service[96140]: DEBUG cinder.volume.api [None req-e8716932-39a7-4221-8087-797e041ba931 tempest-VolumeDependencyTests-679652605 tempest-VolumeDependencyTests-679652605-project-member] Flow 'volume_create_api' (d8199352-10f6-4697-91c9-aca092eb97d3) transitioned into state 'RUNNING' from state 'PENDING' {{(pid=96140) _flow_receiver /opt/stack/data/venv/lib/python3.12/site-packages/taskflow/listeners/logging.py:160}}
Jun 12 22:32:35.965375 np0000002750 devstack@c-api.service[96139]: INFO cinder.volume.api [req-7fc8dc27-eb8e-4bf9-8c32-c0e8ae659ba5 req-8f451ec5-a000-4e86-a809-7d1ef4df61e7 tempest-AttachVolumeNegativeTest-437911369 tempest-AttachVolumeNegativeTest-437911369-project-member] Volume info retrieved successfully.
Jun 12 22:32:35.966765 np0000002750 devstack@c-api.service[96140]: DEBUG cinder.volume.api [None req-e8716932-39a7-4221-8087-797e041ba931 tempest-VolumeDependencyTests-679652605 tempest-VolumeDependencyTests-679652605-project-member] Task 'cinder.volume.flows.api.create_volume.ExtractVolumeRequestTask;volume:create' (c06f7ccb-2b73-4a48-a05f-a6904433d024) transitioned into state 'RUNNING' from state 'PENDING' {{(pid=96140) _task_receiver /opt/stack/data/venv/lib/python3.12/site-packages/taskflow/listeners/logging.py:242}}
Jun 12 22:32:35.968043 np0000002750 devstack@c-api.service[96140]: DEBUG cinder.volume.flows.api.create_volume [None req-e8716932-39a7-4221-8087-797e041ba931 tempest-VolumeDependencyTests-679652605 tempest-VolumeDependencyTests-679652605-project-member] Validating volume size '1' using validate_int, validate_snap_size {{(pid=96140) _extract_size /opt/stack/cinder/cinder/volume/flows/api/create_volume.py:226}}
Jun 12 22:32:35.974096 np0000002750 devstack@c-api.service[96139]: INFO cinder.api.openstack.wsgi [req-7fc8dc27-eb8e-4bf9-8c32-c0e8ae659ba5 req-8f451ec5-a000-4e86-a809-7d1ef4df61e7 tempest-AttachVolumeNegativeTest-437911369 tempest-AttachVolumeNegativeTest-437911369-project-member] https://10.4.3.53/volume/v3/volumes/99039a48-225a-415c-b242-592ff07a3b7a returned with HTTP 200
Jun 12 22:32:35.974859 np0000002750 devstack@c-api.service[96139]: [pid: 96139|app: 0|req: 244/493] 10.4.3.53 () {70 vars in 1632 bytes} [Fri Jun 12 22:32:35 2026] GET /volume/v3/volumes/99039a48-225a-415c-b242-592ff07a3b7a => generated 1026 bytes in 35 msecs (HTTP/1.1 200) 7 headers in 287 bytes (1 switches on core 0)
Jun 12 22:32:36.007369 np0000002750 devstack@c-api.service[96140]: DEBUG cinder.volume.api [None req-e8716932-39a7-4221-8087-797e041ba931 tempest-VolumeDependencyTests-679652605 tempest-VolumeDependencyTests-679652605-project-member] Task 'cinder.volume.flows.api.create_volume.ExtractVolumeRequestTask;volume:create' (c06f7ccb-2b73-4a48-a05f-a6904433d024) transitioned into state 'SUCCESS' from state 'RUNNING' with result '{'size': 1, 'snapshot_id': '6129788e-e22f-448c-aacb-9cd6ff7b4a22', 'source_volid': None, 'volume_type': VolumeType(created_at=2026-06-12T22:28:45Z,deleted=False,deleted_at=None,description=None,extra_specs={volume_backend_name='storpool'},id=f3b18de7-eaf1-4bc1-9d02-cf38cec06671,is_public=True,name='storpool',projects=[],qos_specs=,qos_specs_id=None,updated_at=None), 'volume_type_id': 'f3b18de7-eaf1-4bc1-9d02-cf38cec06671', 'encryption_key_id': None, 'qos_specs': None, 'consistencygroup_id': None, 'cgsnapshot_id': None, 'group_id': None, 'replication_status': 'disabled', 'refresh_az': False, 'backup_id': None, 'multiattach': False, 'availability_zones': ['nova']}' {{(pid=96140) _task_receiver /opt/stack/data/venv/lib/python3.12/site-packages/taskflow/listeners/logging.py:218}}
Jun 12 22:32:36.007739 np0000002750 devstack@c-api.service[96139]: DEBUG cinder.api.middleware.request_id [None req-4416f8e5-8b37-45d9-a82f-ec50d1e5d5f6 None None] RequestId filter calling following filter/app {{(pid=96139) _context_setter /opt/stack/cinder/cinder/api/middleware/request_id.py:62}}
Jun 12 22:32:36.008989 np0000002750 devstack@c-api.service[96140]: DEBUG cinder.volume.api [None req-e8716932-39a7-4221-8087-797e041ba931 tempest-VolumeDependencyTests-679652605 tempest-VolumeDependencyTests-679652605-project-member] Task 'cinder.volume.flows.api.create_volume.QuotaReserveTask;volume:create' (bb813027-7830-43f0-9f84-04e190f4f4e5) transitioned into state 'RUNNING' from state 'PENDING' {{(pid=96140) _task_receiver /opt/stack/data/venv/lib/python3.12/site-packages/taskflow/listeners/logging.py:242}}
Jun 12 22:32:36.011441 np0000002750 devstack@c-api.service[96139]: INFO cinder.api.openstack.wsgi [None req-4416f8e5-8b37-45d9-a82f-ec50d1e5d5f6 tempest-AttachSCSIVolumeTestJSON-1108220119 tempest-AttachSCSIVolumeTestJSON-1108220119-project-reader] GET https://10.4.3.53/volume/v3/volumes/34886c70-fbd4-4c54-8b42-797a71cabbea
Jun 12 22:32:36.012336 np0000002750 devstack@c-api.service[96139]: DEBUG cinder.api.openstack.wsgi [None req-4416f8e5-8b37-45d9-a82f-ec50d1e5d5f6 tempest-AttachSCSIVolumeTestJSON-1108220119 tempest-AttachSCSIVolumeTestJSON-1108220119-project-reader] Empty body provided in request {{(pid=96139) get_body /opt/stack/cinder/cinder/api/openstack/wsgi.py:725}}
Jun 12 22:32:36.012653 np0000002750 devstack@c-api.service[96139]: DEBUG cinder.api.openstack.wsgi [None req-4416f8e5-8b37-45d9-a82f-ec50d1e5d5f6 tempest-AttachSCSIVolumeTestJSON-1108220119 tempest-AttachSCSIVolumeTestJSON-1108220119-project-reader] Calling method 'show' {{(pid=96139) _process_stack /opt/stack/cinder/cinder/api/openstack/wsgi.py:878}}
Jun 12 22:32:36.029315 np0000002750 devstack@c-api.service[96139]: /opt/stack/data/venv/lib/python3.12/site-packages/oslo_context/context.py:102: DeprecationWarning: Policy enforcement is depending on the value of is_admin. This key is deprecated. Please update your policy file to use the standard policy values.
Jun 12 22:32:36.029315 np0000002750 devstack@c-api.service[96139]: warnings.warn(
Jun 12 22:32:36.044221 np0000002750 devstack@c-api.service[96139]: INFO cinder.volume.api [None req-4416f8e5-8b37-45d9-a82f-ec50d1e5d5f6 tempest-AttachSCSIVolumeTestJSON-1108220119 tempest-AttachSCSIVolumeTestJSON-1108220119-project-reader] Volume info retrieved successfully.
Jun 12 22:32:36.049878 np0000002750 devstack@c-api.service[96139]: INFO cinder.api.openstack.wsgi [None req-4416f8e5-8b37-45d9-a82f-ec50d1e5d5f6 tempest-AttachSCSIVolumeTestJSON-1108220119 tempest-AttachSCSIVolumeTestJSON-1108220119-project-reader] https://10.4.3.53/volume/v3/volumes/34886c70-fbd4-4c54-8b42-797a71cabbea returned with HTTP 200
Jun 12 22:32:36.050460 np0000002750 devstack@c-api.service[96139]: [pid: 96139|app: 0|req: 245/494] 10.4.3.53 () {66 vars in 1341 bytes} [Fri Jun 12 22:32:36 2026] GET /volume/v3/volumes/34886c70-fbd4-4c54-8b42-797a71cabbea => generated 845 bytes in 45 msecs (HTTP/1.1 200) 7 headers in 285 bytes (1 switches on core 0)
Jun 12 22:32:36.058175 np0000002750 devstack@c-api.service[96140]: DEBUG cinder.quota [None req-e8716932-39a7-4221-8087-797e041ba931 tempest-VolumeDependencyTests-679652605 tempest-VolumeDependencyTests-679652605-project-member] Created reservations ['087e9003-18c9-44f2-bed2-986f8b2de24d', '249c9211-9008-4c7c-a704-1f61555bfdaf', '0ae12f6d-7418-4e09-9f6a-c0de703cc509', 'c6b59579-d998-44cc-b92d-3aa6401147f7'] {{(pid=96140) reserve /opt/stack/cinder/cinder/quota.py:752}}
Jun 12 22:32:36.059096 np0000002750 devstack@c-api.service[96140]: DEBUG cinder.volume.api [None req-e8716932-39a7-4221-8087-797e041ba931 tempest-VolumeDependencyTests-679652605 tempest-VolumeDependencyTests-679652605-project-member] Task 'cinder.volume.flows.api.create_volume.QuotaReserveTask;volume:create' (bb813027-7830-43f0-9f84-04e190f4f4e5) transitioned into state 'SUCCESS' from state 'RUNNING' with result '{'reservations': ['087e9003-18c9-44f2-bed2-986f8b2de24d', '249c9211-9008-4c7c-a704-1f61555bfdaf', '0ae12f6d-7418-4e09-9f6a-c0de703cc509', 'c6b59579-d998-44cc-b92d-3aa6401147f7']}' {{(pid=96140) _task_receiver /opt/stack/data/venv/lib/python3.12/site-packages/taskflow/listeners/logging.py:218}}
Jun 12 22:32:36.060196 np0000002750 devstack@c-api.service[96140]: DEBUG cinder.volume.api [None req-e8716932-39a7-4221-8087-797e041ba931 tempest-VolumeDependencyTests-679652605 tempest-VolumeDependencyTests-679652605-project-member] Task 'cinder.volume.flows.api.create_volume.EntryCreateTask;volume:create' (3f6d117a-dcbe-4030-b416-0aa7d7d2bf02) transitioned into state 'RUNNING' from state 'PENDING' {{(pid=96140) _task_receiver /opt/stack/data/venv/lib/python3.12/site-packages/taskflow/listeners/logging.py:242}}
Jun 12 22:32:36.073779 np0000002750 devstack@c-api.service[96139]: DEBUG cinder.api.middleware.request_id [req-7fc8dc27-eb8e-4bf9-8c32-c0e8ae659ba5 req-01a9aaad-0a91-4e60-9007-65c71c21d939 None None] RequestId filter calling following filter/app {{(pid=96139) _context_setter /opt/stack/cinder/cinder/api/middleware/request_id.py:62}}
Jun 12 22:32:36.077075 np0000002750 devstack@c-api.service[96139]: INFO cinder.api.openstack.wsgi [req-7fc8dc27-eb8e-4bf9-8c32-c0e8ae659ba5 req-01a9aaad-0a91-4e60-9007-65c71c21d939 tempest-AttachVolumeNegativeTest-437911369 tempest-AttachVolumeNegativeTest-437911369-project-member] PUT https://10.4.3.53/volume/v3/attachments/cbf5fccc-aa1b-4094-a737-069a3a50def7
Jun 12 22:32:36.077629 np0000002750 devstack@c-api.service[96139]: DEBUG cinder.api.openstack.wsgi [req-7fc8dc27-eb8e-4bf9-8c32-c0e8ae659ba5 req-01a9aaad-0a91-4e60-9007-65c71c21d939 tempest-AttachVolumeNegativeTest-437911369 tempest-AttachVolumeNegativeTest-437911369-project-member] Action: 'update', calling method: version_select, body: {"attachment": {"connector": {"platform": "x86_64", "os_type": "linux", "ip": "10.4.3.53", "host": "np0000002750", "multipath": false, "enforce_multipath": true, "initiator": "iqn.2016-04.com.open-iscsi:6c8a0baaf5", "do_local_attach": false, "nvme_hostid": "91ad3e5f-700d-4e91-94e6-ee682e016161", "uuid": "8515de1c-ba7e-467b-adde-6d9f8a8dbc1f", "system uuid": "546f0e5b-f8a9-45b2-ba7a-ac0393011e97", "nqn": "nqn.2014-08.org.nvmexpress:uuid:546f0e5b-f8a9-45b2-ba7a-ac0393011e97", "nvme_native_multipath": true, "found_dsc": "", "host_ips": ["10.4.3.53", "fe80::f816:3eff:fe92:c92", "192.168.10.6", "fe80::f816:3eff:fea9:7c08", "192.168.20.6", "fe80::f816:3eff:fee5:98b", "192.168.30.6", "fe80::f816:3eff:fe66:607a", "192.168.122.1", "172.24.5.1", "2001:db8::2", "fe80::d0bf:84ff:fed3:d74d", "fe80::fc16:3eff:fe30:8858", "fe80::fc16:3eff:fec1:3b60", "fe80::7cb8:2cff:fe72:7f54", "fe80::fc16:3eff:fe63:31f5", "fe80::ec83:c2ff:fea0:13c8", "fe80::20f8:a9ff:fea4:5cd1", "fe80::fc16:3eff:fe61:21db", "fe80::2c8d:feff:fe16:d39a", "fe80::fc16:3eff:fe43:6fab", "fe80::fc16:3eff:fe11:3540", "fe80::f885:3eff:fe44:63e", "fe80::fc16:3eff:fe21:616e", "fe80::fc16:3eff:fe91:bcf", "fe80::fc16:3eff:fefc:469c", "fe80::fc16:3eff:feaa:5612", "fe80::fc16:3eff:fe0f:3128", "fe80::2012:7bff:fe62:a952", "fe80::ec6a:3bff:fee5:98f9"], "mountpoint": "/dev/vdb"}}} {{(pid=96139) _process_stack /opt/stack/cinder/cinder/api/openstack/wsgi.py:876}}
Jun 12 22:32:36.091821 np0000002750 devstack@c-api.service[96139]: DEBUG cinder.coordination [req-7fc8dc27-eb8e-4bf9-8c32-c0e8ae659ba5 req-01a9aaad-0a91-4e60-9007-65c71c21d939 tempest-AttachVolumeNegativeTest-437911369 tempest-AttachVolumeNegativeTest-437911369-project-member] Acquiring lock "cinder-attachment_update-99039a48-225a-415c-b242-592ff07a3b7a-np0000002750" by "attachment_update" {{(pid=96139) __acquire /opt/stack/cinder/cinder/coordination.py:138}}
Jun 12 22:32:36.096965 np0000002750 devstack@c-api.service[96140]: DEBUG cinder.volume.api [None req-e8716932-39a7-4221-8087-797e041ba931 tempest-VolumeDependencyTests-679652605 tempest-VolumeDependencyTests-679652605-project-member] Task 'cinder.volume.flows.api.create_volume.EntryCreateTask;volume:create' (3f6d117a-dcbe-4030-b416-0aa7d7d2bf02) transitioned into state 'SUCCESS' from state 'RUNNING' with result '{'volume_id': '789c1e0c-6e14-4c65-81b3-091c1f57a0cc', 'volume_properties': VolumeProperties(attach_status='detached',availability_zone='nova',cgsnapshot_id=None,consistencygroup_id=None,display_description=None,display_name='tempest-VolumeDependencyTests-Volume-1375054037',encryption_key_id=None,group_id=None,group_type_id=,metadata={},multiattach=False,project_id='7599d2fdc265435aa134df49b2570f8a',qos_specs=None,replication_status=,reservations=['087e9003-18c9-44f2-bed2-986f8b2de24d','249c9211-9008-4c7c-a704-1f61555bfdaf','0ae12f6d-7418-4e09-9f6a-c0de703cc509','c6b59579-d998-44cc-b92d-3aa6401147f7'],size=1,snapshot_id=6129788e-e22f-448c-aacb-9cd6ff7b4a22,source_replicaid=,source_volid=None,status='creating',user_id='0bb8fe3736b9415e9aefc350a9e1adf7',volume_type_id=f3b18de7-eaf1-4bc1-9d02-cf38cec06671), 'volume': Volume(_name_id=None,admin_metadata=,attach_status='detached',availability_zone='nova',bootable=False,cluster=,cluster_name=None,consistencygroup=,consistencygroup_id=None,created_at=2026-06-12T22:32:36Z,deleted=False,deleted_at=None,display_description=None,display_name='tempest-VolumeDependencyTests-Volume-1375054037',ec2_id=None,encryption_key_id=None,glance_metadata=,group=,group_id=None,host=None,id=789c1e0c-6e14-4c65-81b3-091c1f57a0cc,launched_at=None,metadata={},migration_status=None,multiattach=False,previous_status=None,project_id='7599d2fdc265435aa134df49b2570f8a',provider_auth=None,provider_geometry=None,provider_id=None,provider_location=None,replication_driver_data=None,replication_extended_status=None,replication_status=None,scheduled_at=None,service_uuid=None,shared_targets=True,size=1,snapshot_id=6129788e-e22f-448c-aacb-9cd6ff7b4a22,snapshots=,source_volid=None,status='creating',terminated_at=None,updated_at=None,use_quota=True,user_id='0bb8fe3736b9415e9aefc350a9e1adf7',volume_attachment=VolumeAttachmentList,volume_type=VolumeType(f3b18de7-eaf1-4bc1-9d02-cf38cec06671),volume_type_id=f3b18de7-eaf1-4bc1-9d02-cf38cec06671)}' {{(pid=96140) _task_receiver /opt/stack/data/venv/lib/python3.12/site-packages/taskflow/listeners/logging.py:218}}
Jun 12 22:32:36.100911 np0000002750 devstack@c-api.service[96139]: DEBUG cinder.coordination [req-7fc8dc27-eb8e-4bf9-8c32-c0e8ae659ba5 req-01a9aaad-0a91-4e60-9007-65c71c21d939 tempest-AttachVolumeNegativeTest-437911369 tempest-AttachVolumeNegativeTest-437911369-project-member] Lock "cinder-attachment_update-99039a48-225a-415c-b242-592ff07a3b7a-np0000002750" acquired by "attachment_update" :: waited 0.008s {{(pid=96139) __acquire /opt/stack/cinder/cinder/coordination.py:141}}
Jun 12 22:32:36.101024 np0000002750 devstack@c-api.service[96140]: DEBUG cinder.volume.api [None req-e8716932-39a7-4221-8087-797e041ba931 tempest-VolumeDependencyTests-679652605 tempest-VolumeDependencyTests-679652605-project-member] Task 'cinder.volume.flows.api.create_volume.QuotaCommitTask;volume:create' (0f040aeb-100d-4a95-8057-ed2b21c6ed74) transitioned into state 'RUNNING' from state 'PENDING' {{(pid=96140) _task_receiver /opt/stack/data/venv/lib/python3.12/site-packages/taskflow/listeners/logging.py:242}}
Jun 12 22:32:36.101079 np0000002750 devstack@c-api.service[96139]: /opt/stack/data/venv/lib/python3.12/site-packages/oslo_context/context.py:102: DeprecationWarning: Policy enforcement is depending on the value of is_admin. This key is deprecated. Please update your policy file to use the standard policy values.
Jun 12 22:32:36.101079 np0000002750 devstack@c-api.service[96139]: warnings.warn(
Jun 12 22:32:36.133013 np0000002750 devstack@c-api.service[96140]: DEBUG cinder.volume.api [None req-e8716932-39a7-4221-8087-797e041ba931 tempest-VolumeDependencyTests-679652605 tempest-VolumeDependencyTests-679652605-project-member] Task 'cinder.volume.flows.api.create_volume.QuotaCommitTask;volume:create' (0f040aeb-100d-4a95-8057-ed2b21c6ed74) transitioned into state 'SUCCESS' from state 'RUNNING' with result '{'volume_properties': VolumeProperties(attach_status='detached',availability_zone='nova',cgsnapshot_id=None,consistencygroup_id=None,display_description=None,display_name='tempest-VolumeDependencyTests-Volume-1375054037',encryption_key_id=None,group_id=None,group_type_id=,metadata={},multiattach=False,project_id='7599d2fdc265435aa134df49b2570f8a',qos_specs=None,replication_status=,reservations=['087e9003-18c9-44f2-bed2-986f8b2de24d','249c9211-9008-4c7c-a704-1f61555bfdaf','0ae12f6d-7418-4e09-9f6a-c0de703cc509','c6b59579-d998-44cc-b92d-3aa6401147f7'],size=1,snapshot_id=6129788e-e22f-448c-aacb-9cd6ff7b4a22,source_replicaid=,source_volid=None,status='creating',user_id='0bb8fe3736b9415e9aefc350a9e1adf7',volume_type_id=f3b18de7-eaf1-4bc1-9d02-cf38cec06671)}' {{(pid=96140) _task_receiver /opt/stack/data/venv/lib/python3.12/site-packages/taskflow/listeners/logging.py:218}}
Jun 12 22:32:36.134263 np0000002750 devstack@c-api.service[96140]: DEBUG cinder.volume.api [None req-e8716932-39a7-4221-8087-797e041ba931 tempest-VolumeDependencyTests-679652605 tempest-VolumeDependencyTests-679652605-project-member] Task 'cinder.volume.flows.api.create_volume.VolumeCastTask;volume:create' (a0cbf364-5bcc-4155-a9ef-21796e19c08c) transitioned into state 'RUNNING' from state 'PENDING' {{(pid=96140) _task_receiver /opt/stack/data/venv/lib/python3.12/site-packages/taskflow/listeners/logging.py:242}}
Jun 12 22:32:36.168823 np0000002750 devstack@c-api.service[96140]: DEBUG cinder.volume.api [None req-e8716932-39a7-4221-8087-797e041ba931 tempest-VolumeDependencyTests-679652605 tempest-VolumeDependencyTests-679652605-project-member] Task 'cinder.volume.flows.api.create_volume.VolumeCastTask;volume:create' (a0cbf364-5bcc-4155-a9ef-21796e19c08c) transitioned into state 'SUCCESS' from state 'RUNNING' with result 'None' {{(pid=96140) _task_receiver /opt/stack/data/venv/lib/python3.12/site-packages/taskflow/listeners/logging.py:218}}
Jun 12 22:32:36.168823 np0000002750 devstack@c-api.service[96140]: DEBUG cinder.volume.api [None req-e8716932-39a7-4221-8087-797e041ba931 tempest-VolumeDependencyTests-679652605 tempest-VolumeDependencyTests-679652605-project-member] Flow 'volume_create_api' (d8199352-10f6-4697-91c9-aca092eb97d3) transitioned into state 'SUCCESS' from state 'RUNNING' {{(pid=96140) _flow_receiver /opt/stack/data/venv/lib/python3.12/site-packages/taskflow/listeners/logging.py:160}}
Jun 12 22:32:36.168823 np0000002750 devstack@c-api.service[96140]: INFO cinder.volume.api [None req-e8716932-39a7-4221-8087-797e041ba931 tempest-VolumeDependencyTests-679652605 tempest-VolumeDependencyTests-679652605-project-member] Create volume request issued successfully.
Jun 12 22:32:36.170119 np0000002750 devstack@c-api.service[96140]: INFO cinder.api.openstack.wsgi [None req-e8716932-39a7-4221-8087-797e041ba931 tempest-VolumeDependencyTests-679652605 tempest-VolumeDependencyTests-679652605-project-member] https://10.4.3.53/volume/v3/volumes returned with HTTP 202
Jun 12 22:32:36.170746 np0000002750 devstack@c-api.service[96140]: [pid: 96140|app: 0|req: 250/495] 10.4.3.53 () {70 vars in 1293 bytes} [Fri Jun 12 22:32:35 2026] POST /volume/v3/volumes => generated 802 bytes in 235 msecs (HTTP/1.1 202) 7 headers in 292 bytes (1 switches on core 0)
Jun 12 22:32:36.171816 np0000002750 devstack@c-api.service[96140]: DEBUG cinder.api.middleware.request_id [None req-b312abbc-f3e0-4636-9cbc-bafadf980595 None None] RequestId filter calling following filter/app {{(pid=96140) _context_setter /opt/stack/cinder/cinder/api/middleware/request_id.py:62}}
Jun 12 22:32:36.174139 np0000002750 devstack@c-api.service[96140]: INFO cinder.api.openstack.wsgi [None req-b312abbc-f3e0-4636-9cbc-bafadf980595 tempest-VolumesAssistedSnapshotsTest-1245898373 tempest-VolumesAssistedSnapshotsTest-1245898373-project-admin] GET https://10.4.3.53/volume/v3/volumes/4732217d-c409-469d-ad05-46ba6739b342
Jun 12 22:32:36.174505 np0000002750 devstack@c-api.service[96140]: DEBUG cinder.api.openstack.wsgi [None req-b312abbc-f3e0-4636-9cbc-bafadf980595 tempest-VolumesAssistedSnapshotsTest-1245898373 tempest-VolumesAssistedSnapshotsTest-1245898373-project-admin] Empty body provided in request {{(pid=96140) get_body /opt/stack/cinder/cinder/api/openstack/wsgi.py:725}}
Jun 12 22:32:36.174961 np0000002750 devstack@c-api.service[96140]: DEBUG cinder.api.openstack.wsgi [None req-b312abbc-f3e0-4636-9cbc-bafadf980595 tempest-VolumesAssistedSnapshotsTest-1245898373 tempest-VolumesAssistedSnapshotsTest-1245898373-project-admin] Calling method 'show' {{(pid=96140) _process_stack /opt/stack/cinder/cinder/api/openstack/wsgi.py:878}}
