Jul 30 15:19:19.352541 np0000006143 devstack@neutron-api.service[90913]: DEBUG ovsdbapp.backend.ovs_idl.event [-] Matched UPDATE: ChassisAgentWriteEvent(events=('create', 'update'), table='Chassis_Private', conditions=None, old_conditions=None), priority=20 to row=Chassis_Private(uuid=fd2ab3b1-f990-4b12-8d13-6a8b6b2867ce, chassis=bbd5700b-c79a-4a16-abe6-204200babaf4, external_ids={'neutron:ovn-bridge': 'br-int', 'neutron:ovn-neutron-agent-id': 'b22b5937-5568-52b0-8f88-f47a9d27b15f', 'neutron:ovn-neutron-agent-sb-cfg': '0'}, name='052f9298-4396-4ef9-9bb3-c8661a25ea45', nb_cfg=1, nb_cfg_timestamp=1785424759342) old=Chassis_Private(uuid=fd2ab3b1-f990-4b12-8d13-6a8b6b2867ce, nb_cfg=0, nb_cfg_timestamp=0) {{(pid=90913) matches /opt/stack/data/venv/lib/python3.12/site-packages/ovsdbapp/backend/ovs_idl/event.py:55}}
Jul 30 15:19:19.352648 np0000006143 devstack@neutron-api.service[90912]: DEBUG neutron.plugins.ml2.drivers.ovn.mech_driver.ovsdb.ovsdb_monitor [-] Hash Ring: Node 8254d10f287255d18ff4ea8a46950585 (host: np0000006143) handling event "update" for row fd2ab3b1-f990-4b12-8d13-6a8b6b2867ce (table: Chassis_Private) {{(pid=90912) notify /opt/stack/neutron/neutron/plugins/ml2/drivers/ovn/mech_driver/ovsdb/ovsdb_monitor.py:1013}}
Jul 30 15:19:19.353153 np0000006143 devstack@neutron-api.service[90913]: DEBUG neutron.plugins.ml2.drivers.ovn.mech_driver.ovsdb.ovsdb_monitor [-] Hash Ring: Node 56889e8c194e57ae8e8108590419a08b (host: np0000006143) handling event "update" for row c75dd78d-0155-4088-9b06-ba05f6864907 (table: NB_Global) {{(pid=90913) notify /opt/stack/neutron/neutron/plugins/ml2/drivers/ovn/mech_driver/ovsdb/ovsdb_monitor.py:1013}}
Jul 30 15:19:19.353567 np0000006143 devstack@neutron-api.service[90912]: DEBUG ovsdbapp.backend.ovs_idl.event [-] Matched UPDATE: ChassisOVNAgentWriteEvent(events=('create', 'update'), table='Chassis_Private', conditions=None, old_conditions=None), priority=20 to row=Chassis_Private(uuid=fd2ab3b1-f990-4b12-8d13-6a8b6b2867ce, chassis=bbd5700b-c79a-4a16-abe6-204200babaf4, external_ids={'neutron:ovn-bridge': 'br-int', 'neutron:ovn-neutron-agent-id': 'b22b5937-5568-52b0-8f88-f47a9d27b15f', 'neutron:ovn-neutron-agent-sb-cfg': '1'}, name='052f9298-4396-4ef9-9bb3-c8661a25ea45', nb_cfg=1, nb_cfg_timestamp=1785424759342) old=Chassis_Private(uuid=fd2ab3b1-f990-4b12-8d13-6a8b6b2867ce, external_ids={'neutron:ovn-bridge': 'br-int', 'neutron:ovn-neutron-agent-id': 'b22b5937-5568-52b0-8f88-f47a9d27b15f', 'neutron:ovn-neutron-agent-sb-cfg': '0'}) {{(pid=90912) matches /opt/stack/data/venv/lib/python3.12/site-packages/ovsdbapp/backend/ovs_idl/event.py:55}}
Jul 30 15:19:19.353790 np0000006143 devstack@neutron-api.service[90912]: DEBUG neutron.plugins.ml2.drivers.ovn.mech_driver.ovsdb.ovsdb_monitor [-] Hash Ring: Node 8254d10f287255d18ff4ea8a46950585 (host: np0000006143) handling event "update" for row fd2ab3b1-f990-4b12-8d13-6a8b6b2867ce (table: Chassis_Private) {{(pid=90912) notify /opt/stack/neutron/neutron/plugins/ml2/drivers/ovn/mech_driver/ovsdb/ovsdb_monitor.py:1013}}
Jul 30 15:19:19.355082 np0000006143 devstack@neutron-api.service[90913]: DEBUG neutron.plugins.ml2.drivers.ovn.mech_driver.ovsdb.ovsdb_monitor [-] Hash Ring: Node 56889e8c194e57ae8e8108590419a08b (host: np0000006143) handling event "update" for row c75dd78d-0155-4088-9b06-ba05f6864907 (table: NB_Global) {{(pid=90913) notify /opt/stack/neutron/neutron/plugins/ml2/drivers/ovn/mech_driver/ovsdb/ovsdb_monitor.py:1013}}
Jul 30 15:19:19.356138 np0000006143 devstack@neutron-api.service[90913]: DEBUG ovsdbapp.backend.ovs_idl.event [-] Matched UPDATE: ChassisOVNAgentWriteEvent(events=('create', 'update'), table='Chassis_Private', conditions=None, old_conditions=None), priority=20 to row=Chassis_Private(uuid=fd2ab3b1-f990-4b12-8d13-6a8b6b2867ce, chassis=bbd5700b-c79a-4a16-abe6-204200babaf4, external_ids={'neutron:ovn-bridge': 'br-int', 'neutron:ovn-neutron-agent-id': 'b22b5937-5568-52b0-8f88-f47a9d27b15f', 'neutron:ovn-neutron-agent-sb-cfg': '1'}, name='052f9298-4396-4ef9-9bb3-c8661a25ea45', nb_cfg=1, nb_cfg_timestamp=1785424759342) old=Chassis_Private(uuid=fd2ab3b1-f990-4b12-8d13-6a8b6b2867ce, external_ids={'neutron:ovn-bridge': 'br-int', 'neutron:ovn-neutron-agent-id': 'b22b5937-5568-52b0-8f88-f47a9d27b15f', 'neutron:ovn-neutron-agent-sb-cfg': '0'}) {{(pid=90913) matches /opt/stack/data/venv/lib/python3.12/site-packages/ovsdbapp/backend/ovs_idl/event.py:55}}
Jul 30 15:19:19.357951 np0000006143 devstack@neutron-api.service[90913]: DEBUG neutron.plugins.ml2.drivers.ovn.mech_driver.ovsdb.ovsdb_monitor [-] Hash Ring: Node 56889e8c194e57ae8e8108590419a08b (host: np0000006143) handling event "update" for row c75dd78d-0155-4088-9b06-ba05f6864907 (table: NB_Global) {{(pid=90913) notify /opt/stack/neutron/neutron/plugins/ml2/drivers/ovn/mech_driver/ovsdb/ovsdb_monitor.py:1013}}
Jul 30 15:19:19.404339 np0000006143 devstack@neutron-api.service[90913]: DEBUG neutron.plugins.ml2.drivers.helpers [None req-6e4d9199-3da1-4570-b2c8-db921b40491b admin admin] geneve segment allocate from pool success with {'geneve_vni': 12907} {{(pid=90913) allocate_partially_specified_segment /opt/stack/neutron/neutron/plugins/ml2/drivers/helpers.py:142}}
Jul 30 15:19:19.415568 np0000006143 devstack@neutron-api.service[90913]: DEBUG neutron_lib.callbacks.manager [None req-6e4d9199-3da1-4570-b2c8-db921b40491b admin admin] Publish callbacks ['neutron.services.segments.db._add_segment_host_mapping_for_segment-8529592178018', 'neutron.plugins.ml2.plugin.Ml2Plugin._handle_segment_change-149079'] for segment (25ac8165-bc11-40a3-a789-ce1622a2c93a), precommit_create {{(pid=90913) _notify_loop /opt/stack/data/venv/lib/python3.12/site-packages/neutron_lib/callbacks/manager.py:184}}
Jul 30 15:19:19.415755 np0000006143 devstack@neutron-api.service[90913]: INFO neutron.db.segments_db [None req-6e4d9199-3da1-4570-b2c8-db921b40491b admin admin] Added segment 25ac8165-bc11-40a3-a789-ce1622a2c93a of type geneve for network 170c6ed4-c470-4a2a-a575-ba53b670220b
Jul 30 15:19:19.456449 np0000006143 devstack@neutron-api.service[90913]: DEBUG neutron_lib.callbacks.manager [None req-6e4d9199-3da1-4570-b2c8-db921b40491b admin admin] Publish callbacks ['neutron.services.auto_allocate.db._ensure_external_network_default_value_callback-8529590979504'] for network (170c6ed4-c470-4a2a-a575-ba53b670220b), precommit_create {{(pid=90913) _notify_loop /opt/stack/data/venv/lib/python3.12/site-packages/neutron_lib/callbacks/manager.py:184}}
Jul 30 15:19:19.472782 np0000006143 devstack@neutron-api.service[90913]: DEBUG neutron.plugins.ml2.drivers.ovn.mech_driver.mech_driver [None req-6e4d9199-3da1-4570-b2c8-db921b40491b admin admin] Validating network segment with type geneve, segmentation ID 12907, physical network None {{(pid=90913) _validate_network_segments /opt/stack/neutron/neutron/plugins/ml2/drivers/ovn/mech_driver/mech_driver.py:646}}
Jul 30 15:19:19.472971 np0000006143 devstack@neutron-api.service[90913]: DEBUG neutron.db.ovn_revision_numbers_db [None req-6e4d9199-3da1-4570-b2c8-db921b40491b admin admin] create_initial_revision uuid=170c6ed4-c470-4a2a-a575-ba53b670220b, type=networks, rev=-1 {{(pid=90913) create_initial_revision /opt/stack/neutron/neutron/db/ovn_revision_numbers_db.py:98}}
Jul 30 15:19:19.491970 np0000006143 devstack@neutron-api.service[90913]: DEBUG neutron_lib.callbacks.manager [None req-6e4d9199-3da1-4570-b2c8-db921b40491b admin admin] Publish callbacks ['neutron.plugins.ml2.ovo_rpc._ObjectChangeHandler.handle_event-8325105'] for network (170c6ed4-c470-4a2a-a575-ba53b670220b), after_create {{(pid=90913) _notify_loop /opt/stack/data/venv/lib/python3.12/site-packages/neutron_lib/callbacks/manager.py:184}}
Jul 30 15:19:19.542199 np0000006143 devstack@neutron-api.service[90913]: DEBUG neutron.api.rpc.handlers.resources_rpc [None req-6e4d9199-3da1-4570-b2c8-db921b40491b admin admin] Pushing event updated for resources: {'Network': ['ID=170c6ed4-c470-4a2a-a575-ba53b670220b,revision_number=1']} {{(pid=90913) push /opt/stack/neutron/neutron/api/rpc/handlers/resources_rpc.py:237}}
Jul 30 15:19:19.549795 np0000006143 devstack@neutron-api.service[90913]: DEBUG ovsdbapp.backend.ovs_idl.transaction [-] Running txn n=1 command(idx=0): AddNetworkCommand(_result=None, network_uuid=170c6ed4-c470-4a2a-a575-ba53b670220b, may_exist=True, columns={'external_ids': {'neutron:network_name': 'private', 'neutron:mtu': '1372', 'neutron:revision_number': '1', 'neutron:availability_zone_hints': '', 'neutron:provnet-network-type': 'geneve'}, 'other_config': {'mcast_snoop': 'false', 'mcast_flood_unregistered': 'false', 'vlan-passthru': 'false'}}) {{(pid=90913) do_commit /opt/stack/data/venv/lib/python3.12/site-packages/ovsdbapp/backend/ovs_idl/transaction.py:89}}
Jul 30 15:19:19.550341 np0000006143 devstack@neutron-api.service[90913]: DEBUG neutron.common.ovn.utils [-] OVS persist_uuid supported=True {{(pid=90913) ovs_persist_uuid_supported /opt/stack/neutron/neutron/common/ovn/utils.py:1565}}
Jul 30 15:19:19.553764 np0000006143 devstack@neutron-api.service[90910]: DEBUG neutron.plugins.ml2.drivers.ovn.mech_driver.ovsdb.ovsdb_monitor [-] Hash Ring: Node 625dcda2d9285598b2b9484ece34cf92 (host: np0000006143) handling event "create" for row 170c6ed4-c470-4a2a-a575-ba53b670220b (table: Logical_Switch) {{(pid=90910) notify /opt/stack/neutron/neutron/plugins/ml2/drivers/ovn/mech_driver/ovsdb/ovsdb_monitor.py:1013}}
Jul 30 15:19:19.556723 np0000006143 devstack@neutron-api.service[90910]: DEBUG neutron.plugins.ml2.drivers.ovn.mech_driver.ovsdb.ovsdb_monitor [-] Hash Ring: Node 625dcda2d9285598b2b9484ece34cf92 (host: np0000006143) handling event "create" for row bac01d2e-5869-406e-94f9-85a0469b5230 (table: Datapath_Binding) {{(pid=90910) notify /opt/stack/neutron/neutron/plugins/ml2/drivers/ovn/mech_driver/ovsdb/ovsdb_monitor.py:1013}}
Jul 30 15:19:19.557155 np0000006143 devstack@neutron-api.service[90911]: DEBUG neutron.plugins.ml2.drivers.ovn.mech_driver.ovsdb.ovsdb_monitor [-] Hash Ring: Node 00794257551e555b9c61db31c12f8850 (host: np0000006143) handling event "create" for row bac01d2e-5869-406e-94f9-85a0469b5230 (table: Datapath_Binding) {{(pid=90911) notify /opt/stack/neutron/neutron/plugins/ml2/drivers/ovn/mech_driver/ovsdb/ovsdb_monitor.py:1013}}
Jul 30 15:19:19.580750 np0000006143 devstack@neutron-api.service[90913]: INFO neutron.db.ovn_revision_numbers_db [None req-6e4d9199-3da1-4570-b2c8-db921b40491b admin admin] Successfully bumped revision number for resource 170c6ed4-c470-4a2a-a575-ba53b670220b (type: networks) to 1
Jul 30 15:19:19.635175 np0000006143 devstack@neutron-api.service[90913]: DEBUG neutron_lib.callbacks.manager [None req-6e4d9199-3da1-4570-b2c8-db921b40491b admin admin] Publish callbacks ['neutron.plugins.ml2.plugin.SecurityGroupDbMixin._ensure_default_security_group_handler-1978039'] for port (None), before_create {{(pid=90913) _notify_loop /opt/stack/data/venv/lib/python3.12/site-packages/neutron_lib/callbacks/manager.py:184}}
Jul 30 15:19:19.921625 np0000006143 devstack@neutron-api.service[90913]: DEBUG neutron_lib.callbacks.manager [None req-6e4d9199-3da1-4570-b2c8-db921b40491b admin admin] Publish callbacks ['neutron.plugins.ml2.drivers.ovn.mech_driver.mech_driver.OVNMechanismDriver._validate_allowed_address_pairs-308176'] for allowed_address_pair (56a73b91-3556-4b44-add9-c0537497cecf), before_create {{(pid=90913) _notify_loop /opt/stack/data/venv/lib/python3.12/site-packages/neutron_lib/callbacks/manager.py:184}}
Jul 30 15:19:19.922157 np0000006143 devstack@neutron-api.service[90913]: DEBUG neutron_lib.callbacks.manager [None req-6e4d9199-3da1-4570-b2c8-db921b40491b admin admin] Publish callbacks [] for port (56a73b91-3556-4b44-add9-c0537497cecf), precommit_create {{(pid=90913) _notify_loop /opt/stack/data/venv/lib/python3.12/site-packages/neutron_lib/callbacks/manager.py:184}}
Jul 30 15:19:19.922351 np0000006143 devstack@neutron-api.service[90913]: DEBUG neutron.plugins.ml2.drivers.ovn.mech_driver.mech_driver [None req-6e4d9199-3da1-4570-b2c8-db921b40491b admin admin] No provisioning block for port 56a73b91-3556-4b44-add9-c0537497cecf since it does not have a host {{(pid=90913) _is_port_provisioning_required /opt/stack/neutron/neutron/plugins/ml2/drivers/ovn/mech_driver/mech_driver.py:899}}
Jul 30 15:19:19.922466 np0000006143 devstack@neutron-api.service[90913]: DEBUG neutron.db.ovn_revision_numbers_db [None req-6e4d9199-3da1-4570-b2c8-db921b40491b admin admin] create_initial_revision uuid=56a73b91-3556-4b44-add9-c0537497cecf, type=ports, rev=-1 {{(pid=90913) create_initial_revision /opt/stack/neutron/neutron/db/ovn_revision_numbers_db.py:98}}
Jul 30 15:19:19.981119 np0000006143 devstack@neutron-api.service[90913]: DEBUG neutron_lib.callbacks.manager [None req-6e4d9199-3da1-4570-b2c8-db921b40491b admin admin] Publish callbacks ['neutron.plugins.ml2.ovo_rpc._ObjectChangeHandler.handle_event-8325056'] for port (56a73b91-3556-4b44-add9-c0537497cecf), after_create {{(pid=90913) _notify_loop /opt/stack/data/venv/lib/python3.12/site-packages/neutron_lib/callbacks/manager.py:184}}
Jul 30 15:19:20.034229 np0000006143 devstack@neutron-api.service[90913]: DEBUG neutron.api.rpc.handlers.resources_rpc [None req-6e4d9199-3da1-4570-b2c8-db921b40491b admin admin] Pushing event updated for resources: {'Port': ['ID=56a73b91-3556-4b44-add9-c0537497cecf,revision_number=1']} {{(pid=90913) push /opt/stack/neutron/neutron/api/rpc/handlers/resources_rpc.py:237}}
Jul 30 15:19:20.064594 np0000006143 devstack@neutron-api.service[90913]: DEBUG neutron.plugins.ml2.drivers.ovn.mech_driver.ovsdb.commands [None req-6e4d9199-3da1-4570-b2c8-db921b40491b admin admin] Converting tag [] to a tag_request {{(pid=90913) _tag_column_to_tag_request /opt/stack/neutron/neutron/plugins/ml2/drivers/ovn/mech_driver/ovsdb/commands.py:205}}
Jul 30 15:19:20.065181 np0000006143 devstack@neutron-api.service[90913]: DEBUG ovsdbapp.backend.ovs_idl.transaction [-] Running txn n=1 command(idx=0): AddLSwitchPortCommand(_result=None, lport=56a73b91-3556-4b44-add9-c0537497cecf, lswitch=neutron-170c6ed4-c470-4a2a-a575-ba53b670220b, may_exist=True, network_uuid=170c6ed4-c470-4a2a-a575-ba53b670220b, columns={'addresses': ['fa:16:3e:5a:49:09'], 'external_ids': {'neutron:port_name': '', 'neutron:device_id': 'ovnmeta-170c6ed4-c470-4a2a-a575-ba53b670220b', 'neutron:project_id': 'd0cf691948044c8daf0f41b2a98346ae', 'neutron:cidrs': '', 'neutron:device_owner': 'network:distributed', 'neutron:subnet_pool_addr_scope4': '', 'neutron:subnet_pool_addr_scope6': '', 'neutron:network_name': 'neutron-170c6ed4-c470-4a2a-a575-ba53b670220b', 'neutron:security_group_ids': '', 'neutron:revision_number': '1', 'neutron:vnic_type': 'normal', 'neutron:port_capabilities': '', 'neutron:mtu': '1372'}, 'parent_name': [], 'enabled': True, 'options': {}, 'type': 'localport', 'port_security': [], 'dhcpv4_options': [], 'dhcpv6_options': [], 'tag_request': []}) {{(pid=90913) do_commit /opt/stack/data/venv/lib/python3.12/site-packages/ovsdbapp/backend/ovs_idl/transaction.py:89}}
Jul 30 15:19:20.065506 np0000006143 devstack@neutron-api.service[90913]: DEBUG ovsdbapp.backend.ovs_idl.transaction [-] Running txn n=1 command(idx=1): QoSDelCommand(_result=None, switch=neutron-170c6ed4-c470-4a2a-a575-ba53b670220b, conditions=[('direction', '=', 'to-lport'), ('priority', '=', 2002), ('match', '=', 'outport == "56a73b91-3556-4b44-add9-c0537497cecf"')], if_exists=True) {{(pid=90913) do_commit /opt/stack/data/venv/lib/python3.12/site-packages/ovsdbapp/backend/ovs_idl/transaction.py:89}}
Jul 30 15:19:20.065634 np0000006143 devstack@neutron-api.service[90913]: DEBUG ovsdbapp.backend.ovs_idl.transaction [-] Running txn n=1 command(idx=2): QoSDelCommand(_result=None, switch=neutron-170c6ed4-c470-4a2a-a575-ba53b670220b, conditions=[('direction', '=', 'from-lport'), ('priority', '=', 2002), ('match', '=', 'inport == "56a73b91-3556-4b44-add9-c0537497cecf"')], if_exists=True) {{(pid=90913) do_commit /opt/stack/data/venv/lib/python3.12/site-packages/ovsdbapp/backend/ovs_idl/transaction.py:89}}
Jul 30 15:19:20.070005 np0000006143 devstack@neutron-api.service[90910]: DEBUG neutron.plugins.ml2.drivers.ovn.mech_driver.ovsdb.ovsdb_monitor [-] Hash Ring: Node 625dcda2d9285598b2b9484ece34cf92 (host: np0000006143) handling event "create" for row 9393af43-89d8-47a7-9d12-073a3f5635f3 (table: Port_Binding) {{(pid=90910) notify /opt/stack/neutron/neutron/plugins/ml2/drivers/ovn/mech_driver/ovsdb/ovsdb_monitor.py:1013}}
Jul 30 15:19:20.070853 np0000006143 devstack@neutron-api.service[90910]: DEBUG neutron.plugins.ml2.drivers.ovn.mech_driver.ovsdb.ovsdb_monitor [-] Hash Ring: Node 625dcda2d9285598b2b9484ece34cf92 (host: np0000006143) handling event "update" for row 170c6ed4-c470-4a2a-a575-ba53b670220b (table: Logical_Switch) {{(pid=90910) notify /opt/stack/neutron/neutron/plugins/ml2/drivers/ovn/mech_driver/ovsdb/ovsdb_monitor.py:1013}}
Jul 30 15:19:20.070988 np0000006143 devstack@neutron-api.service[90911]: DEBUG neutron.plugins.ml2.drivers.ovn.mech_driver.ovsdb.ovsdb_monitor [-] Hash Ring: Node 00794257551e555b9c61db31c12f8850 (host: np0000006143) handling event "create" for row 9393af43-89d8-47a7-9d12-073a3f5635f3 (table: Port_Binding) {{(pid=90911) notify /opt/stack/neutron/neutron/plugins/ml2/drivers/ovn/mech_driver/ovsdb/ovsdb_monitor.py:1013}}
Jul 30 15:19:20.071058 np0000006143 devstack@neutron-api.service[90910]: DEBUG neutron.plugins.ml2.drivers.ovn.mech_driver.ovsdb.ovsdb_monitor [-] Hash Ring: Node 625dcda2d9285598b2b9484ece34cf92 (host: np0000006143) handling event "create" for row 9744194a-0126-4f32-97b4-0d4742cfe3b8 (table: Logical_Switch_Port) {{(pid=90910) notify /opt/stack/neutron/neutron/plugins/ml2/drivers/ovn/mech_driver/ovsdb/ovsdb_monitor.py:1013}}
Jul 30 15:19:20.071389 np0000006143 devstack@neutron-api.service[90912]: DEBUG neutron.plugins.ml2.drivers.ovn.mech_driver.ovsdb.ovsdb_monitor [-] Hash Ring: Node 8254d10f287255d18ff4ea8a46950585 (host: np0000006143) handling event "create" for row 9744194a-0126-4f32-97b4-0d4742cfe3b8 (table: Logical_Switch_Port) {{(pid=90912) notify /opt/stack/neutron/neutron/plugins/ml2/drivers/ovn/mech_driver/ovsdb/ovsdb_monitor.py:1013}}
Jul 30 15:19:20.071797 np0000006143 devstack@neutron-api.service[90910]: DEBUG ovsdbapp.backend.ovs_idl.event [-] Matched CREATE: LogicalSwitchPortCreateEvent(events=('create',), table='Logical_Switch_Port', conditions=[], old_conditions=None), priority=20 to row=Logical_Switch_Port(uuid=9744194a-0126-4f32-97b4-0d4742cfe3b8, addresses=['fa:16:3e:5a:49:09'], dhcpv4_options=[], dhcpv6_options=[], dynamic_addresses=[], enabled=True, external_ids={'neutron:cidrs': '', 'neutron:device_id': 'ovnmeta-170c6ed4-c470-4a2a-a575-ba53b670220b', 'neutron:device_owner': 'network:distributed', 'neutron:mtu': '1372', 'neutron:network_name': 'neutron-170c6ed4-c470-4a2a-a575-ba53b670220b', 'neutron:port_capabilities': '', 'neutron:port_name': '', 'neutron:project_id': 'd0cf691948044c8daf0f41b2a98346ae', 'neutron:revision_number': '1', 'neutron:security_group_ids': '', 'neutron:subnet_pool_addr_scope4': '', 'neutron:subnet_pool_addr_scope6': '', 'neutron:vnic_type': 'normal'}, ha_chassis_group=[], mirror_rules=[], name='56a73b91-3556-4b44-add9-c0537497cecf', options={}, parent_name=[], port_security=[], tag=[], tag_request=[], type='localport', up=[]) old= {{(pid=90910) matches /opt/stack/data/venv/lib/python3.12/site-packages/ovsdbapp/backend/ovs_idl/event.py:55}}
Jul 30 15:19:20.072451 np0000006143 devstack@neutron-api.service[90910]: INFO neutron.plugins.ml2.drivers.ovn.mech_driver.mech_driver [-] OVN reports status down for port: 56a73b91-3556-4b44-add9-c0537497cecf
Jul 30 15:19:20.072662 np0000006143 devstack@neutron-api.service[90912]: DEBUG ovsdbapp.backend.ovs_idl.event [-] Matched CREATE: LogicalSwitchPortCreateEvent(events=('create',), table='Logical_Switch_Port', conditions=[], old_conditions=None), priority=20 to row=Logical_Switch_Port(uuid=9744194a-0126-4f32-97b4-0d4742cfe3b8, addresses=['fa:16:3e:5a:49:09'], dhcpv4_options=[], dhcpv6_options=[], dynamic_addresses=[], enabled=True, external_ids={'neutron:cidrs': '', 'neutron:device_id': 'ovnmeta-170c6ed4-c470-4a2a-a575-ba53b670220b', 'neutron:device_owner': 'network:distributed', 'neutron:mtu': '1372', 'neutron:network_name': 'neutron-170c6ed4-c470-4a2a-a575-ba53b670220b', 'neutron:port_capabilities': '', 'neutron:port_name': '', 'neutron:project_id': 'd0cf691948044c8daf0f41b2a98346ae', 'neutron:revision_number': '1', 'neutron:security_group_ids': '', 'neutron:subnet_pool_addr_scope4': '', 'neutron:subnet_pool_addr_scope6': '', 'neutron:vnic_type': 'normal'}, ha_chassis_group=[], mirror_rules=[], name='56a73b91-3556-4b44-add9-c0537497cecf', options={}, parent_name=[], port_security=[], tag=[], tag_request=[], type='localport', up=[]) old= {{(pid=90912) matches /opt/stack/data/venv/lib/python3.12/site-packages/ovsdbapp/backend/ovs_idl/event.py:55}}
Jul 30 15:19:20.073755 np0000006143 devstack@neutron-api.service[90910]: DEBUG neutron.plugins.ml2.drivers.ovn.mech_driver.ovsdb.ovsdb_monitor [-] Hash Ring: Node 625dcda2d9285598b2b9484ece34cf92 (host: np0000006143) handling event "update" for row 9744194a-0126-4f32-97b4-0d4742cfe3b8 (table: Logical_Switch_Port) {{(pid=90910) notify /opt/stack/neutron/neutron/plugins/ml2/drivers/ovn/mech_driver/ovsdb/ovsdb_monitor.py:1013}}
Jul 30 15:19:20.074048 np0000006143 devstack@neutron-api.service[90912]: INFO neutron.plugins.ml2.drivers.ovn.mech_driver.mech_driver [-] OVN reports status down for port: 56a73b91-3556-4b44-add9-c0537497cecf
Jul 30 15:19:20.075131 np0000006143 devstack@neutron-api.service[90912]: DEBUG neutron.plugins.ml2.drivers.ovn.mech_driver.ovsdb.ovsdb_monitor [-] Hash Ring: Node 8254d10f287255d18ff4ea8a46950585 (host: np0000006143) handling event "update" for row 9744194a-0126-4f32-97b4-0d4742cfe3b8 (table: Logical_Switch_Port) {{(pid=90912) notify /opt/stack/neutron/neutron/plugins/ml2/drivers/ovn/mech_driver/ovsdb/ovsdb_monitor.py:1013}}
Jul 30 15:19:20.113421 np0000006143 devstack@neutron-api.service[90913]: INFO neutron.db.ovn_revision_numbers_db [None req-6e4d9199-3da1-4570-b2c8-db921b40491b admin admin] Successfully bumped revision number for resource 56a73b91-3556-4b44-add9-c0537497cecf (type: ports) to 1
Jul 30 15:19:20.121272 np0000006143 devstack@neutron-api.service[90913]: DEBUG neutron.pecan_wsgi.hooks.policy_enforcement [None req-6e4d9199-3da1-4570-b2c8-db921b40491b admin admin] Attributes excluded by policy engine: ['standard_attr_id'] {{(pid=90913) _exclude_attributes_by_policy /opt/stack/neutron/neutron/pecan_wsgi/hooks/policy_enforcement.py:259}}
Jul 30 15:19:20.121574 np0000006143 devstack@neutron-api.service[90913]: DEBUG neutron_lib.callbacks.manager [None req-6e4d9199-3da1-4570-b2c8-db921b40491b admin admin] Publish callbacks [] for network (None), before_response {{(pid=90913) _notify_loop /opt/stack/data/venv/lib/python3.12/site-packages/neutron_lib/callbacks/manager.py:184}}
Jul 30 15:19:20.136553 np0000006143 devstack@neutron-api.service[90912]: DEBUG neutron.db.provisioning_blocks [None req-a39ab057-24b5-4158-8ea1-88cc6da61ab8 None None] Transition to ACTIVE for port object 56a73b91-3556-4b44-add9-c0537497cecf will not be triggered until provisioned by entity L2. {{(pid=90912) add_provisioning_component /opt/stack/neutron/neutron/db/provisioning_blocks.py:74}}
Jul 30 15:19:20.137520 np0000006143 devstack@neutron-api.service[90913]: [pid: 90913|app: 0|req: 1/5] 10.4.3.69 () {68 vars in 1319 bytes} [Thu Jul 30 15:19:18 2026] POST /networking/v2.0/networks => generated 681 bytes in 1386 msecs (HTTP/1.1 201) 4 headers in 162 bytes (1 switches on core 0)
Jul 30 15:19:20.141746 np0000006143 devstack@neutron-api.service[90910]: DEBUG neutron_lib.db.api [None req-5c3f51e6-4f3c-4dfa-8cf2-6776761dfed5 None None] Retry wrapper got retriable exception: Failed to create a duplicate ProvisioningBlock: for attribute(s) ['provisioningblocks.PRIMARY'] with value(s) 14-L2 {{(pid=90910) wrapped /opt/stack/data/venv/lib/python3.12/site-packages/neutron_lib/db/api.py:185}}
Jul 30 15:19:20.141988 np0000006143 devstack@neutron-api.service[90910]: DEBUG oslo_db.api [None req-5c3f51e6-4f3c-4dfa-8cf2-6776761dfed5 None None] Performing DB retry for function neutron.db.provisioning_blocks.add_provisioning_component {{(pid=90910) wrapper /opt/stack/data/venv/lib/python3.12/site-packages/oslo_db/api.py:155}}
Jul 30 15:19:20.182701 np0000006143 devstack@neutron-api.service[90912]: DEBUG neutron.plugins.ml2.plugin [None req-a39ab057-24b5-4158-8ea1-88cc6da61ab8 None None] Current status of the port 56a73b91-3556-4b44-add9-c0537497cecf is: DOWN; New status is: DOWN {{(pid=90912) _update_individual_port_db_status /opt/stack/neutron/neutron/plugins/ml2/plugin.py:2473}}
Jul 30 15:19:20.183489 np0000006143 devstack@neutron-api.service[90912]: INFO neutron.plugins.ml2.drivers.ovn.mech_driver.ovsdb.extensions.qos [None req-a39ab057-24b5-4158-8ea1-88cc6da61ab8 None None] Starting OVNClientQosExtension
Jul 30 15:19:20.183643 np0000006143 devstack@neutron-api.service[90912]: INFO neutron.plugins.ml2.drivers.ovn.mech_driver.ovsdb.extensions.placement [None req-a39ab057-24b5-4158-8ea1-88cc6da61ab8 None None] Starting OVNClientPlacementExtension
Jul 30 15:19:20.185640 np0000006143 devstack@neutron-api.service[90912]: DEBUG ovsdbapp.backend.ovs_idl.transaction [-] Running txn n=1 command(idx=0): DbRemoveCommand(_result=None, table=Logical_Switch_Port, record=56a73b91-3556-4b44-add9-c0537497cecf, column=external_ids, values=('neutron:host_id',), keyvalues={}, if_exists=True) {{(pid=90912) do_commit /opt/stack/data/venv/lib/python3.12/site-packages/ovsdbapp/backend/ovs_idl/transaction.py:89}}
Jul 30 15:19:20.650260 np0000006143 devstack@neutron-api.service[90910]: DEBUG neutron.policy [None req-44c70cdd-b1e5-43fc-b2a4-b98bc2bcd288 admin admin] Loaded default policies from ['neutron'] under neutron.policies entry points {{(pid=90910) register_rules /opt/stack/neutron/neutron/policy.py:65}}
Jul 30 15:19:20.685533 np0000006143 devstack@neutron-api.service[90910]: DEBUG neutron.db.provisioning_blocks [None req-5c3f51e6-4f3c-4dfa-8cf2-6776761dfed5 None None] Ignored duplicate provisioning block setup for port 56a73b91-3556-4b44-add9-c0537497cecf by entity L2. {{(pid=90910) add_provisioning_component /opt/stack/neutron/neutron/db/provisioning_blocks.py:69}}
Jul 30 15:19:20.743852 np0000006143 devstack@neutron-api.service[90910]: DEBUG neutron.pecan_wsgi.hooks.policy_enforcement [None req-44c70cdd-b1e5-43fc-b2a4-b98bc2bcd288 admin admin] Attributes excluded by policy engine: ['standard_attr_id'] {{(pid=90910) _exclude_attributes_by_policy /opt/stack/neutron/neutron/pecan_wsgi/hooks/policy_enforcement.py:259}}
Jul 30 15:19:20.745996 np0000006143 devstack@neutron-api.service[90910]: [pid: 90910|app: 0|req: 3/6] 10.4.3.69 () {64 vars in 1377 bytes} [Thu Jul 30 15:19:20 2026] GET /networking/v2.0/networks/170c6ed4-c470-4a2a-a575-ba53b670220b => generated 662 bytes in 318 msecs (HTTP/1.1 200) 4 headers in 157 bytes (1 switches on core 0)
Jul 30 15:19:20.759454 np0000006143 devstack@neutron-api.service[90911]: DEBUG neutron.api.wsgi [None req-0a98b802-1a09-437e-897a-a2153354cb5b admin admin] Missing Content-Type {{(pid=90911) get_content_type /opt/stack/neutron/neutron/api/wsgi.py:80}}
Jul 30 15:19:20.767540 np0000006143 devstack@neutron-api.service[90911]: [pid: 90911|app: 0|req: 2/7] 10.4.3.69 () {64 vars in 1386 bytes} [Thu Jul 30 15:19:20 2026] GET /networking/v2.0/subnetpools/2d0bb392-efa5-4586-b957-ad7fc2a78c90 => generated 533 bytes in 10 msecs (HTTP/1.1 200) 4 headers in 157 bytes (1 switches on core 0)
Jul 30 15:19:20.781100 np0000006143 devstack@neutron-api.service[90912]: DEBUG neutron.api.v2.base [None req-f7eaedf5-9d4a-4bab-8fd4-34a9fcd3eb39 admin admin] Request body: {'subnet': {'name': 'private-subnet', 'subnetpool_id': '2d0bb392-efa5-4586-b957-ad7fc2a78c90', 'ip_version': 4, 'network_id': '170c6ed4-c470-4a2a-a575-ba53b670220b', 'gateway_ip': '10.1.0.1'}} {{(pid=90912) prepare_request_body /opt/stack/neutron/neutron/api/v2/base.py:727}}
Jul 30 15:19:20.787332 np0000006143 devstack@neutron-api.service[90910]: DEBUG neutron.plugins.ml2.plugin [None req-5c3f51e6-4f3c-4dfa-8cf2-6776761dfed5 None None] Current status of the port 56a73b91-3556-4b44-add9-c0537497cecf is: DOWN; New status is: DOWN {{(pid=90910) _update_individual_port_db_status /opt/stack/neutron/neutron/plugins/ml2/plugin.py:2473}}
Jul 30 15:19:20.788805 np0000006143 devstack@neutron-api.service[90910]: DEBUG ovsdbapp.backend.ovs_idl.transaction [-] Running txn n=1 command(idx=0): DbRemoveCommand(_result=None, table=Logical_Switch_Port, record=56a73b91-3556-4b44-add9-c0537497cecf, column=external_ids, values=('neutron:host_id',), keyvalues={}, if_exists=True) {{(pid=90910) do_commit /opt/stack/data/venv/lib/python3.12/site-packages/ovsdbapp/backend/ovs_idl/transaction.py:89}}
Jul 30 15:19:20.797494 np0000006143 devstack@neutron-api.service[90912]: DEBUG neutron.pecan_wsgi.hooks.quota_enforcement [None req-f7eaedf5-9d4a-4bab-8fd4-34a9fcd3eb39 admin admin] Made reservation on behalf of d0cf691948044c8daf0f41b2a98346ae for: {'subnet': 1} {{(pid=90912) before /opt/stack/neutron/neutron/pecan_wsgi/hooks/quota_enforcement.py:66}}
Jul 30 15:19:20.800383 np0000006143 devstack@neutron-api.service[90912]: DEBUG neutron_lib.callbacks.manager [None req-f7eaedf5-9d4a-4bab-8fd4-34a9fcd3eb39 admin admin] Publish callbacks [] for subnet (None), before_create {{(pid=90912) _notify_loop /opt/stack/data/venv/lib/python3.12/site-packages/neutron_lib/callbacks/manager.py:184}}
Jul 30 15:19:20.956316 np0000006143 devstack@neutron-api.service[90912]: DEBUG neutron.db.ovn_revision_numbers_db [None req-f7eaedf5-9d4a-4bab-8fd4-34a9fcd3eb39 admin admin] create_initial_revision uuid=2774f4f1-cd6f-420c-856d-5eacf82df890, type=subnets, rev=-1 {{(pid=90912) create_initial_revision /opt/stack/neutron/neutron/db/ovn_revision_numbers_db.py:98}}
Jul 30 15:19:20.961806 np0000006143 devstack@neutron-api.service[90912]: DEBUG neutron_lib.callbacks.manager [None req-f7eaedf5-9d4a-4bab-8fd4-34a9fcd3eb39 admin admin] Publish callbacks ['neutron.plugins.ml2.ovo_rpc._ObjectChangeHandler.handle_event-8321156'] for subnet (2774f4f1-cd6f-420c-856d-5eacf82df890), after_create {{(pid=90912) _notify_loop /opt/stack/data/venv/lib/python3.12/site-packages/neutron_lib/callbacks/manager.py:184}}
Jul 30 15:19:20.978355 np0000006143 devstack@neutron-api.service[90912]: DEBUG neutron.api.rpc.handlers.resources_rpc [None req-f7eaedf5-9d4a-4bab-8fd4-34a9fcd3eb39 admin admin] Pushing event updated for resources: {'Subnet': ['ID=2774f4f1-cd6f-420c-856d-5eacf82df890,revision_number=0']} {{(pid=90912) push /opt/stack/neutron/neutron/api/rpc/handlers/resources_rpc.py:237}}
Jul 30 15:19:20.984135 np0000006143 devstack@neutron-api.service[90912]: DEBUG neutron.api.rpc.callbacks.version_manager [None req-f7eaedf5-9d4a-4bab-8fd4-34a9fcd3eb39 admin admin] Tracked resource versions report:
Jul 30 15:19:20.984135 np0000006143 devstack@neutron-api.service[90912]: pushed versions:
Jul 30 15:19:20.984135 np0000006143 devstack@neutron-api.service[90912]: { 'AddressGroup': {'1.2'},
Jul 30 15:19:20.984135 np0000006143 devstack@neutron-api.service[90912]: 'Agent': {'1.1'},
Jul 30 15:19:20.984135 np0000006143 devstack@neutron-api.service[90912]: 'ConntrackHelper': {'1.0'},
Jul 30 15:19:20.984135 np0000006143 devstack@neutron-api.service[90912]: 'LocalIPAssociation': {'1.0'},
Jul 30 15:19:20.984135 np0000006143 devstack@neutron-api.service[90912]: 'Log': {'1.0'},
Jul 30 15:19:20.984135 np0000006143 devstack@neutron-api.service[90912]: 'NDPProxy': {'1.0'},
Jul 30 15:19:20.984135 np0000006143 devstack@neutron-api.service[90912]: 'Network': {'1.3'},
Jul 30 15:19:20.984135 np0000006143 devstack@neutron-api.service[90912]: 'Port': {'1.11'},
Jul 30 15:19:20.984135 np0000006143 devstack@neutron-api.service[90912]: 'PortForwarding': {'1.3'},
Jul 30 15:19:20.984135 np0000006143 devstack@neutron-api.service[90912]: 'QosPolicy': {'1.10'},
Jul 30 15:19:20.984135 np0000006143 devstack@neutron-api.service[90912]: 'SecurityGroup': {'1.6'},
Jul 30 15:19:20.984135 np0000006143 devstack@neutron-api.service[90912]: 'SecurityGroupRule': {'1.3'},
Jul 30 15:19:20.984135 np0000006143 devstack@neutron-api.service[90912]: 'SubPort': {'1.0'},
Jul 30 15:19:20.984135 np0000006143 devstack@neutron-api.service[90912]: 'Subnet': {'1.2'},
Jul 30 15:19:20.984135 np0000006143 devstack@neutron-api.service[90912]: 'Trunk': {'1.1'}}
Jul 30 15:19:20.984135 np0000006143 devstack@neutron-api.service[90912]: consumer versions:
Jul 30 15:19:20.984135 np0000006143 devstack@neutron-api.service[90912]: { OVN Controller Gateway agent@np0000006143: {},
Jul 30 15:19:20.984135 np0000006143 devstack@neutron-api.service[90912]: OVN Neutron agent@np0000006143: {}}
Jul 30 15:19:20.984135 np0000006143 devstack@neutron-api.service[90912]: {{(pid=90912) report /opt/stack/neutron/neutron/api/rpc/callbacks/version_manager.py:183}}
Jul 30 15:19:21.281742 np0000006143 devstack@neutron-api.service[90912]: DEBUG neutron_lib.callbacks.manager [None req-f7eaedf5-9d4a-4bab-8fd4-34a9fcd3eb39 admin admin] Publish callbacks ['neutron.plugins.ml2.plugin.SecurityGroupDbMixin._ensure_default_security_group_handler-2069631', 'neutron.services.ovn_l3.plugin.OVNL3RouterPlugin._port_update-8529590169480', 'neutron.db.l3_db.L3_NAT_dbonly_mixin._prevent_internal_ip_change_for_fip-8529592033220'] for port (56a73b91-3556-4b44-add9-c0537497cecf), before_update {{(pid=90912) _notify_loop /opt/stack/data/venv/lib/python3.12/site-packages/neutron_lib/callbacks/manager.py:184}}
Jul 30 15:19:21.452694 np0000006143 devstack@neutron-api.service[90912]: DEBUG neutron.db.db_base_plugin_common [None req-f7eaedf5-9d4a-4bab-8fd4-34a9fcd3eb39 admin admin] Allocated IP 10.1.0.2 (170c6ed4-c470-4a2a-a575-ba53b670220b/2774f4f1-cd6f-420c-856d-5eacf82df890/56a73b91-3556-4b44-add9-c0537497cecf) {{(pid=90912) _store_ip_allocation /opt/stack/neutron/neutron/db/db_base_plugin_common.py:131}}
Jul 30 15:19:21.552198 np0000006143 devstack@neutron-api.service[90912]: DEBUG neutron_lib.callbacks.manager [None req-f7eaedf5-9d4a-4bab-8fd4-34a9fcd3eb39 admin admin] Publish callbacks [] for port (56a73b91-3556-4b44-add9-c0537497cecf), precommit_update {{(pid=90912) _notify_loop /opt/stack/data/venv/lib/python3.12/site-packages/neutron_lib/callbacks/manager.py:184}}
Jul 30 15:19:21.552334 np0000006143 devstack@neutron-api.service[90912]: DEBUG neutron.plugins.ml2.drivers.ovn.mech_driver.mech_driver [None req-f7eaedf5-9d4a-4bab-8fd4-34a9fcd3eb39 admin admin] No provisioning block for port 56a73b91-3556-4b44-add9-c0537497cecf since it does not have a host {{(pid=90912) _is_port_provisioning_required /opt/stack/neutron/neutron/plugins/ml2/drivers/ovn/mech_driver/mech_driver.py:899}}
Jul 30 15:19:21.563996 np0000006143 devstack@neutron-api.service[90912]: DEBUG neutron_lib.callbacks.manager [None req-f7eaedf5-9d4a-4bab-8fd4-34a9fcd3eb39 admin admin] Publish callbacks ['neutron.plugins.ml2.ovo_rpc._ObjectChangeHandler.handle_event-8321159', 'neutron.services.ovn_l3.plugin.OVNL3RouterPlugin._port_update-8529590169480'] for port (56a73b91-3556-4b44-add9-c0537497cecf), after_update {{(pid=90912) _notify_loop /opt/stack/data/venv/lib/python3.12/site-packages/neutron_lib/callbacks/manager.py:184}}
Jul 30 15:19:21.612870 np0000006143 devstack@neutron-api.service[90912]: DEBUG neutron.api.rpc.handlers.resources_rpc [None req-f7eaedf5-9d4a-4bab-8fd4-34a9fcd3eb39 admin admin] Pushing event updated for resources: {'Port': ['ID=56a73b91-3556-4b44-add9-c0537497cecf,revision_number=2']} {{(pid=90912) push /opt/stack/neutron/neutron/api/rpc/handlers/resources_rpc.py:237}}
Jul 30 15:19:21.752607 np0000006143 devstack@neutron-api.service[90912]: DEBUG neutron.plugins.ml2.drivers.ovn.mech_driver.ovsdb.commands [None req-f7eaedf5-9d4a-4bab-8fd4-34a9fcd3eb39 admin admin] Converting tag [] to a tag_request {{(pid=90912) _tag_column_to_tag_request /opt/stack/neutron/neutron/plugins/ml2/drivers/ovn/mech_driver/ovsdb/commands.py:205}}
Jul 30 15:19:21.753557 np0000006143 devstack@neutron-api.service[90912]: DEBUG ovsdbapp.backend.ovs_idl.transaction [-] Running txn n=1 command(idx=0): CheckRevisionNumberCommand(_result=None, name=56a73b91-3556-4b44-add9-c0537497cecf, resource={'id': '56a73b91-3556-4b44-add9-c0537497cecf', 'name': '', 'network_id': '170c6ed4-c470-4a2a-a575-ba53b670220b', 'project_id': 'd0cf691948044c8daf0f41b2a98346ae', 'mac_address': 'fa:16:3e:5a:49:09', 'admin_state_up': True, 'status': 'DOWN', 'device_id': 'ovnmeta-170c6ed4-c470-4a2a-a575-ba53b670220b', 'device_owner': 'network:distributed', 'standard_attr_id': 14, 'fixed_ips': [{'subnet_id': '2774f4f1-cd6f-420c-856d-5eacf82df890', 'ip_address': '10.1.0.2'}], 'allowed_address_pairs': [], 'extra_dhcp_opts': [], 'security_groups': [], 'description': '', 'binding:vnic_type': 'normal', 'binding:profile': {}, 'binding:host_id': '', 'binding:vif_type': 'unbound', 'binding:vif_details': {}, 'port_security_enabled': False, 'tags': [], 'created_at': '2026-07-30T15:19:19Z', 'updated_at': '2026-07-30T15:19:21Z', 'revision_number': 2, 'tenant_id': 'd0cf691948044c8daf0f41b2a98346ae', 'network': {'id': '170c6ed4-c470-4a2a-a575-ba53b670220b', 'name': 'private', 'tenant_id': 'd0cf691948044c8daf0f41b2a98346ae', 'project_id': 'd0cf691948044c8daf0f41b2a98346ae', 'admin_state_up': True, 'mtu': 1372, 'status': 'ACTIVE', 'subnets': ['2774f4f1-cd6f-420c-856d-5eacf82df890'], 'standard_attr_id': 12, 'shared': False, 'availability_zone_hints': [], 'availability_zones': [], 'ipv4_address_scope': None, 'ipv6_address_scope': None, 'router:external': False, 'qinq': False, 'vlan_transparent': False, 'description': '', 'port_security_enabled': True, 'tags': [], 'created_at': '2026-07-30T15:19:19Z', 'updated_at': '2026-07-30T15:19:20Z', 'revision_number': 2, 'provider:network_type': 'geneve', 'provider:physical_network': None, 'provider:segmentation_id': 12907}}, resource_type=ports, if_exists=True) {{(pid=90912) do_commit /opt/stack/data/venv/lib/python3.12/site-packages/ovsdbapp/backend/ovs_idl/transaction.py:89}}
Jul 30 15:19:21.754021 np0000006143 devstack@neutron-api.service[90912]: DEBUG ovsdbapp.backend.ovs_idl.transaction [-] Running txn n=1 command(idx=1): AddDHCPOptionsCommand(_result=None, columns={'cidr': '10.1.0.0/26', 'options': {'server_id': '10.1.0.1', 'lease_time': '43200', 'mtu': '1372', 'router': '10.1.0.1', 'server_mac': 'fa:16:3e:45:11:a8', 'dns_server': '{127.0.0.53}', 'classless_static_route': '{169.254.169.254/32,10.1.0.2, 0.0.0.0/0,10.1.0.1}'}, 'external_ids': {'subnet_id': '2774f4f1-cd6f-420c-856d-5eacf82df890', 'neutron:network_id': '170c6ed4-c470-4a2a-a575-ba53b670220b', 'neutron:revision_number': '0'}}, may_exist=True, subnet_id=2774f4f1-cd6f-420c-856d-5eacf82df890, port_id=None, new_insert=False) {{(pid=90912) do_commit /opt/stack/data/venv/lib/python3.12/site-packages/ovsdbapp/backend/ovs_idl/transaction.py:89}}
Jul 30 15:19:21.754307 np0000006143 devstack@neutron-api.service[90912]: DEBUG ovsdbapp.backend.ovs_idl.transaction [-] Running txn n=1 command(idx=2): SetLSwitchPortCommand(_result=None, lport=56a73b91-3556-4b44-add9-c0537497cecf, external_ids_update=None, columns={'external_ids': {'neutron:port_name': '', 'neutron:device_id': 'ovnmeta-170c6ed4-c470-4a2a-a575-ba53b670220b', 'neutron:project_id': 'd0cf691948044c8daf0f41b2a98346ae', 'neutron:cidrs': '10.1.0.2/26', 'neutron:device_owner': 'network:distributed', 'neutron:subnet_pool_addr_scope4': '', 'neutron:subnet_pool_addr_scope6': '', 'neutron:network_name': 'neutron-170c6ed4-c470-4a2a-a575-ba53b670220b', 'neutron:security_group_ids': '', 'neutron:revision_number': '2', 'neutron:vnic_type': 'normal', 'neutron:port_capabilities': '', 'neutron:mtu': '1372'}, 'parent_name': [], 'options': {}, 'enabled': True, 'port_security': [], 'dhcpv4_options': [], 'dhcpv6_options': [], 'type': 'localport', 'addresses': ['fa:16:3e:5a:49:09 10.1.0.2'], 'ha_chassis_group': [], 'tag_request': []}, if_exists=False) {{(pid=90912) do_commit /opt/stack/data/venv/lib/python3.12/site-packages/ovsdbapp/backend/ovs_idl/transaction.py:89}}
Jul 30 15:19:21.754925 np0000006143 devstack@neutron-api.service[90912]: DEBUG ovsdbapp.backend.ovs_idl.transaction [-] Running txn n=1 command(idx=3): PgDelPortCommand(_result=None, port_group=neutron_pg_drop, lsp=['56a73b91-3556-4b44-add9-c0537497cecf'], if_exists=False) {{(pid=90912) do_commit /opt/stack/data/venv/lib/python3.12/site-packages/ovsdbapp/backend/ovs_idl/transaction.py:89}}
Jul 30 15:19:21.757645 np0000006143 devstack@neutron-api.service[90912]: DEBUG neutron.plugins.ml2.drivers.ovn.mech_driver.ovsdb.ovsdb_monitor [-] Hash Ring: Node 8254d10f287255d18ff4ea8a46950585 (host: np0000006143) handling event "update" for row 9744194a-0126-4f32-97b4-0d4742cfe3b8 (table: Logical_Switch_Port) {{(pid=90912) notify /opt/stack/neutron/neutron/plugins/ml2/drivers/ovn/mech_driver/ovsdb/ovsdb_monitor.py:1013}}
Jul 30 15:19:21.758787 np0000006143 devstack@neutron-api.service[90910]: DEBUG neutron.plugins.ml2.drivers.ovn.mech_driver.ovsdb.ovsdb_monitor [-] Hash Ring: Node 625dcda2d9285598b2b9484ece34cf92 (host: np0000006143) handling event "create" for row d406f5e7-dc7d-4d3e-b4a2-d46faa5caaec (table: DHCP_Options) {{(pid=90910) notify /opt/stack/neutron/neutron/plugins/ml2/drivers/ovn/mech_driver/ovsdb/ovsdb_monitor.py:1013}}
Jul 30 15:19:21.759266 np0000006143 devstack@neutron-api.service[90910]: DEBUG neutron.plugins.ml2.drivers.ovn.mech_driver.ovsdb.ovsdb_monitor [-] Hash Ring: Node 625dcda2d9285598b2b9484ece34cf92 (host: np0000006143) handling event "update" for row 9744194a-0126-4f32-97b4-0d4742cfe3b8 (table: Logical_Switch_Port) {{(pid=90910) notify /opt/stack/neutron/neutron/plugins/ml2/drivers/ovn/mech_driver/ovsdb/ovsdb_monitor.py:1013}}
Jul 30 15:19:21.761080 np0000006143 devstack@neutron-api.service[90911]: DEBUG neutron.plugins.ml2.drivers.ovn.mech_driver.ovsdb.ovsdb_monitor [-] Hash Ring: Node 00794257551e555b9c61db31c12f8850 (host: np0000006143) handling event "update" for row 9393af43-89d8-47a7-9d12-073a3f5635f3 (table: Port_Binding) {{(pid=90911) notify /opt/stack/neutron/neutron/plugins/ml2/drivers/ovn/mech_driver/ovsdb/ovsdb_monitor.py:1013}}
Jul 30 15:19:21.761356 np0000006143 devstack@neutron-api.service[90910]: DEBUG neutron.plugins.ml2.drivers.ovn.mech_driver.ovsdb.ovsdb_monitor [-] Hash Ring: Node 625dcda2d9285598b2b9484ece34cf92 (host: np0000006143) handling event "update" for row 9393af43-89d8-47a7-9d12-073a3f5635f3 (table: Port_Binding) {{(pid=90910) notify /opt/stack/neutron/neutron/plugins/ml2/drivers/ovn/mech_driver/ovsdb/ovsdb_monitor.py:1013}}
Jul 30 15:19:21.790217 np0000006143 devstack@neutron-api.service[90912]: INFO neutron.db.ovn_revision_numbers_db [None req-f7eaedf5-9d4a-4bab-8fd4-34a9fcd3eb39 admin admin] Successfully bumped revision number for resource 56a73b91-3556-4b44-add9-c0537497cecf (type: ports) to 2
Jul 30 15:19:21.799918 np0000006143 devstack@neutron-api.service[90912]: DEBUG neutron.plugins.ml2.plugin [None req-f7eaedf5-9d4a-4bab-8fd4-34a9fcd3eb39 admin admin] In _notify_port_updated(), no bound segment for port 56a73b91-3556-4b44-add9-c0537497cecf on network 170c6ed4-c470-4a2a-a575-ba53b670220b {{(pid=90912) _notify_port_updated /opt/stack/neutron/neutron/plugins/ml2/plugin.py:1041}}
Jul 30 15:19:21.828589 np0000006143 devstack@neutron-api.service[90912]: INFO neutron.db.ovn_revision_numbers_db [None req-f7eaedf5-9d4a-4bab-8fd4-34a9fcd3eb39 admin admin] Successfully bumped revision number for resource 2774f4f1-cd6f-420c-856d-5eacf82df890 (type: subnets) to 0
Jul 30 15:19:21.829669 np0000006143 devstack@neutron-api.service[90912]: DEBUG neutron.pecan_wsgi.hooks.policy_enforcement [None req-f7eaedf5-9d4a-4bab-8fd4-34a9fcd3eb39 admin admin] Attributes excluded by policy engine: ['standard_attr_id', 'shared', 'network'] {{(pid=90912) _exclude_attributes_by_policy /opt/stack/neutron/neutron/pecan_wsgi/hooks/policy_enforcement.py:259}}
Jul 30 15:19:21.829997 np0000006143 devstack@neutron-api.service[90912]: DEBUG neutron_lib.callbacks.manager [None req-f7eaedf5-9d4a-4bab-8fd4-34a9fcd3eb39 admin admin] Publish callbacks [] for subnet (None), before_response {{(pid=90912) _notify_loop /opt/stack/data/venv/lib/python3.12/site-packages/neutron_lib/callbacks/manager.py:184}}
Jul 30 15:19:21.839906 np0000006143 devstack@neutron-api.service[90912]: [pid: 90912|app: 0|req: 2/8] 10.4.3.69 () {68 vars in 1317 bytes} [Thu Jul 30 15:19:20 2026] POST /networking/v2.0/subnets => generated 666 bytes in 1061 msecs (HTTP/1.1 201) 4 headers in 162 bytes (1 switches on core 0)
Jul 30 15:19:22.184689 np0000006143 devstack@neutron-api.service[90913]: DEBUG neutron.pecan_wsgi.hooks.policy_enforcement [None req-9efc0c79-94f0-4ef6-a185-72dbb687d380 admin admin] Attributes excluded by policy engine: ['standard_attr_id'] {{(pid=90913) _exclude_attributes_by_policy /opt/stack/neutron/neutron/pecan_wsgi/hooks/policy_enforcement.py:259}}
Jul 30 15:19:22.185723 np0000006143 devstack@neutron-api.service[90913]: [pid: 90913|app: 0|req: 2/9] 10.4.3.69 () {64 vars in 1377 bytes} [Thu Jul 30 15:19:22 2026] GET /networking/v2.0/networks/170c6ed4-c470-4a2a-a575-ba53b670220b => generated 700 bytes in 41 msecs (HTTP/1.1 200) 4 headers in 157 bytes (1 switches on core 0)
Jul 30 15:19:22.196461 np0000006143 devstack@neutron-api.service[90910]: DEBUG neutron.api.wsgi [None req-5dec7d49-4a6e-4fb5-b084-b108bedc5a52 admin admin] Missing Content-Type {{(pid=90910) get_content_type /opt/stack/neutron/neutron/api/wsgi.py:80}}
Jul 30 15:19:22.209308 np0000006143 devstack@neutron-api.service[90910]: [pid: 90910|app: 0|req: 4/10] 10.4.3.69 () {64 vars in 1386 bytes} [Thu Jul 30 15:19:22 2026] GET /networking/v2.0/subnetpools/a2e45cf6-72e5-4759-8aba-48bffdb33164 => generated 543 bytes in 15 msecs (HTTP/1.1 200) 4 headers in 157 bytes (1 switches on core 0)
Jul 30 15:19:22.220322 np0000006143 devstack@neutron-api.service[90911]: DEBUG neutron.api.v2.base [None req-d2f443d6-1bee-44f6-b37e-017dc502efd4 admin admin] Request body: {'subnet': {'name': 'ipv6-private-subnet', 'subnetpool_id': 'a2e45cf6-72e5-4759-8aba-48bffdb33164', 'ipv6_ra_mode': 'slaac', 'ip_version': 6, 'network_id': '170c6ed4-c470-4a2a-a575-ba53b670220b', 'ipv6_address_mode': 'slaac'}} {{(pid=90911) prepare_request_body /opt/stack/neutron/neutron/api/v2/base.py:727}}
Jul 30 15:19:22.237624 np0000006143 devstack@neutron-api.service[90911]: DEBUG neutron.pecan_wsgi.hooks.quota_enforcement [None req-d2f443d6-1bee-44f6-b37e-017dc502efd4 admin admin] Made reservation on behalf of d0cf691948044c8daf0f41b2a98346ae for: {'subnet': 1} {{(pid=90911) before /opt/stack/neutron/neutron/pecan_wsgi/hooks/quota_enforcement.py:66}}
Jul 30 15:19:22.240777 np0000006143 devstack@neutron-api.service[90911]: DEBUG neutron_lib.callbacks.manager [None req-d2f443d6-1bee-44f6-b37e-017dc502efd4 admin admin] Publish callbacks [] for subnet (None), before_create {{(pid=90911) _notify_loop /opt/stack/data/venv/lib/python3.12/site-packages/neutron_lib/callbacks/manager.py:184}}
Jul 30 15:19:22.452666 np0000006143 devstack@neutron-api.service[90911]: DEBUG neutron.db.ovn_revision_numbers_db [None req-d2f443d6-1bee-44f6-b37e-017dc502efd4 admin admin] create_initial_revision uuid=32576b28-01ab-4005-8f22-0c3584f085bb, type=subnets, rev=-1 {{(pid=90911) create_initial_revision /opt/stack/neutron/neutron/db/ovn_revision_numbers_db.py:98}}
Jul 30 15:19:22.762054 np0000006143 devstack@neutron-api.service[90911]: DEBUG neutron.objects.ports [None req-d2f443d6-1bee-44f6-b37e-017dc502efd4 admin admin] Time-cost: Fetching 1 ports in 0 security groups {{(pid=90911) get_objects /opt/stack/neutron/neutron/objects/ports.py:506}}
Jul 30 15:19:22.931353 np0000006143 devstack@neutron-api.service[90911]: DEBUG neutron_lib.callbacks.manager [None req-d2f443d6-1bee-44f6-b37e-017dc502efd4 admin admin] Publish callbacks ['neutron.plugins.ml2.plugin.SecurityGroupDbMixin._ensure_default_security_group_handler-27261', 'neutron.services.ovn_l3.plugin.OVNL3RouterPlugin._port_update-8529590983000', 'neutron.db.l3_db.L3_NAT_dbonly_mixin._prevent_internal_ip_change_for_fip-8529592037860'] for port (56a73b91-3556-4b44-add9-c0537497cecf), before_update {{(pid=90911) _notify_loop /opt/stack/data/venv/lib/python3.12/site-packages/neutron_lib/callbacks/manager.py:184}}
Jul 30 15:19:23.106624 np0000006143 devstack@neutron-api.service[90911]: DEBUG neutron_lib.callbacks.manager [None req-d2f443d6-1bee-44f6-b37e-017dc502efd4 admin admin] Publish callbacks [] for port (56a73b91-3556-4b44-add9-c0537497cecf), precommit_update {{(pid=90911) _notify_loop /opt/stack/data/venv/lib/python3.12/site-packages/neutron_lib/callbacks/manager.py:184}}
Jul 30 15:19:23.106783 np0000006143 devstack@neutron-api.service[90911]: DEBUG neutron.plugins.ml2.drivers.ovn.mech_driver.mech_driver [None req-d2f443d6-1bee-44f6-b37e-017dc502efd4 admin admin] No provisioning block for port 56a73b91-3556-4b44-add9-c0537497cecf since it does not have a host {{(pid=90911) _is_port_provisioning_required /opt/stack/neutron/neutron/plugins/ml2/drivers/ovn/mech_driver/mech_driver.py:899}}
Jul 30 15:19:23.111467 np0000006143 devstack@neutron-api.service[90911]: DEBUG neutron_lib.callbacks.manager [None req-d2f443d6-1bee-44f6-b37e-017dc502efd4 admin admin] Publish callbacks ['neutron.plugins.ml2.ovo_rpc._ObjectChangeHandler.handle_event-8326671', 'neutron.services.ovn_l3.plugin.OVNL3RouterPlugin._port_update-8529590983000'] for port (56a73b91-3556-4b44-add9-c0537497cecf), after_update {{(pid=90911) _notify_loop /opt/stack/data/venv/lib/python3.12/site-packages/neutron_lib/callbacks/manager.py:184}}
