Jul 13 18:54:59.595877 np0000005138 nova-conductor[98993]: DEBUG cotyledon.oslo_config_glue [-] vnc.vencrypt_client_key = None {{(pid=98993) log_opt_values /opt/stack/data/venv/lib/python3.12/site-packages/oslo_config/cfg.py:3253}}
Jul 13 18:54:59.595877 np0000005138 nova-conductor[98993]: DEBUG cotyledon.oslo_config_glue [-] workarounds.disable_compute_service_check_for_ffu = False {{(pid=98993) log_opt_values /opt/stack/data/venv/lib/python3.12/site-packages/oslo_config/cfg.py:3253}}
Jul 13 18:54:59.596206 np0000005138 nova-conductor[98993]: DEBUG cotyledon.oslo_config_glue [-] workarounds.disable_deep_image_inspection = False {{(pid=98993) log_opt_values /opt/stack/data/venv/lib/python3.12/site-packages/oslo_config/cfg.py:3253}}
Jul 13 18:54:59.596206 np0000005138 nova-conductor[98993]: DEBUG cotyledon.oslo_config_glue [-] workarounds.disable_fallback_pcpu_query = False {{(pid=98993) log_opt_values /opt/stack/data/venv/lib/python3.12/site-packages/oslo_config/cfg.py:3253}}
Jul 13 18:54:59.596206 np0000005138 nova-conductor[98993]: DEBUG cotyledon.oslo_config_glue [-] workarounds.disable_group_policy_check_upcall = False {{(pid=98993) log_opt_values /opt/stack/data/venv/lib/python3.12/site-packages/oslo_config/cfg.py:3253}}
Jul 13 18:54:59.596206 np0000005138 nova-conductor[98993]: DEBUG cotyledon.oslo_config_glue [-] workarounds.disable_libvirt_livesnapshot = False {{(pid=98993) log_opt_values /opt/stack/data/venv/lib/python3.12/site-packages/oslo_config/cfg.py:3253}}
Jul 13 18:54:59.596206 np0000005138 nova-conductor[98993]: DEBUG cotyledon.oslo_config_glue [-] workarounds.disable_rootwrap = False {{(pid=98993) log_opt_values /opt/stack/data/venv/lib/python3.12/site-packages/oslo_config/cfg.py:3253}}
Jul 13 18:54:59.596206 np0000005138 nova-conductor[98993]: DEBUG cotyledon.oslo_config_glue [-] workarounds.enable_numa_live_migration = False {{(pid=98993) log_opt_values /opt/stack/data/venv/lib/python3.12/site-packages/oslo_config/cfg.py:3253}}
Jul 13 18:54:59.596206 np0000005138 nova-conductor[98993]: DEBUG cotyledon.oslo_config_glue [-] workarounds.enable_qemu_monitor_announce_self = False {{(pid=98993) log_opt_values /opt/stack/data/venv/lib/python3.12/site-packages/oslo_config/cfg.py:3253}}
Jul 13 18:54:59.596206 np0000005138 nova-conductor[98993]: DEBUG cotyledon.oslo_config_glue [-] workarounds.ensure_libvirt_rbd_instance_dir_cleanup = False {{(pid=98993) log_opt_values /opt/stack/data/venv/lib/python3.12/site-packages/oslo_config/cfg.py:3253}}
Jul 13 18:54:59.596206 np0000005138 nova-conductor[98993]: DEBUG cotyledon.oslo_config_glue [-] workarounds.handle_virt_lifecycle_events = True {{(pid=98993) log_opt_values /opt/stack/data/venv/lib/python3.12/site-packages/oslo_config/cfg.py:3253}}
Jul 13 18:54:59.596477 np0000005138 nova-conductor[98993]: DEBUG cotyledon.oslo_config_glue [-] workarounds.libvirt_disable_apic = False {{(pid=98993) log_opt_values /opt/stack/data/venv/lib/python3.12/site-packages/oslo_config/cfg.py:3253}}
Jul 13 18:54:59.596477 np0000005138 nova-conductor[98993]: DEBUG cotyledon.oslo_config_glue [-] workarounds.never_download_image_if_on_rbd = False {{(pid=98993) log_opt_values /opt/stack/data/venv/lib/python3.12/site-packages/oslo_config/cfg.py:3253}}
Jul 13 18:54:59.596477 np0000005138 nova-conductor[98993]: DEBUG cotyledon.oslo_config_glue [-] workarounds.qemu_monitor_announce_self_count = 3 {{(pid=98993) log_opt_values /opt/stack/data/venv/lib/python3.12/site-packages/oslo_config/cfg.py:3253}}
Jul 13 18:54:59.596477 np0000005138 nova-conductor[98993]: DEBUG cotyledon.oslo_config_glue [-] workarounds.qemu_monitor_announce_self_interval = 1 {{(pid=98993) log_opt_values /opt/stack/data/venv/lib/python3.12/site-packages/oslo_config/cfg.py:3253}}
Jul 13 18:54:59.596477 np0000005138 nova-conductor[98993]: DEBUG cotyledon.oslo_config_glue [-] workarounds.reserve_disk_resource_for_image_cache = False {{(pid=98993) log_opt_values /opt/stack/data/venv/lib/python3.12/site-packages/oslo_config/cfg.py:3253}}
Jul 13 18:54:59.596477 np0000005138 nova-conductor[98993]: DEBUG cotyledon.oslo_config_glue [-] workarounds.skip_cpu_compare_at_startup = False {{(pid=98993) log_opt_values /opt/stack/data/venv/lib/python3.12/site-packages/oslo_config/cfg.py:3253}}
Jul 13 18:54:59.596477 np0000005138 nova-conductor[98993]: DEBUG cotyledon.oslo_config_glue [-] workarounds.skip_cpu_compare_on_dest = False {{(pid=98993) log_opt_values /opt/stack/data/venv/lib/python3.12/site-packages/oslo_config/cfg.py:3253}}
Jul 13 18:54:59.596477 np0000005138 nova-conductor[98993]: DEBUG cotyledon.oslo_config_glue [-] workarounds.skip_hypervisor_version_check_on_lm = False {{(pid=98993) log_opt_values /opt/stack/data/venv/lib/python3.12/site-packages/oslo_config/cfg.py:3253}}
Jul 13 18:54:59.596477 np0000005138 nova-conductor[98993]: DEBUG cotyledon.oslo_config_glue [-] workarounds.skip_reserve_in_use_ironic_nodes = False {{(pid=98993) log_opt_values /opt/stack/data/venv/lib/python3.12/site-packages/oslo_config/cfg.py:3253}}
Jul 13 18:54:59.596815 np0000005138 nova-conductor[98993]: DEBUG cotyledon.oslo_config_glue [-] workarounds.unified_limits_count_pcpu_as_vcpu = False {{(pid=98993) log_opt_values /opt/stack/data/venv/lib/python3.12/site-packages/oslo_config/cfg.py:3253}}
Jul 13 18:54:59.596815 np0000005138 nova-conductor[98993]: DEBUG cotyledon.oslo_config_glue [-] workarounds.wait_for_vif_plugged_event_during_hard_reboot = [] {{(pid=98993) log_opt_values /opt/stack/data/venv/lib/python3.12/site-packages/oslo_config/cfg.py:3253}}
Jul 13 18:54:59.596815 np0000005138 nova-conductor[98993]: DEBUG cotyledon.oslo_config_glue [-] wsgi.api_paste_config = /etc/nova/api-paste.ini {{(pid=98993) log_opt_values /opt/stack/data/venv/lib/python3.12/site-packages/oslo_config/cfg.py:3253}}
Jul 13 18:54:59.596815 np0000005138 nova-conductor[98993]: DEBUG cotyledon.oslo_config_glue [-] wsgi.secure_proxy_ssl_header = None {{(pid=98993) log_opt_values /opt/stack/data/venv/lib/python3.12/site-packages/oslo_config/cfg.py:3253}}
Jul 13 18:54:59.596815 np0000005138 nova-conductor[98993]: DEBUG cotyledon.oslo_config_glue [-] zvm.ca_file = None {{(pid=98993) log_opt_values /opt/stack/data/venv/lib/python3.12/site-packages/oslo_config/cfg.py:3253}}
Jul 13 18:54:59.596815 np0000005138 nova-conductor[98993]: DEBUG cotyledon.oslo_config_glue [-] zvm.cloud_connector_url = None {{(pid=98993) log_opt_values /opt/stack/data/venv/lib/python3.12/site-packages/oslo_config/cfg.py:3253}}
Jul 13 18:54:59.596815 np0000005138 nova-conductor[98993]: DEBUG cotyledon.oslo_config_glue [-] zvm.image_tmp_path = /opt/stack/data/nova/images {{(pid=98993) log_opt_values /opt/stack/data/venv/lib/python3.12/site-packages/oslo_config/cfg.py:3253}}
Jul 13 18:54:59.596815 np0000005138 nova-conductor[98993]: DEBUG cotyledon.oslo_config_glue [-] zvm.reachable_timeout = 300 {{(pid=98993) log_opt_values /opt/stack/data/venv/lib/python3.12/site-packages/oslo_config/cfg.py:3253}}
Jul 13 18:54:59.596815 np0000005138 nova-conductor[98993]: DEBUG cotyledon.oslo_config_glue [-] oslo_versionedobjects.fatal_exception_format_errors = False {{(pid=98993) log_opt_values /opt/stack/data/venv/lib/python3.12/site-packages/oslo_config/cfg.py:3253}}
Jul 13 18:54:59.597119 np0000005138 nova-conductor[98993]: DEBUG cotyledon.oslo_config_glue [-] oslo_middleware.http_basic_auth_user_file = /etc/htpasswd {{(pid=98993) log_opt_values /opt/stack/data/venv/lib/python3.12/site-packages/oslo_config/cfg.py:3253}}
Jul 13 18:54:59.597157 np0000005138 nova-conductor[98998]: INFO dbcounter [None req-a0dd6c2b-5693-4a39-969a-9f8769a8759c None None] Registered counter for database nova_cell0
Jul 13 18:54:59.597210 np0000005138 nova-conductor[98993]: DEBUG cotyledon.oslo_config_glue [-] profiler.connection_string = messaging:// {{(pid=98993) log_opt_values /opt/stack/data/venv/lib/python3.12/site-packages/oslo_config/cfg.py:3253}}
Jul 13 18:54:59.597210 np0000005138 nova-conductor[98993]: DEBUG cotyledon.oslo_config_glue [-] profiler.enabled = False {{(pid=98993) log_opt_values /opt/stack/data/venv/lib/python3.12/site-packages/oslo_config/cfg.py:3253}}
Jul 13 18:54:59.597210 np0000005138 nova-conductor[98993]: DEBUG cotyledon.oslo_config_glue [-] profiler.es_doc_type = notification {{(pid=98993) log_opt_values /opt/stack/data/venv/lib/python3.12/site-packages/oslo_config/cfg.py:3253}}
Jul 13 18:54:59.597210 np0000005138 nova-conductor[98993]: DEBUG cotyledon.oslo_config_glue [-] profiler.es_scroll_size = 10000 {{(pid=98993) log_opt_values /opt/stack/data/venv/lib/python3.12/site-packages/oslo_config/cfg.py:3253}}
Jul 13 18:54:59.597210 np0000005138 nova-conductor[98993]: DEBUG cotyledon.oslo_config_glue [-] profiler.es_scroll_time = 2m {{(pid=98993) log_opt_values /opt/stack/data/venv/lib/python3.12/site-packages/oslo_config/cfg.py:3253}}
Jul 13 18:54:59.597210 np0000005138 nova-conductor[98993]: DEBUG cotyledon.oslo_config_glue [-] profiler.filter_error_trace = False {{(pid=98993) log_opt_values /opt/stack/data/venv/lib/python3.12/site-packages/oslo_config/cfg.py:3253}}
Jul 13 18:54:59.597210 np0000005138 nova-conductor[98993]: DEBUG cotyledon.oslo_config_glue [-] profiler.hmac_keys = **** {{(pid=98993) log_opt_values /opt/stack/data/venv/lib/python3.12/site-packages/oslo_config/cfg.py:3253}}
Jul 13 18:54:59.597210 np0000005138 nova-conductor[98993]: DEBUG cotyledon.oslo_config_glue [-] profiler.sentinel_service_name = mymaster {{(pid=98993) log_opt_values /opt/stack/data/venv/lib/python3.12/site-packages/oslo_config/cfg.py:3253}}
Jul 13 18:54:59.597210 np0000005138 nova-conductor[98993]: DEBUG cotyledon.oslo_config_glue [-] profiler.socket_timeout = 0.1 {{(pid=98993) log_opt_values /opt/stack/data/venv/lib/python3.12/site-packages/oslo_config/cfg.py:3253}}
Jul 13 18:54:59.597479 np0000005138 nova-conductor[98993]: DEBUG cotyledon.oslo_config_glue [-] profiler.trace_requests = False {{(pid=98993) log_opt_values /opt/stack/data/venv/lib/python3.12/site-packages/oslo_config/cfg.py:3253}}
Jul 13 18:54:59.597479 np0000005138 nova-conductor[98993]: DEBUG cotyledon.oslo_config_glue [-] profiler.trace_sqlalchemy = False {{(pid=98993) log_opt_values /opt/stack/data/venv/lib/python3.12/site-packages/oslo_config/cfg.py:3253}}
Jul 13 18:54:59.597479 np0000005138 nova-conductor[98993]: DEBUG cotyledon.oslo_config_glue [-] profiler_jaeger.process_tags = {} {{(pid=98993) log_opt_values /opt/stack/data/venv/lib/python3.12/site-packages/oslo_config/cfg.py:3253}}
Jul 13 18:54:59.597479 np0000005138 nova-conductor[98993]: DEBUG cotyledon.oslo_config_glue [-] profiler_jaeger.service_name_prefix = None {{(pid=98993) log_opt_values /opt/stack/data/venv/lib/python3.12/site-packages/oslo_config/cfg.py:3253}}
Jul 13 18:54:59.597479 np0000005138 nova-conductor[98993]: DEBUG cotyledon.oslo_config_glue [-] profiler_otlp.service_name_prefix = None {{(pid=98993) log_opt_values /opt/stack/data/venv/lib/python3.12/site-packages/oslo_config/cfg.py:3253}}
Jul 13 18:54:59.597479 np0000005138 nova-conductor[98993]: DEBUG cotyledon.oslo_config_glue [-] oslo_messaging_rabbit.amqp_auto_delete = False {{(pid=98993) log_opt_values /opt/stack/data/venv/lib/python3.12/site-packages/oslo_config/cfg.py:3253}}
Jul 13 18:54:59.597479 np0000005138 nova-conductor[98993]: DEBUG cotyledon.oslo_config_glue [-] oslo_messaging_rabbit.amqp_durable_queues = False {{(pid=98993) log_opt_values /opt/stack/data/venv/lib/python3.12/site-packages/oslo_config/cfg.py:3253}}
Jul 13 18:54:59.597479 np0000005138 nova-conductor[98993]: DEBUG cotyledon.oslo_config_glue [-] oslo_messaging_rabbit.conn_pool_min_size = 2 {{(pid=98993) log_opt_values /opt/stack/data/venv/lib/python3.12/site-packages/oslo_config/cfg.py:3253}}
Jul 13 18:54:59.597479 np0000005138 nova-conductor[98993]: DEBUG cotyledon.oslo_config_glue [-] oslo_messaging_rabbit.conn_pool_ttl = 1200 {{(pid=98993) log_opt_values /opt/stack/data/venv/lib/python3.12/site-packages/oslo_config/cfg.py:3253}}
Jul 13 18:54:59.597759 np0000005138 nova-conductor[98993]: DEBUG cotyledon.oslo_config_glue [-] oslo_messaging_rabbit.direct_mandatory_flag = True {{(pid=98993) log_opt_values /opt/stack/data/venv/lib/python3.12/site-packages/oslo_config/cfg.py:3253}}
Jul 13 18:54:59.597759 np0000005138 nova-conductor[98993]: DEBUG cotyledon.oslo_config_glue [-] oslo_messaging_rabbit.enable_cancel_on_failover = False {{(pid=98993) log_opt_values /opt/stack/data/venv/lib/python3.12/site-packages/oslo_config/cfg.py:3253}}
Jul 13 18:54:59.597759 np0000005138 nova-conductor[98993]: DEBUG cotyledon.oslo_config_glue [-] oslo_messaging_rabbit.heartbeat_rate = 3 {{(pid=98993) log_opt_values /opt/stack/data/venv/lib/python3.12/site-packages/oslo_config/cfg.py:3253}}
Jul 13 18:54:59.597759 np0000005138 nova-conductor[98993]: DEBUG cotyledon.oslo_config_glue [-] oslo_messaging_rabbit.heartbeat_timeout_threshold = 60 {{(pid=98993) log_opt_values /opt/stack/data/venv/lib/python3.12/site-packages/oslo_config/cfg.py:3253}}
Jul 13 18:54:59.597759 np0000005138 nova-conductor[98993]: DEBUG cotyledon.oslo_config_glue [-] oslo_messaging_rabbit.hostname = np0000005138 {{(pid=98993) log_opt_values /opt/stack/data/venv/lib/python3.12/site-packages/oslo_config/cfg.py:3253}}
Jul 13 18:54:59.597759 np0000005138 nova-conductor[98993]: DEBUG cotyledon.oslo_config_glue [-] oslo_messaging_rabbit.kombu_compression = None {{(pid=98993) log_opt_values /opt/stack/data/venv/lib/python3.12/site-packages/oslo_config/cfg.py:3253}}
Jul 13 18:54:59.597759 np0000005138 nova-conductor[98993]: DEBUG cotyledon.oslo_config_glue [-] oslo_messaging_rabbit.kombu_failover_strategy = round-robin {{(pid=98993) log_opt_values /opt/stack/data/venv/lib/python3.12/site-packages/oslo_config/cfg.py:3253}}
Jul 13 18:54:59.597759 np0000005138 nova-conductor[98993]: DEBUG cotyledon.oslo_config_glue [-] oslo_messaging_rabbit.kombu_missing_consumer_retry_timeout = 60 {{(pid=98993) log_opt_values /opt/stack/data/venv/lib/python3.12/site-packages/oslo_config/cfg.py:3253}}
Jul 13 18:54:59.597759 np0000005138 nova-conductor[98993]: DEBUG cotyledon.oslo_config_glue [-] oslo_messaging_rabbit.kombu_reconnect_delay = 1.0 {{(pid=98993) log_opt_values /opt/stack/data/venv/lib/python3.12/site-packages/oslo_config/cfg.py:3253}}
Jul 13 18:54:59.598059 np0000005138 nova-conductor[98993]: DEBUG cotyledon.oslo_config_glue [-] oslo_messaging_rabbit.kombu_reconnect_splay = 0.0 {{(pid=98993) log_opt_values /opt/stack/data/venv/lib/python3.12/site-packages/oslo_config/cfg.py:3253}}
Jul 13 18:54:59.598059 np0000005138 nova-conductor[98993]: DEBUG cotyledon.oslo_config_glue [-] oslo_messaging_rabbit.processname = nova-conductor {{(pid=98993) log_opt_values /opt/stack/data/venv/lib/python3.12/site-packages/oslo_config/cfg.py:3253}}
Jul 13 18:54:59.598059 np0000005138 nova-conductor[98993]: DEBUG cotyledon.oslo_config_glue [-] oslo_messaging_rabbit.rabbit_ha_queues = False {{(pid=98993) log_opt_values /opt/stack/data/venv/lib/python3.12/site-packages/oslo_config/cfg.py:3253}}
Jul 13 18:54:59.598059 np0000005138 nova-conductor[98993]: DEBUG cotyledon.oslo_config_glue [-] oslo_messaging_rabbit.rabbit_interval_max = 30 {{(pid=98993) log_opt_values /opt/stack/data/venv/lib/python3.12/site-packages/oslo_config/cfg.py:3253}}
Jul 13 18:54:59.598059 np0000005138 nova-conductor[98993]: DEBUG cotyledon.oslo_config_glue [-] oslo_messaging_rabbit.rabbit_login_method = AMQPLAIN {{(pid=98993) log_opt_values /opt/stack/data/venv/lib/python3.12/site-packages/oslo_config/cfg.py:3253}}
Jul 13 18:54:59.598059 np0000005138 nova-conductor[98993]: DEBUG cotyledon.oslo_config_glue [-] oslo_messaging_rabbit.rabbit_qos_prefetch_count = 0 {{(pid=98993) log_opt_values /opt/stack/data/venv/lib/python3.12/site-packages/oslo_config/cfg.py:3253}}
Jul 13 18:54:59.598059 np0000005138 nova-conductor[98993]: DEBUG cotyledon.oslo_config_glue [-] oslo_messaging_rabbit.rabbit_quorum_delivery_limit = 0 {{(pid=98993) log_opt_values /opt/stack/data/venv/lib/python3.12/site-packages/oslo_config/cfg.py:3253}}
Jul 13 18:54:59.598059 np0000005138 nova-conductor[98993]: DEBUG cotyledon.oslo_config_glue [-] oslo_messaging_rabbit.rabbit_quorum_max_memory_bytes = 0 {{(pid=98993) log_opt_values /opt/stack/data/venv/lib/python3.12/site-packages/oslo_config/cfg.py:3253}}
Jul 13 18:54:59.598059 np0000005138 nova-conductor[98993]: DEBUG cotyledon.oslo_config_glue [-] oslo_messaging_rabbit.rabbit_quorum_max_memory_length = 0 {{(pid=98993) log_opt_values /opt/stack/data/venv/lib/python3.12/site-packages/oslo_config/cfg.py:3253}}
Jul 13 18:54:59.598431 np0000005138 nova-conductor[98993]: DEBUG cotyledon.oslo_config_glue [-] oslo_messaging_rabbit.rabbit_quorum_queue = False {{(pid=98993) log_opt_values /opt/stack/data/venv/lib/python3.12/site-packages/oslo_config/cfg.py:3253}}
Jul 13 18:54:59.598431 np0000005138 nova-conductor[98993]: DEBUG cotyledon.oslo_config_glue [-] oslo_messaging_rabbit.rabbit_retry_backoff = 2 {{(pid=98993) log_opt_values /opt/stack/data/venv/lib/python3.12/site-packages/oslo_config/cfg.py:3253}}
Jul 13 18:54:59.598431 np0000005138 nova-conductor[98993]: DEBUG cotyledon.oslo_config_glue [-] oslo_messaging_rabbit.rabbit_retry_interval = 1 {{(pid=98993) log_opt_values /opt/stack/data/venv/lib/python3.12/site-packages/oslo_config/cfg.py:3253}}
Jul 13 18:54:59.598431 np0000005138 nova-conductor[98993]: DEBUG cotyledon.oslo_config_glue [-] oslo_messaging_rabbit.rabbit_stream_fanout = False {{(pid=98993) log_opt_values /opt/stack/data/venv/lib/python3.12/site-packages/oslo_config/cfg.py:3253}}
Jul 13 18:54:59.598431 np0000005138 nova-conductor[98993]: DEBUG cotyledon.oslo_config_glue [-] oslo_messaging_rabbit.rabbit_transient_queues_ttl = 1800 {{(pid=98993) log_opt_values /opt/stack/data/venv/lib/python3.12/site-packages/oslo_config/cfg.py:3253}}
Jul 13 18:54:59.598431 np0000005138 nova-conductor[98993]: DEBUG cotyledon.oslo_config_glue [-] oslo_messaging_rabbit.rabbit_transient_quorum_queue = False {{(pid=98993) log_opt_values /opt/stack/data/venv/lib/python3.12/site-packages/oslo_config/cfg.py:3253}}
Jul 13 18:54:59.598431 np0000005138 nova-conductor[98993]: DEBUG cotyledon.oslo_config_glue [-] oslo_messaging_rabbit.rpc_conn_pool_size = 30 {{(pid=98993) log_opt_values /opt/stack/data/venv/lib/python3.12/site-packages/oslo_config/cfg.py:3253}}
Jul 13 18:54:59.598431 np0000005138 nova-conductor[98993]: DEBUG cotyledon.oslo_config_glue [-] oslo_messaging_rabbit.ssl = False {{(pid=98993) log_opt_values /opt/stack/data/venv/lib/python3.12/site-packages/oslo_config/cfg.py:3253}}
Jul 13 18:54:59.598431 np0000005138 nova-conductor[98993]: DEBUG cotyledon.oslo_config_glue [-] oslo_messaging_rabbit.ssl_ca_file = {{(pid=98993) log_opt_values /opt/stack/data/venv/lib/python3.12/site-packages/oslo_config/cfg.py:3253}}
Jul 13 18:54:59.598697 np0000005138 nova-conductor[98993]: DEBUG cotyledon.oslo_config_glue [-] oslo_messaging_rabbit.ssl_cert_file = {{(pid=98993) log_opt_values /opt/stack/data/venv/lib/python3.12/site-packages/oslo_config/cfg.py:3253}}
Jul 13 18:54:59.598697 np0000005138 nova-conductor[98993]: DEBUG cotyledon.oslo_config_glue [-] oslo_messaging_rabbit.ssl_enforce_fips_mode = False {{(pid=98993) log_opt_values /opt/stack/data/venv/lib/python3.12/site-packages/oslo_config/cfg.py:3253}}
Jul 13 18:54:59.598697 np0000005138 nova-conductor[98993]: DEBUG cotyledon.oslo_config_glue [-] oslo_messaging_rabbit.ssl_enforce_hostname_verification = True {{(pid=98993) log_opt_values /opt/stack/data/venv/lib/python3.12/site-packages/oslo_config/cfg.py:3253}}
Jul 13 18:54:59.598697 np0000005138 nova-conductor[98993]: DEBUG cotyledon.oslo_config_glue [-] oslo_messaging_rabbit.ssl_key_file = {{(pid=98993) log_opt_values /opt/stack/data/venv/lib/python3.12/site-packages/oslo_config/cfg.py:3253}}
Jul 13 18:54:59.598697 np0000005138 nova-conductor[98993]: DEBUG cotyledon.oslo_config_glue [-] oslo_messaging_rabbit.ssl_version = {{(pid=98993) log_opt_values /opt/stack/data/venv/lib/python3.12/site-packages/oslo_config/cfg.py:3253}}
Jul 13 18:54:59.598697 np0000005138 nova-conductor[98993]: DEBUG cotyledon.oslo_config_glue [-] oslo_messaging_rabbit.use_queue_manager = False {{(pid=98993) log_opt_values /opt/stack/data/venv/lib/python3.12/site-packages/oslo_config/cfg.py:3253}}
Jul 13 18:54:59.598697 np0000005138 nova-conductor[98993]: DEBUG cotyledon.oslo_config_glue [-] oslo_messaging_notifications.driver = ['messagingv2'] {{(pid=98993) log_opt_values /opt/stack/data/venv/lib/python3.12/site-packages/oslo_config/cfg.py:3253}}
Jul 13 18:54:59.598697 np0000005138 nova-conductor[98993]: DEBUG cotyledon.oslo_config_glue [-] oslo_messaging_notifications.retry = -1 {{(pid=98993) log_opt_values /opt/stack/data/venv/lib/python3.12/site-packages/oslo_config/cfg.py:3253}}
Jul 13 18:54:59.598697 np0000005138 nova-conductor[98993]: DEBUG cotyledon.oslo_config_glue [-] oslo_messaging_notifications.topics = ['notifications'] {{(pid=98993) log_opt_values /opt/stack/data/venv/lib/python3.12/site-packages/oslo_config/cfg.py:3253}}
Jul 13 18:54:59.598978 np0000005138 nova-conductor[98993]: DEBUG cotyledon.oslo_config_glue [-] oslo_messaging_notifications.transport_url = **** {{(pid=98993) log_opt_values /opt/stack/data/venv/lib/python3.12/site-packages/oslo_config/cfg.py:3253}}
Jul 13 18:54:59.598978 np0000005138 nova-conductor[98993]: DEBUG cotyledon.oslo_config_glue [-] oslo_limit.auth_section = None {{(pid=98993) log_opt_values /opt/stack/data/venv/lib/python3.12/site-packages/oslo_config/cfg.py:3253}}
Jul 13 18:54:59.598978 np0000005138 nova-conductor[98993]: DEBUG cotyledon.oslo_config_glue [-] oslo_limit.auth_type = None {{(pid=98993) log_opt_values /opt/stack/data/venv/lib/python3.12/site-packages/oslo_config/cfg.py:3253}}
Jul 13 18:54:59.598978 np0000005138 nova-conductor[98993]: DEBUG cotyledon.oslo_config_glue [-] oslo_limit.cafile = None {{(pid=98993) log_opt_values /opt/stack/data/venv/lib/python3.12/site-packages/oslo_config/cfg.py:3253}}
Jul 13 18:54:59.598978 np0000005138 nova-conductor[98993]: DEBUG cotyledon.oslo_config_glue [-] oslo_limit.certfile = None {{(pid=98993) log_opt_values /opt/stack/data/venv/lib/python3.12/site-packages/oslo_config/cfg.py:3253}}
Jul 13 18:54:59.598978 np0000005138 nova-conductor[98993]: DEBUG cotyledon.oslo_config_glue [-] oslo_limit.collect_timing = False {{(pid=98993) log_opt_values /opt/stack/data/venv/lib/python3.12/site-packages/oslo_config/cfg.py:3253}}
Jul 13 18:54:59.598978 np0000005138 nova-conductor[98993]: DEBUG cotyledon.oslo_config_glue [-] oslo_limit.connect_retries = None {{(pid=98993) log_opt_values /opt/stack/data/venv/lib/python3.12/site-packages/oslo_config/cfg.py:3253}}
Jul 13 18:54:59.598978 np0000005138 nova-conductor[98993]: DEBUG cotyledon.oslo_config_glue [-] oslo_limit.connect_retry_delay = None {{(pid=98993) log_opt_values /opt/stack/data/venv/lib/python3.12/site-packages/oslo_config/cfg.py:3253}}
Jul 13 18:54:59.598978 np0000005138 nova-conductor[98993]: DEBUG cotyledon.oslo_config_glue [-] oslo_limit.endpoint_id = None {{(pid=98993) log_opt_values /opt/stack/data/venv/lib/python3.12/site-packages/oslo_config/cfg.py:3253}}
Jul 13 18:54:59.599253 np0000005138 nova-conductor[98993]: DEBUG cotyledon.oslo_config_glue [-] oslo_limit.endpoint_interface = public {{(pid=98993) log_opt_values /opt/stack/data/venv/lib/python3.12/site-packages/oslo_config/cfg.py:3253}}
Jul 13 18:54:59.599253 np0000005138 nova-conductor[98993]: DEBUG cotyledon.oslo_config_glue [-] oslo_limit.endpoint_override = None {{(pid=98993) log_opt_values /opt/stack/data/venv/lib/python3.12/site-packages/oslo_config/cfg.py:3253}}
Jul 13 18:54:59.599253 np0000005138 nova-conductor[98993]: DEBUG cotyledon.oslo_config_glue [-] oslo_limit.endpoint_region_name = None {{(pid=98993) log_opt_values /opt/stack/data/venv/lib/python3.12/site-packages/oslo_config/cfg.py:3253}}
Jul 13 18:54:59.599253 np0000005138 nova-conductor[98993]: DEBUG cotyledon.oslo_config_glue [-] oslo_limit.endpoint_service_name = None {{(pid=98993) log_opt_values /opt/stack/data/venv/lib/python3.12/site-packages/oslo_config/cfg.py:3253}}
Jul 13 18:54:59.599253 np0000005138 nova-conductor[98993]: DEBUG cotyledon.oslo_config_glue [-] oslo_limit.endpoint_service_type = None {{(pid=98993) log_opt_values /opt/stack/data/venv/lib/python3.12/site-packages/oslo_config/cfg.py:3253}}
Jul 13 18:54:59.599253 np0000005138 nova-conductor[98993]: DEBUG cotyledon.oslo_config_glue [-] oslo_limit.insecure = False {{(pid=98993) log_opt_values /opt/stack/data/venv/lib/python3.12/site-packages/oslo_config/cfg.py:3253}}
Jul 13 18:54:59.599253 np0000005138 nova-conductor[98993]: DEBUG cotyledon.oslo_config_glue [-] oslo_limit.keyfile = None {{(pid=98993) log_opt_values /opt/stack/data/venv/lib/python3.12/site-packages/oslo_config/cfg.py:3253}}
Jul 13 18:54:59.599253 np0000005138 nova-conductor[98993]: DEBUG cotyledon.oslo_config_glue [-] oslo_limit.max_version = None {{(pid=98993) log_opt_values /opt/stack/data/venv/lib/python3.12/site-packages/oslo_config/cfg.py:3253}}
Jul 13 18:54:59.599253 np0000005138 nova-conductor[98993]: DEBUG cotyledon.oslo_config_glue [-] oslo_limit.min_version = None {{(pid=98993) log_opt_values /opt/stack/data/venv/lib/python3.12/site-packages/oslo_config/cfg.py:3253}}
Jul 13 18:54:59.599521 np0000005138 nova-conductor[98993]: DEBUG cotyledon.oslo_config_glue [-] oslo_limit.region_name = None {{(pid=98993) log_opt_values /opt/stack/data/venv/lib/python3.12/site-packages/oslo_config/cfg.py:3253}}
Jul 13 18:54:59.599521 np0000005138 nova-conductor[98993]: DEBUG cotyledon.oslo_config_glue [-] oslo_limit.retriable_status_codes = None {{(pid=98993) log_opt_values /opt/stack/data/venv/lib/python3.12/site-packages/oslo_config/cfg.py:3253}}
Jul 13 18:54:59.599521 np0000005138 nova-conductor[98993]: DEBUG cotyledon.oslo_config_glue [-] oslo_limit.service_name = None {{(pid=98993) log_opt_values /opt/stack/data/venv/lib/python3.12/site-packages/oslo_config/cfg.py:3253}}
Jul 13 18:54:59.599521 np0000005138 nova-conductor[98993]: DEBUG cotyledon.oslo_config_glue [-] oslo_limit.service_type = None {{(pid=98993) log_opt_values /opt/stack/data/venv/lib/python3.12/site-packages/oslo_config/cfg.py:3253}}
Jul 13 18:54:59.599521 np0000005138 nova-conductor[98993]: DEBUG cotyledon.oslo_config_glue [-] oslo_limit.split_loggers = False {{(pid=98993) log_opt_values /opt/stack/data/venv/lib/python3.12/site-packages/oslo_config/cfg.py:3253}}
Jul 13 18:54:59.599677 np0000005138 nova-conductor[98972]: DEBUG oslo_db.sqlalchemy.engines [None req-8ce0a14f-6dc3-4808-9fb1-8d4e6d9e888a None None] MySQL server mode set to STRICT_TRANS_TABLES,STRICT_ALL_TABLES,NO_ZERO_IN_DATE,NO_ZERO_DATE,ERROR_FOR_DIVISION_BY_ZERO,TRADITIONAL,NO_ENGINE_SUBSTITUTION {{(pid=98972) _check_effective_sql_mode /opt/stack/data/venv/lib/python3.12/site-packages/oslo_db/sqlalchemy/engines.py:325}}
Jul 13 18:54:59.599729 np0000005138 nova-conductor[98993]: DEBUG cotyledon.oslo_config_glue [-] oslo_limit.status_code_retries = None {{(pid=98993) log_opt_values /opt/stack/data/venv/lib/python3.12/site-packages/oslo_config/cfg.py:3253}}
Jul 13 18:54:59.599729 np0000005138 nova-conductor[98993]: DEBUG cotyledon.oslo_config_glue [-] oslo_limit.status_code_retry_delay = None {{(pid=98993) log_opt_values /opt/stack/data/venv/lib/python3.12/site-packages/oslo_config/cfg.py:3253}}
Jul 13 18:54:59.599729 np0000005138 nova-conductor[98993]: DEBUG cotyledon.oslo_config_glue [-] oslo_limit.timeout = None {{(pid=98993) log_opt_values /opt/stack/data/venv/lib/python3.12/site-packages/oslo_config/cfg.py:3253}}
Jul 13 18:54:59.599729 np0000005138 nova-conductor[98993]: DEBUG cotyledon.oslo_config_glue [-] oslo_limit.valid_interfaces = None {{(pid=98993) log_opt_values /opt/stack/data/venv/lib/python3.12/site-packages/oslo_config/cfg.py:3253}}
Jul 13 18:54:59.599729 np0000005138 nova-conductor[98993]: DEBUG cotyledon.oslo_config_glue [-] oslo_limit.version = None {{(pid=98993) log_opt_values /opt/stack/data/venv/lib/python3.12/site-packages/oslo_config/cfg.py:3253}}
Jul 13 18:54:59.599729 np0000005138 nova-conductor[98993]: DEBUG cotyledon.oslo_config_glue [-] oslo_reports.file_event_handler = None {{(pid=98993) log_opt_values /opt/stack/data/venv/lib/python3.12/site-packages/oslo_config/cfg.py:3253}}
Jul 13 18:54:59.599729 np0000005138 nova-conductor[98993]: DEBUG cotyledon.oslo_config_glue [-] oslo_reports.file_event_handler_interval = 1 {{(pid=98993) log_opt_values /opt/stack/data/venv/lib/python3.12/site-packages/oslo_config/cfg.py:3253}}
Jul 13 18:54:59.599729 np0000005138 nova-conductor[98993]: DEBUG cotyledon.oslo_config_glue [-] oslo_reports.log_dir = None {{(pid=98993) log_opt_values /opt/stack/data/venv/lib/python3.12/site-packages/oslo_config/cfg.py:3253}}
Jul 13 18:54:59.599729 np0000005138 nova-conductor[98993]: DEBUG cotyledon.oslo_config_glue [-] ******************************************************************************** {{(pid=98993) log_opt_values /opt/stack/data/venv/lib/python3.12/site-packages/oslo_config/cfg.py:3260}}
Jul 13 18:54:59.600031 np0000005138 nova-conductor[98993]: DEBUG cotyledon._service_worker [-] Run service ServiceWrapper(2) [98993] {{(pid=98993) wait_forever /opt/stack/data/venv/lib/python3.12/site-packages/cotyledon/_service_worker.py:218}}
Jul 13 18:54:59.600031 np0000005138 nova-conductor[98993]: INFO nova.service [-] Starting conductor node (version 33.1.0)
Jul 13 18:54:59.600031 np0000005138 nova-conductor[98993]: INFO dbcounter [None req-2ac5a0ea-0570-4ae1-848f-1593beda884c None None] Registered counter for database nova_cell0
Jul 13 18:54:59.600149 np0000005138 nova-conductor[98972]: DEBUG dbcounter [-] [98972] Writer thread running {{(pid=98972) stat_writer /opt/stack/data/venv/lib/python3.12/site-packages/dbcounter.py:102}}
Jul 13 18:54:59.600190 np0000005138 nova-conductor[98986]: DEBUG oslo_db.sqlalchemy.engines [None req-7d041836-5276-4c0a-b7cb-656ced48dedb None None] MySQL server mode set to STRICT_TRANS_TABLES,STRICT_ALL_TABLES,NO_ZERO_IN_DATE,NO_ZERO_DATE,ERROR_FOR_DIVISION_BY_ZERO,TRADITIONAL,NO_ENGINE_SUBSTITUTION {{(pid=98986) _check_effective_sql_mode /opt/stack/data/venv/lib/python3.12/site-packages/oslo_db/sqlalchemy/engines.py:325}}
Jul 13 18:54:59.600234 np0000005138 nova-conductor[98972]: DEBUG nova.service [None req-8ce0a14f-6dc3-4808-9fb1-8d4e6d9e888a None None] Creating RPC server for service: nova-conductor on topic: conductor {{(pid=98972) start /opt/stack/nova/nova/service.py:196}}
Jul 13 18:54:59.600272 np0000005138 nova-conductor[98986]: DEBUG dbcounter [-] [98986] Writer thread running {{(pid=98986) stat_writer /opt/stack/data/venv/lib/python3.12/site-packages/dbcounter.py:102}}
Jul 13 18:54:59.600272 np0000005138 nova-conductor[98986]: DEBUG nova.service [None req-7d041836-5276-4c0a-b7cb-656ced48dedb None None] Creating RPC server for service: nova-conductor on topic: conductor {{(pid=98986) start /opt/stack/nova/nova/service.py:196}}
Jul 13 18:54:59.603488 np0000005138 nova-conductor[98998]: DEBUG oslo_db.sqlalchemy.engines [None req-a0dd6c2b-5693-4a39-969a-9f8769a8759c None None] MySQL server mode set to STRICT_TRANS_TABLES,STRICT_ALL_TABLES,NO_ZERO_IN_DATE,NO_ZERO_DATE,ERROR_FOR_DIVISION_BY_ZERO,TRADITIONAL,NO_ENGINE_SUBSTITUTION {{(pid=98998) _check_effective_sql_mode /opt/stack/data/venv/lib/python3.12/site-packages/oslo_db/sqlalchemy/engines.py:325}}
Jul 13 18:54:59.607245 np0000005138 nova-conductor[98993]: DEBUG oslo_db.sqlalchemy.engines [None req-2ac5a0ea-0570-4ae1-848f-1593beda884c None None] MySQL server mode set to STRICT_TRANS_TABLES,STRICT_ALL_TABLES,NO_ZERO_IN_DATE,NO_ZERO_DATE,ERROR_FOR_DIVISION_BY_ZERO,TRADITIONAL,NO_ENGINE_SUBSTITUTION {{(pid=98993) _check_effective_sql_mode /opt/stack/data/venv/lib/python3.12/site-packages/oslo_db/sqlalchemy/engines.py:325}}
Jul 13 18:54:59.612777 np0000005138 nova-conductor[98998]: DEBUG dbcounter [-] [98998] Writer thread running {{(pid=98998) stat_writer /opt/stack/data/venv/lib/python3.12/site-packages/dbcounter.py:102}}
Jul 13 18:54:59.615685 np0000005138 nova-conductor[98986]: DEBUG nova.service [None req-7d041836-5276-4c0a-b7cb-656ced48dedb None None] Join ServiceGroup membership for this service conductor {{(pid=98986) start /opt/stack/nova/nova/service.py:222}}
Jul 13 18:54:59.615889 np0000005138 nova-conductor[98986]: DEBUG nova.servicegroup.drivers.db [None req-7d041836-5276-4c0a-b7cb-656ced48dedb None None] DB_Driver: join new ServiceGroup member np0000005138 to the conductor group, service = {{(pid=98986) join /opt/stack/nova/nova/servicegroup/drivers/db.py:44}}
Jul 13 18:54:59.616051 np0000005138 nova-conductor[98998]: DEBUG nova.service [None req-a0dd6c2b-5693-4a39-969a-9f8769a8759c None None] Creating RPC server for service: nova-conductor on topic: conductor {{(pid=98998) start /opt/stack/nova/nova/service.py:196}}
Jul 13 18:54:59.616506 np0000005138 nova-conductor[98993]: DEBUG dbcounter [-] [98993] Writer thread running {{(pid=98993) stat_writer /opt/stack/data/venv/lib/python3.12/site-packages/dbcounter.py:102}}
Jul 13 18:54:59.618318 np0000005138 nova-conductor[98972]: DEBUG nova.service [None req-8ce0a14f-6dc3-4808-9fb1-8d4e6d9e888a None None] Join ServiceGroup membership for this service conductor {{(pid=98972) start /opt/stack/nova/nova/service.py:222}}
Jul 13 18:54:59.618318 np0000005138 nova-conductor[98972]: DEBUG nova.servicegroup.drivers.db [None req-8ce0a14f-6dc3-4808-9fb1-8d4e6d9e888a None None] DB_Driver: join new ServiceGroup member np0000005138 to the conductor group, service = {{(pid=98972) join /opt/stack/nova/nova/servicegroup/drivers/db.py:44}}
Jul 13 18:54:59.619953 np0000005138 nova-conductor[98993]: DEBUG nova.service [None req-2ac5a0ea-0570-4ae1-848f-1593beda884c None None] Creating RPC server for service: nova-conductor on topic: conductor {{(pid=98993) start /opt/stack/nova/nova/service.py:196}}
Jul 13 18:54:59.634301 np0000005138 nova-conductor[98998]: DEBUG nova.service [None req-a0dd6c2b-5693-4a39-969a-9f8769a8759c None None] Join ServiceGroup membership for this service conductor {{(pid=98998) start /opt/stack/nova/nova/service.py:222}}
Jul 13 18:54:59.634776 np0000005138 nova-conductor[98998]: DEBUG nova.servicegroup.drivers.db [None req-a0dd6c2b-5693-4a39-969a-9f8769a8759c None None] DB_Driver: join new ServiceGroup member np0000005138 to the conductor group, service = {{(pid=98998) join /opt/stack/nova/nova/servicegroup/drivers/db.py:44}}
Jul 13 18:54:59.635456 np0000005138 nova-conductor[98993]: DEBUG nova.service [None req-2ac5a0ea-0570-4ae1-848f-1593beda884c None None] Join ServiceGroup membership for this service conductor {{(pid=98993) start /opt/stack/nova/nova/service.py:222}}
Jul 13 18:54:59.635646 np0000005138 nova-conductor[98993]: DEBUG nova.servicegroup.drivers.db [None req-2ac5a0ea-0570-4ae1-848f-1593beda884c None None] DB_Driver: join new ServiceGroup member np0000005138 to the conductor group, service = {{(pid=98993) join /opt/stack/nova/nova/servicegroup/drivers/db.py:44}}
Jul 13 18:55:04.632940 np0000005138 nova-conductor[98986]: DEBUG oslo.service.backend._threading.loopingcall [-] Fixed interval looping call 'nova.servicegroup.drivers.db.DbDriver._report_state' sleeping for 119.98 seconds {{(pid=98986) _run_loop /opt/stack/data/venv/lib/python3.12/site-packages/oslo_service/backend/_threading/loopingcall.py:125}}
Jul 13 18:55:04.633321 np0000005138 nova-conductor[98972]: DEBUG oslo.service.backend._threading.loopingcall [-] Fixed interval looping call 'nova.servicegroup.drivers.db.DbDriver._report_state' sleeping for 119.99 seconds {{(pid=98972) _run_loop /opt/stack/data/venv/lib/python3.12/site-packages/oslo_service/backend/_threading/loopingcall.py:125}}
Jul 13 18:55:04.644588 np0000005138 nova-conductor[98998]: DEBUG oslo.service.backend._threading.loopingcall [-] Fixed interval looping call 'nova.servicegroup.drivers.db.DbDriver._report_state' sleeping for 119.99 seconds {{(pid=98998) _run_loop /opt/stack/data/venv/lib/python3.12/site-packages/oslo_service/backend/_threading/loopingcall.py:125}}
Jul 13 18:55:04.645243 np0000005138 nova-conductor[98993]: DEBUG oslo.service.backend._threading.loopingcall [-] Fixed interval looping call 'nova.servicegroup.drivers.db.DbDriver._report_state' sleeping for 119.99 seconds {{(pid=98993) _run_loop /opt/stack/data/venv/lib/python3.12/site-packages/oslo_service/backend/_threading/loopingcall.py:125}}
Jul 13 18:55:08.206864 np0000005138 nova-conductor[97479]: DEBUG dbcounter [-] [97479] Writing DB stats nova_api:SELECT=1 {{(pid=97479) stat_writer /opt/stack/data/venv/lib/python3.12/site-packages/dbcounter.py:115}}
Jul 13 18:55:08.337620 np0000005138 nova-conductor[97479]: DEBUG dbcounter [-] [97479] Writing DB stats nova_cell0:SELECT=1 {{(pid=97479) stat_writer /opt/stack/data/venv/lib/python3.12/site-packages/dbcounter.py:115}}
Jul 13 18:55:08.342925 np0000005138 nova-conductor[97479]: DEBUG dbcounter [-] [97479] Writing DB stats nova_cell1:SELECT=1 {{(pid=97479) stat_writer /opt/stack/data/venv/lib/python3.12/site-packages/dbcounter.py:115}}
Jul 13 18:55:10.637376 np0000005138 nova-conductor[98993]: DEBUG oslo.service.backend._threading.loopingcall [None req-f4721d70-3323-4a4f-a4d8-6e6eeac3854e None None] Dynamic interval looping call 'nova.service.Service.periodic_tasks' sleeping for 60.00 seconds {{(pid=98993) _run_loop /opt/stack/data/venv/lib/python3.12/site-packages/oslo_service/backend/_threading/loopingcall.py:125}}
Jul 13 18:55:14.627213 np0000005138 nova-conductor[98986]: DEBUG dbcounter [-] [98986] Writing DB stats nova_cell0:SELECT=3,nova_cell0:UPDATE=1 {{(pid=98986) stat_writer /opt/stack/data/venv/lib/python3.12/site-packages/dbcounter.py:115}}
Jul 13 18:55:14.628455 np0000005138 nova-conductor[98972]: DEBUG dbcounter [-] [98972] Writing DB stats nova_cell0:SELECT=4,nova_cell0:INSERT=1,nova_cell0:UPDATE=1 {{(pid=98972) stat_writer /opt/stack/data/venv/lib/python3.12/site-packages/dbcounter.py:115}}
Jul 13 18:55:14.641854 np0000005138 nova-conductor[98998]: DEBUG dbcounter [-] [98998] Writing DB stats nova_cell0:SELECT=3 {{(pid=98998) stat_writer /opt/stack/data/venv/lib/python3.12/site-packages/dbcounter.py:115}}
Jul 13 18:55:14.644739 np0000005138 nova-conductor[98993]: DEBUG dbcounter [-] [98993] Writing DB stats nova_cell0:SELECT=3 {{(pid=98993) stat_writer /opt/stack/data/venv/lib/python3.12/site-packages/dbcounter.py:115}}
Jul 13 18:55:36.620163 np0000005138 nova-conductor[98972]: DEBUG oslo.service.backend._threading.loopingcall [None req-581cae2a-69ae-434b-bccb-ac9260a43083 None None] Dynamic interval looping call 'nova.service.Service.periodic_tasks' sleeping for 60.00 seconds {{(pid=98972) _run_loop /opt/stack/data/venv/lib/python3.12/site-packages/oslo_service/backend/_threading/loopingcall.py:125}}
Jul 13 18:55:39.617816 np0000005138 nova-conductor[98986]: DEBUG oslo.service.backend._threading.loopingcall [None req-cb7bcc27-cf14-4555-9ab8-017897a2e779 None None] Dynamic interval looping call 'nova.service.Service.periodic_tasks' sleeping for 60.00 seconds {{(pid=98986) _run_loop /opt/stack/data/venv/lib/python3.12/site-packages/oslo_service/backend/_threading/loopingcall.py:125}}
Jul 13 18:55:50.636746 np0000005138 nova-conductor[98998]: DEBUG oslo.service.backend._threading.loopingcall [None req-cd9ae2b4-248a-4e02-837f-084071986996 None None] Dynamic interval looping call 'nova.service.Service.periodic_tasks' sleeping for 60.00 seconds {{(pid=98998) _run_loop /opt/stack/data/venv/lib/python3.12/site-packages/oslo_service/backend/_threading/loopingcall.py:125}}
Jul 13 18:56:10.637880 np0000005138 nova-conductor[98993]: DEBUG oslo.service.backend._threading.loopingcall [None req-f4721d70-3323-4a4f-a4d8-6e6eeac3854e None None] Dynamic interval looping call 'nova.service.Service.periodic_tasks' sleeping for 60.00 seconds {{(pid=98993) _run_loop /opt/stack/data/venv/lib/python3.12/site-packages/oslo_service/backend/_threading/loopingcall.py:125}}
Jul 13 18:56:36.620588 np0000005138 nova-conductor[98972]: DEBUG oslo.service.backend._threading.loopingcall [None req-581cae2a-69ae-434b-bccb-ac9260a43083 None None] Dynamic interval looping call 'nova.service.Service.periodic_tasks' sleeping for 60.00 seconds {{(pid=98972) _run_loop /opt/stack/data/venv/lib/python3.12/site-packages/oslo_service/backend/_threading/loopingcall.py:125}}
Jul 13 18:56:39.618515 np0000005138 nova-conductor[98986]: DEBUG oslo.service.backend._threading.loopingcall [None req-cb7bcc27-cf14-4555-9ab8-017897a2e779 None None] Dynamic interval looping call 'nova.service.Service.periodic_tasks' sleeping for 60.00 seconds {{(pid=98986) _run_loop /opt/stack/data/venv/lib/python3.12/site-packages/oslo_service/backend/_threading/loopingcall.py:125}}
Jul 13 18:56:50.637371 np0000005138 nova-conductor[98998]: DEBUG oslo.service.backend._threading.loopingcall [None req-cd9ae2b4-248a-4e02-837f-084071986996 None None] Dynamic interval looping call 'nova.service.Service.periodic_tasks' sleeping for 60.00 seconds {{(pid=98998) _run_loop /opt/stack/data/venv/lib/python3.12/site-packages/oslo_service/backend/_threading/loopingcall.py:125}}
Jul 13 18:57:04.623798 np0000005138 nova-conductor[98986]: DEBUG oslo.service.backend._threading.loopingcall [-] Fixed interval looping call 'nova.servicegroup.drivers.db.DbDriver._report_state' sleeping for 119.99 seconds {{(pid=98986) _run_loop /opt/stack/data/venv/lib/python3.12/site-packages/oslo_service/backend/_threading/loopingcall.py:125}}
Jul 13 18:57:04.627886 np0000005138 nova-conductor[98972]: DEBUG oslo.service.backend._threading.loopingcall [-] Fixed interval looping call 'nova.servicegroup.drivers.db.DbDriver._report_state' sleeping for 120.00 seconds {{(pid=98972) _run_loop /opt/stack/data/venv/lib/python3.12/site-packages/oslo_service/backend/_threading/loopingcall.py:125}}
Jul 13 18:57:04.639185 np0000005138 nova-conductor[98998]: DEBUG oslo.service.backend._threading.loopingcall [-] Fixed interval looping call 'nova.servicegroup.drivers.db.DbDriver._report_state' sleeping for 120.00 seconds {{(pid=98998) _run_loop /opt/stack/data/venv/lib/python3.12/site-packages/oslo_service/backend/_threading/loopingcall.py:125}}
Jul 13 18:57:04.641817 np0000005138 nova-conductor[98993]: DEBUG oslo.service.backend._threading.loopingcall [-] Fixed interval looping call 'nova.servicegroup.drivers.db.DbDriver._report_state' sleeping for 120.00 seconds {{(pid=98993) _run_loop /opt/stack/data/venv/lib/python3.12/site-packages/oslo_service/backend/_threading/loopingcall.py:125}}
Jul 13 18:57:10.638564 np0000005138 nova-conductor[98993]: DEBUG oslo.service.backend._threading.loopingcall [None req-f4721d70-3323-4a4f-a4d8-6e6eeac3854e None None] Dynamic interval looping call 'nova.service.Service.periodic_tasks' sleeping for 60.00 seconds {{(pid=98993) _run_loop /opt/stack/data/venv/lib/python3.12/site-packages/oslo_service/backend/_threading/loopingcall.py:125}}
Jul 13 18:57:14.617997 np0000005138 nova-conductor[98986]: DEBUG dbcounter [-] [98986] Writing DB stats nova_cell0:SELECT=1,nova_cell0:UPDATE=1 {{(pid=98986) stat_writer /opt/stack/data/venv/lib/python3.12/site-packages/dbcounter.py:115}}
Jul 13 18:57:14.626098 np0000005138 nova-conductor[98972]: DEBUG dbcounter [-] [98972] Writing DB stats nova_cell0:SELECT=1 {{(pid=98972) stat_writer /opt/stack/data/venv/lib/python3.12/site-packages/dbcounter.py:115}}
Jul 13 18:57:14.637346 np0000005138 nova-conductor[98998]: DEBUG dbcounter [-] [98998] Writing DB stats nova_cell0:SELECT=1 {{(pid=98998) stat_writer /opt/stack/data/venv/lib/python3.12/site-packages/dbcounter.py:115}}
Jul 13 18:57:14.637960 np0000005138 nova-conductor[98993]: DEBUG dbcounter [-] [98993] Writing DB stats nova_cell0:SELECT=1 {{(pid=98993) stat_writer /opt/stack/data/venv/lib/python3.12/site-packages/dbcounter.py:115}}
Jul 13 18:57:23.577739 np0000005138 nova-conductor[98986]: DEBUG oslo_db.sqlalchemy.engines [None req-cc756281-e884-441a-b5dd-d859d85942af tempest-ServerBootFromVolumeStableRescueTest-137414684 tempest-ServerBootFromVolumeStableRescueTest-137414684-project-member] Parent process 97479 forked (98986) with an open database connection, which is being discarded and recreated. {{(pid=98986) checkout /opt/stack/data/venv/lib/python3.12/site-packages/oslo_db/sqlalchemy/engines.py:402}}
Jul 13 18:57:23.627739 np0000005138 nova-conductor[98986]: DEBUG dbcounter [-] [98986] Writer thread running {{(pid=98986) stat_writer /opt/stack/data/venv/lib/python3.12/site-packages/dbcounter.py:102}}
Jul 13 18:57:24.881899 np0000005138 nova-conductor[98986]: DEBUG nova.conductor.manager [None req-cc756281-e884-441a-b5dd-d859d85942af tempest-ServerBootFromVolumeStableRescueTest-137414684 tempest-ServerBootFromVolumeStableRescueTest-137414684-project-member] Took 1.25 seconds to select destinations for 1 instance(s). {{(pid=98986) _schedule_instances /opt/stack/nova/nova/conductor/manager.py:968}}
Jul 13 18:57:24.915171 np0000005138 nova-conductor[98986]: DEBUG oslo_concurrency.lockutils [None req-cc756281-e884-441a-b5dd-d859d85942af tempest-ServerBootFromVolumeStableRescueTest-137414684 tempest-ServerBootFromVolumeStableRescueTest-137414684-project-member] Acquiring lock "684ad9a6-0502-4188-b410-6221c5563c0e" by "nova.context.set_target_cell..get_or_set_cached_cell_and_set_connections" {{(pid=98986) inner /opt/stack/data/venv/lib/python3.12/site-packages/oslo_concurrency/lockutils.py:511}}
Jul 13 18:57:24.916474 np0000005138 nova-conductor[98986]: DEBUG oslo_concurrency.lockutils [None req-cc756281-e884-441a-b5dd-d859d85942af tempest-ServerBootFromVolumeStableRescueTest-137414684 tempest-ServerBootFromVolumeStableRescueTest-137414684-project-member] Lock "684ad9a6-0502-4188-b410-6221c5563c0e" acquired by "nova.context.set_target_cell..get_or_set_cached_cell_and_set_connections" :: waited 0.001s {{(pid=98986) inner /opt/stack/data/venv/lib/python3.12/site-packages/oslo_concurrency/lockutils.py:524}}
Jul 13 18:57:24.917708 np0000005138 nova-conductor[98986]: DEBUG oslo_concurrency.lockutils [None req-cc756281-e884-441a-b5dd-d859d85942af tempest-ServerBootFromVolumeStableRescueTest-137414684 tempest-ServerBootFromVolumeStableRescueTest-137414684-project-member] Lock "684ad9a6-0502-4188-b410-6221c5563c0e" "released" by "nova.context.set_target_cell..get_or_set_cached_cell_and_set_connections" :: held 0.002s {{(pid=98986) inner /opt/stack/data/venv/lib/python3.12/site-packages/oslo_concurrency/lockutils.py:543}}
Jul 13 18:57:24.920108 np0000005138 nova-conductor[98986]: INFO dbcounter [None req-cc756281-e884-441a-b5dd-d859d85942af tempest-ServerBootFromVolumeStableRescueTest-137414684 tempest-ServerBootFromVolumeStableRescueTest-137414684-project-member] Registered counter for database nova_cell1
Jul 13 18:57:24.963915 np0000005138 nova-conductor[98986]: DEBUG oslo_db.sqlalchemy.engines [None req-cc756281-e884-441a-b5dd-d859d85942af tempest-ServerBootFromVolumeStableRescueTest-137414684 tempest-ServerBootFromVolumeStableRescueTest-137414684-project-member] MySQL server mode set to STRICT_TRANS_TABLES,STRICT_ALL_TABLES,NO_ZERO_IN_DATE,NO_ZERO_DATE,ERROR_FOR_DIVISION_BY_ZERO,TRADITIONAL,NO_ENGINE_SUBSTITUTION {{(pid=98986) _check_effective_sql_mode /opt/stack/data/venv/lib/python3.12/site-packages/oslo_db/sqlalchemy/engines.py:325}}
Jul 13 18:57:24.973721 np0000005138 nova-conductor[98986]: DEBUG dbcounter [-] [98986] Writer thread running {{(pid=98986) stat_writer /opt/stack/data/venv/lib/python3.12/site-packages/dbcounter.py:102}}
Jul 13 18:57:25.056747 np0000005138 nova-conductor[98986]: INFO nova.utils [None req-cc756281-e884-441a-b5dd-d859d85942af tempest-ServerBootFromVolumeStableRescueTest-137414684 tempest-ServerBootFromVolumeStableRescueTest-137414684-project-member] The cell worker thread pool ForkProcess-2.cell_worker is initialized
Jul 13 18:57:25.057159 np0000005138 nova-conductor[98986]: DEBUG oslo_concurrency.lockutils [None req-cc756281-e884-441a-b5dd-d859d85942af tempest-ServerBootFromVolumeStableRescueTest-137414684 tempest-ServerBootFromVolumeStableRescueTest-137414684-project-member] Acquiring lock "00000000-0000-0000-0000-000000000000" by "nova.context.set_target_cell..get_or_set_cached_cell_and_set_connections" {{(pid=98986) inner /opt/stack/data/venv/lib/python3.12/site-packages/oslo_concurrency/lockutils.py:511}}
Jul 13 18:57:25.057159 np0000005138 nova-conductor[98986]: DEBUG oslo_concurrency.lockutils [None req-cc756281-e884-441a-b5dd-d859d85942af tempest-ServerBootFromVolumeStableRescueTest-137414684 tempest-ServerBootFromVolumeStableRescueTest-137414684-project-member] Lock "00000000-0000-0000-0000-000000000000" acquired by "nova.context.set_target_cell..get_or_set_cached_cell_and_set_connections" :: waited 0.000s {{(pid=98986) inner /opt/stack/data/venv/lib/python3.12/site-packages/oslo_concurrency/lockutils.py:524}}
Jul 13 18:57:25.057839 np0000005138 nova-conductor[98986]: DEBUG oslo_concurrency.lockutils [None req-cc756281-e884-441a-b5dd-d859d85942af tempest-ServerBootFromVolumeStableRescueTest-137414684 tempest-ServerBootFromVolumeStableRescueTest-137414684-project-member] Lock "00000000-0000-0000-0000-000000000000" "released" by "nova.context.set_target_cell..get_or_set_cached_cell_and_set_connections" :: held 0.000s {{(pid=98986) inner /opt/stack/data/venv/lib/python3.12/site-packages/oslo_concurrency/lockutils.py:543}}
Jul 13 18:57:25.058907 np0000005138 nova-conductor[98986]: DEBUG oslo_concurrency.lockutils [None req-cc756281-e884-441a-b5dd-d859d85942af tempest-ServerBootFromVolumeStableRescueTest-137414684 tempest-ServerBootFromVolumeStableRescueTest-137414684-project-member] Acquiring lock "684ad9a6-0502-4188-b410-6221c5563c0e" by "nova.context.set_target_cell..get_or_set_cached_cell_and_set_connections" {{(pid=98986) inner /opt/stack/data/venv/lib/python3.12/site-packages/oslo_concurrency/lockutils.py:511}}
