Jul 03 08:31:06.648533 np0000004394 nova-scheduler[96370]: DEBUG cotyledon.oslo_config_glue [-] profiler.filter_error_trace = False {{(pid=96370) log_opt_values /opt/stack/data/venv/lib/python3.12/site-packages/oslo_config/cfg.py:3253}}
Jul 03 08:31:06.648533 np0000004394 nova-scheduler[96370]: DEBUG cotyledon.oslo_config_glue [-] profiler.hmac_keys = **** {{(pid=96370) log_opt_values /opt/stack/data/venv/lib/python3.12/site-packages/oslo_config/cfg.py:3253}}
Jul 03 08:31:06.648533 np0000004394 nova-scheduler[96370]: DEBUG cotyledon.oslo_config_glue [-] profiler.sentinel_service_name = mymaster {{(pid=96370) log_opt_values /opt/stack/data/venv/lib/python3.12/site-packages/oslo_config/cfg.py:3253}}
Jul 03 08:31:06.648712 np0000004394 nova-scheduler[96370]: DEBUG cotyledon.oslo_config_glue [-] profiler.socket_timeout = 0.1 {{(pid=96370) log_opt_values /opt/stack/data/venv/lib/python3.12/site-packages/oslo_config/cfg.py:3253}}
Jul 03 08:31:06.648712 np0000004394 nova-scheduler[96370]: DEBUG cotyledon.oslo_config_glue [-] profiler.trace_requests = False {{(pid=96370) log_opt_values /opt/stack/data/venv/lib/python3.12/site-packages/oslo_config/cfg.py:3253}}
Jul 03 08:31:06.648712 np0000004394 nova-scheduler[96370]: DEBUG cotyledon.oslo_config_glue [-] profiler.trace_sqlalchemy = False {{(pid=96370) log_opt_values /opt/stack/data/venv/lib/python3.12/site-packages/oslo_config/cfg.py:3253}}
Jul 03 08:31:06.648712 np0000004394 nova-scheduler[96370]: DEBUG cotyledon.oslo_config_glue [-] profiler_jaeger.process_tags = {} {{(pid=96370) log_opt_values /opt/stack/data/venv/lib/python3.12/site-packages/oslo_config/cfg.py:3253}}
Jul 03 08:31:06.648712 np0000004394 nova-scheduler[96370]: DEBUG cotyledon.oslo_config_glue [-] profiler_jaeger.service_name_prefix = None {{(pid=96370) log_opt_values /opt/stack/data/venv/lib/python3.12/site-packages/oslo_config/cfg.py:3253}}
Jul 03 08:31:06.648712 np0000004394 nova-scheduler[96370]: DEBUG cotyledon.oslo_config_glue [-] profiler_otlp.service_name_prefix = None {{(pid=96370) log_opt_values /opt/stack/data/venv/lib/python3.12/site-packages/oslo_config/cfg.py:3253}}
Jul 03 08:31:06.648712 np0000004394 nova-scheduler[96370]: DEBUG cotyledon.oslo_config_glue [-] oslo_messaging_rabbit.amqp_auto_delete = False {{(pid=96370) log_opt_values /opt/stack/data/venv/lib/python3.12/site-packages/oslo_config/cfg.py:3253}}
Jul 03 08:31:06.648712 np0000004394 nova-scheduler[96370]: DEBUG cotyledon.oslo_config_glue [-] oslo_messaging_rabbit.amqp_durable_queues = False {{(pid=96370) log_opt_values /opt/stack/data/venv/lib/python3.12/site-packages/oslo_config/cfg.py:3253}}
Jul 03 08:31:06.648712 np0000004394 nova-scheduler[96370]: DEBUG cotyledon.oslo_config_glue [-] oslo_messaging_rabbit.conn_pool_min_size = 2 {{(pid=96370) log_opt_values /opt/stack/data/venv/lib/python3.12/site-packages/oslo_config/cfg.py:3253}}
Jul 03 08:31:06.648891 np0000004394 nova-scheduler[96370]: DEBUG cotyledon.oslo_config_glue [-] oslo_messaging_rabbit.conn_pool_ttl = 1200 {{(pid=96370) log_opt_values /opt/stack/data/venv/lib/python3.12/site-packages/oslo_config/cfg.py:3253}}
Jul 03 08:31:06.648891 np0000004394 nova-scheduler[96370]: DEBUG cotyledon.oslo_config_glue [-] oslo_messaging_rabbit.direct_mandatory_flag = True {{(pid=96370) log_opt_values /opt/stack/data/venv/lib/python3.12/site-packages/oslo_config/cfg.py:3253}}
Jul 03 08:31:06.648935 np0000004394 nova-scheduler[96372]: INFO dbcounter [None req-0d3e8bb4-d1c1-4a12-874f-258774483ef4 None None] Registered counter for database nova_cell0
Jul 03 08:31:06.648962 np0000004394 nova-scheduler[96370]: DEBUG cotyledon.oslo_config_glue [-] oslo_messaging_rabbit.enable_cancel_on_failover = False {{(pid=96370) log_opt_values /opt/stack/data/venv/lib/python3.12/site-packages/oslo_config/cfg.py:3253}}
Jul 03 08:31:06.648962 np0000004394 nova-scheduler[96370]: DEBUG cotyledon.oslo_config_glue [-] oslo_messaging_rabbit.heartbeat_rate = 3 {{(pid=96370) log_opt_values /opt/stack/data/venv/lib/python3.12/site-packages/oslo_config/cfg.py:3253}}
Jul 03 08:31:06.648962 np0000004394 nova-scheduler[96370]: DEBUG cotyledon.oslo_config_glue [-] oslo_messaging_rabbit.heartbeat_timeout_threshold = 60 {{(pid=96370) log_opt_values /opt/stack/data/venv/lib/python3.12/site-packages/oslo_config/cfg.py:3253}}
Jul 03 08:31:06.648962 np0000004394 nova-scheduler[96370]: DEBUG cotyledon.oslo_config_glue [-] oslo_messaging_rabbit.hostname = np0000004394 {{(pid=96370) log_opt_values /opt/stack/data/venv/lib/python3.12/site-packages/oslo_config/cfg.py:3253}}
Jul 03 08:31:06.648962 np0000004394 nova-scheduler[96370]: DEBUG cotyledon.oslo_config_glue [-] oslo_messaging_rabbit.kombu_compression = None {{(pid=96370) log_opt_values /opt/stack/data/venv/lib/python3.12/site-packages/oslo_config/cfg.py:3253}}
Jul 03 08:31:06.648962 np0000004394 nova-scheduler[96370]: DEBUG cotyledon.oslo_config_glue [-] oslo_messaging_rabbit.kombu_failover_strategy = round-robin {{(pid=96370) log_opt_values /opt/stack/data/venv/lib/python3.12/site-packages/oslo_config/cfg.py:3253}}
Jul 03 08:31:06.648962 np0000004394 nova-scheduler[96370]: DEBUG cotyledon.oslo_config_glue [-] oslo_messaging_rabbit.kombu_missing_consumer_retry_timeout = 60 {{(pid=96370) log_opt_values /opt/stack/data/venv/lib/python3.12/site-packages/oslo_config/cfg.py:3253}}
Jul 03 08:31:06.648962 np0000004394 nova-scheduler[96370]: DEBUG cotyledon.oslo_config_glue [-] oslo_messaging_rabbit.kombu_reconnect_delay = 1.0 {{(pid=96370) log_opt_values /opt/stack/data/venv/lib/python3.12/site-packages/oslo_config/cfg.py:3253}}
Jul 03 08:31:06.648962 np0000004394 nova-scheduler[96370]: DEBUG cotyledon.oslo_config_glue [-] oslo_messaging_rabbit.kombu_reconnect_splay = 0.0 {{(pid=96370) log_opt_values /opt/stack/data/venv/lib/python3.12/site-packages/oslo_config/cfg.py:3253}}
Jul 03 08:31:06.649140 np0000004394 nova-scheduler[96370]: DEBUG cotyledon.oslo_config_glue [-] oslo_messaging_rabbit.processname = nova-scheduler {{(pid=96370) log_opt_values /opt/stack/data/venv/lib/python3.12/site-packages/oslo_config/cfg.py:3253}}
Jul 03 08:31:06.649140 np0000004394 nova-scheduler[96370]: DEBUG cotyledon.oslo_config_glue [-] oslo_messaging_rabbit.rabbit_ha_queues = False {{(pid=96370) log_opt_values /opt/stack/data/venv/lib/python3.12/site-packages/oslo_config/cfg.py:3253}}
Jul 03 08:31:06.649140 np0000004394 nova-scheduler[96370]: DEBUG cotyledon.oslo_config_glue [-] oslo_messaging_rabbit.rabbit_interval_max = 30 {{(pid=96370) log_opt_values /opt/stack/data/venv/lib/python3.12/site-packages/oslo_config/cfg.py:3253}}
Jul 03 08:31:06.649140 np0000004394 nova-scheduler[96370]: DEBUG cotyledon.oslo_config_glue [-] oslo_messaging_rabbit.rabbit_login_method = AMQPLAIN {{(pid=96370) log_opt_values /opt/stack/data/venv/lib/python3.12/site-packages/oslo_config/cfg.py:3253}}
Jul 03 08:31:06.649140 np0000004394 nova-scheduler[96370]: DEBUG cotyledon.oslo_config_glue [-] oslo_messaging_rabbit.rabbit_qos_prefetch_count = 0 {{(pid=96370) log_opt_values /opt/stack/data/venv/lib/python3.12/site-packages/oslo_config/cfg.py:3253}}
Jul 03 08:31:06.649140 np0000004394 nova-scheduler[96370]: DEBUG cotyledon.oslo_config_glue [-] oslo_messaging_rabbit.rabbit_quorum_delivery_limit = 0 {{(pid=96370) log_opt_values /opt/stack/data/venv/lib/python3.12/site-packages/oslo_config/cfg.py:3253}}
Jul 03 08:31:06.649140 np0000004394 nova-scheduler[96370]: DEBUG cotyledon.oslo_config_glue [-] oslo_messaging_rabbit.rabbit_quorum_max_memory_bytes = 0 {{(pid=96370) log_opt_values /opt/stack/data/venv/lib/python3.12/site-packages/oslo_config/cfg.py:3253}}
Jul 03 08:31:06.649140 np0000004394 nova-scheduler[96370]: DEBUG cotyledon.oslo_config_glue [-] oslo_messaging_rabbit.rabbit_quorum_max_memory_length = 0 {{(pid=96370) log_opt_values /opt/stack/data/venv/lib/python3.12/site-packages/oslo_config/cfg.py:3253}}
Jul 03 08:31:06.649140 np0000004394 nova-scheduler[96370]: DEBUG cotyledon.oslo_config_glue [-] oslo_messaging_rabbit.rabbit_quorum_queue = False {{(pid=96370) log_opt_values /opt/stack/data/venv/lib/python3.12/site-packages/oslo_config/cfg.py:3253}}
Jul 03 08:31:06.649313 np0000004394 nova-scheduler[96370]: DEBUG cotyledon.oslo_config_glue [-] oslo_messaging_rabbit.rabbit_retry_backoff = 2 {{(pid=96370) log_opt_values /opt/stack/data/venv/lib/python3.12/site-packages/oslo_config/cfg.py:3253}}
Jul 03 08:31:06.649313 np0000004394 nova-scheduler[96370]: DEBUG cotyledon.oslo_config_glue [-] oslo_messaging_rabbit.rabbit_retry_interval = 1 {{(pid=96370) log_opt_values /opt/stack/data/venv/lib/python3.12/site-packages/oslo_config/cfg.py:3253}}
Jul 03 08:31:06.649313 np0000004394 nova-scheduler[96370]: DEBUG cotyledon.oslo_config_glue [-] oslo_messaging_rabbit.rabbit_stream_fanout = False {{(pid=96370) log_opt_values /opt/stack/data/venv/lib/python3.12/site-packages/oslo_config/cfg.py:3253}}
Jul 03 08:31:06.649313 np0000004394 nova-scheduler[96370]: DEBUG cotyledon.oslo_config_glue [-] oslo_messaging_rabbit.rabbit_transient_queues_ttl = 1800 {{(pid=96370) log_opt_values /opt/stack/data/venv/lib/python3.12/site-packages/oslo_config/cfg.py:3253}}
Jul 03 08:31:06.649313 np0000004394 nova-scheduler[96370]: DEBUG cotyledon.oslo_config_glue [-] oslo_messaging_rabbit.rabbit_transient_quorum_queue = False {{(pid=96370) log_opt_values /opt/stack/data/venv/lib/python3.12/site-packages/oslo_config/cfg.py:3253}}
Jul 03 08:31:06.649313 np0000004394 nova-scheduler[96370]: DEBUG cotyledon.oslo_config_glue [-] oslo_messaging_rabbit.rpc_conn_pool_size = 30 {{(pid=96370) log_opt_values /opt/stack/data/venv/lib/python3.12/site-packages/oslo_config/cfg.py:3253}}
Jul 03 08:31:06.649313 np0000004394 nova-scheduler[96370]: DEBUG cotyledon.oslo_config_glue [-] oslo_messaging_rabbit.ssl = False {{(pid=96370) log_opt_values /opt/stack/data/venv/lib/python3.12/site-packages/oslo_config/cfg.py:3253}}
Jul 03 08:31:06.649313 np0000004394 nova-scheduler[96370]: DEBUG cotyledon.oslo_config_glue [-] oslo_messaging_rabbit.ssl_ca_file = {{(pid=96370) log_opt_values /opt/stack/data/venv/lib/python3.12/site-packages/oslo_config/cfg.py:3253}}
Jul 03 08:31:06.649313 np0000004394 nova-scheduler[96370]: DEBUG cotyledon.oslo_config_glue [-] oslo_messaging_rabbit.ssl_cert_file = {{(pid=96370) log_opt_values /opt/stack/data/venv/lib/python3.12/site-packages/oslo_config/cfg.py:3253}}
Jul 03 08:31:06.649483 np0000004394 nova-scheduler[96370]: DEBUG cotyledon.oslo_config_glue [-] oslo_messaging_rabbit.ssl_enforce_fips_mode = False {{(pid=96370) log_opt_values /opt/stack/data/venv/lib/python3.12/site-packages/oslo_config/cfg.py:3253}}
Jul 03 08:31:06.649483 np0000004394 nova-scheduler[96370]: DEBUG cotyledon.oslo_config_glue [-] oslo_messaging_rabbit.ssl_enforce_hostname_verification = True {{(pid=96370) log_opt_values /opt/stack/data/venv/lib/python3.12/site-packages/oslo_config/cfg.py:3253}}
Jul 03 08:31:06.649483 np0000004394 nova-scheduler[96370]: DEBUG cotyledon.oslo_config_glue [-] oslo_messaging_rabbit.ssl_key_file = {{(pid=96370) log_opt_values /opt/stack/data/venv/lib/python3.12/site-packages/oslo_config/cfg.py:3253}}
Jul 03 08:31:06.649483 np0000004394 nova-scheduler[96370]: DEBUG cotyledon.oslo_config_glue [-] oslo_messaging_rabbit.ssl_version = {{(pid=96370) log_opt_values /opt/stack/data/venv/lib/python3.12/site-packages/oslo_config/cfg.py:3253}}
Jul 03 08:31:06.649483 np0000004394 nova-scheduler[96370]: DEBUG cotyledon.oslo_config_glue [-] oslo_messaging_rabbit.use_queue_manager = False {{(pid=96370) log_opt_values /opt/stack/data/venv/lib/python3.12/site-packages/oslo_config/cfg.py:3253}}
Jul 03 08:31:06.649483 np0000004394 nova-scheduler[96370]: DEBUG cotyledon.oslo_config_glue [-] oslo_messaging_notifications.driver = ['messagingv2'] {{(pid=96370) log_opt_values /opt/stack/data/venv/lib/python3.12/site-packages/oslo_config/cfg.py:3253}}
Jul 03 08:31:06.649483 np0000004394 nova-scheduler[96370]: DEBUG cotyledon.oslo_config_glue [-] oslo_messaging_notifications.retry = -1 {{(pid=96370) log_opt_values /opt/stack/data/venv/lib/python3.12/site-packages/oslo_config/cfg.py:3253}}
Jul 03 08:31:06.649483 np0000004394 nova-scheduler[96370]: DEBUG cotyledon.oslo_config_glue [-] oslo_messaging_notifications.topics = ['notifications'] {{(pid=96370) log_opt_values /opt/stack/data/venv/lib/python3.12/site-packages/oslo_config/cfg.py:3253}}
Jul 03 08:31:06.649483 np0000004394 nova-scheduler[96370]: DEBUG cotyledon.oslo_config_glue [-] oslo_messaging_notifications.transport_url = **** {{(pid=96370) log_opt_values /opt/stack/data/venv/lib/python3.12/site-packages/oslo_config/cfg.py:3253}}
Jul 03 08:31:06.649664 np0000004394 nova-scheduler[96370]: DEBUG cotyledon.oslo_config_glue [-] oslo_limit.auth_section = None {{(pid=96370) log_opt_values /opt/stack/data/venv/lib/python3.12/site-packages/oslo_config/cfg.py:3253}}
Jul 03 08:31:06.649664 np0000004394 nova-scheduler[96370]: DEBUG cotyledon.oslo_config_glue [-] oslo_limit.auth_type = None {{(pid=96370) log_opt_values /opt/stack/data/venv/lib/python3.12/site-packages/oslo_config/cfg.py:3253}}
Jul 03 08:31:06.649664 np0000004394 nova-scheduler[96370]: DEBUG cotyledon.oslo_config_glue [-] oslo_limit.cafile = None {{(pid=96370) log_opt_values /opt/stack/data/venv/lib/python3.12/site-packages/oslo_config/cfg.py:3253}}
Jul 03 08:31:06.649664 np0000004394 nova-scheduler[96370]: DEBUG cotyledon.oslo_config_glue [-] oslo_limit.certfile = None {{(pid=96370) log_opt_values /opt/stack/data/venv/lib/python3.12/site-packages/oslo_config/cfg.py:3253}}
Jul 03 08:31:06.649664 np0000004394 nova-scheduler[96370]: DEBUG cotyledon.oslo_config_glue [-] oslo_limit.collect_timing = False {{(pid=96370) log_opt_values /opt/stack/data/venv/lib/python3.12/site-packages/oslo_config/cfg.py:3253}}
Jul 03 08:31:06.649664 np0000004394 nova-scheduler[96370]: DEBUG cotyledon.oslo_config_glue [-] oslo_limit.connect_retries = None {{(pid=96370) log_opt_values /opt/stack/data/venv/lib/python3.12/site-packages/oslo_config/cfg.py:3253}}
Jul 03 08:31:06.649664 np0000004394 nova-scheduler[96370]: DEBUG cotyledon.oslo_config_glue [-] oslo_limit.connect_retry_delay = None {{(pid=96370) log_opt_values /opt/stack/data/venv/lib/python3.12/site-packages/oslo_config/cfg.py:3253}}
Jul 03 08:31:06.649664 np0000004394 nova-scheduler[96370]: DEBUG cotyledon.oslo_config_glue [-] oslo_limit.endpoint_id = None {{(pid=96370) log_opt_values /opt/stack/data/venv/lib/python3.12/site-packages/oslo_config/cfg.py:3253}}
Jul 03 08:31:06.649664 np0000004394 nova-scheduler[96370]: DEBUG cotyledon.oslo_config_glue [-] oslo_limit.endpoint_interface = public {{(pid=96370) log_opt_values /opt/stack/data/venv/lib/python3.12/site-packages/oslo_config/cfg.py:3253}}
Jul 03 08:31:06.649864 np0000004394 nova-scheduler[96370]: DEBUG cotyledon.oslo_config_glue [-] oslo_limit.endpoint_override = None {{(pid=96370) log_opt_values /opt/stack/data/venv/lib/python3.12/site-packages/oslo_config/cfg.py:3253}}
Jul 03 08:31:06.649864 np0000004394 nova-scheduler[96370]: DEBUG cotyledon.oslo_config_glue [-] oslo_limit.endpoint_region_name = None {{(pid=96370) log_opt_values /opt/stack/data/venv/lib/python3.12/site-packages/oslo_config/cfg.py:3253}}
Jul 03 08:31:06.649864 np0000004394 nova-scheduler[96370]: DEBUG cotyledon.oslo_config_glue [-] oslo_limit.endpoint_service_name = None {{(pid=96370) log_opt_values /opt/stack/data/venv/lib/python3.12/site-packages/oslo_config/cfg.py:3253}}
Jul 03 08:31:06.649864 np0000004394 nova-scheduler[96370]: DEBUG cotyledon.oslo_config_glue [-] oslo_limit.endpoint_service_type = None {{(pid=96370) log_opt_values /opt/stack/data/venv/lib/python3.12/site-packages/oslo_config/cfg.py:3253}}
Jul 03 08:31:06.649864 np0000004394 nova-scheduler[96370]: DEBUG cotyledon.oslo_config_glue [-] oslo_limit.insecure = False {{(pid=96370) log_opt_values /opt/stack/data/venv/lib/python3.12/site-packages/oslo_config/cfg.py:3253}}
Jul 03 08:31:06.649864 np0000004394 nova-scheduler[96370]: DEBUG cotyledon.oslo_config_glue [-] oslo_limit.keyfile = None {{(pid=96370) log_opt_values /opt/stack/data/venv/lib/python3.12/site-packages/oslo_config/cfg.py:3253}}
Jul 03 08:31:06.649864 np0000004394 nova-scheduler[96370]: DEBUG cotyledon.oslo_config_glue [-] oslo_limit.max_version = None {{(pid=96370) log_opt_values /opt/stack/data/venv/lib/python3.12/site-packages/oslo_config/cfg.py:3253}}
Jul 03 08:31:06.649864 np0000004394 nova-scheduler[96370]: DEBUG cotyledon.oslo_config_glue [-] oslo_limit.min_version = None {{(pid=96370) log_opt_values /opt/stack/data/venv/lib/python3.12/site-packages/oslo_config/cfg.py:3253}}
Jul 03 08:31:06.649864 np0000004394 nova-scheduler[96370]: DEBUG cotyledon.oslo_config_glue [-] oslo_limit.region_name = None {{(pid=96370) log_opt_values /opt/stack/data/venv/lib/python3.12/site-packages/oslo_config/cfg.py:3253}}
Jul 03 08:31:06.650030 np0000004394 nova-scheduler[96370]: DEBUG cotyledon.oslo_config_glue [-] oslo_limit.retriable_status_codes = None {{(pid=96370) log_opt_values /opt/stack/data/venv/lib/python3.12/site-packages/oslo_config/cfg.py:3253}}
Jul 03 08:31:06.650030 np0000004394 nova-scheduler[96370]: DEBUG cotyledon.oslo_config_glue [-] oslo_limit.service_name = None {{(pid=96370) log_opt_values /opt/stack/data/venv/lib/python3.12/site-packages/oslo_config/cfg.py:3253}}
Jul 03 08:31:06.650030 np0000004394 nova-scheduler[96370]: DEBUG cotyledon.oslo_config_glue [-] oslo_limit.service_type = None {{(pid=96370) log_opt_values /opt/stack/data/venv/lib/python3.12/site-packages/oslo_config/cfg.py:3253}}
Jul 03 08:31:06.650030 np0000004394 nova-scheduler[96370]: DEBUG cotyledon.oslo_config_glue [-] oslo_limit.split_loggers = False {{(pid=96370) log_opt_values /opt/stack/data/venv/lib/python3.12/site-packages/oslo_config/cfg.py:3253}}
Jul 03 08:31:06.650030 np0000004394 nova-scheduler[96370]: DEBUG cotyledon.oslo_config_glue [-] oslo_limit.status_code_retries = None {{(pid=96370) log_opt_values /opt/stack/data/venv/lib/python3.12/site-packages/oslo_config/cfg.py:3253}}
Jul 03 08:31:06.650030 np0000004394 nova-scheduler[96370]: DEBUG cotyledon.oslo_config_glue [-] oslo_limit.status_code_retry_delay = None {{(pid=96370) log_opt_values /opt/stack/data/venv/lib/python3.12/site-packages/oslo_config/cfg.py:3253}}
Jul 03 08:31:06.650030 np0000004394 nova-scheduler[96370]: DEBUG cotyledon.oslo_config_glue [-] oslo_limit.timeout = None {{(pid=96370) log_opt_values /opt/stack/data/venv/lib/python3.12/site-packages/oslo_config/cfg.py:3253}}
Jul 03 08:31:06.650030 np0000004394 nova-scheduler[96370]: DEBUG cotyledon.oslo_config_glue [-] oslo_limit.valid_interfaces = None {{(pid=96370) log_opt_values /opt/stack/data/venv/lib/python3.12/site-packages/oslo_config/cfg.py:3253}}
Jul 03 08:31:06.650030 np0000004394 nova-scheduler[96370]: DEBUG cotyledon.oslo_config_glue [-] oslo_limit.version = None {{(pid=96370) log_opt_values /opt/stack/data/venv/lib/python3.12/site-packages/oslo_config/cfg.py:3253}}
Jul 03 08:31:06.650191 np0000004394 nova-scheduler[96370]: DEBUG cotyledon.oslo_config_glue [-] oslo_reports.file_event_handler = None {{(pid=96370) log_opt_values /opt/stack/data/venv/lib/python3.12/site-packages/oslo_config/cfg.py:3253}}
Jul 03 08:31:06.650191 np0000004394 nova-scheduler[96370]: DEBUG cotyledon.oslo_config_glue [-] oslo_reports.file_event_handler_interval = 1 {{(pid=96370) log_opt_values /opt/stack/data/venv/lib/python3.12/site-packages/oslo_config/cfg.py:3253}}
Jul 03 08:31:06.650191 np0000004394 nova-scheduler[96370]: DEBUG cotyledon.oslo_config_glue [-] oslo_reports.log_dir = None {{(pid=96370) log_opt_values /opt/stack/data/venv/lib/python3.12/site-packages/oslo_config/cfg.py:3253}}
Jul 03 08:31:06.650191 np0000004394 nova-scheduler[96370]: DEBUG cotyledon.oslo_config_glue [-] ******************************************************************************** {{(pid=96370) log_opt_values /opt/stack/data/venv/lib/python3.12/site-packages/oslo_config/cfg.py:3260}}
Jul 03 08:31:06.650191 np0000004394 nova-scheduler[96370]: DEBUG cotyledon._service_worker [-] Run service ServiceWrapper(2) [96370] {{(pid=96370) wait_forever /opt/stack/data/venv/lib/python3.12/site-packages/cotyledon/_service_worker.py:218}}
Jul 03 08:31:06.650191 np0000004394 nova-scheduler[96370]: INFO nova.service [-] Starting scheduler node (version 33.1.0)
Jul 03 08:31:06.650191 np0000004394 nova-scheduler[96370]: INFO dbcounter [None req-ad5431fd-de96-4f44-9128-6af6157f5ad3 None None] Registered counter for database nova_cell0
Jul 03 08:31:06.650323 np0000004394 nova-scheduler[96367]: DEBUG oslo_db.sqlalchemy.engines [None req-1b00dfe4-f98d-48da-b963-a04036d6170b None None] MySQL server mode set to STRICT_TRANS_TABLES,STRICT_ALL_TABLES,NO_ZERO_IN_DATE,NO_ZERO_DATE,ERROR_FOR_DIVISION_BY_ZERO,TRADITIONAL,NO_ENGINE_SUBSTITUTION {{(pid=96367) _check_effective_sql_mode /opt/stack/data/venv/lib/python3.12/site-packages/oslo_db/sqlalchemy/engines.py:325}}
Jul 03 08:31:06.650353 np0000004394 nova-scheduler[96360]: DEBUG oslo_db.sqlalchemy.engines [None req-487ff200-7003-4eff-b1b9-62336af5244d None None] MySQL server mode set to STRICT_TRANS_TABLES,STRICT_ALL_TABLES,NO_ZERO_IN_DATE,NO_ZERO_DATE,ERROR_FOR_DIVISION_BY_ZERO,TRADITIONAL,NO_ENGINE_SUBSTITUTION {{(pid=96360) _check_effective_sql_mode /opt/stack/data/venv/lib/python3.12/site-packages/oslo_db/sqlalchemy/engines.py:325}}
Jul 03 08:31:06.650377 np0000004394 nova-scheduler[96367]: DEBUG dbcounter [-] [96367] Writer thread running {{(pid=96367) stat_writer /opt/stack/data/venv/lib/python3.12/site-packages/dbcounter.py:102}}
Jul 03 08:31:06.651000 np0000004394 nova-scheduler[96360]: DEBUG dbcounter [-] [96360] Writer thread running {{(pid=96360) stat_writer /opt/stack/data/venv/lib/python3.12/site-packages/dbcounter.py:102}}
Jul 03 08:31:06.652179 np0000004394 nova-scheduler[96372]: DEBUG oslo_db.sqlalchemy.engines [None req-0d3e8bb4-d1c1-4a12-874f-258774483ef4 None None] MySQL server mode set to STRICT_TRANS_TABLES,STRICT_ALL_TABLES,NO_ZERO_IN_DATE,NO_ZERO_DATE,ERROR_FOR_DIVISION_BY_ZERO,TRADITIONAL,NO_ENGINE_SUBSTITUTION {{(pid=96372) _check_effective_sql_mode /opt/stack/data/venv/lib/python3.12/site-packages/oslo_db/sqlalchemy/engines.py:325}}
Jul 03 08:31:06.663718 np0000004394 nova-scheduler[96370]: DEBUG oslo_db.sqlalchemy.engines [None req-ad5431fd-de96-4f44-9128-6af6157f5ad3 None None] MySQL server mode set to STRICT_TRANS_TABLES,STRICT_ALL_TABLES,NO_ZERO_IN_DATE,NO_ZERO_DATE,ERROR_FOR_DIVISION_BY_ZERO,TRADITIONAL,NO_ENGINE_SUBSTITUTION {{(pid=96370) _check_effective_sql_mode /opt/stack/data/venv/lib/python3.12/site-packages/oslo_db/sqlalchemy/engines.py:325}}
Jul 03 08:31:06.664601 np0000004394 nova-scheduler[96372]: DEBUG dbcounter [-] [96372] Writer thread running {{(pid=96372) stat_writer /opt/stack/data/venv/lib/python3.12/site-packages/dbcounter.py:102}}
Jul 03 08:31:06.666459 np0000004394 nova-scheduler[96367]: DEBUG nova.service [None req-1b00dfe4-f98d-48da-b963-a04036d6170b None None] Creating RPC server for service: nova-scheduler on topic: scheduler {{(pid=96367) start /opt/stack/nova/nova/service.py:196}}
Jul 03 08:31:06.668075 np0000004394 nova-scheduler[96372]: DEBUG nova.service [None req-0d3e8bb4-d1c1-4a12-874f-258774483ef4 None None] Creating RPC server for service: nova-scheduler on topic: scheduler {{(pid=96372) start /opt/stack/nova/nova/service.py:196}}
Jul 03 08:31:06.673595 np0000004394 nova-scheduler[96370]: DEBUG dbcounter [-] [96370] Writer thread running {{(pid=96370) stat_writer /opt/stack/data/venv/lib/python3.12/site-packages/dbcounter.py:102}}
Jul 03 08:31:06.675396 np0000004394 nova-scheduler[96360]: DEBUG nova.service [None req-487ff200-7003-4eff-b1b9-62336af5244d None None] Creating RPC server for service: nova-scheduler on topic: scheduler {{(pid=96360) start /opt/stack/nova/nova/service.py:196}}
Jul 03 08:31:06.676724 np0000004394 nova-scheduler[96370]: DEBUG nova.service [None req-ad5431fd-de96-4f44-9128-6af6157f5ad3 None None] Creating RPC server for service: nova-scheduler on topic: scheduler {{(pid=96370) start /opt/stack/nova/nova/service.py:196}}
Jul 03 08:31:06.691187 np0000004394 nova-scheduler[96372]: DEBUG nova.service [None req-0d3e8bb4-d1c1-4a12-874f-258774483ef4 None None] Join ServiceGroup membership for this service scheduler {{(pid=96372) start /opt/stack/nova/nova/service.py:222}}
Jul 03 08:31:06.691581 np0000004394 nova-scheduler[96372]: DEBUG nova.servicegroup.drivers.db [None req-0d3e8bb4-d1c1-4a12-874f-258774483ef4 None None] DB_Driver: join new ServiceGroup member np0000004394 to the scheduler group, service = {{(pid=96372) join /opt/stack/nova/nova/servicegroup/drivers/db.py:44}}
Jul 03 08:31:06.694965 np0000004394 nova-scheduler[96367]: DEBUG nova.service [None req-1b00dfe4-f98d-48da-b963-a04036d6170b None None] Join ServiceGroup membership for this service scheduler {{(pid=96367) start /opt/stack/nova/nova/service.py:222}}
Jul 03 08:31:06.695318 np0000004394 nova-scheduler[96367]: DEBUG nova.servicegroup.drivers.db [None req-1b00dfe4-f98d-48da-b963-a04036d6170b None None] DB_Driver: join new ServiceGroup member np0000004394 to the scheduler group, service = {{(pid=96367) join /opt/stack/nova/nova/servicegroup/drivers/db.py:44}}
Jul 03 08:31:06.696919 np0000004394 nova-scheduler[96370]: DEBUG nova.service [None req-ad5431fd-de96-4f44-9128-6af6157f5ad3 None None] Join ServiceGroup membership for this service scheduler {{(pid=96370) start /opt/stack/nova/nova/service.py:222}}
Jul 03 08:31:06.697280 np0000004394 nova-scheduler[96370]: DEBUG nova.servicegroup.drivers.db [None req-ad5431fd-de96-4f44-9128-6af6157f5ad3 None None] DB_Driver: join new ServiceGroup member np0000004394 to the scheduler group, service = {{(pid=96370) join /opt/stack/nova/nova/servicegroup/drivers/db.py:44}}
Jul 03 08:31:06.699954 np0000004394 nova-scheduler[96360]: DEBUG nova.service [None req-487ff200-7003-4eff-b1b9-62336af5244d None None] Join ServiceGroup membership for this service scheduler {{(pid=96360) start /opt/stack/nova/nova/service.py:222}}
Jul 03 08:31:06.700178 np0000004394 nova-scheduler[96360]: DEBUG nova.servicegroup.drivers.db [None req-487ff200-7003-4eff-b1b9-62336af5244d None None] DB_Driver: join new ServiceGroup member np0000004394 to the scheduler group, service = {{(pid=96360) join /opt/stack/nova/nova/servicegroup/drivers/db.py:44}}
Jul 03 08:31:11.713988 np0000004394 nova-scheduler[96372]: DEBUG oslo.service.backend._threading.loopingcall [-] Fixed interval looping call 'nova.servicegroup.drivers.db.DbDriver._report_state' sleeping for 119.98 seconds {{(pid=96372) _run_loop /opt/stack/data/venv/lib/python3.12/site-packages/oslo_service/backend/_threading/loopingcall.py:125}}
Jul 03 08:31:11.714541 np0000004394 nova-scheduler[96367]: DEBUG oslo.service.backend._threading.loopingcall [-] Fixed interval looping call 'nova.servicegroup.drivers.db.DbDriver._report_state' sleeping for 119.98 seconds {{(pid=96367) _run_loop /opt/stack/data/venv/lib/python3.12/site-packages/oslo_service/backend/_threading/loopingcall.py:125}}
Jul 03 08:31:11.715641 np0000004394 nova-scheduler[96370]: DEBUG oslo.service.backend._threading.loopingcall [-] Fixed interval looping call 'nova.servicegroup.drivers.db.DbDriver._report_state' sleeping for 119.98 seconds {{(pid=96370) _run_loop /opt/stack/data/venv/lib/python3.12/site-packages/oslo_service/backend/_threading/loopingcall.py:125}}
Jul 03 08:31:11.717131 np0000004394 nova-scheduler[96360]: DEBUG oslo.service.backend._threading.loopingcall [-] Fixed interval looping call 'nova.servicegroup.drivers.db.DbDriver._report_state' sleeping for 119.98 seconds {{(pid=96360) _run_loop /opt/stack/data/venv/lib/python3.12/site-packages/oslo_service/backend/_threading/loopingcall.py:125}}
Jul 03 08:31:15.236984 np0000004394 nova-scheduler[95150]: DEBUG dbcounter [-] [95150] Writing DB stats nova_api:SELECT=3 {{(pid=95150) stat_writer /opt/stack/data/venv/lib/python3.12/site-packages/dbcounter.py:115}}
Jul 03 08:31:15.364725 np0000004394 nova-scheduler[95150]: DEBUG dbcounter [-] [95150] Writing DB stats nova_cell0:SELECT=1 {{(pid=95150) stat_writer /opt/stack/data/venv/lib/python3.12/site-packages/dbcounter.py:115}}
Jul 03 08:31:15.369043 np0000004394 nova-scheduler[95150]: DEBUG dbcounter [-] [95150] Writing DB stats nova_cell1:SELECT=1 {{(pid=95150) stat_writer /opt/stack/data/venv/lib/python3.12/site-packages/dbcounter.py:115}}
Jul 03 08:31:16.697169 np0000004394 nova-scheduler[96367]: DEBUG oslo.service.backend._threading.loopingcall [None req-75d4e99b-99fd-42b8-a7e8-7ca340db5561 None None] Dynamic interval looping call 'nova.service.Service.periodic_tasks' sleeping for 60.00 seconds {{(pid=96367) _run_loop /opt/stack/data/venv/lib/python3.12/site-packages/oslo_service/backend/_threading/loopingcall.py:125}}
Jul 03 08:31:21.694059 np0000004394 nova-scheduler[96372]: DEBUG oslo.service.backend._threading.loopingcall [None req-d01fc100-753c-44f5-939d-bf577e9287ca None None] Dynamic interval looping call 'nova.service.Service.periodic_tasks' sleeping for 60.00 seconds {{(pid=96372) _run_loop /opt/stack/data/venv/lib/python3.12/site-packages/oslo_service/backend/_threading/loopingcall.py:125}}
Jul 03 08:31:21.704788 np0000004394 nova-scheduler[96372]: DEBUG dbcounter [-] [96372] Writing DB stats nova_cell0:SELECT=3,nova_cell0:UPDATE=1 {{(pid=96372) stat_writer /opt/stack/data/venv/lib/python3.12/site-packages/dbcounter.py:115}}
Jul 03 08:31:21.705148 np0000004394 nova-scheduler[96367]: DEBUG dbcounter [-] [96367] Writing DB stats nova_cell0:SELECT=4,nova_cell0:INSERT=1,nova_cell0:UPDATE=1 {{(pid=96367) stat_writer /opt/stack/data/venv/lib/python3.12/site-packages/dbcounter.py:115}}
Jul 03 08:31:21.708944 np0000004394 nova-scheduler[96370]: DEBUG dbcounter [-] [96370] Writing DB stats nova_cell0:SELECT=3,nova_cell0:UPDATE=1 {{(pid=96370) stat_writer /opt/stack/data/venv/lib/python3.12/site-packages/dbcounter.py:115}}
Jul 03 08:31:21.712764 np0000004394 nova-scheduler[96360]: DEBUG dbcounter [-] [96360] Writing DB stats nova_cell0:SELECT=5,nova_cell0:INSERT=1,nova_cell0:UPDATE=1 {{(pid=96360) stat_writer /opt/stack/data/venv/lib/python3.12/site-packages/dbcounter.py:115}}
Jul 03 08:31:35.699336 np0000004394 nova-scheduler[96370]: DEBUG oslo.service.backend._threading.loopingcall [None req-23cfdc99-a8e6-4b15-9360-caefc4a746c0 None None] Dynamic interval looping call 'nova.service.Service.periodic_tasks' sleeping for 60.00 seconds {{(pid=96370) _run_loop /opt/stack/data/venv/lib/python3.12/site-packages/oslo_service/backend/_threading/loopingcall.py:125}}
Jul 03 08:31:51.702585 np0000004394 nova-scheduler[96360]: DEBUG oslo.service.backend._threading.loopingcall [None req-ca453d33-f87a-43d6-b109-c6102133634e None None] Dynamic interval looping call 'nova.service.Service.periodic_tasks' sleeping for 60.00 seconds {{(pid=96360) _run_loop /opt/stack/data/venv/lib/python3.12/site-packages/oslo_service/backend/_threading/loopingcall.py:125}}
Jul 03 08:32:16.697650 np0000004394 nova-scheduler[96367]: DEBUG oslo.service.backend._threading.loopingcall [None req-75d4e99b-99fd-42b8-a7e8-7ca340db5561 None None] Dynamic interval looping call 'nova.service.Service.periodic_tasks' sleeping for 60.00 seconds {{(pid=96367) _run_loop /opt/stack/data/venv/lib/python3.12/site-packages/oslo_service/backend/_threading/loopingcall.py:125}}
Jul 03 08:32:21.694511 np0000004394 nova-scheduler[96372]: DEBUG oslo.service.backend._threading.loopingcall [None req-d01fc100-753c-44f5-939d-bf577e9287ca None None] Dynamic interval looping call 'nova.service.Service.periodic_tasks' sleeping for 60.00 seconds {{(pid=96372) _run_loop /opt/stack/data/venv/lib/python3.12/site-packages/oslo_service/backend/_threading/loopingcall.py:125}}
Jul 03 08:32:35.700137 np0000004394 nova-scheduler[96370]: DEBUG oslo.service.backend._threading.loopingcall [None req-23cfdc99-a8e6-4b15-9360-caefc4a746c0 None None] Dynamic interval looping call 'nova.service.Service.periodic_tasks' sleeping for 60.00 seconds {{(pid=96370) _run_loop /opt/stack/data/venv/lib/python3.12/site-packages/oslo_service/backend/_threading/loopingcall.py:125}}
Jul 03 08:32:51.703110 np0000004394 nova-scheduler[96360]: DEBUG oslo.service.backend._threading.loopingcall [None req-ca453d33-f87a-43d6-b109-c6102133634e None None] Dynamic interval looping call 'nova.service.Service.periodic_tasks' sleeping for 60.00 seconds {{(pid=96360) _run_loop /opt/stack/data/venv/lib/python3.12/site-packages/oslo_service/backend/_threading/loopingcall.py:125}}
Jul 03 08:33:11.703111 np0000004394 nova-scheduler[96372]: DEBUG oslo.service.backend._threading.loopingcall [-] Fixed interval looping call 'nova.servicegroup.drivers.db.DbDriver._report_state' sleeping for 119.99 seconds {{(pid=96372) _run_loop /opt/stack/data/venv/lib/python3.12/site-packages/oslo_service/backend/_threading/loopingcall.py:125}}
Jul 03 08:33:11.703870 np0000004394 nova-scheduler[96367]: DEBUG oslo.service.backend._threading.loopingcall [-] Fixed interval looping call 'nova.servicegroup.drivers.db.DbDriver._report_state' sleeping for 119.99 seconds {{(pid=96367) _run_loop /opt/stack/data/venv/lib/python3.12/site-packages/oslo_service/backend/_threading/loopingcall.py:125}}
Jul 03 08:33:11.704465 np0000004394 nova-scheduler[96370]: DEBUG oslo.service.backend._threading.loopingcall [-] Fixed interval looping call 'nova.servicegroup.drivers.db.DbDriver._report_state' sleeping for 119.99 seconds {{(pid=96370) _run_loop /opt/stack/data/venv/lib/python3.12/site-packages/oslo_service/backend/_threading/loopingcall.py:125}}
Jul 03 08:33:11.705136 np0000004394 nova-scheduler[96360]: DEBUG oslo.service.backend._threading.loopingcall [-] Fixed interval looping call 'nova.servicegroup.drivers.db.DbDriver._report_state' sleeping for 119.99 seconds {{(pid=96360) _run_loop /opt/stack/data/venv/lib/python3.12/site-packages/oslo_service/backend/_threading/loopingcall.py:125}}
Jul 03 08:33:16.698182 np0000004394 nova-scheduler[96367]: DEBUG oslo.service.backend._threading.loopingcall [None req-75d4e99b-99fd-42b8-a7e8-7ca340db5561 None None] Dynamic interval looping call 'nova.service.Service.periodic_tasks' sleeping for 60.00 seconds {{(pid=96367) _run_loop /opt/stack/data/venv/lib/python3.12/site-packages/oslo_service/backend/_threading/loopingcall.py:125}}
Jul 03 08:33:21.695299 np0000004394 nova-scheduler[96372]: DEBUG oslo.service.backend._threading.loopingcall [None req-d01fc100-753c-44f5-939d-bf577e9287ca None None] Dynamic interval looping call 'nova.service.Service.periodic_tasks' sleeping for 60.00 seconds {{(pid=96372) _run_loop /opt/stack/data/venv/lib/python3.12/site-packages/oslo_service/backend/_threading/loopingcall.py:125}}
Jul 03 08:33:21.697334 np0000004394 nova-scheduler[96372]: DEBUG dbcounter [-] [96372] Writing DB stats nova_cell0:SELECT=1,nova_cell0:UPDATE=1 {{(pid=96372) stat_writer /opt/stack/data/venv/lib/python3.12/site-packages/dbcounter.py:115}}
Jul 03 08:33:21.698118 np0000004394 nova-scheduler[96367]: DEBUG dbcounter [-] [96367] Writing DB stats nova_cell0:SELECT=1,nova_cell0:UPDATE=1 {{(pid=96367) stat_writer /opt/stack/data/venv/lib/python3.12/site-packages/dbcounter.py:115}}
Jul 03 08:33:21.701000 np0000004394 nova-scheduler[96370]: DEBUG dbcounter [-] [96370] Writing DB stats nova_cell0:SELECT=1,nova_cell0:UPDATE=1 {{(pid=96370) stat_writer /opt/stack/data/venv/lib/python3.12/site-packages/dbcounter.py:115}}
Jul 03 08:33:21.701435 np0000004394 nova-scheduler[96360]: DEBUG dbcounter [-] [96360] Writing DB stats nova_cell0:SELECT=1,nova_cell0:UPDATE=1 {{(pid=96360) stat_writer /opt/stack/data/venv/lib/python3.12/site-packages/dbcounter.py:115}}
Jul 03 08:33:33.751690 np0000004394 nova-scheduler[96372]: DEBUG nova.scheduler.manager [None req-4c40068d-78fb-4829-b2e0-198a67c3ce58 tempest-ServerActionsTestOtherA-1505932267 tempest-ServerActionsTestOtherA-1505932267-project-member] Starting to schedule for instances: ['459e8f70-f87c-4a22-b4d7-5106a4b1989c'] {{(pid=96372) select_destinations /opt/stack/nova/nova/scheduler/manager.py:209}}
Jul 03 08:33:33.752232 np0000004394 nova-scheduler[96372]: DEBUG nova.scheduler.request_filter [None req-4c40068d-78fb-4829-b2e0-198a67c3ce58 tempest-ServerActionsTestOtherA-1505932267 tempest-ServerActionsTestOtherA-1505932267-project-member] compute_status_filter request filter added forbidden trait COMPUTE_STATUS_DISABLED {{(pid=96372) compute_status_filter /opt/stack/nova/nova/scheduler/request_filter.py:253}}
Jul 03 08:33:33.752361 np0000004394 nova-scheduler[96372]: DEBUG nova.scheduler.request_filter [None req-4c40068d-78fb-4829-b2e0-198a67c3ce58 tempest-ServerActionsTestOtherA-1505932267 tempest-ServerActionsTestOtherA-1505932267-project-member] Request filter 'compute_status_filter' took 0.0 seconds {{(pid=96372) wrapper /opt/stack/nova/nova/scheduler/request_filter.py:46}}
Jul 03 08:33:33.752584 np0000004394 nova-scheduler[96372]: DEBUG nova.scheduler.request_filter [None req-4c40068d-78fb-4829-b2e0-198a67c3ce58 tempest-ServerActionsTestOtherA-1505932267 tempest-ServerActionsTestOtherA-1505932267-project-member] Request filter 'accelerators_filter' took 0.0 seconds {{(pid=96372) wrapper /opt/stack/nova/nova/scheduler/request_filter.py:46}}
Jul 03 08:33:33.753393 np0000004394 nova-scheduler[96372]: DEBUG nova.scheduler.request_filter [None req-4c40068d-78fb-4829-b2e0-198a67c3ce58 tempest-ServerActionsTestOtherA-1505932267 tempest-ServerActionsTestOtherA-1505932267-project-member] Request filter 'packed_virtqueue_filter' took 0.0 seconds {{(pid=96372) wrapper /opt/stack/nova/nova/scheduler/request_filter.py:46}}
Jul 03 08:33:33.754060 np0000004394 nova-scheduler[96372]: DEBUG nova.scheduler.request_filter [None req-4c40068d-78fb-4829-b2e0-198a67c3ce58 tempest-ServerActionsTestOtherA-1505932267 tempest-ServerActionsTestOtherA-1505932267-project-member] Request filter 'remote_managed_ports_filter' took 0.0 seconds {{(pid=96372) wrapper /opt/stack/nova/nova/scheduler/request_filter.py:46}}
Jul 03 08:33:33.754276 np0000004394 nova-scheduler[96372]: DEBUG nova.scheduler.request_filter [None req-4c40068d-78fb-4829-b2e0-198a67c3ce58 tempest-ServerActionsTestOtherA-1505932267 tempest-ServerActionsTestOtherA-1505932267-project-member] ephemeral_encryption_filter skipped {{(pid=96372) ephemeral_encryption_filter /opt/stack/nova/nova/scheduler/request_filter.py:426}}
Jul 03 08:33:33.754898 np0000004394 nova-scheduler[96372]: DEBUG nova.scheduler.request_filter [None req-4c40068d-78fb-4829-b2e0-198a67c3ce58 tempest-ServerActionsTestOtherA-1505932267 tempest-ServerActionsTestOtherA-1505932267-project-member] virtio_sound_filter skipped {{(pid=96372) virtio_sound_filter /opt/stack/nova/nova/scheduler/request_filter.py:460}}
Jul 03 08:33:33.755088 np0000004394 nova-scheduler[96372]: DEBUG nova.scheduler.request_filter [None req-4c40068d-78fb-4829-b2e0-198a67c3ce58 tempest-ServerActionsTestOtherA-1505932267 tempest-ServerActionsTestOtherA-1505932267-project-member] tpm_secret_security_filter skipped {{(pid=96372) tpm_secret_security_filter /opt/stack/nova/nova/scheduler/request_filter.py:477}}
Jul 03 08:33:34.370127 np0000004394 nova-scheduler[96372]: INFO nova.utils [None req-4c40068d-78fb-4829-b2e0-198a67c3ce58 tempest-ServerActionsTestOtherA-1505932267 tempest-ServerActionsTestOtherA-1505932267-project-member] The cell worker thread pool ForkProcess-4.cell_worker is initialized
Jul 03 08:33:34.370564 np0000004394 nova-scheduler[96372]: DEBUG oslo_concurrency.lockutils [None req-4c40068d-78fb-4829-b2e0-198a67c3ce58 tempest-ServerActionsTestOtherA-1505932267 tempest-ServerActionsTestOtherA-1505932267-project-member] Acquiring lock "4d62cc61-260c-4558-bd18-d314b83eeaf8" by "nova.context.set_target_cell..get_or_set_cached_cell_and_set_connections" {{(pid=96372) inner /opt/stack/data/venv/lib/python3.12/site-packages/oslo_concurrency/lockutils.py:511}}
Jul 03 08:33:34.370564 np0000004394 nova-scheduler[96372]: DEBUG oslo_concurrency.lockutils [None req-4c40068d-78fb-4829-b2e0-198a67c3ce58 tempest-ServerActionsTestOtherA-1505932267 tempest-ServerActionsTestOtherA-1505932267-project-member] Lock "4d62cc61-260c-4558-bd18-d314b83eeaf8" acquired by "nova.context.set_target_cell..get_or_set_cached_cell_and_set_connections" :: waited 0.000s {{(pid=96372) inner /opt/stack/data/venv/lib/python3.12/site-packages/oslo_concurrency/lockutils.py:524}}
Jul 03 08:33:34.371854 np0000004394 nova-scheduler[96372]: DEBUG oslo_concurrency.lockutils [None req-4c40068d-78fb-4829-b2e0-198a67c3ce58 tempest-ServerActionsTestOtherA-1505932267 tempest-ServerActionsTestOtherA-1505932267-project-member] Lock "4d62cc61-260c-4558-bd18-d314b83eeaf8" "released" by "nova.context.set_target_cell..get_or_set_cached_cell_and_set_connections" :: held 0.001s {{(pid=96372) inner /opt/stack/data/venv/lib/python3.12/site-packages/oslo_concurrency/lockutils.py:543}}
Jul 03 08:33:34.375665 np0000004394 nova-scheduler[96372]: INFO dbcounter [None req-4c40068d-78fb-4829-b2e0-198a67c3ce58 tempest-ServerActionsTestOtherA-1505932267 tempest-ServerActionsTestOtherA-1505932267-project-member] Registered counter for database nova_cell1
Jul 03 08:33:34.439906 np0000004394 nova-scheduler[96372]: DEBUG oslo_db.sqlalchemy.engines [None req-4c40068d-78fb-4829-b2e0-198a67c3ce58 tempest-ServerActionsTestOtherA-1505932267 tempest-ServerActionsTestOtherA-1505932267-project-member] MySQL server mode set to STRICT_TRANS_TABLES,STRICT_ALL_TABLES,NO_ZERO_IN_DATE,NO_ZERO_DATE,ERROR_FOR_DIVISION_BY_ZERO,TRADITIONAL,NO_ENGINE_SUBSTITUTION {{(pid=96372) _check_effective_sql_mode /opt/stack/data/venv/lib/python3.12/site-packages/oslo_db/sqlalchemy/engines.py:325}}
Jul 03 08:33:34.446086 np0000004394 nova-scheduler[96372]: DEBUG dbcounter [-] [96372] Writer thread running {{(pid=96372) stat_writer /opt/stack/data/venv/lib/python3.12/site-packages/dbcounter.py:102}}
Jul 03 08:33:34.462187 np0000004394 nova-scheduler[96372]: DEBUG oslo_db.sqlalchemy.engines [None req-4c40068d-78fb-4829-b2e0-198a67c3ce58 tempest-ServerActionsTestOtherA-1505932267 tempest-ServerActionsTestOtherA-1505932267-project-member] Parent process 95150 forked (96372) with an open database connection, which is being discarded and recreated. {{(pid=96372) checkout /opt/stack/data/venv/lib/python3.12/site-packages/oslo_db/sqlalchemy/engines.py:402}}
Jul 03 08:33:34.507053 np0000004394 nova-scheduler[96372]: DEBUG dbcounter [-] [96372] Writer thread running {{(pid=96372) stat_writer /opt/stack/data/venv/lib/python3.12/site-packages/dbcounter.py:102}}
Jul 03 08:33:34.510453 np0000004394 nova-scheduler[96372]: DEBUG oslo_concurrency.lockutils [None req-4c40068d-78fb-4829-b2e0-198a67c3ce58 tempest-ServerActionsTestOtherA-1505932267 tempest-ServerActionsTestOtherA-1505932267-project-member] Acquiring lock "4d62cc61-260c-4558-bd18-d314b83eeaf8" by "nova.context.set_target_cell..get_or_set_cached_cell_and_set_connections" {{(pid=96372) inner /opt/stack/data/venv/lib/python3.12/site-packages/oslo_concurrency/lockutils.py:511}}
Jul 03 08:33:34.510453 np0000004394 nova-scheduler[96372]: DEBUG oslo_concurrency.lockutils [None req-4c40068d-78fb-4829-b2e0-198a67c3ce58 tempest-ServerActionsTestOtherA-1505932267 tempest-ServerActionsTestOtherA-1505932267-project-member] Lock "4d62cc61-260c-4558-bd18-d314b83eeaf8" acquired by "nova.context.set_target_cell..get_or_set_cached_cell_and_set_connections" :: waited 0.000s {{(pid=96372) inner /opt/stack/data/venv/lib/python3.12/site-packages/oslo_concurrency/lockutils.py:524}}
Jul 03 08:33:34.510453 np0000004394 nova-scheduler[96372]: DEBUG oslo_concurrency.lockutils [None req-4c40068d-78fb-4829-b2e0-198a67c3ce58 tempest-ServerActionsTestOtherA-1505932267 tempest-ServerActionsTestOtherA-1505932267-project-member] Lock "4d62cc61-260c-4558-bd18-d314b83eeaf8" "released" by "nova.context.set_target_cell..get_or_set_cached_cell_and_set_connections" :: held 0.000s {{(pid=96372) inner /opt/stack/data/venv/lib/python3.12/site-packages/oslo_concurrency/lockutils.py:543}}
Jul 03 08:33:34.517439 np0000004394 nova-scheduler[96372]: DEBUG oslo_concurrency.lockutils [None req-4c40068d-78fb-4829-b2e0-198a67c3ce58 tempest-ServerActionsTestOtherA-1505932267 tempest-ServerActionsTestOtherA-1505932267-project-member] Acquiring lock "np0000004394-np0000004394" by "nova.scheduler.host_manager.HostState.update.._locked_update" {{(pid=96372) inner /opt/stack/data/venv/lib/python3.12/site-packages/oslo_concurrency/lockutils.py:511}}
Jul 03 08:33:34.517439 np0000004394 nova-scheduler[96372]: DEBUG oslo_concurrency.lockutils [None req-4c40068d-78fb-4829-b2e0-198a67c3ce58 tempest-ServerActionsTestOtherA-1505932267 tempest-ServerActionsTestOtherA-1505932267-project-member] Lock "np0000004394-np0000004394" acquired by "nova.scheduler.host_manager.HostState.update.._locked_update" :: waited 0.000s {{(pid=96372) inner /opt/stack/data/venv/lib/python3.12/site-packages/oslo_concurrency/lockutils.py:524}}
Jul 03 08:33:34.518149 np0000004394 nova-scheduler[96372]: DEBUG nova.scheduler.host_manager [None req-4c40068d-78fb-4829-b2e0-198a67c3ce58 tempest-ServerActionsTestOtherA-1505932267 tempest-ServerActionsTestOtherA-1505932267-project-member] Update host state from compute node: ComputeNode(cpu_allocation_ratio=4.0,cpu_info='{"arch": "x86_64", "model": "EPYC-Milan", "vendor": "AMD", "topology": {"cells": 1, "sockets": 16, "cores": 1, "threads": 1}, "maxphysaddr": {"mode": "emulate", "bits": 40}, "features": ["arch-capabilities", "ibpb", "tsc-deadline", "nrip-save", "tsc_adjust", "hypervisor", "fsrm", "mtrr", "syscall", "3dnowprefetch", "stibp-always-on", "rdtscp", "rdctl-no", "clwb", "rdpid", "clflush", "pfthreshold", "clflushopt", "xsaveerptr", "pni", "clzero", "sse4.2", "lbrv", "amd-ssbd", "perfctr_core", "nx", "fma", "fxsr", "pse", "lm", "fsgsbase", "sse4.1", "movbe", "bmi1", "vpclmulqdq", "mmxext", "erms", "cr8legacy", "osvw", "sse", "ssse3", "xsavec", "xgetbv1", "stibp", "wbnoinvd", "misalignsse", "pat", "avx2", "amd-psfd", "avx", "vmcb-clean", "sse4a", "no-nested-data-bp", "msr", "ssbd", "aes", "null-sel-clr-base", "svme-addr-chk", "pge", "cmp_legacy", "pdpe1gb", "lahf_lm", "cmov", "lfence-always-serializing", "xsaveopt", "ibrs", "v-vmsave-vmload", "mds-no", "rdseed", "mca", "skip-l1dfl-vmentry", "npt", "popcnt", "f16c", "svm", "vaes", "smap", "pae", "adx", "pse36", "vgif", "cx8", "gds-no", "mmx", "tsc-scale", "abm", "flushbyasid", "umip", "arat", "x2apic", "pclmuldq", "rdrand", "pschange-mc-no", "virt-ssbd", "apic", "mce", "pku", "xsaves", "tsc", "pause-filter", "sep", "fxsr_opt", "vme", "fpu", "spec-ctrl", "xsave", "cx16", "de", "amd-stibp", "pcid", "topoext", "bmi2", "smep", "sha-ni", "sse2", "invpcid"]}',created_at=2026-07-03T08:31:32Z,current_workload=0,deleted=False,deleted_at=None,disk_allocation_ratio=1.0,disk_available_least=75,free_disk_gb=95,free_ram_mb=63789,host='np0000004394',host_ip=10.4.3.176,hypervisor_hostname='np0000004394',hypervisor_type='QEMU',hypervisor_version=8002002,id=1,local_gb=95,local_gb_used=0,mapped=1,memory_mb=64301,memory_mb_used=512,metrics='[]',numa_topology='{"nova_object.name": "NUMATopology", "nova_object.namespace": "nova", "nova_object.version": "1.2", "nova_object.data": {"cells": [{"nova_object.name": "NUMACell", "nova_object.namespace": "nova", "nova_object.version": "1.5", "nova_object.data": {"id": 0, "cpuset": [0, 1, 2, 3, 4, 5, 6, 7, 8, 9, 10, 11, 12, 13, 14, 15], "pcpuset": [0, 1, 2, 3, 4, 5, 6, 7, 8, 9, 10, 11, 12, 13, 14, 15], "memory": 64301, "cpu_usage": 0, "memory_usage": 0, "pinned_cpus": [], "siblings": [[6], [12], [2], [15], [5], [11], [8], [14], [4], [1], [7], [10], [0], [13], [3], [9]], "mempages": [{"nova_object.name": "NUMAPagesTopology", "nova_object.namespace": "nova", "nova_object.version": "1.1", "nova_object.data": {"size_kb": 4, "total": 16461069, "used": 0, "reserved": 0}, "nova_object.changes": ["used", "size_kb", "total", "reserved"]}, {"nova_object.name": "NUMAPagesTopology", "nova_object.namespace": "nova", "nova_object.version": "1.1", "nova_object.data": {"size_kb": 2048, "total": 0, "used": 0, "reserved": 0}, "nova_object.changes": ["used", "size_kb", "total", "reserved"]}, {"nova_object.name": "NUMAPagesTopology", "nova_object.namespace": "nova", "nova_object.version": "1.1", "nova_object.data": {"size_kb": 1048576, "total": 0, "used": 0, "reserved": 0}, "nova_object.changes": ["used", "size_kb", "total", "reserved"]}], "network_metadata": {"nova_object.name": "NetworkMetadata", "nova_object.namespace": "nova", "nova_object.version": "1.0", "nova_object.data": {"physnets": [], "tunneled": false}, "nova_object.changes": ["tunneled", "physnets"]}, "socket": null}, "nova_object.changes": ["memory", "cpuset", "siblings", "mempages", "memory_usage", "network_metadata", "pinned_cpus", "socket", "pcpuset", "id", "cpu_usage"]}]}, "nova_object.changes": ["cells"]}',pci_device_pools=PciDevicePoolList,ram_allocation_ratio=1.0,running_vms=0,service_id=3,stats={failed_builds='0',uptime=' 08:33:17 up 26 min, 2 users, load average: 1.34, 1.55, 0.95
Jul 03 08:33:34.518149 np0000004394 nova-scheduler[96372]: '},supported_hv_specs=[HVSpec,HVSpec,HVSpec,HVSpec,HVSpec,HVSpec,HVSpec,HVSpec,HVSpec,HVSpec,HVSpec,HVSpec,HVSpec,HVSpec,HVSpec,HVSpec,HVSpec,HVSpec,HVSpec,HVSpec,HVSpec,HVSpec,HVSpec,HVSpec,HVSpec],updated_at=2026-07-03T08:33:20Z,uuid=024c1495-b0aa-4130-8611-c2bf0cba0dbd,vcpus=16,vcpus_used=0) {{(pid=96372) _locked_update /opt/stack/nova/nova/scheduler/host_manager.py:168}}
Jul 03 08:33:34.519166 np0000004394 nova-scheduler[96372]: DEBUG nova.scheduler.host_manager [None req-4c40068d-78fb-4829-b2e0-198a67c3ce58 tempest-ServerActionsTestOtherA-1505932267 tempest-ServerActionsTestOtherA-1505932267-project-member] Update host state with aggregates: [] {{(pid=96372) _locked_update /opt/stack/nova/nova/scheduler/host_manager.py:171}}
