Jul 03 08:31:12.155118 np0000004394 nova-conductor[98792]: DEBUG cotyledon.oslo_config_glue [-] profiler.hmac_keys = **** {{(pid=98792) log_opt_values /opt/stack/data/venv/lib/python3.12/site-packages/oslo_config/cfg.py:3253}}
Jul 03 08:31:12.155118 np0000004394 nova-conductor[98792]: DEBUG cotyledon.oslo_config_glue [-] profiler.sentinel_service_name = mymaster {{(pid=98792) log_opt_values /opt/stack/data/venv/lib/python3.12/site-packages/oslo_config/cfg.py:3253}}
Jul 03 08:31:12.155118 np0000004394 nova-conductor[98792]: DEBUG cotyledon.oslo_config_glue [-] profiler.socket_timeout = 0.1 {{(pid=98792) log_opt_values /opt/stack/data/venv/lib/python3.12/site-packages/oslo_config/cfg.py:3253}}
Jul 03 08:31:12.155118 np0000004394 nova-conductor[98792]: DEBUG cotyledon.oslo_config_glue [-] profiler.trace_requests = False {{(pid=98792) log_opt_values /opt/stack/data/venv/lib/python3.12/site-packages/oslo_config/cfg.py:3253}}
Jul 03 08:31:12.155303 np0000004394 nova-conductor[98792]: DEBUG cotyledon.oslo_config_glue [-] profiler.trace_sqlalchemy = False {{(pid=98792) log_opt_values /opt/stack/data/venv/lib/python3.12/site-packages/oslo_config/cfg.py:3253}}
Jul 03 08:31:12.155303 np0000004394 nova-conductor[98792]: DEBUG cotyledon.oslo_config_glue [-] profiler_jaeger.process_tags = {} {{(pid=98792) log_opt_values /opt/stack/data/venv/lib/python3.12/site-packages/oslo_config/cfg.py:3253}}
Jul 03 08:31:12.155303 np0000004394 nova-conductor[98792]: DEBUG cotyledon.oslo_config_glue [-] profiler_jaeger.service_name_prefix = None {{(pid=98792) log_opt_values /opt/stack/data/venv/lib/python3.12/site-packages/oslo_config/cfg.py:3253}}
Jul 03 08:31:12.155303 np0000004394 nova-conductor[98792]: DEBUG cotyledon.oslo_config_glue [-] profiler_otlp.service_name_prefix = None {{(pid=98792) log_opt_values /opt/stack/data/venv/lib/python3.12/site-packages/oslo_config/cfg.py:3253}}
Jul 03 08:31:12.155303 np0000004394 nova-conductor[98792]: DEBUG cotyledon.oslo_config_glue [-] oslo_messaging_rabbit.amqp_auto_delete = False {{(pid=98792) log_opt_values /opt/stack/data/venv/lib/python3.12/site-packages/oslo_config/cfg.py:3253}}
Jul 03 08:31:12.155303 np0000004394 nova-conductor[98792]: DEBUG cotyledon.oslo_config_glue [-] oslo_messaging_rabbit.amqp_durable_queues = False {{(pid=98792) log_opt_values /opt/stack/data/venv/lib/python3.12/site-packages/oslo_config/cfg.py:3253}}
Jul 03 08:31:12.155303 np0000004394 nova-conductor[98792]: DEBUG cotyledon.oslo_config_glue [-] oslo_messaging_rabbit.conn_pool_min_size = 2 {{(pid=98792) log_opt_values /opt/stack/data/venv/lib/python3.12/site-packages/oslo_config/cfg.py:3253}}
Jul 03 08:31:12.155303 np0000004394 nova-conductor[98792]: DEBUG cotyledon.oslo_config_glue [-] oslo_messaging_rabbit.conn_pool_ttl = 1200 {{(pid=98792) log_opt_values /opt/stack/data/venv/lib/python3.12/site-packages/oslo_config/cfg.py:3253}}
Jul 03 08:31:12.155303 np0000004394 nova-conductor[98792]: DEBUG cotyledon.oslo_config_glue [-] oslo_messaging_rabbit.direct_mandatory_flag = True {{(pid=98792) log_opt_values /opt/stack/data/venv/lib/python3.12/site-packages/oslo_config/cfg.py:3253}}
Jul 03 08:31:12.155504 np0000004394 nova-conductor[98792]: DEBUG cotyledon.oslo_config_glue [-] oslo_messaging_rabbit.enable_cancel_on_failover = False {{(pid=98792) log_opt_values /opt/stack/data/venv/lib/python3.12/site-packages/oslo_config/cfg.py:3253}}
Jul 03 08:31:12.155504 np0000004394 nova-conductor[98792]: DEBUG cotyledon.oslo_config_glue [-] oslo_messaging_rabbit.heartbeat_rate = 3 {{(pid=98792) log_opt_values /opt/stack/data/venv/lib/python3.12/site-packages/oslo_config/cfg.py:3253}}
Jul 03 08:31:12.155504 np0000004394 nova-conductor[98792]: DEBUG cotyledon.oslo_config_glue [-] oslo_messaging_rabbit.heartbeat_timeout_threshold = 60 {{(pid=98792) log_opt_values /opt/stack/data/venv/lib/python3.12/site-packages/oslo_config/cfg.py:3253}}
Jul 03 08:31:12.155504 np0000004394 nova-conductor[98792]: DEBUG cotyledon.oslo_config_glue [-] oslo_messaging_rabbit.hostname = np0000004394 {{(pid=98792) log_opt_values /opt/stack/data/venv/lib/python3.12/site-packages/oslo_config/cfg.py:3253}}
Jul 03 08:31:12.155504 np0000004394 nova-conductor[98792]: DEBUG cotyledon.oslo_config_glue [-] oslo_messaging_rabbit.kombu_compression = None {{(pid=98792) log_opt_values /opt/stack/data/venv/lib/python3.12/site-packages/oslo_config/cfg.py:3253}}
Jul 03 08:31:12.155504 np0000004394 nova-conductor[98792]: DEBUG cotyledon.oslo_config_glue [-] oslo_messaging_rabbit.kombu_failover_strategy = round-robin {{(pid=98792) log_opt_values /opt/stack/data/venv/lib/python3.12/site-packages/oslo_config/cfg.py:3253}}
Jul 03 08:31:12.155504 np0000004394 nova-conductor[98792]: DEBUG cotyledon.oslo_config_glue [-] oslo_messaging_rabbit.kombu_missing_consumer_retry_timeout = 60 {{(pid=98792) log_opt_values /opt/stack/data/venv/lib/python3.12/site-packages/oslo_config/cfg.py:3253}}
Jul 03 08:31:12.155504 np0000004394 nova-conductor[98792]: DEBUG cotyledon.oslo_config_glue [-] oslo_messaging_rabbit.kombu_reconnect_delay = 1.0 {{(pid=98792) log_opt_values /opt/stack/data/venv/lib/python3.12/site-packages/oslo_config/cfg.py:3253}}
Jul 03 08:31:12.155504 np0000004394 nova-conductor[98792]: DEBUG cotyledon.oslo_config_glue [-] oslo_messaging_rabbit.kombu_reconnect_splay = 0.0 {{(pid=98792) log_opt_values /opt/stack/data/venv/lib/python3.12/site-packages/oslo_config/cfg.py:3253}}
Jul 03 08:31:12.155802 np0000004394 nova-conductor[98792]: DEBUG cotyledon.oslo_config_glue [-] oslo_messaging_rabbit.processname = nova-conductor {{(pid=98792) log_opt_values /opt/stack/data/venv/lib/python3.12/site-packages/oslo_config/cfg.py:3253}}
Jul 03 08:31:12.155802 np0000004394 nova-conductor[98792]: DEBUG cotyledon.oslo_config_glue [-] oslo_messaging_rabbit.rabbit_ha_queues = False {{(pid=98792) log_opt_values /opt/stack/data/venv/lib/python3.12/site-packages/oslo_config/cfg.py:3253}}
Jul 03 08:31:12.155802 np0000004394 nova-conductor[98792]: DEBUG cotyledon.oslo_config_glue [-] oslo_messaging_rabbit.rabbit_interval_max = 30 {{(pid=98792) log_opt_values /opt/stack/data/venv/lib/python3.12/site-packages/oslo_config/cfg.py:3253}}
Jul 03 08:31:12.155802 np0000004394 nova-conductor[98792]: DEBUG cotyledon.oslo_config_glue [-] oslo_messaging_rabbit.rabbit_login_method = AMQPLAIN {{(pid=98792) log_opt_values /opt/stack/data/venv/lib/python3.12/site-packages/oslo_config/cfg.py:3253}}
Jul 03 08:31:12.155802 np0000004394 nova-conductor[98792]: DEBUG cotyledon.oslo_config_glue [-] oslo_messaging_rabbit.rabbit_qos_prefetch_count = 0 {{(pid=98792) log_opt_values /opt/stack/data/venv/lib/python3.12/site-packages/oslo_config/cfg.py:3253}}
Jul 03 08:31:12.155802 np0000004394 nova-conductor[98792]: DEBUG cotyledon.oslo_config_glue [-] oslo_messaging_rabbit.rabbit_quorum_delivery_limit = 0 {{(pid=98792) log_opt_values /opt/stack/data/venv/lib/python3.12/site-packages/oslo_config/cfg.py:3253}}
Jul 03 08:31:12.155802 np0000004394 nova-conductor[98792]: DEBUG cotyledon.oslo_config_glue [-] oslo_messaging_rabbit.rabbit_quorum_max_memory_bytes = 0 {{(pid=98792) log_opt_values /opt/stack/data/venv/lib/python3.12/site-packages/oslo_config/cfg.py:3253}}
Jul 03 08:31:12.155802 np0000004394 nova-conductor[98792]: DEBUG cotyledon.oslo_config_glue [-] oslo_messaging_rabbit.rabbit_quorum_max_memory_length = 0 {{(pid=98792) log_opt_values /opt/stack/data/venv/lib/python3.12/site-packages/oslo_config/cfg.py:3253}}
Jul 03 08:31:12.155802 np0000004394 nova-conductor[98792]: DEBUG cotyledon.oslo_config_glue [-] oslo_messaging_rabbit.rabbit_quorum_queue = False {{(pid=98792) log_opt_values /opt/stack/data/venv/lib/python3.12/site-packages/oslo_config/cfg.py:3253}}
Jul 03 08:31:12.156008 np0000004394 nova-conductor[98792]: DEBUG cotyledon.oslo_config_glue [-] oslo_messaging_rabbit.rabbit_retry_backoff = 2 {{(pid=98792) log_opt_values /opt/stack/data/venv/lib/python3.12/site-packages/oslo_config/cfg.py:3253}}
Jul 03 08:31:12.156008 np0000004394 nova-conductor[98792]: DEBUG cotyledon.oslo_config_glue [-] oslo_messaging_rabbit.rabbit_retry_interval = 1 {{(pid=98792) log_opt_values /opt/stack/data/venv/lib/python3.12/site-packages/oslo_config/cfg.py:3253}}
Jul 03 08:31:12.156008 np0000004394 nova-conductor[98792]: DEBUG cotyledon.oslo_config_glue [-] oslo_messaging_rabbit.rabbit_stream_fanout = False {{(pid=98792) log_opt_values /opt/stack/data/venv/lib/python3.12/site-packages/oslo_config/cfg.py:3253}}
Jul 03 08:31:12.156008 np0000004394 nova-conductor[98792]: DEBUG cotyledon.oslo_config_glue [-] oslo_messaging_rabbit.rabbit_transient_queues_ttl = 1800 {{(pid=98792) log_opt_values /opt/stack/data/venv/lib/python3.12/site-packages/oslo_config/cfg.py:3253}}
Jul 03 08:31:12.156008 np0000004394 nova-conductor[98792]: DEBUG cotyledon.oslo_config_glue [-] oslo_messaging_rabbit.rabbit_transient_quorum_queue = False {{(pid=98792) log_opt_values /opt/stack/data/venv/lib/python3.12/site-packages/oslo_config/cfg.py:3253}}
Jul 03 08:31:12.156008 np0000004394 nova-conductor[98792]: DEBUG cotyledon.oslo_config_glue [-] oslo_messaging_rabbit.rpc_conn_pool_size = 30 {{(pid=98792) log_opt_values /opt/stack/data/venv/lib/python3.12/site-packages/oslo_config/cfg.py:3253}}
Jul 03 08:31:12.156008 np0000004394 nova-conductor[98792]: DEBUG cotyledon.oslo_config_glue [-] oslo_messaging_rabbit.ssl = False {{(pid=98792) log_opt_values /opt/stack/data/venv/lib/python3.12/site-packages/oslo_config/cfg.py:3253}}
Jul 03 08:31:12.156008 np0000004394 nova-conductor[98792]: DEBUG cotyledon.oslo_config_glue [-] oslo_messaging_rabbit.ssl_ca_file = {{(pid=98792) log_opt_values /opt/stack/data/venv/lib/python3.12/site-packages/oslo_config/cfg.py:3253}}
Jul 03 08:31:12.156008 np0000004394 nova-conductor[98792]: DEBUG cotyledon.oslo_config_glue [-] oslo_messaging_rabbit.ssl_cert_file = {{(pid=98792) log_opt_values /opt/stack/data/venv/lib/python3.12/site-packages/oslo_config/cfg.py:3253}}
Jul 03 08:31:12.156251 np0000004394 nova-conductor[98792]: DEBUG cotyledon.oslo_config_glue [-] oslo_messaging_rabbit.ssl_enforce_fips_mode = False {{(pid=98792) log_opt_values /opt/stack/data/venv/lib/python3.12/site-packages/oslo_config/cfg.py:3253}}
Jul 03 08:31:12.156251 np0000004394 nova-conductor[98792]: DEBUG cotyledon.oslo_config_glue [-] oslo_messaging_rabbit.ssl_enforce_hostname_verification = True {{(pid=98792) log_opt_values /opt/stack/data/venv/lib/python3.12/site-packages/oslo_config/cfg.py:3253}}
Jul 03 08:31:12.156251 np0000004394 nova-conductor[98792]: DEBUG cotyledon.oslo_config_glue [-] oslo_messaging_rabbit.ssl_key_file = {{(pid=98792) log_opt_values /opt/stack/data/venv/lib/python3.12/site-packages/oslo_config/cfg.py:3253}}
Jul 03 08:31:12.156251 np0000004394 nova-conductor[98792]: DEBUG cotyledon.oslo_config_glue [-] oslo_messaging_rabbit.ssl_version = {{(pid=98792) log_opt_values /opt/stack/data/venv/lib/python3.12/site-packages/oslo_config/cfg.py:3253}}
Jul 03 08:31:12.156251 np0000004394 nova-conductor[98792]: DEBUG cotyledon.oslo_config_glue [-] oslo_messaging_rabbit.use_queue_manager = False {{(pid=98792) log_opt_values /opt/stack/data/venv/lib/python3.12/site-packages/oslo_config/cfg.py:3253}}
Jul 03 08:31:12.156251 np0000004394 nova-conductor[98792]: DEBUG cotyledon.oslo_config_glue [-] oslo_messaging_notifications.driver = ['messagingv2'] {{(pid=98792) log_opt_values /opt/stack/data/venv/lib/python3.12/site-packages/oslo_config/cfg.py:3253}}
Jul 03 08:31:12.156251 np0000004394 nova-conductor[98792]: DEBUG cotyledon.oslo_config_glue [-] oslo_messaging_notifications.retry = -1 {{(pid=98792) log_opt_values /opt/stack/data/venv/lib/python3.12/site-packages/oslo_config/cfg.py:3253}}
Jul 03 08:31:12.156251 np0000004394 nova-conductor[98792]: DEBUG cotyledon.oslo_config_glue [-] oslo_messaging_notifications.topics = ['notifications'] {{(pid=98792) log_opt_values /opt/stack/data/venv/lib/python3.12/site-packages/oslo_config/cfg.py:3253}}
Jul 03 08:31:12.156251 np0000004394 nova-conductor[98792]: DEBUG cotyledon.oslo_config_glue [-] oslo_messaging_notifications.transport_url = **** {{(pid=98792) log_opt_values /opt/stack/data/venv/lib/python3.12/site-packages/oslo_config/cfg.py:3253}}
Jul 03 08:31:12.156470 np0000004394 nova-conductor[98792]: DEBUG cotyledon.oslo_config_glue [-] oslo_limit.auth_section = None {{(pid=98792) log_opt_values /opt/stack/data/venv/lib/python3.12/site-packages/oslo_config/cfg.py:3253}}
Jul 03 08:31:12.156470 np0000004394 nova-conductor[98792]: DEBUG cotyledon.oslo_config_glue [-] oslo_limit.auth_type = None {{(pid=98792) log_opt_values /opt/stack/data/venv/lib/python3.12/site-packages/oslo_config/cfg.py:3253}}
Jul 03 08:31:12.156470 np0000004394 nova-conductor[98792]: DEBUG cotyledon.oslo_config_glue [-] oslo_limit.cafile = None {{(pid=98792) log_opt_values /opt/stack/data/venv/lib/python3.12/site-packages/oslo_config/cfg.py:3253}}
Jul 03 08:31:12.156470 np0000004394 nova-conductor[98792]: DEBUG cotyledon.oslo_config_glue [-] oslo_limit.certfile = None {{(pid=98792) log_opt_values /opt/stack/data/venv/lib/python3.12/site-packages/oslo_config/cfg.py:3253}}
Jul 03 08:31:12.156470 np0000004394 nova-conductor[98792]: DEBUG cotyledon.oslo_config_glue [-] oslo_limit.collect_timing = False {{(pid=98792) log_opt_values /opt/stack/data/venv/lib/python3.12/site-packages/oslo_config/cfg.py:3253}}
Jul 03 08:31:12.156470 np0000004394 nova-conductor[98792]: DEBUG cotyledon.oslo_config_glue [-] oslo_limit.connect_retries = None {{(pid=98792) log_opt_values /opt/stack/data/venv/lib/python3.12/site-packages/oslo_config/cfg.py:3253}}
Jul 03 08:31:12.156470 np0000004394 nova-conductor[98792]: DEBUG cotyledon.oslo_config_glue [-] oslo_limit.connect_retry_delay = None {{(pid=98792) log_opt_values /opt/stack/data/venv/lib/python3.12/site-packages/oslo_config/cfg.py:3253}}
Jul 03 08:31:12.156470 np0000004394 nova-conductor[98792]: DEBUG cotyledon.oslo_config_glue [-] oslo_limit.endpoint_id = None {{(pid=98792) log_opt_values /opt/stack/data/venv/lib/python3.12/site-packages/oslo_config/cfg.py:3253}}
Jul 03 08:31:12.156470 np0000004394 nova-conductor[98792]: DEBUG cotyledon.oslo_config_glue [-] oslo_limit.endpoint_interface = public {{(pid=98792) log_opt_values /opt/stack/data/venv/lib/python3.12/site-packages/oslo_config/cfg.py:3253}}
Jul 03 08:31:12.156657 np0000004394 nova-conductor[98792]: DEBUG cotyledon.oslo_config_glue [-] oslo_limit.endpoint_override = None {{(pid=98792) log_opt_values /opt/stack/data/venv/lib/python3.12/site-packages/oslo_config/cfg.py:3253}}
Jul 03 08:31:12.156657 np0000004394 nova-conductor[98792]: DEBUG cotyledon.oslo_config_glue [-] oslo_limit.endpoint_region_name = None {{(pid=98792) log_opt_values /opt/stack/data/venv/lib/python3.12/site-packages/oslo_config/cfg.py:3253}}
Jul 03 08:31:12.156657 np0000004394 nova-conductor[98792]: DEBUG cotyledon.oslo_config_glue [-] oslo_limit.endpoint_service_name = None {{(pid=98792) log_opt_values /opt/stack/data/venv/lib/python3.12/site-packages/oslo_config/cfg.py:3253}}
Jul 03 08:31:12.156657 np0000004394 nova-conductor[98792]: DEBUG cotyledon.oslo_config_glue [-] oslo_limit.endpoint_service_type = None {{(pid=98792) log_opt_values /opt/stack/data/venv/lib/python3.12/site-packages/oslo_config/cfg.py:3253}}
Jul 03 08:31:12.156657 np0000004394 nova-conductor[98792]: DEBUG cotyledon.oslo_config_glue [-] oslo_limit.insecure = False {{(pid=98792) log_opt_values /opt/stack/data/venv/lib/python3.12/site-packages/oslo_config/cfg.py:3253}}
Jul 03 08:31:12.156657 np0000004394 nova-conductor[98792]: DEBUG cotyledon.oslo_config_glue [-] oslo_limit.keyfile = None {{(pid=98792) log_opt_values /opt/stack/data/venv/lib/python3.12/site-packages/oslo_config/cfg.py:3253}}
Jul 03 08:31:12.156657 np0000004394 nova-conductor[98792]: DEBUG cotyledon.oslo_config_glue [-] oslo_limit.max_version = None {{(pid=98792) log_opt_values /opt/stack/data/venv/lib/python3.12/site-packages/oslo_config/cfg.py:3253}}
Jul 03 08:31:12.156657 np0000004394 nova-conductor[98792]: DEBUG cotyledon.oslo_config_glue [-] oslo_limit.min_version = None {{(pid=98792) log_opt_values /opt/stack/data/venv/lib/python3.12/site-packages/oslo_config/cfg.py:3253}}
Jul 03 08:31:12.156657 np0000004394 nova-conductor[98792]: DEBUG cotyledon.oslo_config_glue [-] oslo_limit.region_name = None {{(pid=98792) log_opt_values /opt/stack/data/venv/lib/python3.12/site-packages/oslo_config/cfg.py:3253}}
Jul 03 08:31:12.156900 np0000004394 nova-conductor[98792]: DEBUG cotyledon.oslo_config_glue [-] oslo_limit.retriable_status_codes = None {{(pid=98792) log_opt_values /opt/stack/data/venv/lib/python3.12/site-packages/oslo_config/cfg.py:3253}}
Jul 03 08:31:12.156900 np0000004394 nova-conductor[98792]: DEBUG cotyledon.oslo_config_glue [-] oslo_limit.service_name = None {{(pid=98792) log_opt_values /opt/stack/data/venv/lib/python3.12/site-packages/oslo_config/cfg.py:3253}}
Jul 03 08:31:12.156900 np0000004394 nova-conductor[98792]: DEBUG cotyledon.oslo_config_glue [-] oslo_limit.service_type = None {{(pid=98792) log_opt_values /opt/stack/data/venv/lib/python3.12/site-packages/oslo_config/cfg.py:3253}}
Jul 03 08:31:12.156900 np0000004394 nova-conductor[98792]: DEBUG cotyledon.oslo_config_glue [-] oslo_limit.split_loggers = False {{(pid=98792) log_opt_values /opt/stack/data/venv/lib/python3.12/site-packages/oslo_config/cfg.py:3253}}
Jul 03 08:31:12.156900 np0000004394 nova-conductor[98792]: DEBUG cotyledon.oslo_config_glue [-] oslo_limit.status_code_retries = None {{(pid=98792) log_opt_values /opt/stack/data/venv/lib/python3.12/site-packages/oslo_config/cfg.py:3253}}
Jul 03 08:31:12.156900 np0000004394 nova-conductor[98792]: DEBUG cotyledon.oslo_config_glue [-] oslo_limit.status_code_retry_delay = None {{(pid=98792) log_opt_values /opt/stack/data/venv/lib/python3.12/site-packages/oslo_config/cfg.py:3253}}
Jul 03 08:31:12.156900 np0000004394 nova-conductor[98792]: DEBUG cotyledon.oslo_config_glue [-] oslo_limit.timeout = None {{(pid=98792) log_opt_values /opt/stack/data/venv/lib/python3.12/site-packages/oslo_config/cfg.py:3253}}
Jul 03 08:31:12.156900 np0000004394 nova-conductor[98792]: DEBUG cotyledon.oslo_config_glue [-] oslo_limit.valid_interfaces = None {{(pid=98792) log_opt_values /opt/stack/data/venv/lib/python3.12/site-packages/oslo_config/cfg.py:3253}}
Jul 03 08:31:12.156900 np0000004394 nova-conductor[98792]: DEBUG cotyledon.oslo_config_glue [-] oslo_limit.version = None {{(pid=98792) log_opt_values /opt/stack/data/venv/lib/python3.12/site-packages/oslo_config/cfg.py:3253}}
Jul 03 08:31:12.157093 np0000004394 nova-conductor[98792]: DEBUG cotyledon.oslo_config_glue [-] oslo_reports.file_event_handler = None {{(pid=98792) log_opt_values /opt/stack/data/venv/lib/python3.12/site-packages/oslo_config/cfg.py:3253}}
Jul 03 08:31:12.157093 np0000004394 nova-conductor[98792]: DEBUG cotyledon.oslo_config_glue [-] oslo_reports.file_event_handler_interval = 1 {{(pid=98792) log_opt_values /opt/stack/data/venv/lib/python3.12/site-packages/oslo_config/cfg.py:3253}}
Jul 03 08:31:12.157093 np0000004394 nova-conductor[98792]: DEBUG cotyledon.oslo_config_glue [-] oslo_reports.log_dir = None {{(pid=98792) log_opt_values /opt/stack/data/venv/lib/python3.12/site-packages/oslo_config/cfg.py:3253}}
Jul 03 08:31:12.157093 np0000004394 nova-conductor[98792]: DEBUG cotyledon.oslo_config_glue [-] ******************************************************************************** {{(pid=98792) log_opt_values /opt/stack/data/venv/lib/python3.12/site-packages/oslo_config/cfg.py:3260}}
Jul 03 08:31:12.157093 np0000004394 nova-conductor[98792]: DEBUG cotyledon._service_worker [-] Run service ServiceWrapper(3) [98792] {{(pid=98792) wait_forever /opt/stack/data/venv/lib/python3.12/site-packages/cotyledon/_service_worker.py:218}}
Jul 03 08:31:12.157093 np0000004394 nova-conductor[98792]: INFO nova.service [-] Starting conductor node (version 33.1.0)
Jul 03 08:31:12.157093 np0000004394 nova-conductor[98792]: INFO dbcounter [None req-af0e50fe-ece2-412b-beaa-e28c7e9dc348 None None] Registered counter for database nova_cell0
Jul 03 08:31:12.157282 np0000004394 nova-conductor[98762]: DEBUG oslo_db.sqlalchemy.engines [None req-478ffb0c-70c5-41a4-9af5-0e207a1044e4 None None] MySQL server mode set to STRICT_TRANS_TABLES,STRICT_ALL_TABLES,NO_ZERO_IN_DATE,NO_ZERO_DATE,ERROR_FOR_DIVISION_BY_ZERO,TRADITIONAL,NO_ENGINE_SUBSTITUTION {{(pid=98762) _check_effective_sql_mode /opt/stack/data/venv/lib/python3.12/site-packages/oslo_db/sqlalchemy/engines.py:325}}
Jul 03 08:31:12.157282 np0000004394 nova-conductor[98762]: DEBUG dbcounter [-] [98762] Writer thread running {{(pid=98762) stat_writer /opt/stack/data/venv/lib/python3.12/site-packages/dbcounter.py:102}}
Jul 03 08:31:12.157331 np0000004394 nova-conductor[98785]: DEBUG oslo_db.sqlalchemy.engines [None req-978cf5be-8d68-4ab2-856d-8bad4997427b None None] MySQL server mode set to STRICT_TRANS_TABLES,STRICT_ALL_TABLES,NO_ZERO_IN_DATE,NO_ZERO_DATE,ERROR_FOR_DIVISION_BY_ZERO,TRADITIONAL,NO_ENGINE_SUBSTITUTION {{(pid=98785) _check_effective_sql_mode /opt/stack/data/venv/lib/python3.12/site-packages/oslo_db/sqlalchemy/engines.py:325}}
Jul 03 08:31:12.163002 np0000004394 nova-conductor[98776]: DEBUG oslo_db.sqlalchemy.engines [None req-06cb108a-bbf6-47cc-bbf1-ddf4f5c8d2f7 None None] MySQL server mode set to STRICT_TRANS_TABLES,STRICT_ALL_TABLES,NO_ZERO_IN_DATE,NO_ZERO_DATE,ERROR_FOR_DIVISION_BY_ZERO,TRADITIONAL,NO_ENGINE_SUBSTITUTION {{(pid=98776) _check_effective_sql_mode /opt/stack/data/venv/lib/python3.12/site-packages/oslo_db/sqlalchemy/engines.py:325}}
Jul 03 08:31:12.164641 np0000004394 nova-conductor[98785]: DEBUG dbcounter [-] [98785] Writer thread running {{(pid=98785) stat_writer /opt/stack/data/venv/lib/python3.12/site-packages/dbcounter.py:102}}
Jul 03 08:31:12.165644 np0000004394 nova-conductor[98762]: DEBUG nova.service [None req-478ffb0c-70c5-41a4-9af5-0e207a1044e4 None None] Creating RPC server for service: nova-conductor on topic: conductor {{(pid=98762) start /opt/stack/nova/nova/service.py:196}}
Jul 03 08:31:12.167529 np0000004394 nova-conductor[98785]: DEBUG nova.service [None req-978cf5be-8d68-4ab2-856d-8bad4997427b None None] Creating RPC server for service: nova-conductor on topic: conductor {{(pid=98785) start /opt/stack/nova/nova/service.py:196}}
Jul 03 08:31:12.172905 np0000004394 nova-conductor[98776]: DEBUG dbcounter [-] [98776] Writer thread running {{(pid=98776) stat_writer /opt/stack/data/venv/lib/python3.12/site-packages/dbcounter.py:102}}
Jul 03 08:31:12.176035 np0000004394 nova-conductor[98776]: DEBUG nova.service [None req-06cb108a-bbf6-47cc-bbf1-ddf4f5c8d2f7 None None] Creating RPC server for service: nova-conductor on topic: conductor {{(pid=98776) start /opt/stack/nova/nova/service.py:196}}
Jul 03 08:31:12.181821 np0000004394 nova-conductor[98792]: DEBUG oslo_db.sqlalchemy.engines [None req-af0e50fe-ece2-412b-beaa-e28c7e9dc348 None None] MySQL server mode set to STRICT_TRANS_TABLES,STRICT_ALL_TABLES,NO_ZERO_IN_DATE,NO_ZERO_DATE,ERROR_FOR_DIVISION_BY_ZERO,TRADITIONAL,NO_ENGINE_SUBSTITUTION {{(pid=98792) _check_effective_sql_mode /opt/stack/data/venv/lib/python3.12/site-packages/oslo_db/sqlalchemy/engines.py:325}}
Jul 03 08:31:12.190858 np0000004394 nova-conductor[98792]: DEBUG dbcounter [-] [98792] Writer thread running {{(pid=98792) stat_writer /opt/stack/data/venv/lib/python3.12/site-packages/dbcounter.py:102}}
Jul 03 08:31:12.193043 np0000004394 nova-conductor[98785]: DEBUG nova.service [None req-978cf5be-8d68-4ab2-856d-8bad4997427b None None] Join ServiceGroup membership for this service conductor {{(pid=98785) start /opt/stack/nova/nova/service.py:222}}
Jul 03 08:31:12.193195 np0000004394 nova-conductor[98785]: DEBUG nova.servicegroup.drivers.db [None req-978cf5be-8d68-4ab2-856d-8bad4997427b None None] DB_Driver: join new ServiceGroup member np0000004394 to the conductor group, service = {{(pid=98785) join /opt/stack/nova/nova/servicegroup/drivers/db.py:44}}
Jul 03 08:31:12.193274 np0000004394 nova-conductor[98762]: DEBUG nova.service [None req-478ffb0c-70c5-41a4-9af5-0e207a1044e4 None None] Join ServiceGroup membership for this service conductor {{(pid=98762) start /opt/stack/nova/nova/service.py:222}}
Jul 03 08:31:12.193527 np0000004394 nova-conductor[98762]: DEBUG nova.servicegroup.drivers.db [None req-478ffb0c-70c5-41a4-9af5-0e207a1044e4 None None] DB_Driver: join new ServiceGroup member np0000004394 to the conductor group, service = {{(pid=98762) join /opt/stack/nova/nova/servicegroup/drivers/db.py:44}}
Jul 03 08:31:12.193596 np0000004394 nova-conductor[98792]: DEBUG nova.service [None req-af0e50fe-ece2-412b-beaa-e28c7e9dc348 None None] Creating RPC server for service: nova-conductor on topic: conductor {{(pid=98792) start /opt/stack/nova/nova/service.py:196}}
Jul 03 08:31:12.200038 np0000004394 nova-conductor[98776]: DEBUG nova.service [None req-06cb108a-bbf6-47cc-bbf1-ddf4f5c8d2f7 None None] Join ServiceGroup membership for this service conductor {{(pid=98776) start /opt/stack/nova/nova/service.py:222}}
Jul 03 08:31:12.200038 np0000004394 nova-conductor[98776]: DEBUG nova.servicegroup.drivers.db [None req-06cb108a-bbf6-47cc-bbf1-ddf4f5c8d2f7 None None] DB_Driver: join new ServiceGroup member np0000004394 to the conductor group, service = {{(pid=98776) join /opt/stack/nova/nova/servicegroup/drivers/db.py:44}}
Jul 03 08:31:12.210266 np0000004394 nova-conductor[98792]: DEBUG nova.service [None req-af0e50fe-ece2-412b-beaa-e28c7e9dc348 None None] Join ServiceGroup membership for this service conductor {{(pid=98792) start /opt/stack/nova/nova/service.py:222}}
Jul 03 08:31:12.210466 np0000004394 nova-conductor[98792]: DEBUG nova.servicegroup.drivers.db [None req-af0e50fe-ece2-412b-beaa-e28c7e9dc348 None None] DB_Driver: join new ServiceGroup member np0000004394 to the conductor group, service = {{(pid=98792) join /opt/stack/nova/nova/servicegroup/drivers/db.py:44}}
Jul 03 08:31:17.213852 np0000004394 nova-conductor[98762]: DEBUG oslo.service.backend._threading.loopingcall [-] Fixed interval looping call 'nova.servicegroup.drivers.db.DbDriver._report_state' sleeping for 119.98 seconds {{(pid=98762) _run_loop /opt/stack/data/venv/lib/python3.12/site-packages/oslo_service/backend/_threading/loopingcall.py:125}}
Jul 03 08:31:17.215783 np0000004394 nova-conductor[98776]: DEBUG oslo.service.backend._threading.loopingcall [-] Fixed interval looping call 'nova.servicegroup.drivers.db.DbDriver._report_state' sleeping for 119.99 seconds {{(pid=98776) _run_loop /opt/stack/data/venv/lib/python3.12/site-packages/oslo_service/backend/_threading/loopingcall.py:125}}
Jul 03 08:31:17.223618 np0000004394 nova-conductor[98785]: DEBUG oslo.service.backend._threading.loopingcall [-] Fixed interval looping call 'nova.servicegroup.drivers.db.DbDriver._report_state' sleeping for 119.97 seconds {{(pid=98785) _run_loop /opt/stack/data/venv/lib/python3.12/site-packages/oslo_service/backend/_threading/loopingcall.py:125}}
Jul 03 08:31:17.226322 np0000004394 nova-conductor[98792]: DEBUG oslo.service.backend._threading.loopingcall [-] Fixed interval looping call 'nova.servicegroup.drivers.db.DbDriver._report_state' sleeping for 119.99 seconds {{(pid=98792) _run_loop /opt/stack/data/venv/lib/python3.12/site-packages/oslo_service/backend/_threading/loopingcall.py:125}}
Jul 03 08:31:20.752990 np0000004394 nova-conductor[97306]: DEBUG dbcounter [-] [97306] Writing DB stats nova_api:SELECT=1 {{(pid=97306) stat_writer /opt/stack/data/venv/lib/python3.12/site-packages/dbcounter.py:115}}
Jul 03 08:31:20.900773 np0000004394 nova-conductor[97306]: DEBUG dbcounter [-] [97306] Writing DB stats nova_cell0:SELECT=1 {{(pid=97306) stat_writer /opt/stack/data/venv/lib/python3.12/site-packages/dbcounter.py:115}}
Jul 03 08:31:20.905087 np0000004394 nova-conductor[97306]: DEBUG dbcounter [-] [97306] Writing DB stats nova_cell1:SELECT=1 {{(pid=97306) stat_writer /opt/stack/data/venv/lib/python3.12/site-packages/dbcounter.py:115}}
Jul 03 08:31:27.203544 np0000004394 nova-conductor[98762]: DEBUG dbcounter [-] [98762] Writing DB stats nova_cell0:SELECT=4,nova_cell0:INSERT=1,nova_cell0:UPDATE=1 {{(pid=98762) stat_writer /opt/stack/data/venv/lib/python3.12/site-packages/dbcounter.py:115}}
Jul 03 08:31:27.213822 np0000004394 nova-conductor[98776]: DEBUG dbcounter [-] [98776] Writing DB stats nova_cell0:SELECT=3,nova_cell0:UPDATE=1 {{(pid=98776) stat_writer /opt/stack/data/venv/lib/python3.12/site-packages/dbcounter.py:115}}
Jul 03 08:31:27.218405 np0000004394 nova-conductor[98785]: DEBUG dbcounter [-] [98785] Writing DB stats nova_cell0:SELECT=3,nova_cell0:UPDATE=1 {{(pid=98785) stat_writer /opt/stack/data/venv/lib/python3.12/site-packages/dbcounter.py:115}}
Jul 03 08:31:27.219957 np0000004394 nova-conductor[98792]: DEBUG dbcounter [-] [98792] Writing DB stats nova_cell0:SELECT=3 {{(pid=98792) stat_writer /opt/stack/data/venv/lib/python3.12/site-packages/dbcounter.py:115}}
Jul 03 08:31:33.212819 np0000004394 nova-conductor[98792]: DEBUG oslo.service.backend._threading.loopingcall [None req-974fbf10-dc16-4558-9e09-fd0d93813266 None None] Dynamic interval looping call 'nova.service.Service.periodic_tasks' sleeping for 60.00 seconds {{(pid=98792) _run_loop /opt/stack/data/venv/lib/python3.12/site-packages/oslo_service/backend/_threading/loopingcall.py:125}}
Jul 03 08:31:35.195474 np0000004394 nova-conductor[98785]: DEBUG oslo.service.backend._threading.loopingcall [None req-163e37e6-01d7-4c6a-92f4-0b7d53bf2072 None None] Dynamic interval looping call 'nova.service.Service.periodic_tasks' sleeping for 60.00 seconds {{(pid=98785) _run_loop /opt/stack/data/venv/lib/python3.12/site-packages/oslo_service/backend/_threading/loopingcall.py:125}}
Jul 03 08:31:40.195837 np0000004394 nova-conductor[98762]: DEBUG oslo.service.backend._threading.loopingcall [None req-64c4b4ab-f276-42e6-bfda-fec1d25ab48d None None] Dynamic interval looping call 'nova.service.Service.periodic_tasks' sleeping for 60.00 seconds {{(pid=98762) _run_loop /opt/stack/data/venv/lib/python3.12/site-packages/oslo_service/backend/_threading/loopingcall.py:125}}
Jul 03 08:32:06.202088 np0000004394 nova-conductor[98776]: DEBUG oslo.service.backend._threading.loopingcall [None req-8d2feb3c-8d04-4253-bc67-119055ed3c6e None None] Dynamic interval looping call 'nova.service.Service.periodic_tasks' sleeping for 60.00 seconds {{(pid=98776) _run_loop /opt/stack/data/venv/lib/python3.12/site-packages/oslo_service/backend/_threading/loopingcall.py:125}}
Jul 03 08:32:33.213351 np0000004394 nova-conductor[98792]: DEBUG oslo.service.backend._threading.loopingcall [None req-974fbf10-dc16-4558-9e09-fd0d93813266 None None] Dynamic interval looping call 'nova.service.Service.periodic_tasks' sleeping for 60.00 seconds {{(pid=98792) _run_loop /opt/stack/data/venv/lib/python3.12/site-packages/oslo_service/backend/_threading/loopingcall.py:125}}
Jul 03 08:32:35.196022 np0000004394 nova-conductor[98785]: DEBUG oslo.service.backend._threading.loopingcall [None req-163e37e6-01d7-4c6a-92f4-0b7d53bf2072 None None] Dynamic interval looping call 'nova.service.Service.periodic_tasks' sleeping for 60.00 seconds {{(pid=98785) _run_loop /opt/stack/data/venv/lib/python3.12/site-packages/oslo_service/backend/_threading/loopingcall.py:125}}
Jul 03 08:32:40.196266 np0000004394 nova-conductor[98762]: DEBUG oslo.service.backend._threading.loopingcall [None req-64c4b4ab-f276-42e6-bfda-fec1d25ab48d None None] Dynamic interval looping call 'nova.service.Service.periodic_tasks' sleeping for 60.00 seconds {{(pid=98762) _run_loop /opt/stack/data/venv/lib/python3.12/site-packages/oslo_service/backend/_threading/loopingcall.py:125}}
Jul 03 08:33:06.202604 np0000004394 nova-conductor[98776]: DEBUG oslo.service.backend._threading.loopingcall [None req-8d2feb3c-8d04-4253-bc67-119055ed3c6e None None] Dynamic interval looping call 'nova.service.Service.periodic_tasks' sleeping for 60.00 seconds {{(pid=98776) _run_loop /opt/stack/data/venv/lib/python3.12/site-packages/oslo_service/backend/_threading/loopingcall.py:125}}
Jul 03 08:33:17.205352 np0000004394 nova-conductor[98762]: DEBUG oslo.service.backend._threading.loopingcall [-] Fixed interval looping call 'nova.servicegroup.drivers.db.DbDriver._report_state' sleeping for 119.99 seconds {{(pid=98762) _run_loop /opt/stack/data/venv/lib/python3.12/site-packages/oslo_service/backend/_threading/loopingcall.py:125}}
Jul 03 08:33:17.205851 np0000004394 nova-conductor[98785]: DEBUG oslo.service.backend._threading.loopingcall [-] Fixed interval looping call 'nova.servicegroup.drivers.db.DbDriver._report_state' sleeping for 119.99 seconds {{(pid=98785) _run_loop /opt/stack/data/venv/lib/python3.12/site-packages/oslo_service/backend/_threading/loopingcall.py:125}}
Jul 03 08:33:17.210120 np0000004394 nova-conductor[98776]: DEBUG oslo.service.backend._threading.loopingcall [-] Fixed interval looping call 'nova.servicegroup.drivers.db.DbDriver._report_state' sleeping for 120.00 seconds {{(pid=98776) _run_loop /opt/stack/data/venv/lib/python3.12/site-packages/oslo_service/backend/_threading/loopingcall.py:125}}
Jul 03 08:33:17.226010 np0000004394 nova-conductor[98792]: DEBUG oslo.service.backend._threading.loopingcall [-] Fixed interval looping call 'nova.servicegroup.drivers.db.DbDriver._report_state' sleeping for 119.99 seconds {{(pid=98792) _run_loop /opt/stack/data/venv/lib/python3.12/site-packages/oslo_service/backend/_threading/loopingcall.py:125}}
Jul 03 08:33:27.196664 np0000004394 nova-conductor[98762]: DEBUG dbcounter [-] [98762] Writing DB stats nova_cell0:SELECT=1,nova_cell0:UPDATE=1 {{(pid=98762) stat_writer /opt/stack/data/venv/lib/python3.12/site-packages/dbcounter.py:115}}
Jul 03 08:33:27.198437 np0000004394 nova-conductor[98785]: DEBUG dbcounter [-] [98785] Writing DB stats nova_cell0:SELECT=1,nova_cell0:UPDATE=1 {{(pid=98785) stat_writer /opt/stack/data/venv/lib/python3.12/site-packages/dbcounter.py:115}}
Jul 03 08:33:27.208221 np0000004394 nova-conductor[98776]: DEBUG dbcounter [-] [98776] Writing DB stats nova_cell0:SELECT=1 {{(pid=98776) stat_writer /opt/stack/data/venv/lib/python3.12/site-packages/dbcounter.py:115}}
Jul 03 08:33:27.219351 np0000004394 nova-conductor[98792]: DEBUG dbcounter [-] [98792] Writing DB stats nova_cell0:SELECT=1 {{(pid=98792) stat_writer /opt/stack/data/venv/lib/python3.12/site-packages/dbcounter.py:115}}
Jul 03 08:33:33.214297 np0000004394 nova-conductor[98792]: DEBUG oslo.service.backend._threading.loopingcall [None req-974fbf10-dc16-4558-9e09-fd0d93813266 None None] Dynamic interval looping call 'nova.service.Service.periodic_tasks' sleeping for 60.00 seconds {{(pid=98792) _run_loop /opt/stack/data/venv/lib/python3.12/site-packages/oslo_service/backend/_threading/loopingcall.py:125}}
Jul 03 08:33:33.674319 np0000004394 nova-conductor[98785]: DEBUG oslo_db.sqlalchemy.engines [None req-4c40068d-78fb-4829-b2e0-198a67c3ce58 tempest-ServerActionsTestOtherA-1505932267 tempest-ServerActionsTestOtherA-1505932267-project-member] Parent process 97306 forked (98785) with an open database connection, which is being discarded and recreated. {{(pid=98785) checkout /opt/stack/data/venv/lib/python3.12/site-packages/oslo_db/sqlalchemy/engines.py:402}}
Jul 03 08:33:33.721190 np0000004394 nova-conductor[98785]: DEBUG dbcounter [-] [98785] Writer thread running {{(pid=98785) stat_writer /opt/stack/data/venv/lib/python3.12/site-packages/dbcounter.py:102}}
Jul 03 08:33:34.750813 np0000004394 nova-conductor[98785]: DEBUG nova.conductor.manager [None req-4c40068d-78fb-4829-b2e0-198a67c3ce58 tempest-ServerActionsTestOtherA-1505932267 tempest-ServerActionsTestOtherA-1505932267-project-member] Took 1.03 seconds to select destinations for 1 instance(s). {{(pid=98785) _schedule_instances /opt/stack/nova/nova/conductor/manager.py:968}}
Jul 03 08:33:34.780013 np0000004394 nova-conductor[98785]: DEBUG oslo_concurrency.lockutils [None req-4c40068d-78fb-4829-b2e0-198a67c3ce58 tempest-ServerActionsTestOtherA-1505932267 tempest-ServerActionsTestOtherA-1505932267-project-member] Acquiring lock "4d62cc61-260c-4558-bd18-d314b83eeaf8" by "nova.context.set_target_cell..get_or_set_cached_cell_and_set_connections" {{(pid=98785) inner /opt/stack/data/venv/lib/python3.12/site-packages/oslo_concurrency/lockutils.py:511}}
Jul 03 08:33:34.780224 np0000004394 nova-conductor[98785]: DEBUG oslo_concurrency.lockutils [None req-4c40068d-78fb-4829-b2e0-198a67c3ce58 tempest-ServerActionsTestOtherA-1505932267 tempest-ServerActionsTestOtherA-1505932267-project-member] Lock "4d62cc61-260c-4558-bd18-d314b83eeaf8" acquired by "nova.context.set_target_cell..get_or_set_cached_cell_and_set_connections" :: waited 0.000s {{(pid=98785) inner /opt/stack/data/venv/lib/python3.12/site-packages/oslo_concurrency/lockutils.py:524}}
Jul 03 08:33:34.781766 np0000004394 nova-conductor[98785]: DEBUG oslo_concurrency.lockutils [None req-4c40068d-78fb-4829-b2e0-198a67c3ce58 tempest-ServerActionsTestOtherA-1505932267 tempest-ServerActionsTestOtherA-1505932267-project-member] Lock "4d62cc61-260c-4558-bd18-d314b83eeaf8" "released" by "nova.context.set_target_cell..get_or_set_cached_cell_and_set_connections" :: held 0.001s {{(pid=98785) inner /opt/stack/data/venv/lib/python3.12/site-packages/oslo_concurrency/lockutils.py:543}}
Jul 03 08:33:34.783953 np0000004394 nova-conductor[98785]: INFO dbcounter [None req-4c40068d-78fb-4829-b2e0-198a67c3ce58 tempest-ServerActionsTestOtherA-1505932267 tempest-ServerActionsTestOtherA-1505932267-project-member] Registered counter for database nova_cell1
Jul 03 08:33:34.839785 np0000004394 nova-conductor[98785]: DEBUG oslo_db.sqlalchemy.engines [None req-4c40068d-78fb-4829-b2e0-198a67c3ce58 tempest-ServerActionsTestOtherA-1505932267 tempest-ServerActionsTestOtherA-1505932267-project-member] MySQL server mode set to STRICT_TRANS_TABLES,STRICT_ALL_TABLES,NO_ZERO_IN_DATE,NO_ZERO_DATE,ERROR_FOR_DIVISION_BY_ZERO,TRADITIONAL,NO_ENGINE_SUBSTITUTION {{(pid=98785) _check_effective_sql_mode /opt/stack/data/venv/lib/python3.12/site-packages/oslo_db/sqlalchemy/engines.py:325}}
Jul 03 08:33:34.847486 np0000004394 nova-conductor[98785]: DEBUG dbcounter [-] [98785] Writer thread running {{(pid=98785) stat_writer /opt/stack/data/venv/lib/python3.12/site-packages/dbcounter.py:102}}
Jul 03 08:33:34.943766 np0000004394 nova-conductor[98785]: INFO nova.utils [None req-4c40068d-78fb-4829-b2e0-198a67c3ce58 tempest-ServerActionsTestOtherA-1505932267 tempest-ServerActionsTestOtherA-1505932267-project-member] The cell worker thread pool ForkProcess-3.cell_worker is initialized
Jul 03 08:33:34.944095 np0000004394 nova-conductor[98785]: DEBUG oslo_concurrency.lockutils [None req-4c40068d-78fb-4829-b2e0-198a67c3ce58 tempest-ServerActionsTestOtherA-1505932267 tempest-ServerActionsTestOtherA-1505932267-project-member] Acquiring lock "00000000-0000-0000-0000-000000000000" by "nova.context.set_target_cell..get_or_set_cached_cell_and_set_connections" {{(pid=98785) inner /opt/stack/data/venv/lib/python3.12/site-packages/oslo_concurrency/lockutils.py:511}}
Jul 03 08:33:34.944297 np0000004394 nova-conductor[98785]: DEBUG oslo_concurrency.lockutils [None req-4c40068d-78fb-4829-b2e0-198a67c3ce58 tempest-ServerActionsTestOtherA-1505932267 tempest-ServerActionsTestOtherA-1505932267-project-member] Lock "00000000-0000-0000-0000-000000000000" acquired by "nova.context.set_target_cell..get_or_set_cached_cell_and_set_connections" :: waited 0.000s {{(pid=98785) inner /opt/stack/data/venv/lib/python3.12/site-packages/oslo_concurrency/lockutils.py:524}}
Jul 03 08:33:34.944724 np0000004394 nova-conductor[98785]: DEBUG oslo_concurrency.lockutils [None req-4c40068d-78fb-4829-b2e0-198a67c3ce58 tempest-ServerActionsTestOtherA-1505932267 tempest-ServerActionsTestOtherA-1505932267-project-member] Lock "00000000-0000-0000-0000-000000000000" "released" by "nova.context.set_target_cell..get_or_set_cached_cell_and_set_connections" :: held 0.000s {{(pid=98785) inner /opt/stack/data/venv/lib/python3.12/site-packages/oslo_concurrency/lockutils.py:543}}
Jul 03 08:33:34.945301 np0000004394 nova-conductor[98785]: DEBUG oslo_concurrency.lockutils [None req-4c40068d-78fb-4829-b2e0-198a67c3ce58 tempest-ServerActionsTestOtherA-1505932267 tempest-ServerActionsTestOtherA-1505932267-project-member] Acquiring lock "4d62cc61-260c-4558-bd18-d314b83eeaf8" by "nova.context.set_target_cell..get_or_set_cached_cell_and_set_connections" {{(pid=98785) inner /opt/stack/data/venv/lib/python3.12/site-packages/oslo_concurrency/lockutils.py:511}}
Jul 03 08:33:34.946644 np0000004394 nova-conductor[98785]: INFO dbcounter [None req-4c40068d-78fb-4829-b2e0-198a67c3ce58 tempest-ServerActionsTestOtherA-1505932267 tempest-ServerActionsTestOtherA-1505932267-project-member] Registered counter for database nova_cell0
Jul 03 08:33:34.948029 np0000004394 nova-conductor[98785]: DEBUG oslo_concurrency.lockutils [None req-4c40068d-78fb-4829-b2e0-198a67c3ce58 tempest-ServerActionsTestOtherA-1505932267 tempest-ServerActionsTestOtherA-1505932267-project-member] Lock "4d62cc61-260c-4558-bd18-d314b83eeaf8" acquired by "nova.context.set_target_cell..get_or_set_cached_cell_and_set_connections" :: waited 0.001s {{(pid=98785) inner /opt/stack/data/venv/lib/python3.12/site-packages/oslo_concurrency/lockutils.py:524}}
Jul 03 08:33:34.948029 np0000004394 nova-conductor[98785]: DEBUG oslo_concurrency.lockutils [None req-4c40068d-78fb-4829-b2e0-198a67c3ce58 tempest-ServerActionsTestOtherA-1505932267 tempest-ServerActionsTestOtherA-1505932267-project-member] Lock "4d62cc61-260c-4558-bd18-d314b83eeaf8" "released" by "nova.context.set_target_cell..get_or_set_cached_cell_and_set_connections" :: held 0.002s {{(pid=98785) inner /opt/stack/data/venv/lib/python3.12/site-packages/oslo_concurrency/lockutils.py:543}}
Jul 03 08:33:35.008472 np0000004394 nova-conductor[98785]: DEBUG oslo_db.sqlalchemy.engines [None req-4c40068d-78fb-4829-b2e0-198a67c3ce58 tempest-ServerActionsTestOtherA-1505932267 tempest-ServerActionsTestOtherA-1505932267-project-member] MySQL server mode set to STRICT_TRANS_TABLES,STRICT_ALL_TABLES,NO_ZERO_IN_DATE,NO_ZERO_DATE,ERROR_FOR_DIVISION_BY_ZERO,TRADITIONAL,NO_ENGINE_SUBSTITUTION {{(pid=98785) _check_effective_sql_mode /opt/stack/data/venv/lib/python3.12/site-packages/oslo_db/sqlalchemy/engines.py:325}}
Jul 03 08:33:35.015370 np0000004394 nova-conductor[98785]: DEBUG dbcounter [-] [98785] Writer thread running {{(pid=98785) stat_writer /opt/stack/data/venv/lib/python3.12/site-packages/dbcounter.py:102}}
Jul 03 08:33:35.027092 np0000004394 nova-conductor[98785]: DEBUG nova.quota [None req-4c40068d-78fb-4829-b2e0-198a67c3ce58 tempest-ServerActionsTestOtherA-1505932267 tempest-ServerActionsTestOtherA-1505932267-project-member] Getting quotas for project 5f790d8e9fcc4d0582d8977055dd7802. Resources: {'cores', 'instances', 'ram'} {{(pid=98785) _get_quotas /opt/stack/nova/nova/quota.py:389}}
Jul 03 08:33:35.034100 np0000004394 nova-conductor[98785]: DEBUG nova.quota [None req-4c40068d-78fb-4829-b2e0-198a67c3ce58 tempest-ServerActionsTestOtherA-1505932267 tempest-ServerActionsTestOtherA-1505932267-project-member] Getting quotas for user c013d04fe66149b3ba1eee75c073df1a and project 5f790d8e9fcc4d0582d8977055dd7802. Resources: {'cores', 'instances', 'ram'} {{(pid=98785) _get_quotas /opt/stack/nova/nova/quota.py:379}}
Jul 03 08:33:35.043199 np0000004394 nova-conductor[98785]: DEBUG nova.conductor.manager [None req-4c40068d-78fb-4829-b2e0-198a67c3ce58 tempest-ServerActionsTestOtherA-1505932267 tempest-ServerActionsTestOtherA-1505932267-project-member] [instance: 459e8f70-f87c-4a22-b4d7-5106a4b1989c] Selected host: np0000004394; Selected node: np0000004394; Alternates: [] {{(pid=98785) schedule_and_build_instances /opt/stack/nova/nova/conductor/manager.py:1784}}
Jul 03 08:33:35.043794 np0000004394 nova-conductor[98785]: DEBUG oslo_concurrency.lockutils [None req-4c40068d-78fb-4829-b2e0-198a67c3ce58 tempest-ServerActionsTestOtherA-1505932267 tempest-ServerActionsTestOtherA-1505932267-project-member] Acquiring lock "4d62cc61-260c-4558-bd18-d314b83eeaf8" by "nova.context.set_target_cell..get_or_set_cached_cell_and_set_connections" {{(pid=98785) inner /opt/stack/data/venv/lib/python3.12/site-packages/oslo_concurrency/lockutils.py:511}}
Jul 03 08:33:35.044011 np0000004394 nova-conductor[98785]: DEBUG oslo_concurrency.lockutils [None req-4c40068d-78fb-4829-b2e0-198a67c3ce58 tempest-ServerActionsTestOtherA-1505932267 tempest-ServerActionsTestOtherA-1505932267-project-member] Lock "4d62cc61-260c-4558-bd18-d314b83eeaf8" acquired by "nova.context.set_target_cell..get_or_set_cached_cell_and_set_connections" :: waited 0.000s {{(pid=98785) inner /opt/stack/data/venv/lib/python3.12/site-packages/oslo_concurrency/lockutils.py:524}}
Jul 03 08:33:35.044345 np0000004394 nova-conductor[98785]: DEBUG oslo_concurrency.lockutils [None req-4c40068d-78fb-4829-b2e0-198a67c3ce58 tempest-ServerActionsTestOtherA-1505932267 tempest-ServerActionsTestOtherA-1505932267-project-member] Lock "4d62cc61-260c-4558-bd18-d314b83eeaf8" "released" by "nova.context.set_target_cell..get_or_set_cached_cell_and_set_connections" :: held 0.000s {{(pid=98785) inner /opt/stack/data/venv/lib/python3.12/site-packages/oslo_concurrency/lockutils.py:543}}
Jul 03 08:33:35.053439 np0000004394 nova-conductor[98785]: DEBUG nova.conductor.manager [None req-4c40068d-78fb-4829-b2e0-198a67c3ce58 tempest-ServerActionsTestOtherA-1505932267 tempest-ServerActionsTestOtherA-1505932267-project-member] [instance: 459e8f70-f87c-4a22-b4d7-5106a4b1989c] block_device_mapping [BlockDeviceMapping(attachment_id=,boot_index=0,connection_info=None,created_at=,delete_on_termination=True,deleted=,deleted_at=,destination_type='local',device_name=None,device_type='disk',disk_bus=None,encrypted=False,encryption_format=None,encryption_options=None,encryption_secret_uuid=None,guest_format=None,id=,image_id='dab002d1-d5f3-4ce1-b791-88cd4c02b89c',instance=,instance_uuid=,no_device=False,snapshot_id=None,source_type='image',tag=None,updated_at=,uuid=,volume_id=None,volume_size=None,volume_type=None)] {{(pid=98785) _create_block_device_mapping /opt/stack/nova/nova/conductor/manager.py:1529}}
Jul 03 08:33:35.054999 np0000004394 nova-conductor[98785]: DEBUG oslo_concurrency.lockutils [None req-4c40068d-78fb-4829-b2e0-198a67c3ce58 tempest-ServerActionsTestOtherA-1505932267 tempest-ServerActionsTestOtherA-1505932267-project-member] Acquiring lock "4d62cc61-260c-4558-bd18-d314b83eeaf8" by "nova.context.set_target_cell..get_or_set_cached_cell_and_set_connections" {{(pid=98785) inner /opt/stack/data/venv/lib/python3.12/site-packages/oslo_concurrency/lockutils.py:511}}
Jul 03 08:33:35.055464 np0000004394 nova-conductor[98785]: DEBUG oslo_concurrency.lockutils [None req-4c40068d-78fb-4829-b2e0-198a67c3ce58 tempest-ServerActionsTestOtherA-1505932267 tempest-ServerActionsTestOtherA-1505932267-project-member] Lock "4d62cc61-260c-4558-bd18-d314b83eeaf8" acquired by "nova.context.set_target_cell..get_or_set_cached_cell_and_set_connections" :: waited 0.000s {{(pid=98785) inner /opt/stack/data/venv/lib/python3.12/site-packages/oslo_concurrency/lockutils.py:524}}
Jul 03 08:33:35.055464 np0000004394 nova-conductor[98785]: DEBUG oslo_concurrency.lockutils [None req-4c40068d-78fb-4829-b2e0-198a67c3ce58 tempest-ServerActionsTestOtherA-1505932267 tempest-ServerActionsTestOtherA-1505932267-project-member] Lock "4d62cc61-260c-4558-bd18-d314b83eeaf8" "released" by "nova.context.set_target_cell..get_or_set_cached_cell_and_set_connections" :: held 0.000s {{(pid=98785) inner /opt/stack/data/venv/lib/python3.12/site-packages/oslo_concurrency/lockutils.py:543}}
Jul 03 08:33:35.101241 np0000004394 nova-conductor[98785]: DEBUG oslo_concurrency.lockutils [None req-4c40068d-78fb-4829-b2e0-198a67c3ce58 tempest-ServerActionsTestOtherA-1505932267 tempest-ServerActionsTestOtherA-1505932267-project-member] Acquiring lock "4d62cc61-260c-4558-bd18-d314b83eeaf8" by "nova.context.set_target_cell..get_or_set_cached_cell_and_set_connections" {{(pid=98785) inner /opt/stack/data/venv/lib/python3.12/site-packages/oslo_concurrency/lockutils.py:511}}
Jul 03 08:33:35.101370 np0000004394 nova-conductor[98785]: DEBUG oslo_concurrency.lockutils [None req-4c40068d-78fb-4829-b2e0-198a67c3ce58 tempest-ServerActionsTestOtherA-1505932267 tempest-ServerActionsTestOtherA-1505932267-project-member] Lock "4d62cc61-260c-4558-bd18-d314b83eeaf8" acquired by "nova.context.set_target_cell..get_or_set_cached_cell_and_set_connections" :: waited 0.000s {{(pid=98785) inner /opt/stack/data/venv/lib/python3.12/site-packages/oslo_concurrency/lockutils.py:524}}
Jul 03 08:33:35.101484 np0000004394 nova-conductor[98785]: DEBUG oslo_concurrency.lockutils [None req-4c40068d-78fb-4829-b2e0-198a67c3ce58 tempest-ServerActionsTestOtherA-1505932267 tempest-ServerActionsTestOtherA-1505932267-project-member] Lock "4d62cc61-260c-4558-bd18-d314b83eeaf8" "released" by "nova.context.set_target_cell..get_or_set_cached_cell_and_set_connections" :: held 0.000s {{(pid=98785) inner /opt/stack/data/venv/lib/python3.12/site-packages/oslo_concurrency/lockutils.py:543}}
Jul 03 08:33:35.101659 np0000004394 nova-conductor[98785]: DEBUG oslo_concurrency.lockutils [None req-4c40068d-78fb-4829-b2e0-198a67c3ce58 tempest-ServerActionsTestOtherA-1505932267 tempest-ServerActionsTestOtherA-1505932267-project-member] Acquiring lock "compute-rpcapi-router" {{(pid=98785) lock /opt/stack/data/venv/lib/python3.12/site-packages/oslo_concurrency/lockutils.py:395}}
Jul 03 08:33:35.101750 np0000004394 nova-conductor[98785]: DEBUG oslo_concurrency.lockutils [None req-4c40068d-78fb-4829-b2e0-198a67c3ce58 tempest-ServerActionsTestOtherA-1505932267 tempest-ServerActionsTestOtherA-1505932267-project-member] Acquired lock "compute-rpcapi-router" {{(pid=98785) lock /opt/stack/data/venv/lib/python3.12/site-packages/oslo_concurrency/lockutils.py:398}}
