Aug 08 06:25:52.114870 np0000006785 devstack@g-api.service[103066]: DEBUG glance.api.middleware.version_negotiation [None req-dcdab927-009c-4359-b578-c42f58d471c9 tempest-VolumesExtendTest-1448774633 tempest-VolumesExtendTest-1448774633-project-member] Matched version: v2 {{(pid=103066) process_request /opt/stack/glance/glance/api/middleware/version_negotiation.py:69}}
Aug 08 06:25:52.114961 np0000006785 devstack@g-api.service[103066]: DEBUG glance.api.middleware.version_negotiation [None req-dcdab927-009c-4359-b578-c42f58d471c9 tempest-VolumesExtendTest-1448774633 tempest-VolumesExtendTest-1448774633-project-member] new path /v2/images/1f50cec5-f45c-4166-a874-ce5c96c1abb1 {{(pid=103066) process_request /opt/stack/glance/glance/api/middleware/version_negotiation.py:70}}
Aug 08 06:25:52.129557 np0000006785 devstack@g-api.service[103066]: [pid: 103066|app: 0|req: 89/352] 127.0.0.1 () {40 vars in 834 bytes} [Sat Aug 8 06:25:52 2026] GET /v2/images/1f50cec5-f45c-4166-a874-ce5c96c1abb1 => generated 650 bytes in 15 msecs (HTTP/1.1 200) 4 headers in 157 bytes (1 switches on core 0)
Aug 08 06:25:52.317429 np0000006785 devstack@g-api.service[103064]: DEBUG glance.api.middleware.version_negotiation [None req-dcdab927-009c-4359-b578-c42f58d471c9 tempest-VolumesExtendTest-1448774633 tempest-VolumesExtendTest-1448774633-project-member] Determining version of request: GET /versions Accept: */* {{(pid=103064) process_request /opt/stack/glance/glance/api/middleware/version_negotiation.py:44}}
Aug 08 06:25:52.318417 np0000006785 devstack@g-api.service[103064]: [pid: 103064|app: 0|req: 90/353] 127.0.0.1 () {44 vars in 1035 bytes} [Sat Aug 8 06:25:52 2026] GET /versions => generated 1501 bytes in 1 msecs (HTTP/1.1 200) 3 headers in 92 bytes (1 switches on core 0)
Aug 08 06:25:52.333068 np0000006785 devstack@g-api.service[103067]: DEBUG glance.api.middleware.version_negotiation [None req-dcdab927-009c-4359-b578-c42f58d471c9 tempest-VolumesExtendTest-1448774633 tempest-VolumesExtendTest-1448774633-project-member] Determining version of request: GET /v2/images/36b63f83-d161-4e68-82f2-115f93569993/locations Accept: */* {{(pid=103067) process_request /opt/stack/glance/glance/api/middleware/version_negotiation.py:44}}
Aug 08 06:25:52.333474 np0000006785 devstack@g-api.service[103067]: DEBUG glance.api.middleware.version_negotiation [None req-dcdab927-009c-4359-b578-c42f58d471c9 tempest-VolumesExtendTest-1448774633 tempest-VolumesExtendTest-1448774633-project-member] Using url versioning {{(pid=103067) process_request /opt/stack/glance/glance/api/middleware/version_negotiation.py:57}}
Aug 08 06:25:52.333474 np0000006785 devstack@g-api.service[103067]: DEBUG glance.api.middleware.version_negotiation [None req-dcdab927-009c-4359-b578-c42f58d471c9 tempest-VolumesExtendTest-1448774633 tempest-VolumesExtendTest-1448774633-project-member] Matched version: v2 {{(pid=103067) process_request /opt/stack/glance/glance/api/middleware/version_negotiation.py:69}}
Aug 08 06:25:52.333590 np0000006785 devstack@g-api.service[103067]: DEBUG glance.api.middleware.version_negotiation [None req-dcdab927-009c-4359-b578-c42f58d471c9 tempest-VolumesExtendTest-1448774633 tempest-VolumesExtendTest-1448774633-project-member] new path /v2/images/36b63f83-d161-4e68-82f2-115f93569993/locations {{(pid=103067) process_request /opt/stack/glance/glance/api/middleware/version_negotiation.py:70}}
Aug 08 06:25:52.419223 np0000006785 devstack@g-api.service[103067]: [pid: 103067|app: 0|req: 88/354] 127.0.0.1 () {44 vars in 1131 bytes} [Sat Aug 8 06:25:52 2026] GET /v2/images/36b63f83-d161-4e68-82f2-115f93569993/locations => generated 92 bytes in 86 msecs (HTTP/1.1 200) 4 headers in 156 bytes (1 switches on core 0)
Aug 08 06:25:52.428022 np0000006785 devstack@g-api.service[103065]: DEBUG glance.api.middleware.version_negotiation [None req-dcdab927-009c-4359-b578-c42f58d471c9 tempest-VolumesExtendTest-1448774633 tempest-VolumesExtendTest-1448774633-project-member] Determining version of request: GET /v2/images/36b63f83-d161-4e68-82f2-115f93569993 Accept: */* {{(pid=103065) process_request /opt/stack/glance/glance/api/middleware/version_negotiation.py:44}}
Aug 08 06:25:52.428190 np0000006785 devstack@g-api.service[103065]: DEBUG glance.api.middleware.version_negotiation [None req-dcdab927-009c-4359-b578-c42f58d471c9 tempest-VolumesExtendTest-1448774633 tempest-VolumesExtendTest-1448774633-project-member] Using url versioning {{(pid=103065) process_request /opt/stack/glance/glance/api/middleware/version_negotiation.py:57}}
Aug 08 06:25:52.428359 np0000006785 devstack@g-api.service[103065]: DEBUG glance.api.middleware.version_negotiation [None req-dcdab927-009c-4359-b578-c42f58d471c9 tempest-VolumesExtendTest-1448774633 tempest-VolumesExtendTest-1448774633-project-member] Matched version: v2 {{(pid=103065) process_request /opt/stack/glance/glance/api/middleware/version_negotiation.py:69}}
Aug 08 06:25:52.428478 np0000006785 devstack@g-api.service[103065]: DEBUG glance.api.middleware.version_negotiation [None req-dcdab927-009c-4359-b578-c42f58d471c9 tempest-VolumesExtendTest-1448774633 tempest-VolumesExtendTest-1448774633-project-member] new path /v2/images/36b63f83-d161-4e68-82f2-115f93569993 {{(pid=103065) process_request /opt/stack/glance/glance/api/middleware/version_negotiation.py:70}}
Aug 08 06:25:52.437108 np0000006785 devstack@g-api.service[103065]: [pid: 103065|app: 0|req: 88/355] 127.0.0.1 () {44 vars in 1111 bytes} [Sat Aug 8 06:25:52 2026] GET /v2/images/36b63f83-d161-4e68-82f2-115f93569993 => generated 1044 bytes in 9 msecs (HTTP/1.1 200) 4 headers in 158 bytes (1 switches on core 0)
Aug 08 06:25:52.445297 np0000006785 devstack@g-api.service[103066]: DEBUG glance.api.middleware.version_negotiation [None req-13fe6117-0d7e-4603-99bc-e6f2565b1a2a tempest-VolumesActionsTest-1905236435 tempest-VolumesActionsTest-1905236435-project-member] Determining version of request: GET /v2/schemas/image Accept: */* {{(pid=103066) process_request /opt/stack/glance/glance/api/middleware/version_negotiation.py:44}}
Aug 08 06:25:52.445435 np0000006785 devstack@g-api.service[103066]: DEBUG glance.api.middleware.version_negotiation [None req-13fe6117-0d7e-4603-99bc-e6f2565b1a2a tempest-VolumesActionsTest-1905236435 tempest-VolumesActionsTest-1905236435-project-member] Using url versioning {{(pid=103066) process_request /opt/stack/glance/glance/api/middleware/version_negotiation.py:57}}
Aug 08 06:25:52.445617 np0000006785 devstack@g-api.service[103066]: DEBUG glance.api.middleware.version_negotiation [None req-13fe6117-0d7e-4603-99bc-e6f2565b1a2a tempest-VolumesActionsTest-1905236435 tempest-VolumesActionsTest-1905236435-project-member] Matched version: v2 {{(pid=103066) process_request /opt/stack/glance/glance/api/middleware/version_negotiation.py:69}}
Aug 08 06:25:52.445717 np0000006785 devstack@g-api.service[103066]: DEBUG glance.api.middleware.version_negotiation [None req-13fe6117-0d7e-4603-99bc-e6f2565b1a2a tempest-VolumesActionsTest-1905236435 tempest-VolumesActionsTest-1905236435-project-member] new path /v2/schemas/image {{(pid=103066) process_request /opt/stack/glance/glance/api/middleware/version_negotiation.py:70}}
Aug 08 06:25:52.447947 np0000006785 devstack@g-api.service[103066]: [pid: 103066|app: 0|req: 90/356] 127.0.0.1 () {44 vars in 1051 bytes} [Sat Aug 8 06:25:52 2026] GET /v2/schemas/image => generated 6083 bytes in 3 msecs (HTTP/1.1 200) 4 headers in 158 bytes (1 switches on core 0)
Aug 08 06:25:52.458260 np0000006785 devstack@g-api.service[103064]: DEBUG glance.api.middleware.version_negotiation [None req-dcdab927-009c-4359-b578-c42f58d471c9 tempest-VolumesExtendTest-1448774633 tempest-VolumesExtendTest-1448774633-project-member] Determining version of request: GET /v2/schemas/image Accept: */* {{(pid=103064) process_request /opt/stack/glance/glance/api/middleware/version_negotiation.py:44}}
Aug 08 06:25:52.458437 np0000006785 devstack@g-api.service[103064]: DEBUG glance.api.middleware.version_negotiation [None req-dcdab927-009c-4359-b578-c42f58d471c9 tempest-VolumesExtendTest-1448774633 tempest-VolumesExtendTest-1448774633-project-member] Using url versioning {{(pid=103064) process_request /opt/stack/glance/glance/api/middleware/version_negotiation.py:57}}
Aug 08 06:25:52.458623 np0000006785 devstack@g-api.service[103064]: DEBUG glance.api.middleware.version_negotiation [None req-dcdab927-009c-4359-b578-c42f58d471c9 tempest-VolumesExtendTest-1448774633 tempest-VolumesExtendTest-1448774633-project-member] Matched version: v2 {{(pid=103064) process_request /opt/stack/glance/glance/api/middleware/version_negotiation.py:69}}
Aug 08 06:25:52.458803 np0000006785 devstack@g-api.service[103064]: DEBUG glance.api.middleware.version_negotiation [None req-dcdab927-009c-4359-b578-c42f58d471c9 tempest-VolumesExtendTest-1448774633 tempest-VolumesExtendTest-1448774633-project-member] new path /v2/schemas/image {{(pid=103064) process_request /opt/stack/glance/glance/api/middleware/version_negotiation.py:70}}
Aug 08 06:25:52.461785 np0000006785 devstack@g-api.service[103064]: [pid: 103064|app: 0|req: 91/357] 127.0.0.1 () {44 vars in 1051 bytes} [Sat Aug 8 06:25:52 2026] GET /v2/schemas/image => generated 6083 bytes in 4 msecs (HTTP/1.1 200) 4 headers in 158 bytes (1 switches on core 0)
Aug 08 06:25:53.139361 np0000006785 devstack@g-api.service[103067]: DEBUG glance.api.middleware.version_negotiation [None req-dcdab927-009c-4359-b578-c42f58d471c9 service glance] Determining version of request: GET /v2/images/1f50cec5-f45c-4166-a874-ce5c96c1abb1 Accept: application/json {{(pid=103067) process_request /opt/stack/glance/glance/api/middleware/version_negotiation.py:44}}
Aug 08 06:25:53.139479 np0000006785 devstack@g-api.service[103067]: DEBUG glance.api.middleware.version_negotiation [None req-dcdab927-009c-4359-b578-c42f58d471c9 service glance] Using url versioning {{(pid=103067) process_request /opt/stack/glance/glance/api/middleware/version_negotiation.py:57}}
Aug 08 06:25:53.139671 np0000006785 devstack@g-api.service[103067]: DEBUG glance.api.middleware.version_negotiation [None req-dcdab927-009c-4359-b578-c42f58d471c9 service glance] Matched version: v2 {{(pid=103067) process_request /opt/stack/glance/glance/api/middleware/version_negotiation.py:69}}
Aug 08 06:25:53.139738 np0000006785 devstack@g-api.service[103067]: DEBUG glance.api.middleware.version_negotiation [None req-dcdab927-009c-4359-b578-c42f58d471c9 service glance] new path /v2/images/1f50cec5-f45c-4166-a874-ce5c96c1abb1 {{(pid=103067) process_request /opt/stack/glance/glance/api/middleware/version_negotiation.py:70}}
Aug 08 06:25:53.156665 np0000006785 devstack@g-api.service[103067]: [pid: 103067|app: 0|req: 89/358] 127.0.0.1 () {40 vars in 834 bytes} [Sat Aug 8 06:25:53 2026] GET /v2/images/1f50cec5-f45c-4166-a874-ce5c96c1abb1 => generated 650 bytes in 17 msecs (HTTP/1.1 200) 4 headers in 157 bytes (1 switches on core 0)
Aug 08 06:25:53.405418 np0000006785 devstack@g-api.service[103065]: DEBUG glance.api.middleware.version_negotiation [None req-dcdab927-009c-4359-b578-c42f58d471c9 tempest-VolumesExtendTest-1448774633 tempest-VolumesExtendTest-1448774633-project-member] Determining version of request: PUT /v2/images/1f50cec5-f45c-4166-a874-ce5c96c1abb1/file Accept: */* {{(pid=103065) process_request /opt/stack/glance/glance/api/middleware/version_negotiation.py:44}}
Aug 08 06:25:53.405418 np0000006785 devstack@g-api.service[103065]: DEBUG glance.api.middleware.version_negotiation [None req-dcdab927-009c-4359-b578-c42f58d471c9 tempest-VolumesExtendTest-1448774633 tempest-VolumesExtendTest-1448774633-project-member] Using url versioning {{(pid=103065) process_request /opt/stack/glance/glance/api/middleware/version_negotiation.py:57}}
Aug 08 06:25:53.405418 np0000006785 devstack@g-api.service[103065]: DEBUG glance.api.middleware.version_negotiation [None req-dcdab927-009c-4359-b578-c42f58d471c9 tempest-VolumesExtendTest-1448774633 tempest-VolumesExtendTest-1448774633-project-member] Matched version: v2 {{(pid=103065) process_request /opt/stack/glance/glance/api/middleware/version_negotiation.py:69}}
Aug 08 06:25:53.405990 np0000006785 devstack@g-api.service[103065]: DEBUG glance.api.middleware.version_negotiation [None req-dcdab927-009c-4359-b578-c42f58d471c9 tempest-VolumesExtendTest-1448774633 tempest-VolumesExtendTest-1448774633-project-member] new path /v2/images/1f50cec5-f45c-4166-a874-ce5c96c1abb1/file {{(pid=103065) process_request /opt/stack/glance/glance/api/middleware/version_negotiation.py:70}}
Aug 08 06:25:54.039911 np0000006785 devstack@g-api.service[103065]: INFO glance.api.v2.image_data [None req-1656dba6-8ed6-42a6-9311-32e51d251bee tempest-VolumesActionsTest-1905236435 tempest-VolumesActionsTest-1905236435-project-member] Unable to create trust: no such option collect_timing in group [keystone_authtoken] Use the existing user token.
Aug 08 06:25:54.164675 np0000006785 devstack@g-api.service[103066]: DEBUG glance.api.middleware.version_negotiation [None req-dcdab927-009c-4359-b578-c42f58d471c9 tempest-VolumesExtendTest-1448774633 tempest-VolumesExtendTest-1448774633-project-member] Determining version of request: GET /v2/images/1f50cec5-f45c-4166-a874-ce5c96c1abb1 Accept: application/json {{(pid=103066) process_request /opt/stack/glance/glance/api/middleware/version_negotiation.py:44}}
Aug 08 06:25:54.165010 np0000006785 devstack@g-api.service[103066]: DEBUG glance.api.middleware.version_negotiation [None req-dcdab927-009c-4359-b578-c42f58d471c9 tempest-VolumesExtendTest-1448774633 tempest-VolumesExtendTest-1448774633-project-member] Using url versioning {{(pid=103066) process_request /opt/stack/glance/glance/api/middleware/version_negotiation.py:57}}
Aug 08 06:25:54.165109 np0000006785 devstack@g-api.service[103066]: DEBUG glance.api.middleware.version_negotiation [None req-dcdab927-009c-4359-b578-c42f58d471c9 tempest-VolumesExtendTest-1448774633 tempest-VolumesExtendTest-1448774633-project-member] Matched version: v2 {{(pid=103066) process_request /opt/stack/glance/glance/api/middleware/version_negotiation.py:69}}
Aug 08 06:25:54.165246 np0000006785 devstack@g-api.service[103066]: DEBUG glance.api.middleware.version_negotiation [None req-dcdab927-009c-4359-b578-c42f58d471c9 tempest-VolumesExtendTest-1448774633 tempest-VolumesExtendTest-1448774633-project-member] new path /v2/images/1f50cec5-f45c-4166-a874-ce5c96c1abb1 {{(pid=103066) process_request /opt/stack/glance/glance/api/middleware/version_negotiation.py:70}}
Aug 08 06:25:54.176303 np0000006785 devstack@g-api.service[103066]: [pid: 103066|app: 0|req: 91/359] 127.0.0.1 () {40 vars in 834 bytes} [Sat Aug 8 06:25:54 2026] GET /v2/images/1f50cec5-f45c-4166-a874-ce5c96c1abb1 => generated 650 bytes in 12 msecs (HTTP/1.1 200) 4 headers in 157 bytes (1 switches on core 0)
Aug 08 06:25:54.591897 np0000006785 devstack@g-api.service[103065]: DEBUG glance.location [None req-1656dba6-8ed6-42a6-9311-32e51d251bee tempest-VolumesActionsTest-1905236435 tempest-VolumesActionsTest-1905236435-project-member] Enabling in-flight format inspection for raw {{(pid=103065) set_data /opt/stack/glance/glance/location.py:596}}
Aug 08 06:25:54.591897 np0000006785 devstack@g-api.service[103065]: DEBUG glance_store.backend [None req-1656dba6-8ed6-42a6-9311-32e51d251bee tempest-VolumesActionsTest-1905236435 tempest-VolumesActionsTest-1905236435-project-member] Attempting to import store swift {{(pid=103065) _load_store /opt/stack/data/venv/lib/python3.12/site-packages/glance_store/backend.py:215}}
Aug 08 06:25:54.594697 np0000006785 devstack@g-api.service[103065]: DEBUG glance_store.capabilities [None req-1656dba6-8ed6-42a6-9311-32e51d251bee tempest-VolumesActionsTest-1905236435 tempest-VolumesActionsTest-1905236435-project-member] Store glance_store._drivers.swift.store.SingleTenantStore doesn't support updating dynamic storage capabilities. Please overwrite 'update_capabilities' method of the store to implement updating logics if needed. {{(pid=103065) update_capabilities /opt/stack/data/venv/lib/python3.12/site-packages/glance_store/capabilities.py:91}}
Aug 08 06:25:54.597710 np0000006785 devstack@g-api.service[103065]: DEBUG glance_store.driver [None req-1656dba6-8ed6-42a6-9311-32e51d251bee tempest-VolumesActionsTest-1905236435 tempest-VolumesActionsTest-1905236435-project-member] Late loading location class glance_store._drivers.swift.store.StoreLocation {{(pid=103065) get_store_location_class /opt/stack/data/venv/lib/python3.12/site-packages/glance_store/driver.py:134}}
Aug 08 06:25:54.597710 np0000006785 devstack@g-api.service[103065]: DEBUG glance_store.location [None req-1656dba6-8ed6-42a6-9311-32e51d251bee tempest-VolumesActionsTest-1905236435 tempest-VolumesActionsTest-1905236435-project-member] Registering scheme swift+https with {'store': , 'location_class': , 'store_entry': 'swift'} {{(pid=103065) register_scheme_map /opt/stack/data/venv/lib/python3.12/site-packages/glance_store/location.py:146}}
Aug 08 06:25:54.597710 np0000006785 devstack@g-api.service[103065]: DEBUG glance_store.location [None req-1656dba6-8ed6-42a6-9311-32e51d251bee tempest-VolumesActionsTest-1905236435 tempest-VolumesActionsTest-1905236435-project-member] Registering scheme swift+https with {'store': , 'location_class': , 'store_entry': 'swift'} {{(pid=103065) register_scheme_map /opt/stack/data/venv/lib/python3.12/site-packages/glance_store/location.py:146}}
Aug 08 06:25:54.597710 np0000006785 devstack@g-api.service[103065]: DEBUG glance_store.location [None req-1656dba6-8ed6-42a6-9311-32e51d251bee tempest-VolumesActionsTest-1905236435 tempest-VolumesActionsTest-1905236435-project-member] Registering scheme swift with {'store': , 'location_class': , 'store_entry': 'swift'} {{(pid=103065) register_scheme_map /opt/stack/data/venv/lib/python3.12/site-packages/glance_store/location.py:146}}
Aug 08 06:25:54.597710 np0000006785 devstack@g-api.service[103065]: DEBUG glance_store.location [None req-1656dba6-8ed6-42a6-9311-32e51d251bee tempest-VolumesActionsTest-1905236435 tempest-VolumesActionsTest-1905236435-project-member] Registering scheme swift+https with {'store': , 'location_class': , 'store_entry': 'swift'} {{(pid=103065) register_scheme_map /opt/stack/data/venv/lib/python3.12/site-packages/glance_store/location.py:146}}
Aug 08 06:25:54.597710 np0000006785 devstack@g-api.service[103065]: DEBUG glance_store.location [None req-1656dba6-8ed6-42a6-9311-32e51d251bee tempest-VolumesActionsTest-1905236435 tempest-VolumesActionsTest-1905236435-project-member] Registering scheme swift with {'store': , 'location_class': , 'store_entry': 'swift'} {{(pid=103065) register_scheme_map /opt/stack/data/venv/lib/python3.12/site-packages/glance_store/location.py:146}}
Aug 08 06:25:54.597710 np0000006785 devstack@g-api.service[103065]: DEBUG glance_store.location [None req-1656dba6-8ed6-42a6-9311-32e51d251bee tempest-VolumesActionsTest-1905236435 tempest-VolumesActionsTest-1905236435-project-member] Registering scheme swift+http with {'store': , 'location_class': , 'store_entry': 'swift'} {{(pid=103065) register_scheme_map /opt/stack/data/venv/lib/python3.12/site-packages/glance_store/location.py:146}}
Aug 08 06:25:54.597710 np0000006785 devstack@g-api.service[103065]: DEBUG glance_store.location [None req-1656dba6-8ed6-42a6-9311-32e51d251bee tempest-VolumesActionsTest-1905236435 tempest-VolumesActionsTest-1905236435-project-member] Registering scheme swift+https with {'store': , 'location_class': , 'store_entry': 'swift'} {{(pid=103065) register_scheme_map /opt/stack/data/venv/lib/python3.12/site-packages/glance_store/location.py:146}}
Aug 08 06:25:54.597710 np0000006785 devstack@g-api.service[103065]: DEBUG glance_store.location [None req-1656dba6-8ed6-42a6-9311-32e51d251bee tempest-VolumesActionsTest-1905236435 tempest-VolumesActionsTest-1905236435-project-member] Registering scheme swift with {'store': , 'location_class': , 'store_entry': 'swift'} {{(pid=103065) register_scheme_map /opt/stack/data/venv/lib/python3.12/site-packages/glance_store/location.py:146}}
Aug 08 06:25:54.597710 np0000006785 devstack@g-api.service[103065]: DEBUG glance_store.location [None req-1656dba6-8ed6-42a6-9311-32e51d251bee tempest-VolumesActionsTest-1905236435 tempest-VolumesActionsTest-1905236435-project-member] Registering scheme swift+http with {'store': , 'location_class': , 'store_entry': 'swift'} {{(pid=103065) register_scheme_map /opt/stack/data/venv/lib/python3.12/site-packages/glance_store/location.py:146}}
Aug 08 06:25:54.597710 np0000006785 devstack@g-api.service[103065]: DEBUG glance_store.location [None req-1656dba6-8ed6-42a6-9311-32e51d251bee tempest-VolumesActionsTest-1905236435 tempest-VolumesActionsTest-1905236435-project-member] Registering scheme swift+config with {'store': , 'location_class': , 'store_entry': 'swift'} {{(pid=103065) register_scheme_map /opt/stack/data/venv/lib/python3.12/site-packages/glance_store/location.py:146}}
Aug 08 06:25:54.898673 np0000006785 devstack@g-api.service[103065]: DEBUG swiftclient [None req-1656dba6-8ed6-42a6-9311-32e51d251bee tempest-VolumesActionsTest-1905236435 tempest-VolumesActionsTest-1905236435-project-member] REQ: curl -i https://10.4.3.32:8080/v1/AUTH_18cc8672305142dd9a535268b627935f/glance -I -H "X-Auth-Token: gAAAAABqdsvyUPGx..." {{(pid=103065) http_log /opt/stack/data/venv/lib/python3.12/site-packages/swiftclient/client.py:160}}
Aug 08 06:25:54.898979 np0000006785 devstack@g-api.service[103065]: DEBUG swiftclient [None req-1656dba6-8ed6-42a6-9311-32e51d251bee tempest-VolumesActionsTest-1905236435 tempest-VolumesActionsTest-1905236435-project-member] RESP STATUS: 204 No Content {{(pid=103065) http_log /opt/stack/data/venv/lib/python3.12/site-packages/swiftclient/client.py:161}}
Aug 08 06:25:54.899334 np0000006785 devstack@g-api.service[103065]: DEBUG swiftclient [None req-1656dba6-8ed6-42a6-9311-32e51d251bee tempest-VolumesActionsTest-1905236435 tempest-VolumesActionsTest-1905236435-project-member] RESP HEADERS: {'Date': 'Sat, 08 Aug 2026 06:25:54 GMT', 'Server': 'Apache/2.4.58 (Ubuntu)', 'Content-Type': 'text/plain; charset=utf-8', 'X-Container-Object-Count': '5', 'X-Container-Bytes-Used': '118292480', 'X-Timestamp': '1786169894.11071', 'Last-Modified': 'Sat, 08 Aug 2026 06:18:15 GMT', 'Accept-Ranges': 'bytes', 'X-Storage-Policy': 'Policy-0', 'X-Container-Sharding': 'False', 'Vary': 'Accept', 'X-Trans-Id': 'tx695196e799114b369aa76-006a76cbf2', 'X-Openstack-Request-Id': 'tx695196e799114b369aa76-006a76cbf2', 'Connection': 'close'} {{(pid=103065) http_log /opt/stack/data/venv/lib/python3.12/site-packages/swiftclient/client.py:162}}
Aug 08 06:25:54.899716 np0000006785 devstack@g-api.service[103065]: DEBUG glance_store._drivers.swift.store [None req-1656dba6-8ed6-42a6-9311-32e51d251bee tempest-VolumesActionsTest-1905236435 tempest-VolumesActionsTest-1905236435-project-member] Adding image object '1f50cec5-f45c-4166-a874-ce5c96c1abb1' to Swift {{(pid=103065) add /opt/stack/data/venv/lib/python3.12/site-packages/glance_store/_drivers/swift/store.py:970}}
Aug 08 06:25:54.899953 np0000006785 devstack@g-api.service[103065]: DEBUG glance_store._drivers.swift.store [None req-1656dba6-8ed6-42a6-9311-32e51d251bee tempest-VolumesActionsTest-1905236435 tempest-VolumesActionsTest-1905236435-project-member] Cannot determine image size because it is either not provided in the request or chunked-transfer encoding is used. Adding image as a segmented object to Swift. {{(pid=103065) add /opt/stack/data/venv/lib/python3.12/site-packages/glance_store/_drivers/swift/store.py:994}}
Aug 08 06:25:54.907828 np0000006785 devstack@g-api.service[103065]: DEBUG oslo_utils.imageutils.format_inspector [None req-1656dba6-8ed6-42a6-9311-32e51d251bee tempest-VolumesActionsTest-1905236435 tempest-VolumesActionsTest-1905236435-project-member] Format inspector for vmdk does not match, excluding from consideration (Signature KDMV not found: b'\x00\x00\x00\x00') {{(pid=103065) _process_chunk /opt/stack/data/venv/lib/python3.12/site-packages/oslo_utils/imageutils/format_inspector.py:1758}}
Aug 08 06:25:54.910570 np0000006785 devstack@g-api.service[103065]: DEBUG oslo_utils.imageutils.format_inspector [None req-1656dba6-8ed6-42a6-9311-32e51d251bee tempest-VolumesActionsTest-1905236435 tempest-VolumesActionsTest-1905236435-project-member] Format inspector for vhdx does not match, excluding from consideration (Region signature not found at 30000) {{(pid=103065) _process_chunk /opt/stack/data/venv/lib/python3.12/site-packages/oslo_utils/imageutils/format_inspector.py:1758}}
Aug 08 06:25:55.188149 np0000006785 devstack@g-api.service[103064]: DEBUG glance.api.middleware.version_negotiation [None req-dcdab927-009c-4359-b578-c42f58d471c9 tempest-VolumesExtendTest-1448774633 tempest-VolumesExtendTest-1448774633-project-member] Determining version of request: GET /v2/images/1f50cec5-f45c-4166-a874-ce5c96c1abb1 Accept: application/json {{(pid=103064) process_request /opt/stack/glance/glance/api/middleware/version_negotiation.py:44}}
Aug 08 06:25:55.188149 np0000006785 devstack@g-api.service[103064]: DEBUG glance.api.middleware.version_negotiation [None req-dcdab927-009c-4359-b578-c42f58d471c9 tempest-VolumesExtendTest-1448774633 tempest-VolumesExtendTest-1448774633-project-member] Using url versioning {{(pid=103064) process_request /opt/stack/glance/glance/api/middleware/version_negotiation.py:57}}
Aug 08 06:25:55.188149 np0000006785 devstack@g-api.service[103064]: DEBUG glance.api.middleware.version_negotiation [None req-dcdab927-009c-4359-b578-c42f58d471c9 tempest-VolumesExtendTest-1448774633 tempest-VolumesExtendTest-1448774633-project-member] Matched version: v2 {{(pid=103064) process_request /opt/stack/glance/glance/api/middleware/version_negotiation.py:69}}
Aug 08 06:25:55.188678 np0000006785 devstack@g-api.service[103064]: DEBUG glance.api.middleware.version_negotiation [None req-dcdab927-009c-4359-b578-c42f58d471c9 tempest-VolumesExtendTest-1448774633 tempest-VolumesExtendTest-1448774633-project-member] new path /v2/images/1f50cec5-f45c-4166-a874-ce5c96c1abb1 {{(pid=103064) process_request /opt/stack/glance/glance/api/middleware/version_negotiation.py:70}}
Aug 08 06:25:55.198277 np0000006785 devstack@g-api.service[103064]: [pid: 103064|app: 0|req: 92/360] 127.0.0.1 () {40 vars in 834 bytes} [Sat Aug 8 06:25:55 2026] GET /v2/images/1f50cec5-f45c-4166-a874-ce5c96c1abb1 => generated 650 bytes in 10 msecs (HTTP/1.1 200) 4 headers in 157 bytes (1 switches on core 0)
Aug 08 06:25:56.209229 np0000006785 devstack@g-api.service[103067]: DEBUG glance.api.middleware.version_negotiation [None req-b7611284-7ab2-4dc7-8d9a-67e2dfaa43ed tempest-VolumesActionsTest-1905236435 tempest-VolumesActionsTest-1905236435-project-member] Determining version of request: GET /v2/images/1f50cec5-f45c-4166-a874-ce5c96c1abb1 Accept: application/json {{(pid=103067) process_request /opt/stack/glance/glance/api/middleware/version_negotiation.py:44}}
Aug 08 06:25:56.209707 np0000006785 devstack@g-api.service[103067]: DEBUG glance.api.middleware.version_negotiation [None req-b7611284-7ab2-4dc7-8d9a-67e2dfaa43ed tempest-VolumesActionsTest-1905236435 tempest-VolumesActionsTest-1905236435-project-member] Using url versioning {{(pid=103067) process_request /opt/stack/glance/glance/api/middleware/version_negotiation.py:57}}
Aug 08 06:25:56.209707 np0000006785 devstack@g-api.service[103067]: DEBUG glance.api.middleware.version_negotiation [None req-b7611284-7ab2-4dc7-8d9a-67e2dfaa43ed tempest-VolumesActionsTest-1905236435 tempest-VolumesActionsTest-1905236435-project-member] Matched version: v2 {{(pid=103067) process_request /opt/stack/glance/glance/api/middleware/version_negotiation.py:69}}
Aug 08 06:25:56.209707 np0000006785 devstack@g-api.service[103067]: DEBUG glance.api.middleware.version_negotiation [None req-b7611284-7ab2-4dc7-8d9a-67e2dfaa43ed tempest-VolumesActionsTest-1905236435 tempest-VolumesActionsTest-1905236435-project-member] new path /v2/images/1f50cec5-f45c-4166-a874-ce5c96c1abb1 {{(pid=103067) process_request /opt/stack/glance/glance/api/middleware/version_negotiation.py:70}}
Aug 08 06:25:56.226413 np0000006785 devstack@g-api.service[103067]: [pid: 103067|app: 0|req: 90/361] 127.0.0.1 () {40 vars in 834 bytes} [Sat Aug 8 06:25:56 2026] GET /v2/images/1f50cec5-f45c-4166-a874-ce5c96c1abb1 => generated 650 bytes in 17 msecs (HTTP/1.1 200) 4 headers in 157 bytes (1 switches on core 0)
Aug 08 06:25:57.240134 np0000006785 devstack@g-api.service[103066]: DEBUG glance.api.middleware.version_negotiation [None req-8a3fbcda-0659-4e93-96d6-f677bee6970b tempest-VolumesActionsTest-1905236435 tempest-VolumesActionsTest-1905236435-project-member] Determining version of request: GET /v2/images/1f50cec5-f45c-4166-a874-ce5c96c1abb1 Accept: application/json {{(pid=103066) process_request /opt/stack/glance/glance/api/middleware/version_negotiation.py:44}}
Aug 08 06:25:57.240134 np0000006785 devstack@g-api.service[103066]: DEBUG glance.api.middleware.version_negotiation [None req-8a3fbcda-0659-4e93-96d6-f677bee6970b tempest-VolumesActionsTest-1905236435 tempest-VolumesActionsTest-1905236435-project-member] Using url versioning {{(pid=103066) process_request /opt/stack/glance/glance/api/middleware/version_negotiation.py:57}}
Aug 08 06:25:57.240134 np0000006785 devstack@g-api.service[103066]: DEBUG glance.api.middleware.version_negotiation [None req-8a3fbcda-0659-4e93-96d6-f677bee6970b tempest-VolumesActionsTest-1905236435 tempest-VolumesActionsTest-1905236435-project-member] Matched version: v2 {{(pid=103066) process_request /opt/stack/glance/glance/api/middleware/version_negotiation.py:69}}
Aug 08 06:25:57.240134 np0000006785 devstack@g-api.service[103066]: DEBUG glance.api.middleware.version_negotiation [None req-8a3fbcda-0659-4e93-96d6-f677bee6970b tempest-VolumesActionsTest-1905236435 tempest-VolumesActionsTest-1905236435-project-member] new path /v2/images/1f50cec5-f45c-4166-a874-ce5c96c1abb1 {{(pid=103066) process_request /opt/stack/glance/glance/api/middleware/version_negotiation.py:70}}
Aug 08 06:25:57.256838 np0000006785 devstack@g-api.service[103066]: [pid: 103066|app: 0|req: 92/362] 127.0.0.1 () {40 vars in 834 bytes} [Sat Aug 8 06:25:57 2026] GET /v2/images/1f50cec5-f45c-4166-a874-ce5c96c1abb1 => generated 650 bytes in 18 msecs (HTTP/1.1 200) 4 headers in 157 bytes (1 switches on core 0)
Aug 08 06:25:58.021917 np0000006785 devstack@g-api.service[103065]: DEBUG swiftclient [None req-1656dba6-8ed6-42a6-9311-32e51d251bee tempest-VolumesActionsTest-1905236435 tempest-VolumesActionsTest-1905236435-project-member] REQ: curl -i https://10.4.3.32:8080/v1/AUTH_18cc8672305142dd9a535268b627935f/glance/1f50cec5-f45c-4166-a874-ce5c96c1abb1-00001 -X PUT -H "X-Auth-Token: gAAAAABqdsvyUPGx..." {{(pid=103065) http_log /opt/stack/data/venv/lib/python3.12/site-packages/swiftclient/client.py:160}}
Aug 08 06:25:58.022178 np0000006785 devstack@g-api.service[103065]: DEBUG swiftclient [None req-1656dba6-8ed6-42a6-9311-32e51d251bee tempest-VolumesActionsTest-1905236435 tempest-VolumesActionsTest-1905236435-project-member] RESP STATUS: 201 Created {{(pid=103065) http_log /opt/stack/data/venv/lib/python3.12/site-packages/swiftclient/client.py:161}}
Aug 08 06:25:58.022496 np0000006785 devstack@g-api.service[103065]: DEBUG swiftclient [None req-1656dba6-8ed6-42a6-9311-32e51d251bee tempest-VolumesActionsTest-1905236435 tempest-VolumesActionsTest-1905236435-project-member] RESP HEADERS: {'Date': 'Sat, 08 Aug 2026 06:25:58 GMT', 'Server': 'Apache/2.4.58 (Ubuntu)', 'Content-Type': 'text/html; charset=UTF-8', 'Content-Length': '0', 'Etag': 'eda9a9889837ac4bc81d6387d92c1bec', 'Last-Modified': 'Sat, 08 Aug 2026 06:25:55 GMT', 'X-Trans-Id': 'txe9edb800d63a4d37af40b-006a76cbf2', 'X-Openstack-Request-Id': 'txe9edb800d63a4d37af40b-006a76cbf2', 'Connection': 'close'} {{(pid=103065) http_log /opt/stack/data/venv/lib/python3.12/site-packages/swiftclient/client.py:162}}
Aug 08 06:25:58.023149 np0000006785 devstack@g-api.service[103065]: DEBUG glance_store._drivers.swift.store [None req-1656dba6-8ed6-42a6-9311-32e51d251bee tempest-VolumesActionsTest-1905236435 tempest-VolumesActionsTest-1905236435-project-member] Wrote chunk 1f50cec5-f45c-4166-a874-ce5c96c1abb1-00001 (1/?) of length 204800000 to Swift returning MD5 of content: eda9a9889837ac4bc81d6387d92c1bec {{(pid=103065) add /opt/stack/data/venv/lib/python3.12/site-packages/glance_store/_drivers/swift/store.py:1059}}
Aug 08 06:25:58.267909 np0000006785 devstack@g-api.service[103064]: DEBUG glance.api.middleware.version_negotiation [None req-d01cffab-5363-4d14-bb2b-fa1235e93088 tempest-VolumesActionsTest-1905236435 tempest-VolumesActionsTest-1905236435-project-member] Determining version of request: GET /v2/images/1f50cec5-f45c-4166-a874-ce5c96c1abb1 Accept: application/json {{(pid=103064) process_request /opt/stack/glance/glance/api/middleware/version_negotiation.py:44}}
Aug 08 06:25:58.269143 np0000006785 devstack@g-api.service[103064]: DEBUG glance.api.middleware.version_negotiation [None req-d01cffab-5363-4d14-bb2b-fa1235e93088 tempest-VolumesActionsTest-1905236435 tempest-VolumesActionsTest-1905236435-project-member] Using url versioning {{(pid=103064) process_request /opt/stack/glance/glance/api/middleware/version_negotiation.py:57}}
Aug 08 06:25:58.269143 np0000006785 devstack@g-api.service[103064]: DEBUG glance.api.middleware.version_negotiation [None req-d01cffab-5363-4d14-bb2b-fa1235e93088 tempest-VolumesActionsTest-1905236435 tempest-VolumesActionsTest-1905236435-project-member] Matched version: v2 {{(pid=103064) process_request /opt/stack/glance/glance/api/middleware/version_negotiation.py:69}}
Aug 08 06:25:58.269143 np0000006785 devstack@g-api.service[103064]: DEBUG glance.api.middleware.version_negotiation [None req-d01cffab-5363-4d14-bb2b-fa1235e93088 tempest-VolumesActionsTest-1905236435 tempest-VolumesActionsTest-1905236435-project-member] new path /v2/images/1f50cec5-f45c-4166-a874-ce5c96c1abb1 {{(pid=103064) process_request /opt/stack/glance/glance/api/middleware/version_negotiation.py:70}}
Aug 08 06:25:58.308665 np0000006785 devstack@g-api.service[103064]: [pid: 103064|app: 0|req: 93/363] 127.0.0.1 () {40 vars in 834 bytes} [Sat Aug 8 06:25:58 2026] GET /v2/images/1f50cec5-f45c-4166-a874-ce5c96c1abb1 => generated 650 bytes in 41 msecs (HTTP/1.1 200) 4 headers in 157 bytes (1 switches on core 0)
Aug 08 06:25:59.323355 np0000006785 devstack@g-api.service[103067]: DEBUG glance.api.middleware.version_negotiation [None req-3778ffe2-6668-43e9-903e-1952c91fd962 tempest-VolumesActionsTest-1905236435 tempest-VolumesActionsTest-1905236435-project-member] Determining version of request: GET /v2/images/1f50cec5-f45c-4166-a874-ce5c96c1abb1 Accept: application/json {{(pid=103067) process_request /opt/stack/glance/glance/api/middleware/version_negotiation.py:44}}
Aug 08 06:25:59.323355 np0000006785 devstack@g-api.service[103067]: DEBUG glance.api.middleware.version_negotiation [None req-3778ffe2-6668-43e9-903e-1952c91fd962 tempest-VolumesActionsTest-1905236435 tempest-VolumesActionsTest-1905236435-project-member] Using url versioning {{(pid=103067) process_request /opt/stack/glance/glance/api/middleware/version_negotiation.py:57}}
Aug 08 06:25:59.323355 np0000006785 devstack@g-api.service[103067]: DEBUG glance.api.middleware.version_negotiation [None req-3778ffe2-6668-43e9-903e-1952c91fd962 tempest-VolumesActionsTest-1905236435 tempest-VolumesActionsTest-1905236435-project-member] Matched version: v2 {{(pid=103067) process_request /opt/stack/glance/glance/api/middleware/version_negotiation.py:69}}
Aug 08 06:25:59.323355 np0000006785 devstack@g-api.service[103067]: DEBUG glance.api.middleware.version_negotiation [None req-3778ffe2-6668-43e9-903e-1952c91fd962 tempest-VolumesActionsTest-1905236435 tempest-VolumesActionsTest-1905236435-project-member] new path /v2/images/1f50cec5-f45c-4166-a874-ce5c96c1abb1 {{(pid=103067) process_request /opt/stack/glance/glance/api/middleware/version_negotiation.py:70}}
Aug 08 06:25:59.351786 np0000006785 devstack@g-api.service[103067]: [pid: 103067|app: 0|req: 91/364] 127.0.0.1 () {40 vars in 834 bytes} [Sat Aug 8 06:25:59 2026] GET /v2/images/1f50cec5-f45c-4166-a874-ce5c96c1abb1 => generated 650 bytes in 30 msecs (HTTP/1.1 200) 4 headers in 157 bytes (1 switches on core 0)
Aug 08 06:26:00.283301 np0000006785 devstack@g-api.service[103065]: DEBUG swiftclient [None req-1656dba6-8ed6-42a6-9311-32e51d251bee tempest-VolumesActionsTest-1905236435 tempest-VolumesActionsTest-1905236435-project-member] REQ: curl -i https://10.4.3.32:8080/v1/AUTH_18cc8672305142dd9a535268b627935f/glance/1f50cec5-f45c-4166-a874-ce5c96c1abb1-00002 -X PUT -H "X-Auth-Token: gAAAAABqdsvyUPGx..." {{(pid=103065) http_log /opt/stack/data/venv/lib/python3.12/site-packages/swiftclient/client.py:160}}
Aug 08 06:26:00.283301 np0000006785 devstack@g-api.service[103065]: DEBUG swiftclient [None req-1656dba6-8ed6-42a6-9311-32e51d251bee tempest-VolumesActionsTest-1905236435 tempest-VolumesActionsTest-1905236435-project-member] RESP STATUS: 201 Created {{(pid=103065) http_log /opt/stack/data/venv/lib/python3.12/site-packages/swiftclient/client.py:161}}
Aug 08 06:26:00.283301 np0000006785 devstack@g-api.service[103065]: DEBUG swiftclient [None req-1656dba6-8ed6-42a6-9311-32e51d251bee tempest-VolumesActionsTest-1905236435 tempest-VolumesActionsTest-1905236435-project-member] RESP HEADERS: {'Date': 'Sat, 08 Aug 2026 06:26:00 GMT', 'Server': 'Apache/2.4.58 (Ubuntu)', 'Content-Type': 'text/html; charset=UTF-8', 'Content-Length': '0', 'Etag': 'eda9a9889837ac4bc81d6387d92c1bec', 'Last-Modified': 'Sat, 08 Aug 2026 06:25:59 GMT', 'X-Trans-Id': 'tx3ef17496813046ff96180-006a76cbf6', 'X-Openstack-Request-Id': 'tx3ef17496813046ff96180-006a76cbf6', 'Connection': 'close'} {{(pid=103065) http_log /opt/stack/data/venv/lib/python3.12/site-packages/swiftclient/client.py:162}}
Aug 08 06:26:00.283301 np0000006785 devstack@g-api.service[103065]: DEBUG glance_store._drivers.swift.store [None req-1656dba6-8ed6-42a6-9311-32e51d251bee tempest-VolumesActionsTest-1905236435 tempest-VolumesActionsTest-1905236435-project-member] Wrote chunk 1f50cec5-f45c-4166-a874-ce5c96c1abb1-00002 (2/?) of length 204800000 to Swift returning MD5 of content: eda9a9889837ac4bc81d6387d92c1bec {{(pid=103065) add /opt/stack/data/venv/lib/python3.12/site-packages/glance_store/_drivers/swift/store.py:1059}}
Aug 08 06:26:00.367821 np0000006785 devstack@g-api.service[103066]: DEBUG glance.api.middleware.version_negotiation [None req-bdb674ff-ba45-48c9-b627-0f6bca063e49 tempest-VolumesActionsTest-1905236435 tempest-VolumesActionsTest-1905236435-project-member] Determining version of request: GET /v2/images/1f50cec5-f45c-4166-a874-ce5c96c1abb1 Accept: application/json {{(pid=103066) process_request /opt/stack/glance/glance/api/middleware/version_negotiation.py:44}}
Aug 08 06:26:00.367821 np0000006785 devstack@g-api.service[103066]: DEBUG glance.api.middleware.version_negotiation [None req-bdb674ff-ba45-48c9-b627-0f6bca063e49 tempest-VolumesActionsTest-1905236435 tempest-VolumesActionsTest-1905236435-project-member] Using url versioning {{(pid=103066) process_request /opt/stack/glance/glance/api/middleware/version_negotiation.py:57}}
Aug 08 06:26:00.367821 np0000006785 devstack@g-api.service[103066]: DEBUG glance.api.middleware.version_negotiation [None req-bdb674ff-ba45-48c9-b627-0f6bca063e49 tempest-VolumesActionsTest-1905236435 tempest-VolumesActionsTest-1905236435-project-member] Matched version: v2 {{(pid=103066) process_request /opt/stack/glance/glance/api/middleware/version_negotiation.py:69}}
Aug 08 06:26:00.367821 np0000006785 devstack@g-api.service[103066]: DEBUG glance.api.middleware.version_negotiation [None req-bdb674ff-ba45-48c9-b627-0f6bca063e49 tempest-VolumesActionsTest-1905236435 tempest-VolumesActionsTest-1905236435-project-member] new path /v2/images/1f50cec5-f45c-4166-a874-ce5c96c1abb1 {{(pid=103066) process_request /opt/stack/glance/glance/api/middleware/version_negotiation.py:70}}
Aug 08 06:26:00.393957 np0000006785 devstack@g-api.service[103066]: [pid: 103066|app: 0|req: 93/365] 127.0.0.1 () {40 vars in 834 bytes} [Sat Aug 8 06:26:00 2026] GET /v2/images/1f50cec5-f45c-4166-a874-ce5c96c1abb1 => generated 650 bytes in 27 msecs (HTTP/1.1 200) 4 headers in 157 bytes (1 switches on core 0)
Aug 08 06:26:01.405519 np0000006785 devstack@g-api.service[103064]: DEBUG glance.api.middleware.version_negotiation [None req-45a75c4d-03fb-4bdd-b831-db758f650e6f tempest-VolumesActionsTest-1905236435 tempest-VolumesActionsTest-1905236435-project-member] Determining version of request: GET /v2/images/1f50cec5-f45c-4166-a874-ce5c96c1abb1 Accept: application/json {{(pid=103064) process_request /opt/stack/glance/glance/api/middleware/version_negotiation.py:44}}
Aug 08 06:26:01.405519 np0000006785 devstack@g-api.service[103064]: DEBUG glance.api.middleware.version_negotiation [None req-45a75c4d-03fb-4bdd-b831-db758f650e6f tempest-VolumesActionsTest-1905236435 tempest-VolumesActionsTest-1905236435-project-member] Using url versioning {{(pid=103064) process_request /opt/stack/glance/glance/api/middleware/version_negotiation.py:57}}
Aug 08 06:26:01.406102 np0000006785 devstack@g-api.service[103064]: DEBUG glance.api.middleware.version_negotiation [None req-45a75c4d-03fb-4bdd-b831-db758f650e6f tempest-VolumesActionsTest-1905236435 tempest-VolumesActionsTest-1905236435-project-member] Matched version: v2 {{(pid=103064) process_request /opt/stack/glance/glance/api/middleware/version_negotiation.py:69}}
Aug 08 06:26:01.406102 np0000006785 devstack@g-api.service[103064]: DEBUG glance.api.middleware.version_negotiation [None req-45a75c4d-03fb-4bdd-b831-db758f650e6f tempest-VolumesActionsTest-1905236435 tempest-VolumesActionsTest-1905236435-project-member] new path /v2/images/1f50cec5-f45c-4166-a874-ce5c96c1abb1 {{(pid=103064) process_request /opt/stack/glance/glance/api/middleware/version_negotiation.py:70}}
Aug 08 06:26:01.427723 np0000006785 devstack@g-api.service[103064]: [pid: 103064|app: 0|req: 94/366] 127.0.0.1 () {40 vars in 834 bytes} [Sat Aug 8 06:26:01 2026] GET /v2/images/1f50cec5-f45c-4166-a874-ce5c96c1abb1 => generated 650 bytes in 23 msecs (HTTP/1.1 200) 4 headers in 157 bytes (1 switches on core 0)
Aug 08 06:26:02.442302 np0000006785 devstack@g-api.service[103067]: DEBUG glance.api.middleware.version_negotiation [None req-f972abc8-0384-4418-b85d-bfe1dcbf62bd tempest-VolumesActionsTest-1905236435 tempest-VolumesActionsTest-1905236435-project-member] Determining version of request: GET /v2/images/1f50cec5-f45c-4166-a874-ce5c96c1abb1 Accept: application/json {{(pid=103067) process_request /opt/stack/glance/glance/api/middleware/version_negotiation.py:44}}
Aug 08 06:26:02.442302 np0000006785 devstack@g-api.service[103067]: DEBUG glance.api.middleware.version_negotiation [None req-f972abc8-0384-4418-b85d-bfe1dcbf62bd tempest-VolumesActionsTest-1905236435 tempest-VolumesActionsTest-1905236435-project-member] Using url versioning {{(pid=103067) process_request /opt/stack/glance/glance/api/middleware/version_negotiation.py:57}}
Aug 08 06:26:02.442302 np0000006785 devstack@g-api.service[103067]: DEBUG glance.api.middleware.version_negotiation [None req-f972abc8-0384-4418-b85d-bfe1dcbf62bd tempest-VolumesActionsTest-1905236435 tempest-VolumesActionsTest-1905236435-project-member] Matched version: v2 {{(pid=103067) process_request /opt/stack/glance/glance/api/middleware/version_negotiation.py:69}}
Aug 08 06:26:02.442302 np0000006785 devstack@g-api.service[103067]: DEBUG glance.api.middleware.version_negotiation [None req-f972abc8-0384-4418-b85d-bfe1dcbf62bd tempest-VolumesActionsTest-1905236435 tempest-VolumesActionsTest-1905236435-project-member] new path /v2/images/1f50cec5-f45c-4166-a874-ce5c96c1abb1 {{(pid=103067) process_request /opt/stack/glance/glance/api/middleware/version_negotiation.py:70}}
Aug 08 06:26:02.454342 np0000006785 devstack@g-api.service[103067]: [pid: 103067|app: 0|req: 92/367] 127.0.0.1 () {40 vars in 834 bytes} [Sat Aug 8 06:26:02 2026] GET /v2/images/1f50cec5-f45c-4166-a874-ce5c96c1abb1 => generated 650 bytes in 12 msecs (HTTP/1.1 200) 4 headers in 157 bytes (1 switches on core 0)
Aug 08 06:26:02.651593 np0000006785 devstack@g-api.service[103065]: DEBUG swiftclient [None req-1656dba6-8ed6-42a6-9311-32e51d251bee tempest-VolumesActionsTest-1905236435 tempest-VolumesActionsTest-1905236435-project-member] REQ: curl -i https://10.4.3.32:8080/v1/AUTH_18cc8672305142dd9a535268b627935f/glance/1f50cec5-f45c-4166-a874-ce5c96c1abb1-00003 -X PUT -H "X-Auth-Token: gAAAAABqdsvyUPGx..." {{(pid=103065) http_log /opt/stack/data/venv/lib/python3.12/site-packages/swiftclient/client.py:160}}
Aug 08 06:26:02.652918 np0000006785 devstack@g-api.service[103065]: DEBUG swiftclient [None req-1656dba6-8ed6-42a6-9311-32e51d251bee tempest-VolumesActionsTest-1905236435 tempest-VolumesActionsTest-1905236435-project-member] RESP STATUS: 201 Created {{(pid=103065) http_log /opt/stack/data/venv/lib/python3.12/site-packages/swiftclient/client.py:161}}
Aug 08 06:26:02.652918 np0000006785 devstack@g-api.service[103065]: DEBUG swiftclient [None req-1656dba6-8ed6-42a6-9311-32e51d251bee tempest-VolumesActionsTest-1905236435 tempest-VolumesActionsTest-1905236435-project-member] RESP HEADERS: {'Date': 'Sat, 08 Aug 2026 06:26:02 GMT', 'Server': 'Apache/2.4.58 (Ubuntu)', 'Content-Type': 'text/html; charset=UTF-8', 'Content-Length': '0', 'Etag': 'eda9a9889837ac4bc81d6387d92c1bec', 'Last-Modified': 'Sat, 08 Aug 2026 06:26:01 GMT', 'X-Trans-Id': 'tx94e6a43870b54ad69001a-006a76cbf8', 'X-Openstack-Request-Id': 'tx94e6a43870b54ad69001a-006a76cbf8', 'Connection': 'close'} {{(pid=103065) http_log /opt/stack/data/venv/lib/python3.12/site-packages/swiftclient/client.py:162}}
Aug 08 06:26:02.652918 np0000006785 devstack@g-api.service[103065]: DEBUG glance_store._drivers.swift.store [None req-1656dba6-8ed6-42a6-9311-32e51d251bee tempest-VolumesActionsTest-1905236435 tempest-VolumesActionsTest-1905236435-project-member] Wrote chunk 1f50cec5-f45c-4166-a874-ce5c96c1abb1-00003 (3/?) of length 204800000 to Swift returning MD5 of content: eda9a9889837ac4bc81d6387d92c1bec {{(pid=103065) add /opt/stack/data/venv/lib/python3.12/site-packages/glance_store/_drivers/swift/store.py:1059}}
Aug 08 06:26:03.470006 np0000006785 devstack@g-api.service[103066]: DEBUG glance.api.middleware.version_negotiation [None req-9829b9c8-1db1-4a0e-8ad6-782a0d5d190d tempest-VolumesActionsTest-1905236435 tempest-VolumesActionsTest-1905236435-project-member] Determining version of request: GET /v2/images/1f50cec5-f45c-4166-a874-ce5c96c1abb1 Accept: application/json {{(pid=103066) process_request /opt/stack/glance/glance/api/middleware/version_negotiation.py:44}}
Aug 08 06:26:03.470645 np0000006785 devstack@g-api.service[103066]: DEBUG glance.api.middleware.version_negotiation [None req-9829b9c8-1db1-4a0e-8ad6-782a0d5d190d tempest-VolumesActionsTest-1905236435 tempest-VolumesActionsTest-1905236435-project-member] Using url versioning {{(pid=103066) process_request /opt/stack/glance/glance/api/middleware/version_negotiation.py:57}}
Aug 08 06:26:03.470730 np0000006785 devstack@g-api.service[103066]: DEBUG glance.api.middleware.version_negotiation [None req-9829b9c8-1db1-4a0e-8ad6-782a0d5d190d tempest-VolumesActionsTest-1905236435 tempest-VolumesActionsTest-1905236435-project-member] Matched version: v2 {{(pid=103066) process_request /opt/stack/glance/glance/api/middleware/version_negotiation.py:69}}
Aug 08 06:26:03.471020 np0000006785 devstack@g-api.service[103066]: DEBUG glance.api.middleware.version_negotiation [None req-9829b9c8-1db1-4a0e-8ad6-782a0d5d190d tempest-VolumesActionsTest-1905236435 tempest-VolumesActionsTest-1905236435-project-member] new path /v2/images/1f50cec5-f45c-4166-a874-ce5c96c1abb1 {{(pid=103066) process_request /opt/stack/glance/glance/api/middleware/version_negotiation.py:70}}
Aug 08 06:26:03.492310 np0000006785 devstack@g-api.service[103066]: [pid: 103066|app: 0|req: 94/368] 127.0.0.1 () {40 vars in 834 bytes} [Sat Aug 8 06:26:03 2026] GET /v2/images/1f50cec5-f45c-4166-a874-ce5c96c1abb1 => generated 650 bytes in 23 msecs (HTTP/1.1 200) 4 headers in 157 bytes (1 switches on core 0)
Aug 08 06:26:04.506805 np0000006785 devstack@g-api.service[103064]: DEBUG glance.api.middleware.version_negotiation [None req-ff094742-13a6-4f47-9565-f04ad00ab9f2 tempest-VolumesActionsTest-1905236435 tempest-VolumesActionsTest-1905236435-project-member] Determining version of request: GET /v2/images/1f50cec5-f45c-4166-a874-ce5c96c1abb1 Accept: application/json {{(pid=103064) process_request /opt/stack/glance/glance/api/middleware/version_negotiation.py:44}}
Aug 08 06:26:04.506805 np0000006785 devstack@g-api.service[103064]: DEBUG glance.api.middleware.version_negotiation [None req-ff094742-13a6-4f47-9565-f04ad00ab9f2 tempest-VolumesActionsTest-1905236435 tempest-VolumesActionsTest-1905236435-project-member] Using url versioning {{(pid=103064) process_request /opt/stack/glance/glance/api/middleware/version_negotiation.py:57}}
Aug 08 06:26:04.506805 np0000006785 devstack@g-api.service[103064]: DEBUG glance.api.middleware.version_negotiation [None req-ff094742-13a6-4f47-9565-f04ad00ab9f2 tempest-VolumesActionsTest-1905236435 tempest-VolumesActionsTest-1905236435-project-member] Matched version: v2 {{(pid=103064) process_request /opt/stack/glance/glance/api/middleware/version_negotiation.py:69}}
Aug 08 06:26:04.506805 np0000006785 devstack@g-api.service[103064]: DEBUG glance.api.middleware.version_negotiation [None req-ff094742-13a6-4f47-9565-f04ad00ab9f2 tempest-VolumesActionsTest-1905236435 tempest-VolumesActionsTest-1905236435-project-member] new path /v2/images/1f50cec5-f45c-4166-a874-ce5c96c1abb1 {{(pid=103064) process_request /opt/stack/glance/glance/api/middleware/version_negotiation.py:70}}
