Aug 08 06:17:43.326642 np0000006785 systemd[1]: Starting devstack@n-api-meta.service - Devstack devstack@n-api-meta.service...
Aug 08 06:17:43.336892 np0000006785 devstack@n-api-meta.service[96038]: [uWSGI] getting INI configuration from /etc/nova/nova-metadata-uwsgi.ini
Aug 08 06:17:43.339152 np0000006785 devstack@n-api-meta.service[96038]: *** Starting uWSGI 2.0.24-debian (64bit) on [Sat Aug 8 06:17:43 2026] ***
Aug 08 06:17:43.339152 np0000006785 devstack@n-api-meta.service[96038]: compiled with version: 13.2.0 on 17 April 2024 16:23:48
Aug 08 06:17:43.339152 np0000006785 devstack@n-api-meta.service[96038]: os: Linux-6.8.0-100-generic #100-Ubuntu SMP PREEMPT_DYNAMIC Tue Jan 13 16:40:06 UTC 2026
Aug 08 06:17:43.339152 np0000006785 devstack@n-api-meta.service[96038]: nodename: np0000006785
Aug 08 06:17:43.339152 np0000006785 devstack@n-api-meta.service[96038]: machine: x86_64
Aug 08 06:17:43.339152 np0000006785 devstack@n-api-meta.service[96038]: clock source: unix
Aug 08 06:17:43.339152 np0000006785 devstack@n-api-meta.service[96038]: pcre jit disabled
Aug 08 06:17:43.339152 np0000006785 devstack@n-api-meta.service[96038]: detected number of CPU cores: 16
Aug 08 06:17:43.339152 np0000006785 devstack@n-api-meta.service[96038]: current working directory: /
Aug 08 06:17:43.339152 np0000006785 devstack@n-api-meta.service[96038]: detected binary path: /usr/bin/uwsgi-core
Aug 08 06:17:43.339152 np0000006785 devstack@n-api-meta.service[96038]: your processes number limit is 257052
Aug 08 06:17:43.339152 np0000006785 devstack@n-api-meta.service[96038]: your memory page size is 4096 bytes
Aug 08 06:17:43.339152 np0000006785 devstack@n-api-meta.service[96038]: detected max file descriptor number: 2048
Aug 08 06:17:43.339152 np0000006785 devstack@n-api-meta.service[96038]: lock engine: pthread robust mutexes
Aug 08 06:17:43.339518 np0000006785 devstack@n-api-meta.service[96038]: thunder lock: enabled
Aug 08 06:17:43.339714 np0000006785 devstack@n-api-meta.service[96038]: uWSGI http bound on 0.0.0.0:8775 fd 5
Aug 08 06:17:43.339714 np0000006785 devstack@n-api-meta.service[96038]: uwsgi socket 0 bound to TCP address 127.0.0.1:33261 (port auto-assigned) fd 4
Aug 08 06:17:43.339714 np0000006785 devstack@n-api-meta.service[96038]: Python version: 3.12.3 (main, Jun 19 2026, 12:46:00) [GCC 13.3.0]
Aug 08 06:17:43.339714 np0000006785 devstack@n-api-meta.service[96038]: PEP 405 virtualenv detected: /opt/stack/data/venv
Aug 08 06:17:43.339714 np0000006785 devstack@n-api-meta.service[96038]: Set PythonHome to /opt/stack/data/venv
Aug 08 06:17:43.371147 np0000006785 devstack@n-api-meta.service[96038]: Python main interpreter initialized at 0x7a26a88a4668
Aug 08 06:17:43.371147 np0000006785 devstack@n-api-meta.service[96038]: python threads support enabled
Aug 08 06:17:43.371147 np0000006785 devstack@n-api-meta.service[96038]: your server socket listen backlog is limited to 100 connections
Aug 08 06:17:43.371147 np0000006785 devstack@n-api-meta.service[96038]: your mercy for graceful operations on workers is 80 seconds
Aug 08 06:17:43.371640 np0000006785 devstack@n-api-meta.service[96038]: mapped 671795 bytes (656 KB) for 4 cores
Aug 08 06:17:43.371781 np0000006785 devstack@n-api-meta.service[96038]: *** Operational MODE: preforking ***
Aug 08 06:17:43.371959 np0000006785 devstack@n-api-meta.service[96038]: *** uWSGI is running in multiple interpreter mode ***
Aug 08 06:17:43.371959 np0000006785 devstack@n-api-meta.service[96038]: spawned uWSGI master process (pid: 96038)
Aug 08 06:17:43.372120 np0000006785 systemd[1]: Started devstack@n-api-meta.service - Devstack devstack@n-api-meta.service.
Aug 08 06:17:43.372514 np0000006785 devstack@n-api-meta.service[96038]: spawned uWSGI worker 1 (pid: 96043, cores: 1)
Aug 08 06:17:43.373068 np0000006785 devstack@n-api-meta.service[96038]: spawned uWSGI worker 2 (pid: 96044, cores: 1)
Aug 08 06:17:43.373468 np0000006785 devstack@n-api-meta.service[96038]: spawned uWSGI worker 3 (pid: 96045, cores: 1)
Aug 08 06:17:43.373903 np0000006785 devstack@n-api-meta.service[96038]: spawned uWSGI worker 4 (pid: 96046, cores: 1)
Aug 08 06:17:43.374309 np0000006785 devstack@n-api-meta.service[96038]: spawned uWSGI http 1 (pid: 96047)
Aug 08 06:17:43.374309 np0000006785 devstack@n-api-meta.service[96038]: running "unix_signal:15 gracefully_kill_them_all" (master-start)...
Aug 08 06:17:45.065588 np0000006785 devstack@n-api-meta.service[96045]: INFO dbcounter [None req-3754db38-2708-48d6-bba0-84c13446e844 None None] Registered counter for database nova_api
Aug 08 06:17:45.088734 np0000006785 devstack@n-api-meta.service[96044]: INFO dbcounter [None req-2ab0e118-1680-49ce-ab70-8f1cd96a6158 None None] Registered counter for database nova_api
Aug 08 06:17:45.093883 np0000006785 devstack@n-api-meta.service[96046]: INFO dbcounter [None req-30253a66-46ea-4f7a-a306-e5b5de6fad88 None None] Registered counter for database nova_api
Aug 08 06:17:45.108043 np0000006785 devstack@n-api-meta.service[96045]: DEBUG oslo_db.sqlalchemy.engines [None req-3754db38-2708-48d6-bba0-84c13446e844 None None] MySQL server mode set to STRICT_TRANS_TABLES,STRICT_ALL_TABLES,NO_ZERO_IN_DATE,NO_ZERO_DATE,ERROR_FOR_DIVISION_BY_ZERO,TRADITIONAL,NO_ENGINE_SUBSTITUTION {{(pid=96045) _check_effective_sql_mode /opt/stack/data/venv/lib/python3.12/site-packages/oslo_db/sqlalchemy/engines.py:325}}
Aug 08 06:17:45.128733 np0000006785 devstack@n-api-meta.service[96044]: DEBUG oslo_db.sqlalchemy.engines [None req-2ab0e118-1680-49ce-ab70-8f1cd96a6158 None None] MySQL server mode set to STRICT_TRANS_TABLES,STRICT_ALL_TABLES,NO_ZERO_IN_DATE,NO_ZERO_DATE,ERROR_FOR_DIVISION_BY_ZERO,TRADITIONAL,NO_ENGINE_SUBSTITUTION {{(pid=96044) _check_effective_sql_mode /opt/stack/data/venv/lib/python3.12/site-packages/oslo_db/sqlalchemy/engines.py:325}}
Aug 08 06:17:45.136383 np0000006785 devstack@n-api-meta.service[96046]: DEBUG oslo_db.sqlalchemy.engines [None req-30253a66-46ea-4f7a-a306-e5b5de6fad88 None None] MySQL server mode set to STRICT_TRANS_TABLES,STRICT_ALL_TABLES,NO_ZERO_IN_DATE,NO_ZERO_DATE,ERROR_FOR_DIVISION_BY_ZERO,TRADITIONAL,NO_ENGINE_SUBSTITUTION {{(pid=96046) _check_effective_sql_mode /opt/stack/data/venv/lib/python3.12/site-packages/oslo_db/sqlalchemy/engines.py:325}}
Aug 08 06:17:45.137652 np0000006785 devstack@n-api-meta.service[96045]: DEBUG dbcounter [-] [96045] Writer thread running {{(pid=96045) stat_writer /opt/stack/data/venv/lib/python3.12/site-packages/dbcounter.py:102}}
Aug 08 06:17:45.140439 np0000006785 devstack@n-api-meta.service[96045]: DEBUG nova.context [None req-3754db38-2708-48d6-bba0-84c13446e844 None None] Found 2 cells: 00000000-0000-0000-0000-000000000000(cell0),b166980f-a120-4023-b418-75e2efb22e84(cell1) {{(pid=96045) load_cells /opt/stack/nova/nova/context.py:509}}
Aug 08 06:17:45.140710 np0000006785 devstack@n-api-meta.service[96045]: INFO nova.utils [None req-3754db38-2708-48d6-bba0-84c13446e844 None None] The cell worker thread pool MainProcess.cell_worker is initialized
Aug 08 06:17:45.142474 np0000006785 devstack@n-api-meta.service[96045]: DEBUG oslo_concurrency.lockutils [None req-3754db38-2708-48d6-bba0-84c13446e844 None None] Acquiring lock "00000000-0000-0000-0000-000000000000" by "nova.context.set_target_cell..get_or_set_cached_cell_and_set_connections" {{(pid=96045) inner /opt/stack/data/venv/lib/python3.12/site-packages/oslo_concurrency/lockutils.py:512}}
Aug 08 06:17:45.142737 np0000006785 devstack@n-api-meta.service[96045]: DEBUG oslo_concurrency.lockutils [None req-3754db38-2708-48d6-bba0-84c13446e844 None None] Lock "00000000-0000-0000-0000-000000000000" acquired by "nova.context.set_target_cell..get_or_set_cached_cell_and_set_connections" :: waited 0.000s {{(pid=96045) inner /opt/stack/data/venv/lib/python3.12/site-packages/oslo_concurrency/lockutils.py:525}}
Aug 08 06:17:45.143146 np0000006785 devstack@n-api-meta.service[96045]: DEBUG oslo_concurrency.lockutils [None req-3754db38-2708-48d6-bba0-84c13446e844 None None] Lock "00000000-0000-0000-0000-000000000000" "released" by "nova.context.set_target_cell..get_or_set_cached_cell_and_set_connections" :: held 0.000s {{(pid=96045) inner /opt/stack/data/venv/lib/python3.12/site-packages/oslo_concurrency/lockutils.py:544}}
Aug 08 06:17:45.143917 np0000006785 devstack@n-api-meta.service[96045]: DEBUG oslo_concurrency.lockutils [None req-3754db38-2708-48d6-bba0-84c13446e844 None None] Acquiring lock "b166980f-a120-4023-b418-75e2efb22e84" by "nova.context.set_target_cell..get_or_set_cached_cell_and_set_connections" {{(pid=96045) inner /opt/stack/data/venv/lib/python3.12/site-packages/oslo_concurrency/lockutils.py:512}}
Aug 08 06:17:45.144101 np0000006785 devstack@n-api-meta.service[96045]: DEBUG oslo_concurrency.lockutils [None req-3754db38-2708-48d6-bba0-84c13446e844 None None] Lock "b166980f-a120-4023-b418-75e2efb22e84" acquired by "nova.context.set_target_cell..get_or_set_cached_cell_and_set_connections" :: waited 0.000s {{(pid=96045) inner /opt/stack/data/venv/lib/python3.12/site-packages/oslo_concurrency/lockutils.py:525}}
Aug 08 06:17:45.144992 np0000006785 devstack@n-api-meta.service[96045]: DEBUG oslo_concurrency.lockutils [None req-3754db38-2708-48d6-bba0-84c13446e844 None None] Lock "b166980f-a120-4023-b418-75e2efb22e84" "released" by "nova.context.set_target_cell..get_or_set_cached_cell_and_set_connections" :: held 0.001s {{(pid=96045) inner /opt/stack/data/venv/lib/python3.12/site-packages/oslo_concurrency/lockutils.py:544}}
Aug 08 06:17:45.147144 np0000006785 devstack@n-api-meta.service[96045]: INFO dbcounter [None req-3754db38-2708-48d6-bba0-84c13446e844 None None] Registered counter for database nova_cell0
Aug 08 06:17:45.149929 np0000006785 devstack@n-api-meta.service[96045]: INFO dbcounter [None req-3754db38-2708-48d6-bba0-84c13446e844 None None] Registered counter for database nova_cell1
Aug 08 06:17:45.156649 np0000006785 devstack@n-api-meta.service[96044]: DEBUG dbcounter [-] [96044] Writer thread running {{(pid=96044) stat_writer /opt/stack/data/venv/lib/python3.12/site-packages/dbcounter.py:102}}
Aug 08 06:17:45.157869 np0000006785 devstack@n-api-meta.service[96043]: INFO dbcounter [None req-6b36a4ad-70e3-4d00-8c31-23f286558980 None None] Registered counter for database nova_api
Aug 08 06:17:45.159118 np0000006785 devstack@n-api-meta.service[96044]: DEBUG nova.context [None req-2ab0e118-1680-49ce-ab70-8f1cd96a6158 None None] Found 2 cells: 00000000-0000-0000-0000-000000000000(cell0),b166980f-a120-4023-b418-75e2efb22e84(cell1) {{(pid=96044) load_cells /opt/stack/nova/nova/context.py:509}}
Aug 08 06:17:45.159328 np0000006785 devstack@n-api-meta.service[96044]: INFO nova.utils [None req-2ab0e118-1680-49ce-ab70-8f1cd96a6158 None None] The cell worker thread pool MainProcess.cell_worker is initialized
Aug 08 06:17:45.160962 np0000006785 devstack@n-api-meta.service[96044]: DEBUG oslo_concurrency.lockutils [None req-2ab0e118-1680-49ce-ab70-8f1cd96a6158 None None] Acquiring lock "00000000-0000-0000-0000-000000000000" by "nova.context.set_target_cell..get_or_set_cached_cell_and_set_connections" {{(pid=96044) inner /opt/stack/data/venv/lib/python3.12/site-packages/oslo_concurrency/lockutils.py:512}}
Aug 08 06:17:45.161151 np0000006785 devstack@n-api-meta.service[96044]: DEBUG oslo_concurrency.lockutils [None req-2ab0e118-1680-49ce-ab70-8f1cd96a6158 None None] Lock "00000000-0000-0000-0000-000000000000" acquired by "nova.context.set_target_cell..get_or_set_cached_cell_and_set_connections" :: waited 0.000s {{(pid=96044) inner /opt/stack/data/venv/lib/python3.12/site-packages/oslo_concurrency/lockutils.py:525}}
Aug 08 06:17:45.161540 np0000006785 devstack@n-api-meta.service[96044]: DEBUG oslo_concurrency.lockutils [None req-2ab0e118-1680-49ce-ab70-8f1cd96a6158 None None] Lock "00000000-0000-0000-0000-000000000000" "released" by "nova.context.set_target_cell..get_or_set_cached_cell_and_set_connections" :: held 0.000s {{(pid=96044) inner /opt/stack/data/venv/lib/python3.12/site-packages/oslo_concurrency/lockutils.py:544}}
Aug 08 06:17:45.162283 np0000006785 devstack@n-api-meta.service[96044]: DEBUG oslo_concurrency.lockutils [None req-2ab0e118-1680-49ce-ab70-8f1cd96a6158 None None] Acquiring lock "b166980f-a120-4023-b418-75e2efb22e84" by "nova.context.set_target_cell..get_or_set_cached_cell_and_set_connections" {{(pid=96044) inner /opt/stack/data/venv/lib/python3.12/site-packages/oslo_concurrency/lockutils.py:512}}
Aug 08 06:17:45.162484 np0000006785 devstack@n-api-meta.service[96044]: DEBUG oslo_concurrency.lockutils [None req-2ab0e118-1680-49ce-ab70-8f1cd96a6158 None None] Lock "b166980f-a120-4023-b418-75e2efb22e84" acquired by "nova.context.set_target_cell..get_or_set_cached_cell_and_set_connections" :: waited 0.000s {{(pid=96044) inner /opt/stack/data/venv/lib/python3.12/site-packages/oslo_concurrency/lockutils.py:525}}
Aug 08 06:17:45.163358 np0000006785 devstack@n-api-meta.service[96044]: DEBUG oslo_concurrency.lockutils [None req-2ab0e118-1680-49ce-ab70-8f1cd96a6158 None None] Lock "b166980f-a120-4023-b418-75e2efb22e84" "released" by "nova.context.set_target_cell..get_or_set_cached_cell_and_set_connections" :: held 0.001s {{(pid=96044) inner /opt/stack/data/venv/lib/python3.12/site-packages/oslo_concurrency/lockutils.py:544}}
Aug 08 06:17:45.164508 np0000006785 devstack@n-api-meta.service[96046]: DEBUG dbcounter [-] [96046] Writer thread running {{(pid=96046) stat_writer /opt/stack/data/venv/lib/python3.12/site-packages/dbcounter.py:102}}
Aug 08 06:17:45.164921 np0000006785 devstack@n-api-meta.service[96044]: INFO dbcounter [None req-2ab0e118-1680-49ce-ab70-8f1cd96a6158 None None] Registered counter for database nova_cell0
Aug 08 06:17:45.167053 np0000006785 devstack@n-api-meta.service[96046]: DEBUG nova.context [None req-30253a66-46ea-4f7a-a306-e5b5de6fad88 None None] Found 2 cells: 00000000-0000-0000-0000-000000000000(cell0),b166980f-a120-4023-b418-75e2efb22e84(cell1) {{(pid=96046) load_cells /opt/stack/nova/nova/context.py:509}}
Aug 08 06:17:45.167309 np0000006785 devstack@n-api-meta.service[96046]: INFO nova.utils [None req-30253a66-46ea-4f7a-a306-e5b5de6fad88 None None] The cell worker thread pool MainProcess.cell_worker is initialized
Aug 08 06:17:45.168380 np0000006785 devstack@n-api-meta.service[96044]: INFO dbcounter [None req-2ab0e118-1680-49ce-ab70-8f1cd96a6158 None None] Registered counter for database nova_cell1
Aug 08 06:17:45.169083 np0000006785 devstack@n-api-meta.service[96046]: DEBUG oslo_concurrency.lockutils [None req-30253a66-46ea-4f7a-a306-e5b5de6fad88 None None] Acquiring lock "00000000-0000-0000-0000-000000000000" by "nova.context.set_target_cell..get_or_set_cached_cell_and_set_connections" {{(pid=96046) inner /opt/stack/data/venv/lib/python3.12/site-packages/oslo_concurrency/lockutils.py:512}}
Aug 08 06:17:45.169236 np0000006785 devstack@n-api-meta.service[96046]: DEBUG oslo_concurrency.lockutils [None req-30253a66-46ea-4f7a-a306-e5b5de6fad88 None None] Lock "00000000-0000-0000-0000-000000000000" acquired by "nova.context.set_target_cell..get_or_set_cached_cell_and_set_connections" :: waited 0.000s {{(pid=96046) inner /opt/stack/data/venv/lib/python3.12/site-packages/oslo_concurrency/lockutils.py:525}}
Aug 08 06:17:45.169574 np0000006785 devstack@n-api-meta.service[96046]: DEBUG oslo_concurrency.lockutils [None req-30253a66-46ea-4f7a-a306-e5b5de6fad88 None None] Lock "00000000-0000-0000-0000-000000000000" "released" by "nova.context.set_target_cell..get_or_set_cached_cell_and_set_connections" :: held 0.000s {{(pid=96046) inner /opt/stack/data/venv/lib/python3.12/site-packages/oslo_concurrency/lockutils.py:544}}
Aug 08 06:17:45.170202 np0000006785 devstack@n-api-meta.service[96046]: DEBUG oslo_concurrency.lockutils [None req-30253a66-46ea-4f7a-a306-e5b5de6fad88 None None] Acquiring lock "b166980f-a120-4023-b418-75e2efb22e84" by "nova.context.set_target_cell..get_or_set_cached_cell_and_set_connections" {{(pid=96046) inner /opt/stack/data/venv/lib/python3.12/site-packages/oslo_concurrency/lockutils.py:512}}
Aug 08 06:17:45.170340 np0000006785 devstack@n-api-meta.service[96046]: DEBUG oslo_concurrency.lockutils [None req-30253a66-46ea-4f7a-a306-e5b5de6fad88 None None] Lock "b166980f-a120-4023-b418-75e2efb22e84" acquired by "nova.context.set_target_cell..get_or_set_cached_cell_and_set_connections" :: waited 0.000s {{(pid=96046) inner /opt/stack/data/venv/lib/python3.12/site-packages/oslo_concurrency/lockutils.py:525}}
Aug 08 06:17:45.171157 np0000006785 devstack@n-api-meta.service[96046]: DEBUG oslo_concurrency.lockutils [None req-30253a66-46ea-4f7a-a306-e5b5de6fad88 None None] Lock "b166980f-a120-4023-b418-75e2efb22e84" "released" by "nova.context.set_target_cell..get_or_set_cached_cell_and_set_connections" :: held 0.001s {{(pid=96046) inner /opt/stack/data/venv/lib/python3.12/site-packages/oslo_concurrency/lockutils.py:544}}
Aug 08 06:17:45.174791 np0000006785 devstack@n-api-meta.service[96046]: INFO dbcounter [None req-30253a66-46ea-4f7a-a306-e5b5de6fad88 None None] Registered counter for database nova_cell0
Aug 08 06:17:45.176550 np0000006785 devstack@n-api-meta.service[96046]: INFO dbcounter [None req-30253a66-46ea-4f7a-a306-e5b5de6fad88 None None] Registered counter for database nova_cell1
Aug 08 06:17:45.205861 np0000006785 devstack@n-api-meta.service[96045]: DEBUG oslo_db.sqlalchemy.engines [None req-3754db38-2708-48d6-bba0-84c13446e844 None None] MySQL server mode set to STRICT_TRANS_TABLES,STRICT_ALL_TABLES,NO_ZERO_IN_DATE,NO_ZERO_DATE,ERROR_FOR_DIVISION_BY_ZERO,TRADITIONAL,NO_ENGINE_SUBSTITUTION {{(pid=96045) _check_effective_sql_mode /opt/stack/data/venv/lib/python3.12/site-packages/oslo_db/sqlalchemy/engines.py:325}}
Aug 08 06:17:45.210380 np0000006785 devstack@n-api-meta.service[96045]: DEBUG oslo_db.sqlalchemy.engines [None req-3754db38-2708-48d6-bba0-84c13446e844 None None] MySQL server mode set to STRICT_TRANS_TABLES,STRICT_ALL_TABLES,NO_ZERO_IN_DATE,NO_ZERO_DATE,ERROR_FOR_DIVISION_BY_ZERO,TRADITIONAL,NO_ENGINE_SUBSTITUTION {{(pid=96045) _check_effective_sql_mode /opt/stack/data/venv/lib/python3.12/site-packages/oslo_db/sqlalchemy/engines.py:325}}
Aug 08 06:17:45.212146 np0000006785 devstack@n-api-meta.service[96043]: DEBUG oslo_db.sqlalchemy.engines [None req-6b36a4ad-70e3-4d00-8c31-23f286558980 None None] MySQL server mode set to STRICT_TRANS_TABLES,STRICT_ALL_TABLES,NO_ZERO_IN_DATE,NO_ZERO_DATE,ERROR_FOR_DIVISION_BY_ZERO,TRADITIONAL,NO_ENGINE_SUBSTITUTION {{(pid=96043) _check_effective_sql_mode /opt/stack/data/venv/lib/python3.12/site-packages/oslo_db/sqlalchemy/engines.py:325}}
Aug 08 06:17:45.221893 np0000006785 devstack@n-api-meta.service[96046]: DEBUG oslo_db.sqlalchemy.engines [None req-30253a66-46ea-4f7a-a306-e5b5de6fad88 None None] MySQL server mode set to STRICT_TRANS_TABLES,STRICT_ALL_TABLES,NO_ZERO_IN_DATE,NO_ZERO_DATE,ERROR_FOR_DIVISION_BY_ZERO,TRADITIONAL,NO_ENGINE_SUBSTITUTION {{(pid=96046) _check_effective_sql_mode /opt/stack/data/venv/lib/python3.12/site-packages/oslo_db/sqlalchemy/engines.py:325}}
Aug 08 06:17:45.225263 np0000006785 devstack@n-api-meta.service[96044]: DEBUG oslo_db.sqlalchemy.engines [None req-2ab0e118-1680-49ce-ab70-8f1cd96a6158 None None] MySQL server mode set to STRICT_TRANS_TABLES,STRICT_ALL_TABLES,NO_ZERO_IN_DATE,NO_ZERO_DATE,ERROR_FOR_DIVISION_BY_ZERO,TRADITIONAL,NO_ENGINE_SUBSTITUTION {{(pid=96044) _check_effective_sql_mode /opt/stack/data/venv/lib/python3.12/site-packages/oslo_db/sqlalchemy/engines.py:325}}
Aug 08 06:17:45.235307 np0000006785 devstack@n-api-meta.service[96044]: DEBUG oslo_db.sqlalchemy.engines [None req-2ab0e118-1680-49ce-ab70-8f1cd96a6158 None None] MySQL server mode set to STRICT_TRANS_TABLES,STRICT_ALL_TABLES,NO_ZERO_IN_DATE,NO_ZERO_DATE,ERROR_FOR_DIVISION_BY_ZERO,TRADITIONAL,NO_ENGINE_SUBSTITUTION {{(pid=96044) _check_effective_sql_mode /opt/stack/data/venv/lib/python3.12/site-packages/oslo_db/sqlalchemy/engines.py:325}}
Aug 08 06:17:45.236719 np0000006785 devstack@n-api-meta.service[96046]: DEBUG oslo_db.sqlalchemy.engines [None req-30253a66-46ea-4f7a-a306-e5b5de6fad88 None None] MySQL server mode set to STRICT_TRANS_TABLES,STRICT_ALL_TABLES,NO_ZERO_IN_DATE,NO_ZERO_DATE,ERROR_FOR_DIVISION_BY_ZERO,TRADITIONAL,NO_ENGINE_SUBSTITUTION {{(pid=96046) _check_effective_sql_mode /opt/stack/data/venv/lib/python3.12/site-packages/oslo_db/sqlalchemy/engines.py:325}}
Aug 08 06:17:45.244833 np0000006785 devstack@n-api-meta.service[96043]: DEBUG dbcounter [-] [96043] Writer thread running {{(pid=96043) stat_writer /opt/stack/data/venv/lib/python3.12/site-packages/dbcounter.py:102}}
Aug 08 06:17:45.247311 np0000006785 devstack@n-api-meta.service[96043]: DEBUG nova.context [None req-6b36a4ad-70e3-4d00-8c31-23f286558980 None None] Found 2 cells: 00000000-0000-0000-0000-000000000000(cell0),b166980f-a120-4023-b418-75e2efb22e84(cell1) {{(pid=96043) load_cells /opt/stack/nova/nova/context.py:509}}
Aug 08 06:17:45.247551 np0000006785 devstack@n-api-meta.service[96043]: INFO nova.utils [None req-6b36a4ad-70e3-4d00-8c31-23f286558980 None None] The cell worker thread pool MainProcess.cell_worker is initialized
Aug 08 06:17:45.249246 np0000006785 devstack@n-api-meta.service[96043]: DEBUG oslo_concurrency.lockutils [None req-6b36a4ad-70e3-4d00-8c31-23f286558980 None None] Acquiring lock "00000000-0000-0000-0000-000000000000" by "nova.context.set_target_cell..get_or_set_cached_cell_and_set_connections" {{(pid=96043) inner /opt/stack/data/venv/lib/python3.12/site-packages/oslo_concurrency/lockutils.py:512}}
Aug 08 06:17:45.249399 np0000006785 devstack@n-api-meta.service[96043]: DEBUG oslo_concurrency.lockutils [None req-6b36a4ad-70e3-4d00-8c31-23f286558980 None None] Lock "00000000-0000-0000-0000-000000000000" acquired by "nova.context.set_target_cell..get_or_set_cached_cell_and_set_connections" :: waited 0.000s {{(pid=96043) inner /opt/stack/data/venv/lib/python3.12/site-packages/oslo_concurrency/lockutils.py:525}}
Aug 08 06:17:45.249760 np0000006785 devstack@n-api-meta.service[96043]: DEBUG oslo_concurrency.lockutils [None req-6b36a4ad-70e3-4d00-8c31-23f286558980 None None] Lock "00000000-0000-0000-0000-000000000000" "released" by "nova.context.set_target_cell..get_or_set_cached_cell_and_set_connections" :: held 0.000s {{(pid=96043) inner /opt/stack/data/venv/lib/python3.12/site-packages/oslo_concurrency/lockutils.py:544}}
Aug 08 06:17:45.250408 np0000006785 devstack@n-api-meta.service[96043]: DEBUG oslo_concurrency.lockutils [None req-6b36a4ad-70e3-4d00-8c31-23f286558980 None None] Acquiring lock "b166980f-a120-4023-b418-75e2efb22e84" by "nova.context.set_target_cell..get_or_set_cached_cell_and_set_connections" {{(pid=96043) inner /opt/stack/data/venv/lib/python3.12/site-packages/oslo_concurrency/lockutils.py:512}}
Aug 08 06:17:45.250567 np0000006785 devstack@n-api-meta.service[96043]: DEBUG oslo_concurrency.lockutils [None req-6b36a4ad-70e3-4d00-8c31-23f286558980 None None] Lock "b166980f-a120-4023-b418-75e2efb22e84" acquired by "nova.context.set_target_cell..get_or_set_cached_cell_and_set_connections" :: waited 0.000s {{(pid=96043) inner /opt/stack/data/venv/lib/python3.12/site-packages/oslo_concurrency/lockutils.py:525}}
Aug 08 06:17:45.251361 np0000006785 devstack@n-api-meta.service[96043]: DEBUG oslo_concurrency.lockutils [None req-6b36a4ad-70e3-4d00-8c31-23f286558980 None None] Lock "b166980f-a120-4023-b418-75e2efb22e84" "released" by "nova.context.set_target_cell..get_or_set_cached_cell_and_set_connections" :: held 0.001s {{(pid=96043) inner /opt/stack/data/venv/lib/python3.12/site-packages/oslo_concurrency/lockutils.py:544}}
Aug 08 06:17:45.253360 np0000006785 devstack@n-api-meta.service[96043]: INFO dbcounter [None req-6b36a4ad-70e3-4d00-8c31-23f286558980 None None] Registered counter for database nova_cell0
Aug 08 06:17:45.258796 np0000006785 devstack@n-api-meta.service[96043]: INFO dbcounter [None req-6b36a4ad-70e3-4d00-8c31-23f286558980 None None] Registered counter for database nova_cell1
Aug 08 06:17:45.296108 np0000006785 devstack@n-api-meta.service[96043]: DEBUG oslo_db.sqlalchemy.engines [None req-6b36a4ad-70e3-4d00-8c31-23f286558980 None None] MySQL server mode set to STRICT_TRANS_TABLES,STRICT_ALL_TABLES,NO_ZERO_IN_DATE,NO_ZERO_DATE,ERROR_FOR_DIVISION_BY_ZERO,TRADITIONAL,NO_ENGINE_SUBSTITUTION {{(pid=96043) _check_effective_sql_mode /opt/stack/data/venv/lib/python3.12/site-packages/oslo_db/sqlalchemy/engines.py:325}}
Aug 08 06:17:45.312735 np0000006785 devstack@n-api-meta.service[96045]: DEBUG dbcounter [-] [96045] Writer thread running {{(pid=96045) stat_writer /opt/stack/data/venv/lib/python3.12/site-packages/dbcounter.py:102}}
Aug 08 06:17:45.315173 np0000006785 devstack@n-api-meta.service[96046]: DEBUG dbcounter [-] [96046] Writer thread running {{(pid=96046) stat_writer /opt/stack/data/venv/lib/python3.12/site-packages/dbcounter.py:102}}
Aug 08 06:17:45.317132 np0000006785 devstack@n-api-meta.service[96045]: DEBUG dbcounter [-] [96045] Writer thread running {{(pid=96045) stat_writer /opt/stack/data/venv/lib/python3.12/site-packages/dbcounter.py:102}}
Aug 08 06:17:45.320222 np0000006785 devstack@n-api-meta.service[96046]: DEBUG dbcounter [-] [96046] Writer thread running {{(pid=96046) stat_writer /opt/stack/data/venv/lib/python3.12/site-packages/dbcounter.py:102}}
Aug 08 06:17:45.321282 np0000006785 devstack@n-api-meta.service[96045]: INFO dbcounter [None req-3754db38-2708-48d6-bba0-84c13446e844 None None] Registered counter for database nova_cell0
Aug 08 06:17:45.325425 np0000006785 devstack@n-api-meta.service[96046]: INFO dbcounter [None req-30253a66-46ea-4f7a-a306-e5b5de6fad88 None None] Registered counter for database nova_cell0
Aug 08 06:17:45.333727 np0000006785 devstack@n-api-meta.service[96044]: DEBUG dbcounter [-] [96044] Writer thread running {{(pid=96044) stat_writer /opt/stack/data/venv/lib/python3.12/site-packages/dbcounter.py:102}}
Aug 08 06:17:45.339445 np0000006785 devstack@n-api-meta.service[96044]: DEBUG dbcounter [-] [96044] Writer thread running {{(pid=96044) stat_writer /opt/stack/data/venv/lib/python3.12/site-packages/dbcounter.py:102}}
Aug 08 06:17:45.343570 np0000006785 devstack@n-api-meta.service[96044]: INFO dbcounter [None req-2ab0e118-1680-49ce-ab70-8f1cd96a6158 None None] Registered counter for database nova_cell0
Aug 08 06:17:45.362099 np0000006785 devstack@n-api-meta.service[96045]: DEBUG oslo_db.sqlalchemy.engines [None req-3754db38-2708-48d6-bba0-84c13446e844 None None] MySQL server mode set to STRICT_TRANS_TABLES,STRICT_ALL_TABLES,NO_ZERO_IN_DATE,NO_ZERO_DATE,ERROR_FOR_DIVISION_BY_ZERO,TRADITIONAL,NO_ENGINE_SUBSTITUTION {{(pid=96045) _check_effective_sql_mode /opt/stack/data/venv/lib/python3.12/site-packages/oslo_db/sqlalchemy/engines.py:325}}
Aug 08 06:17:45.367314 np0000006785 devstack@n-api-meta.service[96046]: DEBUG oslo_db.sqlalchemy.engines [None req-30253a66-46ea-4f7a-a306-e5b5de6fad88 None None] MySQL server mode set to STRICT_TRANS_TABLES,STRICT_ALL_TABLES,NO_ZERO_IN_DATE,NO_ZERO_DATE,ERROR_FOR_DIVISION_BY_ZERO,TRADITIONAL,NO_ENGINE_SUBSTITUTION {{(pid=96046) _check_effective_sql_mode /opt/stack/data/venv/lib/python3.12/site-packages/oslo_db/sqlalchemy/engines.py:325}}
Aug 08 06:17:45.368195 np0000006785 devstack@n-api-meta.service[96045]: DEBUG dbcounter [-] [96045] Writer thread running {{(pid=96045) stat_writer /opt/stack/data/venv/lib/python3.12/site-packages/dbcounter.py:102}}
Aug 08 06:17:45.375590 np0000006785 devstack@n-api-meta.service[96046]: DEBUG dbcounter [-] [96046] Writer thread running {{(pid=96046) stat_writer /opt/stack/data/venv/lib/python3.12/site-packages/dbcounter.py:102}}
Aug 08 06:17:45.381720 np0000006785 devstack@n-api-meta.service[96044]: DEBUG oslo_db.sqlalchemy.engines [None req-2ab0e118-1680-49ce-ab70-8f1cd96a6158 None None] MySQL server mode set to STRICT_TRANS_TABLES,STRICT_ALL_TABLES,NO_ZERO_IN_DATE,NO_ZERO_DATE,ERROR_FOR_DIVISION_BY_ZERO,TRADITIONAL,NO_ENGINE_SUBSTITUTION {{(pid=96044) _check_effective_sql_mode /opt/stack/data/venv/lib/python3.12/site-packages/oslo_db/sqlalchemy/engines.py:325}}
Aug 08 06:17:45.388120 np0000006785 devstack@n-api-meta.service[96044]: DEBUG dbcounter [-] [96044] Writer thread running {{(pid=96044) stat_writer /opt/stack/data/venv/lib/python3.12/site-packages/dbcounter.py:102}}
Aug 08 06:17:45.398804 np0000006785 devstack@n-api-meta.service[96043]: DEBUG dbcounter [-] [96043] Writer thread running {{(pid=96043) stat_writer /opt/stack/data/venv/lib/python3.12/site-packages/dbcounter.py:102}}
Aug 08 06:17:45.399677 np0000006785 devstack@n-api-meta.service[96043]: DEBUG oslo_db.sqlalchemy.engines [None req-6b36a4ad-70e3-4d00-8c31-23f286558980 None None] MySQL server mode set to STRICT_TRANS_TABLES,STRICT_ALL_TABLES,NO_ZERO_IN_DATE,NO_ZERO_DATE,ERROR_FOR_DIVISION_BY_ZERO,TRADITIONAL,NO_ENGINE_SUBSTITUTION {{(pid=96043) _check_effective_sql_mode /opt/stack/data/venv/lib/python3.12/site-packages/oslo_db/sqlalchemy/engines.py:325}}
Aug 08 06:17:45.406491 np0000006785 devstack@n-api-meta.service[96043]: DEBUG dbcounter [-] [96043] Writer thread running {{(pid=96043) stat_writer /opt/stack/data/venv/lib/python3.12/site-packages/dbcounter.py:102}}
Aug 08 06:17:45.409866 np0000006785 devstack@n-api-meta.service[96043]: INFO dbcounter [None req-6b36a4ad-70e3-4d00-8c31-23f286558980 None None] Registered counter for database nova_cell0
Aug 08 06:17:45.410318 np0000006785 devstack@n-api-meta.service[96045]: WARNING nova.api.metadata.handler [None req-3754db38-2708-48d6-bba0-84c13446e844 None None] metadata_proxy_shared_secret is not configured, the metadata information returned by the proxy cannot be trusted
Aug 08 06:17:45.412578 np0000006785 devstack@n-api-meta.service[96045]: DEBUG nova.api.openstack.wsgi_app [None req-3754db38-2708-48d6-bba0-84c13446e844 None None] ******************************************************************************** {{(pid=96045) log_opt_values /opt/stack/data/venv/lib/python3.12/site-packages/oslo_config/cfg.py:3518}}
Aug 08 06:17:45.412719 np0000006785 devstack@n-api-meta.service[96045]: DEBUG nova.api.openstack.wsgi_app [None req-3754db38-2708-48d6-bba0-84c13446e844 None None] Configuration options gathered from: {{(pid=96045) log_opt_values /opt/stack/data/venv/lib/python3.12/site-packages/oslo_config/cfg.py:3519}}
Aug 08 06:17:45.412882 np0000006785 devstack@n-api-meta.service[96045]: DEBUG nova.api.openstack.wsgi_app [None req-3754db38-2708-48d6-bba0-84c13446e844 None None] command line args: [] {{(pid=96045) log_opt_values /opt/stack/data/venv/lib/python3.12/site-packages/oslo_config/cfg.py:3520}}
Aug 08 06:17:45.413078 np0000006785 devstack@n-api-meta.service[96045]: DEBUG nova.api.openstack.wsgi_app [None req-3754db38-2708-48d6-bba0-84c13446e844 None None] config files: ['/etc/nova/api-paste.ini', '/etc/nova/nova.conf'] {{(pid=96045) log_opt_values /opt/stack/data/venv/lib/python3.12/site-packages/oslo_config/cfg.py:3521}}
Aug 08 06:17:45.413175 np0000006785 devstack@n-api-meta.service[96045]: DEBUG nova.api.openstack.wsgi_app [None req-3754db38-2708-48d6-bba0-84c13446e844 None None] ================================================================================ {{(pid=96045) log_opt_values /opt/stack/data/venv/lib/python3.12/site-packages/oslo_config/cfg.py:3526}}
Aug 08 06:17:45.413344 np0000006785 devstack@n-api-meta.service[96045]: DEBUG nova.api.openstack.wsgi_app [None req-3754db38-2708-48d6-bba0-84c13446e844 None None] allow_resize_to_same_host = True {{(pid=96045) log_opt_values /opt/stack/data/venv/lib/python3.12/site-packages/oslo_config/cfg.py:3534}}
Aug 08 06:17:45.413486 np0000006785 devstack@n-api-meta.service[96045]: DEBUG nova.api.openstack.wsgi_app [None req-3754db38-2708-48d6-bba0-84c13446e844 None None] arq_binding_timeout = 300 {{(pid=96045) log_opt_values /opt/stack/data/venv/lib/python3.12/site-packages/oslo_config/cfg.py:3534}}
Aug 08 06:17:45.413636 np0000006785 devstack@n-api-meta.service[96045]: DEBUG nova.api.openstack.wsgi_app [None req-3754db38-2708-48d6-bba0-84c13446e844 None None] block_device_allocate_retries = 60 {{(pid=96045) log_opt_values /opt/stack/data/venv/lib/python3.12/site-packages/oslo_config/cfg.py:3534}}
Aug 08 06:17:45.413759 np0000006785 devstack@n-api-meta.service[96045]: DEBUG nova.api.openstack.wsgi_app [None req-3754db38-2708-48d6-bba0-84c13446e844 None None] block_device_allocate_retries_interval = 3 {{(pid=96045) log_opt_values /opt/stack/data/venv/lib/python3.12/site-packages/oslo_config/cfg.py:3534}}
Aug 08 06:17:45.413932 np0000006785 devstack@n-api-meta.service[96045]: DEBUG nova.api.openstack.wsgi_app [None req-3754db38-2708-48d6-bba0-84c13446e844 None None] cell_worker_thread_pool_size = 5 {{(pid=96045) log_opt_values /opt/stack/data/venv/lib/python3.12/site-packages/oslo_config/cfg.py:3534}}
Aug 08 06:17:45.414079 np0000006785 devstack@n-api-meta.service[96045]: DEBUG nova.api.openstack.wsgi_app [None req-3754db38-2708-48d6-bba0-84c13446e844 None None] cert = self.pem {{(pid=96045) log_opt_values /opt/stack/data/venv/lib/python3.12/site-packages/oslo_config/cfg.py:3534}}
Aug 08 06:17:45.414205 np0000006785 devstack@n-api-meta.service[96045]: DEBUG nova.api.openstack.wsgi_app [None req-3754db38-2708-48d6-bba0-84c13446e844 None None] compute_driver = libvirt.LibvirtDriver {{(pid=96045) log_opt_values /opt/stack/data/venv/lib/python3.12/site-packages/oslo_config/cfg.py:3534}}
Aug 08 06:17:45.414324 np0000006785 devstack@n-api-meta.service[96045]: DEBUG nova.api.openstack.wsgi_app [None req-3754db38-2708-48d6-bba0-84c13446e844 None None] compute_monitors = [] {{(pid=96045) log_opt_values /opt/stack/data/venv/lib/python3.12/site-packages/oslo_config/cfg.py:3534}}
Aug 08 06:17:45.414447 np0000006785 devstack@n-api-meta.service[96045]: DEBUG nova.api.openstack.wsgi_app [None req-3754db38-2708-48d6-bba0-84c13446e844 None None] concurrency_backend = auto {{(pid=96045) log_opt_values /opt/stack/data/venv/lib/python3.12/site-packages/oslo_config/cfg.py:3534}}
Aug 08 06:17:45.414589 np0000006785 devstack@n-api-meta.service[96045]: DEBUG nova.api.openstack.wsgi_app [None req-3754db38-2708-48d6-bba0-84c13446e844 None None] config_dir = [] {{(pid=96045) log_opt_values /opt/stack/data/venv/lib/python3.12/site-packages/oslo_config/cfg.py:3534}}
Aug 08 06:17:45.414719 np0000006785 devstack@n-api-meta.service[96045]: DEBUG nova.api.openstack.wsgi_app [None req-3754db38-2708-48d6-bba0-84c13446e844 None None] config_drive_format = iso9660 {{(pid=96045) log_opt_values /opt/stack/data/venv/lib/python3.12/site-packages/oslo_config/cfg.py:3534}}
Aug 08 06:17:45.414852 np0000006785 devstack@n-api-meta.service[96045]: DEBUG nova.api.openstack.wsgi_app [None req-3754db38-2708-48d6-bba0-84c13446e844 None None] config_file = ['/etc/nova/api-paste.ini', '/etc/nova/nova.conf'] {{(pid=96045) log_opt_values /opt/stack/data/venv/lib/python3.12/site-packages/oslo_config/cfg.py:3534}}
Aug 08 06:17:45.415005 np0000006785 devstack@n-api-meta.service[96045]: DEBUG nova.api.openstack.wsgi_app [None req-3754db38-2708-48d6-bba0-84c13446e844 None None] config_source = [] {{(pid=96045) log_opt_values /opt/stack/data/venv/lib/python3.12/site-packages/oslo_config/cfg.py:3534}}
Aug 08 06:17:45.415146 np0000006785 devstack@n-api-meta.service[96045]: DEBUG nova.api.openstack.wsgi_app [None req-3754db38-2708-48d6-bba0-84c13446e844 None None] console_host = np0000006785 {{(pid=96045) log_opt_values /opt/stack/data/venv/lib/python3.12/site-packages/oslo_config/cfg.py:3534}}
Aug 08 06:17:45.415267 np0000006785 devstack@n-api-meta.service[96045]: DEBUG nova.api.openstack.wsgi_app [None req-3754db38-2708-48d6-bba0-84c13446e844 None None] control_exchange = nova {{(pid=96045) log_opt_values /opt/stack/data/venv/lib/python3.12/site-packages/oslo_config/cfg.py:3534}}
Aug 08 06:17:45.415380 np0000006785 devstack@n-api-meta.service[96045]: DEBUG nova.api.openstack.wsgi_app [None req-3754db38-2708-48d6-bba0-84c13446e844 None None] cpu_allocation_ratio = None {{(pid=96045) log_opt_values /opt/stack/data/venv/lib/python3.12/site-packages/oslo_config/cfg.py:3534}}
Aug 08 06:17:45.415501 np0000006785 devstack@n-api-meta.service[96045]: DEBUG nova.api.openstack.wsgi_app [None req-3754db38-2708-48d6-bba0-84c13446e844 None None] daemon = False {{(pid=96045) log_opt_values /opt/stack/data/venv/lib/python3.12/site-packages/oslo_config/cfg.py:3534}}
Aug 08 06:17:45.415718 np0000006785 devstack@n-api-meta.service[96045]: DEBUG nova.api.openstack.wsgi_app [None req-3754db38-2708-48d6-bba0-84c13446e844 None None] debug = True {{(pid=96045) log_opt_values /opt/stack/data/venv/lib/python3.12/site-packages/oslo_config/cfg.py:3534}}
Aug 08 06:17:45.415758 np0000006785 devstack@n-api-meta.service[96045]: DEBUG nova.api.openstack.wsgi_app [None req-3754db38-2708-48d6-bba0-84c13446e844 None None] default_access_ip_network_name = None {{(pid=96045) log_opt_values /opt/stack/data/venv/lib/python3.12/site-packages/oslo_config/cfg.py:3534}}
Aug 08 06:17:45.415896 np0000006785 devstack@n-api-meta.service[96045]: DEBUG nova.api.openstack.wsgi_app [None req-3754db38-2708-48d6-bba0-84c13446e844 None None] default_availability_zone = nova {{(pid=96045) log_opt_values /opt/stack/data/venv/lib/python3.12/site-packages/oslo_config/cfg.py:3534}}
Aug 08 06:17:45.416041 np0000006785 devstack@n-api-meta.service[96045]: DEBUG nova.api.openstack.wsgi_app [None req-3754db38-2708-48d6-bba0-84c13446e844 None None] default_ephemeral_format = ext4 {{(pid=96045) log_opt_values /opt/stack/data/venv/lib/python3.12/site-packages/oslo_config/cfg.py:3534}}
Aug 08 06:17:45.416155 np0000006785 devstack@n-api-meta.service[96045]: DEBUG nova.api.openstack.wsgi_app [None req-3754db38-2708-48d6-bba0-84c13446e844 None None] default_green_pool_size = 1000 {{(pid=96045) log_opt_values /opt/stack/data/venv/lib/python3.12/site-packages/oslo_config/cfg.py:3534}}
Aug 08 06:17:45.416334 np0000006785 devstack@n-api-meta.service[96045]: DEBUG nova.api.openstack.wsgi_app [None req-3754db38-2708-48d6-bba0-84c13446e844 None None] default_log_levels = ['amqp=WARN', 'boto=WARN', 'sqlalchemy=WARN', 'suds=INFO', 'oslo.messaging=INFO', 'oslo_messaging=INFO', 'iso8601=WARN', 'requests.packages.urllib3.connectionpool=WARN', 'urllib3.connectionpool=WARN', 'websocket=WARN', 'requests.packages.urllib3.util.retry=WARN', 'urllib3.util.retry=WARN', 'keystonemiddleware=WARN', 'routes.middleware=WARN', 'stevedore=WARN', 'taskflow=WARN', 'keystoneauth=WARN', 'oslo.cache=INFO', 'oslo_policy=INFO', 'dogpile.core.dogpile=INFO', 'glanceclient=WARN', 'oslo.privsep.daemon=INFO'] {{(pid=96045) log_opt_values /opt/stack/data/venv/lib/python3.12/site-packages/oslo_config/cfg.py:3534}}
Aug 08 06:17:45.416446 np0000006785 devstack@n-api-meta.service[96045]: DEBUG nova.api.openstack.wsgi_app [None req-3754db38-2708-48d6-bba0-84c13446e844 None None] default_schedule_zone = None {{(pid=96045) log_opt_values /opt/stack/data/venv/lib/python3.12/site-packages/oslo_config/cfg.py:3534}}
Aug 08 06:17:45.416568 np0000006785 devstack@n-api-meta.service[96045]: DEBUG nova.api.openstack.wsgi_app [None req-3754db38-2708-48d6-bba0-84c13446e844 None None] default_thread_pool_size = 10 {{(pid=96045) log_opt_values /opt/stack/data/venv/lib/python3.12/site-packages/oslo_config/cfg.py:3534}}
Aug 08 06:17:45.416693 np0000006785 devstack@n-api-meta.service[96045]: DEBUG nova.api.openstack.wsgi_app [None req-3754db38-2708-48d6-bba0-84c13446e844 None None] disk_allocation_ratio = None {{(pid=96045) log_opt_values /opt/stack/data/venv/lib/python3.12/site-packages/oslo_config/cfg.py:3534}}
Aug 08 06:17:45.416831 np0000006785 devstack@n-api-meta.service[96045]: DEBUG nova.api.openstack.wsgi_app [None req-3754db38-2708-48d6-bba0-84c13446e844 None None] enable_new_services = True {{(pid=96045) log_opt_values /opt/stack/data/venv/lib/python3.12/site-packages/oslo_config/cfg.py:3534}}
Aug 08 06:17:45.416962 np0000006785 devstack@n-api-meta.service[96045]: DEBUG nova.api.openstack.wsgi_app [None req-3754db38-2708-48d6-bba0-84c13446e844 None None] flat_injected = False {{(pid=96045) log_opt_values /opt/stack/data/venv/lib/python3.12/site-packages/oslo_config/cfg.py:3534}}
Aug 08 06:17:45.417087 np0000006785 devstack@n-api-meta.service[96045]: DEBUG nova.api.openstack.wsgi_app [None req-3754db38-2708-48d6-bba0-84c13446e844 None None] force_config_drive = True {{(pid=96045) log_opt_values /opt/stack/data/venv/lib/python3.12/site-packages/oslo_config/cfg.py:3534}}
Aug 08 06:17:45.417198 np0000006785 devstack@n-api-meta.service[96045]: DEBUG nova.api.openstack.wsgi_app [None req-3754db38-2708-48d6-bba0-84c13446e844 None None] force_raw_images = True {{(pid=96045) log_opt_values /opt/stack/data/venv/lib/python3.12/site-packages/oslo_config/cfg.py:3534}}
Aug 08 06:17:45.417320 np0000006785 devstack@n-api-meta.service[96045]: DEBUG nova.api.openstack.wsgi_app [None req-3754db38-2708-48d6-bba0-84c13446e844 None None] graceful_shutdown_timeout = 5 {{(pid=96045) log_opt_values /opt/stack/data/venv/lib/python3.12/site-packages/oslo_config/cfg.py:3534}}
Aug 08 06:17:45.417435 np0000006785 devstack@n-api-meta.service[96045]: DEBUG nova.api.openstack.wsgi_app [None req-3754db38-2708-48d6-bba0-84c13446e844 None None] heal_instance_info_cache_interval = -1 {{(pid=96045) log_opt_values /opt/stack/data/venv/lib/python3.12/site-packages/oslo_config/cfg.py:3534}}
Aug 08 06:17:45.417621 np0000006785 devstack@n-api-meta.service[96045]: DEBUG nova.api.openstack.wsgi_app [None req-3754db38-2708-48d6-bba0-84c13446e844 None None] host = np0000006785 {{(pid=96045) log_opt_values /opt/stack/data/venv/lib/python3.12/site-packages/oslo_config/cfg.py:3534}}
Aug 08 06:17:45.417784 np0000006785 devstack@n-api-meta.service[96045]: DEBUG nova.api.openstack.wsgi_app [None req-3754db38-2708-48d6-bba0-84c13446e844 None None] initial_cpu_allocation_ratio = 4.0 {{(pid=96045) log_opt_values /opt/stack/data/venv/lib/python3.12/site-packages/oslo_config/cfg.py:3534}}
Aug 08 06:17:45.417955 np0000006785 devstack@n-api-meta.service[96045]: DEBUG nova.api.openstack.wsgi_app [None req-3754db38-2708-48d6-bba0-84c13446e844 None None] initial_disk_allocation_ratio = 1.0 {{(pid=96045) log_opt_values /opt/stack/data/venv/lib/python3.12/site-packages/oslo_config/cfg.py:3534}}
Aug 08 06:17:45.418086 np0000006785 devstack@n-api-meta.service[96045]: DEBUG nova.api.openstack.wsgi_app [None req-3754db38-2708-48d6-bba0-84c13446e844 None None] initial_ram_allocation_ratio = 1.0 {{(pid=96045) log_opt_values /opt/stack/data/venv/lib/python3.12/site-packages/oslo_config/cfg.py:3534}}
Aug 08 06:17:45.418246 np0000006785 devstack@n-api-meta.service[96045]: DEBUG nova.api.openstack.wsgi_app [None req-3754db38-2708-48d6-bba0-84c13446e844 None None] injected_network_template = /opt/stack/nova/nova/virt/interfaces.template {{(pid=96045) log_opt_values /opt/stack/data/venv/lib/python3.12/site-packages/oslo_config/cfg.py:3534}}
Aug 08 06:17:45.418363 np0000006785 devstack@n-api-meta.service[96045]: DEBUG nova.api.openstack.wsgi_app [None req-3754db38-2708-48d6-bba0-84c13446e844 None None] instance_build_timeout = 0 {{(pid=96045) log_opt_values /opt/stack/data/venv/lib/python3.12/site-packages/oslo_config/cfg.py:3534}}
Aug 08 06:17:45.418476 np0000006785 devstack@n-api-meta.service[96045]: DEBUG nova.api.openstack.wsgi_app [None req-3754db38-2708-48d6-bba0-84c13446e844 None None] instance_delete_interval = 300 {{(pid=96045) log_opt_values /opt/stack/data/venv/lib/python3.12/site-packages/oslo_config/cfg.py:3534}}
Aug 08 06:17:45.418607 np0000006785 devstack@n-api-meta.service[96045]: DEBUG nova.api.openstack.wsgi_app [None req-3754db38-2708-48d6-bba0-84c13446e844 None None] instance_format = [instance: %(uuid)s] {{(pid=96045) log_opt_values /opt/stack/data/venv/lib/python3.12/site-packages/oslo_config/cfg.py:3534}}
Aug 08 06:17:45.418750 np0000006785 devstack@n-api-meta.service[96045]: DEBUG nova.api.openstack.wsgi_app [None req-3754db38-2708-48d6-bba0-84c13446e844 None None] instance_name_template = instance-%08x {{(pid=96045) log_opt_values /opt/stack/data/venv/lib/python3.12/site-packages/oslo_config/cfg.py:3534}}
Aug 08 06:17:45.418915 np0000006785 devstack@n-api-meta.service[96045]: DEBUG nova.api.openstack.wsgi_app [None req-3754db38-2708-48d6-bba0-84c13446e844 None None] instance_usage_audit = False {{(pid=96045) log_opt_values /opt/stack/data/venv/lib/python3.12/site-packages/oslo_config/cfg.py:3534}}
Aug 08 06:17:45.419054 np0000006785 devstack@n-api-meta.service[96045]: DEBUG nova.api.openstack.wsgi_app [None req-3754db38-2708-48d6-bba0-84c13446e844 None None] instance_usage_audit_period = month {{(pid=96045) log_opt_values /opt/stack/data/venv/lib/python3.12/site-packages/oslo_config/cfg.py:3534}}
Aug 08 06:17:45.419175 np0000006785 devstack@n-api-meta.service[96045]: DEBUG nova.api.openstack.wsgi_app [None req-3754db38-2708-48d6-bba0-84c13446e844 None None] instance_uuid_format = [instance: %(uuid)s] {{(pid=96045) log_opt_values /opt/stack/data/venv/lib/python3.12/site-packages/oslo_config/cfg.py:3534}}
Aug 08 06:17:45.419293 np0000006785 devstack@n-api-meta.service[96045]: DEBUG nova.api.openstack.wsgi_app [None req-3754db38-2708-48d6-bba0-84c13446e844 None None] instances_path = /opt/stack/data/nova/instances {{(pid=96045) log_opt_values /opt/stack/data/venv/lib/python3.12/site-packages/oslo_config/cfg.py:3534}}
Aug 08 06:17:45.419411 np0000006785 devstack@n-api-meta.service[96045]: DEBUG nova.api.openstack.wsgi_app [None req-3754db38-2708-48d6-bba0-84c13446e844 None None] internal_service_availability_zone = internal {{(pid=96045) log_opt_values /opt/stack/data/venv/lib/python3.12/site-packages/oslo_config/cfg.py:3534}}
Aug 08 06:17:45.419532 np0000006785 devstack@n-api-meta.service[96045]: DEBUG nova.api.openstack.wsgi_app [None req-3754db38-2708-48d6-bba0-84c13446e844 None None] key = None {{(pid=96045) log_opt_values /opt/stack/data/venv/lib/python3.12/site-packages/oslo_config/cfg.py:3534}}
Aug 08 06:17:45.419649 np0000006785 devstack@n-api-meta.service[96045]: DEBUG nova.api.openstack.wsgi_app [None req-3754db38-2708-48d6-bba0-84c13446e844 None None] live_migration_retry_count = 30 {{(pid=96045) log_opt_values /opt/stack/data/venv/lib/python3.12/site-packages/oslo_config/cfg.py:3534}}
Aug 08 06:17:45.419843 np0000006785 devstack@n-api-meta.service[96045]: DEBUG nova.api.openstack.wsgi_app [None req-3754db38-2708-48d6-bba0-84c13446e844 None None] log_color = False {{(pid=96045) log_opt_values /opt/stack/data/venv/lib/python3.12/site-packages/oslo_config/cfg.py:3534}}
Aug 08 06:17:45.419975 np0000006785 devstack@n-api-meta.service[96045]: DEBUG nova.api.openstack.wsgi_app [None req-3754db38-2708-48d6-bba0-84c13446e844 None None] log_config_append = None {{(pid=96045) log_opt_values /opt/stack/data/venv/lib/python3.12/site-packages/oslo_config/cfg.py:3534}}
Aug 08 06:17:45.420111 np0000006785 devstack@n-api-meta.service[96045]: DEBUG nova.api.openstack.wsgi_app [None req-3754db38-2708-48d6-bba0-84c13446e844 None None] log_date_format = %Y-%m-%d %H:%M:%S {{(pid=96045) log_opt_values /opt/stack/data/venv/lib/python3.12/site-packages/oslo_config/cfg.py:3534}}
Aug 08 06:17:45.420224 np0000006785 devstack@n-api-meta.service[96045]: DEBUG nova.api.openstack.wsgi_app [None req-3754db38-2708-48d6-bba0-84c13446e844 None None] log_dir = None {{(pid=96045) log_opt_values /opt/stack/data/venv/lib/python3.12/site-packages/oslo_config/cfg.py:3534}}
Aug 08 06:17:45.420333 np0000006785 devstack@n-api-meta.service[96045]: DEBUG nova.api.openstack.wsgi_app [None req-3754db38-2708-48d6-bba0-84c13446e844 None None] log_file = None {{(pid=96045) log_opt_values /opt/stack/data/venv/lib/python3.12/site-packages/oslo_config/cfg.py:3534}}
Aug 08 06:17:45.420428 np0000006785 devstack@n-api-meta.service[96045]: DEBUG nova.api.openstack.wsgi_app [None req-3754db38-2708-48d6-bba0-84c13446e844 None None] log_options = True {{(pid=96045) log_opt_values /opt/stack/data/venv/lib/python3.12/site-packages/oslo_config/cfg.py:3534}}
Aug 08 06:17:45.420554 np0000006785 devstack@n-api-meta.service[96045]: DEBUG nova.api.openstack.wsgi_app [None req-3754db38-2708-48d6-bba0-84c13446e844 None None] log_rotate_interval = 1 {{(pid=96045) log_opt_values /opt/stack/data/venv/lib/python3.12/site-packages/oslo_config/cfg.py:3534}}
Aug 08 06:17:45.420693 np0000006785 devstack@n-api-meta.service[96045]: DEBUG nova.api.openstack.wsgi_app [None req-3754db38-2708-48d6-bba0-84c13446e844 None None] log_rotate_interval_type = days {{(pid=96045) log_opt_values /opt/stack/data/venv/lib/python3.12/site-packages/oslo_config/cfg.py:3534}}
Aug 08 06:17:45.420777 np0000006785 devstack@n-api-meta.service[96044]: WARNING nova.api.metadata.handler [None req-2ab0e118-1680-49ce-ab70-8f1cd96a6158 None None] metadata_proxy_shared_secret is not configured, the metadata information returned by the proxy cannot be trusted
Aug 08 06:17:45.420878 np0000006785 devstack@n-api-meta.service[96045]: DEBUG nova.api.openstack.wsgi_app [None req-3754db38-2708-48d6-bba0-84c13446e844 None None] log_rotation_type = none {{(pid=96045) log_opt_values /opt/stack/data/venv/lib/python3.12/site-packages/oslo_config/cfg.py:3534}}
Aug 08 06:17:45.420981 np0000006785 devstack@n-api-meta.service[96045]: DEBUG nova.api.openstack.wsgi_app [None req-3754db38-2708-48d6-bba0-84c13446e844 None None] logging_context_format_string = %(color)s%(levelname)s %(name)s [%(global_request_id)s %(request_id)s %(project_name)s %(user_name)s%(color)s] %(instance)s%(color)s%(message)s {{(pid=96045) log_opt_values /opt/stack/data/venv/lib/python3.12/site-packages/oslo_config/cfg.py:3534}}
Aug 08 06:17:45.421084 np0000006785 devstack@n-api-meta.service[96045]: DEBUG nova.api.openstack.wsgi_app [None req-3754db38-2708-48d6-bba0-84c13446e844 None None] logging_debug_format_suffix = {{(pid=%(process)d) %(funcName)s %(pathname)s:%(lineno)d}} {{(pid=96045) log_opt_values /opt/stack/data/venv/lib/python3.12/site-packages/oslo_config/cfg.py:3534}}
